000
CDUS42 KGSP 230634
CLIAVL

CLIMATE REPORT
NATIONAL WEATHER SERVICE GREENVILLE-SPARTANBURG SC
231 AM EDT SUN APR 23 2017


...................................

...THE ASHEVILLE NC CLIMATE SUMMARY FOR APRIL 22 2017...

CLIMATE NORMAL PERIOD 1981 TO 2010
CLIMATE RECORD PERIOD 1869 TO 2017


WEATHER ITEM   OBSERVED TIME   RECORD YEAR NORMAL DEPARTURE LAST
                VALUE   (LST)  VALUE       VALUE  FROM      YEAR
                                                  NORMAL
..................................................................
TEMPERATURE (F)
 YESTERDAY
  MAXIMUM         79    349 PM  86    1963  70      9       63
                                      1896
  MINIMUM         56   1159 PM  30    1953  45     11       54
  AVERAGE         68                        57     11       59

PRECIPITATION (IN)
  YESTERDAY        0.53          1.74 1931   0.11   0.42     0.31
  MONTH TO DATE    4.30                      2.42   1.88     1.26
  SINCE MAR 1      8.22                      6.25   1.97     2.82
  SINCE JAN 1     12.64                     13.68  -1.04    11.80

SNOWFALL (IN)
  YESTERDAY        0.0           T    1993   0.0             0.0
  MONTH TO DATE    0.0                       0.7             0.0
  SINCE MAR 1      2.1                       2.6              T
  SINCE JUL 1      9.4                       9.9            13.9
  SNOW DEPTH       0

DEGREE DAYS
 HEATING
  YESTERDAY        0                         8     -8        6
  MONTH TO DATE  119                       243   -124      242
  SINCE MAR 1    626                       798   -172      603
  SINCE JUL 1   3020                      4015   -995     3350

 COOLING
  YESTERDAY        3                         0      3        0
  MONTH TO DATE   11                         0     11        0
  SINCE MAR 1     11                         1     10        0
  SINCE JAN 1     11                         1     10        0
..................................................................


WIND (MPH)
  HIGHEST WIND SPEED    32   HIGHEST WIND DIRECTION     N (340)
  HIGHEST GUST SPEED    43   HIGHEST GUST DIRECTION     N (340)
  AVERAGE WIND SPEED     6.2


SKY COVER
  POSSIBLE SUNSHINE  MM
  AVERAGE SKY COVER 0.8


WEATHER CONDITIONS
 THE FOLLOWING WEATHER WAS RECORDED YESTERDAY.
  HEAVY RAIN
  RAIN
  LIGHT RAIN
  FOG
  FOG W/VISIBILITY <= 1/4 MILE


RELATIVE HUMIDITY (PERCENT)
 HIGHEST    97           200 AM
 LOWEST     30           300 PM
 AVERAGE    64

..........................................................


THE ASHEVILLE NC CLIMATE NORMALS FOR TODAY
                         NORMAL    RECORD    YEAR
 MAXIMUM TEMPERATURE (F)   70        88      1960
 MINIMUM TEMPERATURE (F)   45        29      1986


SUNRISE AND SUNSET
APRIL 23 2017.........SUNRISE   647 AM EDT   SUNSET   810 PM EDT
APRIL 24 2017.........SUNRISE   646 AM EDT   SUNSET   811 PM EDT


-  INDICATES NEGATIVE NUMBERS.
R  INDICATES RECORD WAS SET OR TIED.
MM INDICATES DATA IS MISSING.
T  INDICATES TRACE AMOUNT.




$$
