598
CDUS42 KGSP 180636
CLIAVL

CLIMATE REPORT
NATIONAL WEATHER SERVICE GREENVILLE-SPARTANBURG SC
134 AM EST MON DEC 18 2017

...THE ASHEVILLE NC CLIMATE SUMMARY FOR DECEMBER 17 2017...

CLIMATE NORMAL PERIOD 1981 TO 2010
CLIMATE RECORD PERIOD 1869 TO 2017


WEATHER ITEM   OBSERVED TIME   RECORD YEAR NORMAL DEPARTURE LAST
                VALUE   (LST)  VALUE       VALUE  FROM      YEAR
                                                  NORMAL
..................................................................
TEMPERATURE (F)
 YESTERDAY
  MAXIMUM         50    231 PM  72    1924  49      1       61
  MINIMUM         26    557 AM   7    1943  29     -3       28
  AVERAGE         38                        39     -1       45

PRECIPITATION (IN)
  YESTERDAY        T             1.50 1872   0.11  -0.11     0.05
  MONTH TO DATE    1.52                      2.13  -0.61     1.99
  SINCE DEC 1      1.52                      2.13  -0.61     1.99
  SINCE JAN 1     53.15                     44.11   9.04    33.08

SNOWFALL (IN)
  YESTERDAY        0.0           9.0  1930   0.0             0.0
  MONTH TO DATE    8.7                       0.3             0.0
  SINCE DEC 1      8.7                       0.3             0.0
  SINCE JUL 1      8.7                       0.4             0.0
  SNOW DEPTH       0

DEGREE DAYS
 HEATING
  YESTERDAY       27                        26      1       20
  MONTH TO DATE  417                       414      3      439
  SINCE DEC 1    417                       414      3      439
  SINCE JUL 1   1135                      1281   -146     1010

 COOLING
  YESTERDAY        0                         0      0        0
  MONTH TO DATE    0                         0      0        0
  SINCE DEC 1      0                         0      0        0
  SINCE JAN 1   1042                       863    179     1317
..................................................................


WIND (MPH)
  HIGHEST WIND SPEED     8   HIGHEST WIND DIRECTION    SE (140)
  HIGHEST GUST SPEED    10   HIGHEST GUST DIRECTION    SE (150)
  AVERAGE WIND SPEED     1.6


SKY COVER
  POSSIBLE SUNSHINE  MM
  AVERAGE SKY COVER 0.5


WEATHER CONDITIONS
 THE FOLLOWING WEATHER WAS RECORDED YESTERDAY.
  LIGHT RAIN


RELATIVE HUMIDITY (PERCENT)
 HIGHEST    92           700 AM
 LOWEST     45           200 PM
 AVERAGE    69

..........................................................


THE ASHEVILLE NC CLIMATE NORMALS FOR TODAY
                         NORMAL    RECORD    YEAR
 MAXIMUM TEMPERATURE (F)   49        78      1924
 MINIMUM TEMPERATURE (F)   29         8      1953


SUNRISE AND SUNSET
DECEMBER 18 2017......SUNRISE   734 AM EST   SUNSET   520 PM EST
DECEMBER 19 2017......SUNRISE   734 AM EST   SUNSET   520 PM EST


-  INDICATES NEGATIVE NUMBERS.
R  INDICATES RECORD WAS SET OR TIED.
MM INDICATES DATA IS MISSING.
T  INDICATES TRACE AMOUNT.

$$
