000
CDUS42 KGSP 202140
CLIAVL

CLIMATE REPORT
NATIONAL WEATHER SERVICE GREENVILLE-SPARTANBURG SC
440 PM EST SAT DEC 20 2014


...................................

...THE ASHEVILLE NC CLIMATE SUMMARY FOR DECEMBER 20 2014...
VALID TODAY AS OF 0440 PM LOCAL TIME.

CLIMATE NORMAL PERIOD 1981 TO 2010
CLIMATE RECORD PERIOD 1869 TO 2014


WEATHER ITEM   OBSERVED TIME   RECORD YEAR NORMAL DEPARTURE LAST
                VALUE   (LST)  VALUE       VALUE  FROM      YEAR
                                                  NORMAL
..................................................................
TEMPERATURE (F)
 TODAY
  MAXIMUM         44    308 PM  70    1931  48     -4       63
  MINIMUM         38    856 AM   7    2004  29      9       37
  AVERAGE         41                        38      3       50

PRECIPITATION (IN)
  TODAY            T             1.41 1973   0.10  -0.10     0.00
  MONTH TO DATE    0.09                      2.43  -2.34     2.98
  SINCE DEC 1      0.09                      2.43  -2.34     2.98
  SINCE JAN 1     44.60                     44.41   0.19    70.53

SNOWFALL (IN)
  TODAY            0.0           7.0  1993   0.1   -0.1      0.0
  MONTH TO DATE    T                         0.4   -0.4      0.0
  SINCE DEC 1      T                         0.4   -0.4      0.0
  SINCE JUL 1      3.2                       0.5    2.7      0.2
  SNOW DEPTH       0

DEGREE DAYS
 HEATING
  TODAY           24                        27     -3       15
  MONTH TO DATE  414                       493    -79      428
  SINCE DEC 1    414                       493    -79      428
  SINCE JUL 1   1329                      1360    -31     1311

 COOLING
  TODAY            0                         0      0        0
  MONTH TO DATE    0                         0      0        0
  SINCE DEC 1      0                         0      0        0
  SINCE JAN 1    919                       863     56      860
..................................................................


WIND (MPH)
  HIGHEST WIND SPEED    10   HIGHEST WIND DIRECTION    SE (150)
  HIGHEST GUST SPEED    14   HIGHEST GUST DIRECTION    SE (140)
  AVERAGE WIND SPEED     4.0


SKY COVER
  POSSIBLE SUNSHINE  MM
  AVERAGE SKY COVER 1.0


WEATHER CONDITIONS
 THE FOLLOWING WEATHER WAS RECORDED TODAY.
  LIGHT RAIN


RELATIVE HUMIDITY (PERCENT)
 HIGHEST    85           600 AM
 LOWEST     50          1200 AM
 AVERAGE    68

..........................................................


THE ASHEVILLE NC CLIMATE NORMALS FOR TOMORROW
                         NORMAL    RECORD    YEAR
 MAXIMUM TEMPERATURE (F)   48        68      1970
                                             1956
                                             1923
 MINIMUM TEMPERATURE (F)   28         6      1935


SUNRISE AND SUNSET
DECEMBER 20 2014......SUNRISE   735 AM EST   SUNSET   521 PM EST
DECEMBER 21 2014......SUNRISE   735 AM EST   SUNSET   521 PM EST


-  INDICATES NEGATIVE NUMBERS.
R  INDICATES RECORD WAS SET OR TIED.
MM INDICATES DATA IS MISSING.
T  INDICATES TRACE AMOUNT.

$$

OUTLAW
