000
CDUS42 KGSP 032037
CLIAVL

CLIMATE REPORT
NATIONAL WEATHER SERVICE GREENVILLE-SPARTANBURG SC
437 PM EDT WED JUN 3 2015


...................................

...THE ASHEVILLE NC CLIMATE SUMMARY FOR JUNE 3 2015...
VALID TODAY AS OF 0435 PM LOCAL TIME.

CLIMATE NORMAL PERIOD 1981 TO 2010
CLIMATE RECORD PERIOD 1869 TO 2015


WEATHER ITEM   OBSERVED TIME   RECORD YEAR NORMAL DEPARTURE LAST
                VALUE   (LST)  VALUE       VALUE  FROM      YEAR
                                                  NORMAL
..................................................................
TEMPERATURE (F)
 TODAY
  MAXIMUM         75    156 PM  95    1951  79     -4       79
  MINIMUM         57    649 AM  41    1966  57      0       56
  AVERAGE         66                        68     -2       68

PRECIPITATION (IN)
  TODAY            0.00          2.66 1909   0.15  -0.15     0.00
  MONTH TO DATE    0.46                      0.43   0.03      T
  SINCE JUN 1      0.46                      0.43   0.03      T
  SINCE JAN 1     14.71                     18.68  -3.97    16.51

SNOWFALL (IN)
  TODAY            0.0           0.0    MM   0.0    0.0      0.0
  MONTH TO DATE    0.0                       0.0    0.0      0.0
  SINCE JUN 1      0.0                       0.0    0.0      0.0
  SINCE JUL 1     13.3                       9.9    3.4      9.8
  SNOW DEPTH       0

DEGREE DAYS
 HEATING
  TODAY            0                         1     -1        0
  MONTH TO DATE    0                         3     -3        0
  SINCE JUN 1      0                         3     -3        0
  SINCE JUL 1   3983                      4184   -201     4294

 COOLING
  TODAY            1                         4     -3        3
  MONTH TO DATE   12                        12      0        3
  SINCE JUN 1     12                        12      0        3
  SINCE JAN 1    134                        70     64       84
..................................................................


WIND (MPH)
  HIGHEST WIND SPEED    15   HIGHEST WIND DIRECTION     S (170)
  HIGHEST GUST SPEED    19   HIGHEST GUST DIRECTION     S (170)
  AVERAGE WIND SPEED     4.0


SKY COVER
  POSSIBLE SUNSHINE  MM
  AVERAGE SKY COVER 0.4


WEATHER CONDITIONS
 THE FOLLOWING WEATHER WAS RECORDED TODAY.
  THUNDERSTORM
  FOG


RELATIVE HUMIDITY (PERCENT)
 HIGHEST    93           300 AM
 LOWEST     57           100 PM
 AVERAGE    75

..........................................................


THE ASHEVILLE NC CLIMATE NORMALS FOR TOMORROW
                         NORMAL    RECORD    YEAR
 MAXIMUM TEMPERATURE (F)   79        92      1943
 MINIMUM TEMPERATURE (F)   57        44      1988
                                             1969
                                             1956


SUNRISE AND SUNSET
JUNE  3 2015..........SUNRISE   616 AM EDT   SUNSET   841 PM EDT
JUNE  4 2015..........SUNRISE   616 AM EDT   SUNSET   842 PM EDT


-  INDICATES NEGATIVE NUMBERS.
R  INDICATES RECORD WAS SET OR TIED.
MM INDICATES DATA IS MISSING.
T  INDICATES TRACE AMOUNT.

$$

OUTLAW
