000
CDUS42 KGSP 040630
CLIAVL

CLIMATE REPORT
NATIONAL WEATHER SERVICE GREENVILLE-SPARTANBURG SC
227 AM EDT WED MAY 4 2016


...................................

...THE ASHEVILLE NC CLIMATE SUMMARY FOR MAY 3 2016...

CLIMATE NORMAL PERIOD 1981 TO 2010
CLIMATE RECORD PERIOD 1869 TO 2016


WEATHER ITEM   OBSERVED TIME   RECORD YEAR NORMAL DEPARTURE LAST
                VALUE   (LST)  VALUE       VALUE  FROM      YEAR
                                                  NORMAL
..................................................................
TEMPERATURE (F)
 YESTERDAY
  MAXIMUM         74   1217 PM  85    1965  72      2       75
                                      1959
                                      1938
  MINIMUM         55   1159 PM  31    1909  48      7       43
  AVERAGE         65                        60      5       59

PRECIPITATION (IN)
  YESTERDAY        0.10          1.99 1972   0.12  -0.02     0.00
  MONTH TO DATE    0.73                      0.35   0.38     0.00
  SINCE MAR 1      4.79                      7.51  -2.72     7.06
  SINCE JAN 1     13.77                     14.94  -1.17    12.90

SNOWFALL (IN)
  YESTERDAY        0.0           T    1929   0.0             0.0
  MONTH TO DATE    0.0                       0.0             0.0
  SINCE MAR 1      T                         2.6              T
  SINCE JUL 1     13.9                       9.9            13.3
  SNOW DEPTH       0

DEGREE DAYS
 HEATING
  YESTERDAY        0                         6     -6        6
  MONTH TO DATE    0                        18    -18       26
  SINCE MAR 1    616                       873   -257      657
  SINCE JUL 1   3363                      4090   -727     3966

 COOLING
  YESTERDAY        0                         1     -1        0
  MONTH TO DATE    7                         2      5        0
  SINCE MAR 1     23                        10     13       19
  SINCE JAN 1     23                        10     13       19
..................................................................


WIND (MPH)
  HIGHEST WIND SPEED    22   HIGHEST WIND DIRECTION     N (340)
  HIGHEST GUST SPEED    28   HIGHEST GUST DIRECTION     N (350)
  AVERAGE WIND SPEED     9.5


SKY COVER
  POSSIBLE SUNSHINE  MM
  AVERAGE SKY COVER 0.5


WEATHER CONDITIONS
 THE FOLLOWING WEATHER WAS RECORDED YESTERDAY.
  RAIN
  LIGHT RAIN
  FOG


RELATIVE HUMIDITY (PERCENT)
 HIGHEST    90          1200 AM
 LOWEST     49           400 PM
 AVERAGE    70

..........................................................


THE ASHEVILLE NC CLIMATE NORMALS FOR TODAY
                         NORMAL    RECORD    YEAR
 MAXIMUM TEMPERATURE (F)   72        88      1996
 MINIMUM TEMPERATURE (F)   48        29      1986
                                             1971


SUNRISE AND SUNSET
MAY  4 2016...........SUNRISE   635 AM EDT   SUNSET   819 PM EDT
MAY  5 2016...........SUNRISE   634 AM EDT   SUNSET   820 PM EDT


-  INDICATES NEGATIVE NUMBERS.
R  INDICATES RECORD WAS SET OR TIED.
MM INDICATES DATA IS MISSING.
T  INDICATES TRACE AMOUNT.




$$
