277
CDUS42 KGSP 212035
CLIAVL

CLIMATE REPORT
NATIONAL WEATHER SERVICE GREENVILLE-SPARTANBURG SC
433 PM EDT SAT OCT 21 2017


...................................

...THE ASHEVILLE NC CLIMATE SUMMARY FOR OCTOBER 21 2017...
VALID TODAY AS OF 0430 PM LOCAL TIME.

CLIMATE NORMAL PERIOD 1981 TO 2010
CLIMATE RECORD PERIOD 1869 TO 2017


WEATHER ITEM   OBSERVED TIME   RECORD YEAR NORMAL DEPARTURE LAST
                VALUE   (LST)  VALUE       VALUE  FROM      YEAR
                                                  NORMAL
..................................................................
TEMPERATURE (F)
 TODAY
  MAXIMUM         75    207 PM  83    1943  67      8       63
  MINIMUM         42    715 AM  23    1952  43     -1       47
  AVERAGE         59                        55      4       55

PRECIPITATION (IN)
  TODAY            0.00          2.13 1929   0.09  -0.09     0.01
  MONTH TO DATE    3.81                      2.00   1.81     0.52
  SINCE SEP 1      7.56                      5.81   1.75     1.10
  SINCE JAN 1     44.17                     37.42   6.75    29.55

SNOWFALL (IN)
  TODAY            0.0           T    1913   0.0    0.0      0.0
  MONTH TO DATE    0.0                       0.0    0.0      0.0
  SINCE SEP 1      0.0                       0.0    0.0      0.0
  SINCE JUL 1      0.0                       0.0    0.0      0.0
  SNOW DEPTH       0

DEGREE DAYS
 HEATING
  TODAY            6                        10     -4       10
  MONTH TO DATE   90                       158    -68       71
  SINCE SEP 1    128                       213    -85       76
  SINCE JUL 1    128                       215    -87       76

 COOLING
  TODAY            0                         0      0        0
  MONTH TO DATE   66                         7     59       12
  SINCE SEP 1    176                       102     74      231
  SINCE JAN 1   1042                       859    183     1314
..................................................................


WIND (MPH)
  HIGHEST WIND SPEED    12   HIGHEST WIND DIRECTION     S (170)
  HIGHEST GUST SPEED    15   HIGHEST GUST DIRECTION    SE (150)
  AVERAGE WIND SPEED     1.9


SKY COVER
  POSSIBLE SUNSHINE  MM
  AVERAGE SKY COVER 0.0


WEATHER CONDITIONS
 THE FOLLOWING WEATHER WAS RECORDED TODAY.
  NO SIGNIFICANT WEATHER WAS OBSERVED.


RELATIVE HUMIDITY (PERCENT)
 HIGHEST    96           500 AM
 LOWEST     38           200 PM
 AVERAGE    67

..........................................................


THE ASHEVILLE NC CLIMATE NORMALS FOR TOMORROW
                         NORMAL    RECORD    YEAR
 MAXIMUM TEMPERATURE (F)   67        82      1931
 MINIMUM TEMPERATURE (F)   43        23      1952


SUNRISE AND SUNSET
OCTOBER 21 2017.......SUNRISE   742 AM EDT   SUNSET   647 PM EDT
OCTOBER 22 2017.......SUNRISE   743 AM EDT   SUNSET   646 PM EDT


-  INDICATES NEGATIVE NUMBERS.
R  INDICATES RECORD WAS SET OR TIED.
MM INDICATES DATA IS MISSING.
T  INDICATES TRACE AMOUNT.




$$
