000
CDUS42 KGSP 152036
CLIAVL

CLIMATE REPORT
NATIONAL WEATHER SERVICE GREENVILLE-SPARTANBURG SC
434 PM EDT TUE APR 15 2014


...................................

...THE ASHEVILLE NC CLIMATE SUMMARY FOR APRIL 15 2014...VALID TODAY
AS OF 430 PM LOCAL TIME.

CLIMATE NORMAL PERIOD 1981 TO 2010
CLIMATE RECORD PERIOD 1869 TO 2014


WEATHER ITEM   OBSERVED TIME   RECORD YEAR NORMAL DEPARTURE LAST
                VALUE   (LST)  VALUE       VALUE  FROM      YEAR
                                                  NORMAL
..................................................................
TEMPERATURE (F)
 TODAY
  MAXIMUM         60    437 AM  89    1972  68     -8       65
  MINIMUM         40    259 PM  23    1907  43     -3       51
  AVERAGE         50                        55     -5       58

PRECIPITATION (IN)
  TODAY            0.52          1.43 1956   0.10   0.42     0.15
  MONTH TO DATE    2.91                      1.67   1.24     2.22
  SINCE MAR 1      5.21                      5.50  -0.29     5.54
  SINCE JAN 1     10.56                     12.93  -2.37    17.68

SNOWFALL (IN)
  TODAY            0.0           T    2007   0.1   -0.1      0.0
  MONTH TO DATE    0.0                       0.6   -0.6      0.0
  SINCE MAR 1      0.4                       2.5   -2.1      0.3
  SINCE JUL 1      9.8                       9.8    0.0      0.5
  SNOW DEPTH       0

DEGREE DAYS
 HEATING
  TODAY           15                        10      5        7
  MONTH TO DATE  133                       179    -46      151
  SINCE MAR 1    762                       734     28      861
  SINCE JUL 1   4081                      3951    130     3802

 COOLING
  TODAY            0                         0      0        0
  MONTH TO DATE    0                         0      0        2
  SINCE MAR 1      0                         1     -1        2
  SINCE JAN 1      0                         1     -1        2
..................................................................


WIND (MPH)
  HIGHEST WIND SPEED    41   HIGHEST WIND DIRECTION     N (340)
  HIGHEST GUST SPEED    51   HIGHEST GUST DIRECTION    NW (330)
  AVERAGE WIND SPEED    14.7


SKY COVER
  POSSIBLE SUNSHINE  MM
  AVERAGE SKY COVER 0.9


WEATHER CONDITIONS
 THE FOLLOWING WEATHER WAS RECORDED TODAY.
  HEAVY RAIN
  RAIN
  LIGHT RAIN
  FOG


RELATIVE HUMIDITY (PERCENT)
 HIGHEST   100           300 AM
 LOWEST     76           300 PM
 AVERAGE    88

..........................................................


THE ASHEVILLE NC CLIMATE NORMALS FOR TOMORROW
                         NORMAL    RECORD    YEAR
 MAXIMUM TEMPERATURE (F)   68        87      2006
 MINIMUM TEMPERATURE (F)   43        26      1943


SUNRISE AND SUNSET
APRIL 15 2014.........SUNRISE   658 AM EDT   SUNSET   803 PM EDT
APRIL 16 2014.........SUNRISE   656 AM EDT   SUNSET   804 PM EDT


-  INDICATES NEGATIVE NUMBERS.
R  INDICATES RECORD WAS SET OR TIED.
MM INDICATES DATA IS MISSING.
T  INDICATES TRACE AMOUNT.




$$
