000
CDUS42 KGSP 240640
CLIAVL

CLIMATE REPORT
NATIONAL WEATHER SERVICE GREENVILLE-SPARTANBURG SC
140 AM EST FRI FEB 24 2017


...................................

...THE ASHEVILLE NC CLIMATE SUMMARY FOR FEBRUARY 23 2017...

CLIMATE NORMAL PERIOD 1981 TO 2010
CLIMATE RECORD PERIOD 1869 TO 2017


WEATHER ITEM   OBSERVED TIME   RECORD YEAR NORMAL DEPARTURE LAST
                VALUE   (LST)  VALUE       VALUE  FROM      YEAR
                                                  NORMAL
..................................................................
TEMPERATURE (F)
 YESTERDAY
  MAXIMUM         70    125 PM  76    1982  53     17       47
  MINIMUM         48    736 AM  10    1939  31     17       43
  AVERAGE         59                        42     17       45

PRECIPITATION (IN)
  YESTERDAY        0.00          2.39 1994   0.14  -0.14     0.52
  MONTH TO DATE    0.62                      3.10  -2.48     4.64
  SINCE DEC 1      6.65                     10.36  -3.71    16.69
  SINCE JAN 1      4.34                      6.77  -2.43     7.93

SNOWFALL (IN)
  YESTERDAY        0.0           3.8  1966   0.0             0.0
  MONTH TO DATE    0.0                       1.8             0.1
  SINCE DEC 1      7.3                       6.8            13.9
  SINCE JUL 1      7.3                       6.9            13.9
  SNOW DEPTH       0

DEGREE DAYS
 HEATING
  YESTERDAY        6                        23    -17       20
  MONTH TO DATE  400                       578   -178      599
  SINCE DEC 1   1742                      2238   -496     1947
  SINCE JUL 1   2313                      3105   -792     2622

 COOLING
  YESTERDAY        0                         0      0        0
  MONTH TO DATE    0                         0      0        0
  SINCE DEC 1      0                         0      0        0
  SINCE JAN 1      0                         0      0        0
..................................................................


WIND (MPH)
  HIGHEST WIND SPEED    15   HIGHEST WIND DIRECTION     S (170)
  HIGHEST GUST SPEED    18   HIGHEST GUST DIRECTION     S (170)
  AVERAGE WIND SPEED     2.9


SKY COVER
  POSSIBLE SUNSHINE  MM
  AVERAGE SKY COVER 0.6


WEATHER CONDITIONS
 THE FOLLOWING WEATHER WAS RECORDED YESTERDAY.
  FOG
  FOG W/VISIBILITY <= 1/4 MILE


RELATIVE HUMIDITY (PERCENT)
 HIGHEST   100           800 AM
 LOWEST     48           100 PM
 AVERAGE    74

..........................................................


THE ASHEVILLE NC CLIMATE NORMALS FOR TODAY
                         NORMAL    RECORD    YEAR
 MAXIMUM TEMPERATURE (F)   53        77      1930
 MINIMUM TEMPERATURE (F)   31         6      1967


SUNRISE AND SUNSET
FEBRUARY 24 2017......SUNRISE   706 AM EST   SUNSET   621 PM EST
FEBRUARY 25 2017......SUNRISE   705 AM EST   SUNSET   622 PM EST


-  INDICATES NEGATIVE NUMBERS.
R  INDICATES RECORD WAS SET OR TIED.
MM INDICATES DATA IS MISSING.
T  INDICATES TRACE AMOUNT.

$$

OUTLAW
