000
CDUS42 KGSP 030640
CLIAVL

CLIMATE REPORT
NATIONAL WEATHER SERVICE GREENVILLE-SPARTANBURG SC
140 AM EST SAT DEC 3 2016


...................................

...THE ASHEVILLE NC CLIMATE SUMMARY FOR DECEMBER 2 2016...

CLIMATE NORMAL PERIOD 1981 TO 2010
CLIMATE RECORD PERIOD 1869 TO 2016


WEATHER ITEM   OBSERVED TIME   RECORD YEAR NORMAL DEPARTURE LAST
                VALUE   (LST)  VALUE       VALUE  FROM      YEAR
                                                  NORMAL
..................................................................
TEMPERATURE (F)
 YESTERDAY
  MAXIMUM         54    257 PM  71    1970  53      1       59
  MINIMUM         34    748 AM  10    1876  32      2       43
  AVERAGE         44                        42      2       51

PRECIPITATION (IN)
  YESTERDAY        0.00          2.32 1905   0.13  -0.13     1.02
  MONTH TO DATE    0.00                      0.26  -0.26     1.78
  SINCE DEC 1      0.00                      0.26  -0.26     1.78
  SINCE JAN 1     31.09                     42.24 -11.15    47.37

SNOWFALL (IN)
  YESTERDAY        0.0           1.0  1918   0.0             0.0
  MONTH TO DATE    0.0                       0.0             0.0
  SINCE DEC 1      0.0                       0.0             0.0
  SINCE JUL 1      0.0                       0.1             0.0
  SNOW DEPTH       0

DEGREE DAYS
 HEATING
  YESTERDAY       21                        23     -2       14
  MONTH TO DATE   40                        45     -5       27
  SINCE DEC 1     40                        45     -5       27
  SINCE JUL 1    611                       912   -301      702

 COOLING
  YESTERDAY        0                         0      0        0
  MONTH TO DATE    0                         0      0        0
  SINCE DEC 1      0                         0      0        0
  SINCE JAN 1   1317                       863    454     1156
..................................................................


WIND (MPH)
  HIGHEST WIND SPEED    24   HIGHEST WIND DIRECTION     N (340)
  HIGHEST GUST SPEED    29   HIGHEST GUST DIRECTION     N (340)
  AVERAGE WIND SPEED    11.3


SKY COVER
  POSSIBLE SUNSHINE  MM
  AVERAGE SKY COVER 0.0


WEATHER CONDITIONS
 THE FOLLOWING WEATHER WAS RECORDED YESTERDAY.
  NO SIGNIFICANT WEATHER WAS OBSERVED.


RELATIVE HUMIDITY (PERCENT)
 HIGHEST    70           100 AM
 LOWEST     22           300 PM
 AVERAGE    46

..........................................................


THE ASHEVILLE NC CLIMATE NORMALS FOR TODAY
                         NORMAL    RECORD    YEAR
 MAXIMUM TEMPERATURE (F)   53        72      1970
 MINIMUM TEMPERATURE (F)   32        11      1979


SUNRISE AND SUNSET
DECEMBER  3 2016......SUNRISE   723 AM EST   SUNSET   517 PM EST
DECEMBER  4 2016......SUNRISE   724 AM EST   SUNSET   517 PM EST


-  INDICATES NEGATIVE NUMBERS.
R  INDICATES RECORD WAS SET OR TIED.
MM INDICATES DATA IS MISSING.
T  INDICATES TRACE AMOUNT.

$$

OUTLAW
