000
CDUS42 KGSP 230650
CLIAVL

CLIMATE REPORT
NATIONAL WEATHER SERVICE GREENVILLE-SPARTANBURG SC
151 AM EST MON JAN 23 2017


...................................

...THE ASHEVILLE NC CLIMATE SUMMARY FOR JANUARY 22 2017...

CLIMATE NORMAL PERIOD 1981 TO 2010
CLIMATE RECORD PERIOD 1869 TO 2017


WEATHER ITEM   OBSERVED TIME   RECORD YEAR NORMAL DEPARTURE LAST
                VALUE   (LST)  VALUE       VALUE  FROM      YEAR
                                                  NORMAL
..................................................................
TEMPERATURE (F)
 YESTERDAY
  MAXIMUM         55    930 PM  73    1932  48      7       33
  MINIMUM         52    906 AM   0    1970  27     25       24
  AVERAGE         54                        37     17       29

PRECIPITATION (IN)
  YESTERDAY        0.73          2.79 1906   0.12   0.61     1.53
  MONTH TO DATE    2.65                      2.58   0.07     3.25
  SINCE DEC 1      4.96                      6.17  -1.21    12.01
  SINCE JAN 1      2.65                      2.58   0.07     3.25

SNOWFALL (IN)
  YESTERDAY        0.0          13.4  2016   0.1            13.4
  MONTH TO DATE    7.0                       3.0            13.7
  SINCE DEC 1      7.0                       3.9            13.7
  SINCE JUL 1      7.0                       4.0            13.7
  SNOW DEPTH       0

DEGREE DAYS
 HEATING
  YESTERDAY       11                        28    -17       36
  MONTH TO DATE  432                       616   -184      671
  SINCE DEC 1   1139                      1410   -271     1092
  SINCE JUL 1   1710                      2277   -567     1767

 COOLING
  YESTERDAY        0                         0      0        0
  MONTH TO DATE    0                         0      0        0
  SINCE DEC 1      0                         0      0        0
  SINCE JAN 1      0                         0      0        0
..................................................................


WIND (MPH)
  HIGHEST WIND SPEED    20   HIGHEST WIND DIRECTION     E (110)
  HIGHEST GUST SPEED    32   HIGHEST GUST DIRECTION     E (100)
  AVERAGE WIND SPEED     6.3


SKY COVER
  POSSIBLE SUNSHINE  MM
  AVERAGE SKY COVER 1.0


WEATHER CONDITIONS
 THE FOLLOWING WEATHER WAS RECORDED YESTERDAY.
  THUNDERSTORM
  HEAVY RAIN
  RAIN
  LIGHT RAIN
  FOG


RELATIVE HUMIDITY (PERCENT)
 HIGHEST    96          1200 AM
 LOWEST     83          1200 PM
 AVERAGE    90

..........................................................


THE ASHEVILLE NC CLIMATE NORMALS FOR TODAY
                         NORMAL    RECORD    YEAR
 MAXIMUM TEMPERATURE (F)   48        73      1927
 MINIMUM TEMPERATURE (F)   27         1      1936


SUNRISE AND SUNSET
JANUARY 23 2017.......SUNRISE   735 AM EST   SUNSET   549 PM EST
JANUARY 24 2017.......SUNRISE   735 AM EST   SUNSET   550 PM EST


-  INDICATES NEGATIVE NUMBERS.
R  INDICATES RECORD WAS SET OR TIED.
MM INDICATES DATA IS MISSING.
T  INDICATES TRACE AMOUNT.

$$

OUTLAW
