000
CDUS41 KBGM 252158
CLIAVP


CLIMATE REPORT
NATIONAL WEATHER SERVICE BINGHAMTON NY
557 PM EDT SAT OCT 25 2014


...................................

...THE AVOCA PA CLIMATE SUMMARY FOR OCTOBER 25 2014...
VALID TODAY AS OF 0500 PM LOCAL TIME.

CLIMATE NORMAL PERIOD 1981 TO 2010
CLIMATE RECORD PERIOD 1901 TO 2014


WEATHER ITEM   OBSERVED TIME   RECORD YEAR NORMAL DEPARTURE LAST
                VALUE   (LST)  VALUE       VALUE  FROM      YEAR
                                                  NORMAL
..................................................................
TEMPERATURE (F)
 TODAY
  MAXIMUM         66    352 PM  77    1963  58      8       49
  MINIMUM         37    547 AM  27    1962  38     -1       33
  AVERAGE         52                        48      4       41

PRECIPITATION (IN)
  TODAY            0.00          1.38 1980   0.11  -0.11      T
  MONTH TO DATE    4.07                      2.76   1.31     1.29
  SINCE SEP 1      4.76                      6.83  -2.07     2.86
  SINCE JAN 1     26.32                     31.86  -5.54    21.21

SNOWFALL (IN)
  TODAY            0.0           0.3  1955   0.0    0.0       T
  MONTH TO DATE    0.0                       0.0    0.0       T
  SINCE SEP 1      0.0                       0.0    0.0       T
  SINCE JUL 1      0.0                       0.0    0.0       T

DEGREE DAYS
 HEATING
  TODAY           13                        17     -4       24
  MONTH TO DATE  230                       332   -102      204
  SINCE SEP 1    332                       468   -136      357
  SINCE JUL 1    343                       494   -151      366

 COOLING
  TODAY            0                         0      0        0
  MONTH TO DATE   11                         0     11       24
  SINCE SEP 1    100                        52     48       93
  SINCE JAN 1    686                       576    110      795
..................................................................


WIND (MPH)
  HIGHEST WIND SPEED    16   HIGHEST WIND DIRECTION    SW (240)
  HIGHEST GUST SPEED    23   HIGHEST GUST DIRECTION    SW (240)
  AVERAGE WIND SPEED     4.0


SKY COVER
  AVERAGE SKY COVER 0.3


WEATHER CONDITIONS
 THE FOLLOWING WEATHER WAS RECORDED TODAY.
  NO SIGNIFICANT WEATHER WAS OBSERVED.


RELATIVE HUMIDITY (PERCENT)
 HIGHEST    79           500 AM
 LOWEST     42           300 PM
 AVERAGE    61

..........................................................


THE AVOCA PA CLIMATE NORMALS FOR TOMORROW
                         NORMAL    RECORD    YEAR
 MAXIMUM TEMPERATURE (F)   57        79      1963
 MINIMUM TEMPERATURE (F)   38        24      1952


SUNRISE AND SUNSET
OCTOBER 25 2014.......SUNRISE   726 AM EDT   SUNSET   607 PM EDT
OCTOBER 26 2014.......SUNRISE   727 AM EDT   SUNSET   606 PM EDT


-  INDICATES NEGATIVE NUMBERS.
R  INDICATES RECORD WAS SET OR TIED.
MM INDICATES DATA IS MISSING.
T  INDICATES TRACE AMOUNT.




$$
