000
CDUS41 KBGM 240547
CLIAVP


CLIMATE REPORT
NATIONAL WEATHER SERVICE BINGHAMTON NY
146 AM EDT THU APR 24 2014


...................................

...THE AVOCA PA CLIMATE SUMMARY FOR APRIL 23 2014...

CLIMATE NORMAL PERIOD 1981 TO 2010
CLIMATE RECORD PERIOD 1901 TO 2014


WEATHER ITEM   OBSERVED TIME   RECORD YEAR NORMAL DEPARTURE LAST
                VALUE   (LST)  VALUE       VALUE  FROM      YEAR
                                                  NORMAL
..................................................................
TEMPERATURE (F)
 YESTERDAY
  MAXIMUM         49   1218 AM  86    2001  62    -13       62
  MINIMUM         39   1157 PM  24    1930  41     -2       34
  AVERAGE         44                        52     -8       48

PRECIPITATION (IN)
  YESTERDAY        T             1.20 1906   0.11  -0.11     0.00
  MONTH TO DATE    1.91                      2.54  -0.63     1.60
  SINCE MAR 1      3.98                      5.09  -1.11     3.22
  SINCE JAN 1      8.86                      9.49  -0.63     6.55

SNOWFALL (IN)
  YESTERDAY        0.0           5.2  1986   0.1   -0.1      0.0
  MONTH TO DATE    0.7                       2.7   -2.0       T
  SINCE MAR 1      3.1                      11.7   -8.6      6.5
  SINCE JUL 1     58.9                      45.6   13.3     33.9

DEGREE DAYS
 HEATING
  YESTERDAY       21                        14      7       17
  MONTH TO DATE  383                       410    -27      383
  SINCE MAR 1   1426                      1281    145     1309
  SINCE JUL 1   6249                      5887    362     5533

 COOLING
  YESTERDAY        0                         0      0        0
  MONTH TO DATE    7                         0      7        4
  SINCE MAR 1      7                         0      7        4
  SINCE JAN 1      7                         0      7        4
..................................................................


WIND (MPH)
  HIGHEST WIND SPEED    26   HIGHEST WIND DIRECTION    NW (320)
  HIGHEST GUST SPEED    35   HIGHEST GUST DIRECTION    NW (320)
  AVERAGE WIND SPEED    16.0


SKY COVER
  AVERAGE SKY COVER 1.0



RELATIVE HUMIDITY (PERCENT)
 HIGHEST    77          1200 AM
 LOWEST     54          1000 PM
 AVERAGE    66

..........................................................


THE AVOCA PA CLIMATE NORMALS FOR TODAY
                         NORMAL    RECORD    YEAR
 MAXIMUM TEMPERATURE (F)   63        87      1960
 MINIMUM TEMPERATURE (F)   41        25      1930


SUNRISE AND SUNSET
APRIL 24 2014.........SUNRISE   610 AM EDT   SUNSET   753 PM EDT
APRIL 25 2014.........SUNRISE   609 AM EDT   SUNSET   754 PM EDT


-  INDICATES NEGATIVE NUMBERS.
R  INDICATES RECORD WAS SET OR TIED.
MM INDICATES DATA IS MISSING.
T  INDICATES TRACE AMOUNT.




$$
