000
CDUS41 KBGM 062139
CLIAVP


CLIMATE REPORT
NATIONAL WEATHER SERVICE BINGHAMTON NY
539 PM EDT FRI MAY 6 2016


...................................

...THE AVOCA PA CLIMATE SUMMARY FOR MAY 6 2016...
VALID TODAY AS OF 0500 PM LOCAL TIME.

CLIMATE NORMAL PERIOD 1981 TO 2010
CLIMATE RECORD PERIOD 1901 TO 2016


WEATHER ITEM   OBSERVED TIME   RECORD YEAR NORMAL DEPARTURE LAST
                VALUE   (LST)  VALUE       VALUE  FROM      YEAR
                                                  NORMAL
..................................................................
TEMPERATURE (F)
 TODAY
  MAXIMUM         55    359 PM  90    1949  67    -12       69
  MINIMUM         49   1138 AM  34    1910  45      4       53
  AVERAGE         52                        56     -4       61

PRECIPITATION (IN)
  TODAY            0.39          1.38 1989   0.11   0.28     0.14
  MONTH TO DATE    1.57                      0.65   0.92     0.14
  SINCE MAR 1      6.04                      6.53  -0.49     4.98
  SINCE JAN 1     11.84                     10.93   0.91     7.98

SNOWFALL (IN)
  TODAY           MM             0.4  1967   0.0   MM        0.0
  MONTH TO DATE    0.0                       0.3   -0.3      0.0
  SINCE MAR 1      3.5                      12.6   -9.1      9.0
  SINCE JUL 1     15.5                      46.5  -31.0     51.4

DEGREE DAYS
 HEATING
  TODAY           13                        10      3        4
  MONTH TO DATE   83                        62     21       23
  SINCE MAR 1   1224                      1429   -205     1470
  SINCE JUL 1   4794                      6035  -1241     6167

 COOLING
  TODAY            0                         0      0        0
  MONTH TO DATE    0                         0      0       10
  SINCE MAR 1      1                         6     -5       10
  SINCE JAN 1      1                         6     -5       10
..................................................................


WIND (MPH)
  HIGHEST WIND SPEED    16   HIGHEST WIND DIRECTION    NE (40)
  HIGHEST GUST SPEED    25   HIGHEST GUST DIRECTION    NE (40)
  AVERAGE WIND SPEED     8.7


SKY COVER
  AVERAGE SKY COVER 1.0


WEATHER CONDITIONS
 THE FOLLOWING WEATHER WAS RECORDED TODAY.
  HEAVY RAIN
  RAIN
  LIGHT RAIN
  FOG


RELATIVE HUMIDITY (PERCENT)
 HIGHEST    93          1000 AM
 LOWEST     71           100 AM
 AVERAGE    82

..........................................................


THE AVOCA PA CLIMATE NORMALS FOR TOMORROW
                         NORMAL    RECORD    YEAR
 MAXIMUM TEMPERATURE (F)   67        90      1930
 MINIMUM TEMPERATURE (F)   45        31      1996


SUNRISE AND SUNSET
MAY  6 2016...........SUNRISE   553 AM EDT   SUNSET   806 PM EDT
MAY  7 2016...........SUNRISE   552 AM EDT   SUNSET   807 PM EDT


-  INDICATES NEGATIVE NUMBERS.
R  INDICATES RECORD WAS SET OR TIED.
MM INDICATES DATA IS MISSING.
T  INDICATES TRACE AMOUNT.




$$
