000
CDUS41 KBGM 280539
CLIAVP


CLIMATE REPORT
NATIONAL WEATHER SERVICE BINGHAMTON NY
1238 AM EST WED JAN 28 2015


...................................

...THE AVOCA PA CLIMATE SUMMARY FOR JANUARY 27 2015...

CLIMATE NORMAL PERIOD 1981 TO 2010
CLIMATE RECORD PERIOD 1901 TO 2015


WEATHER ITEM   OBSERVED TIME   RECORD YEAR NORMAL DEPARTURE LAST
                VALUE   (LST)  VALUE       VALUE  FROM      YEAR
                                                  NORMAL
..................................................................
TEMPERATURE (F)
 YESTERDAY
  MAXIMUM         25    127 PM  69    1916  34     -9       33
  MINIMUM         12   1159 PM  -6    1927  19     -7        9
                                      1907
  AVERAGE         19                        26     -7       21

PRECIPITATION (IN)
  YESTERDAY        0.03          1.09 1996   0.07  -0.04      T
  MONTH TO DATE    1.70                      2.04  -0.34     2.11
  SINCE DEC 1      4.48                      4.72  -0.24     5.45
  SINCE JAN 1      1.70                      2.04  -0.34     2.11

SNOWFALL (IN)
  YESTERDAY        0.8           4.3  2004   0.4    0.4       T
  MONTH TO DATE   12.4                      12.4    0.0     13.0
  SINCE DEC 1     16.8                      19.8   -3.0     23.8
  SINCE JUL 1     25.7                      22.8    2.9     26.5

DEGREE DAYS
 HEATING
  YESTERDAY       46                        39      7       44
  MONTH TO DATE 1095                      1052     43     1153
  SINCE DEC 1   1997                      2117   -120     2191
  SINCE JUL 1   3187                      3430   -243     3467

 COOLING
  YESTERDAY        0                         0      0        0
  MONTH TO DATE    0                         0      0        0
  SINCE DEC 1      0                         0      0        0
  SINCE JAN 1      0                         0      0        0
..................................................................


WIND (MPH)
  HIGHEST WIND SPEED    26   HIGHEST WIND DIRECTION    NW (330)
  HIGHEST GUST SPEED    32   HIGHEST GUST DIRECTION    NW (320)
  AVERAGE WIND SPEED    10.2


SKY COVER
  AVERAGE SKY COVER 0.9



RELATIVE HUMIDITY (PERCENT)
 HIGHEST    80           700 AM
 LOWEST     49           500 PM
 AVERAGE    65

..........................................................


THE AVOCA PA CLIMATE NORMALS FOR TODAY
                         NORMAL    RECORD    YEAR
 MAXIMUM TEMPERATURE (F)   34        60      1916
 MINIMUM TEMPERATURE (F)   19       -11      1925


SUNRISE AND SUNSET
JANUARY 28 2015.......SUNRISE   718 AM EST   SUNSET   514 PM EST
JANUARY 29 2015.......SUNRISE   717 AM EST   SUNSET   515 PM EST


-  INDICATES NEGATIVE NUMBERS.
R  INDICATES RECORD WAS SET OR TIED.
MM INDICATES DATA IS MISSING.
T  INDICATES TRACE AMOUNT.

$$
