000
CDUS41 KBGM 090735
CLIAVP


CLIMATE REPORT
NATIONAL WEATHER SERVICE BINGHAMTON NY
235 AM EST TUE FEB 9 2016


...................................

...THE AVOCA PA CLIMATE SUMMARY FOR FEBRUARY 8 2016...

CLIMATE NORMAL PERIOD 1981 TO 2010
CLIMATE RECORD PERIOD 1901 TO 2016


WEATHER ITEM   OBSERVED TIME   RECORD YEAR NORMAL DEPARTURE LAST
                VALUE   (LST)  VALUE       VALUE  FROM      YEAR
                                                  NORMAL
..................................................................
TEMPERATURE (F)
 YESTERDAY
  MAXIMUM         41    300 PM  59    1925  35      6       43
  MINIMUM         28   1159 PM -15    1934  20      8       33
  AVERAGE         35                        27      8       38

PRECIPITATION (IN)
  YESTERDAY        T             0.51 1971   0.08  -0.08     0.06
  MONTH TO DATE    0.49                      0.63  -0.14     0.62
  SINCE DEC 1      4.83                      5.68  -0.85     5.27
  SINCE JAN 1      2.28                      3.00  -0.72     2.49

SNOWFALL (IN)
  YESTERDAY       MM             4.5  2013   0.3   MM        0.0
  MONTH TO DATE    0.0                       2.8   -2.8      6.8
  SINCE DEC 1      5.3                      24.4  -19.1     26.7
  SINCE JUL 1      5.3                      27.4  -22.1     35.6

DEGREE DAYS
 HEATING
  YESTERDAY       30                        38     -8       27
  MONTH TO DATE  217                       305    -88      336
  SINCE DEC 1   1980                      2583   -603     2519
  SINCE JUL 1   2888                      3896  -1008     3709

 COOLING
  YESTERDAY        0                         0      0        0
  MONTH TO DATE    0                         0      0        0
  SINCE DEC 1      0                         0      0        0
  SINCE JAN 1      0                         0      0        0
..................................................................


WIND (MPH)
  HIGHEST WIND SPEED    14   HIGHEST WIND DIRECTION    SE (120)
  HIGHEST GUST SPEED    20   HIGHEST GUST DIRECTION    SE (120)
  AVERAGE WIND SPEED     5.7


SKY COVER
  AVERAGE SKY COVER 0.6



RELATIVE HUMIDITY (PERCENT)
 HIGHEST    69          1000 AM
 LOWEST     44           500 PM
 AVERAGE    57

..........................................................


THE AVOCA PA CLIMATE NORMALS FOR TODAY
                         NORMAL    RECORD    YEAR
 MAXIMUM TEMPERATURE (F)   35        64      1925
 MINIMUM TEMPERATURE (F)   20       -19      1934


SUNRISE AND SUNSET
FEBRUARY  9 2016......SUNRISE   706 AM EST   SUNSET   529 PM EST
FEBRUARY 10 2016......SUNRISE   705 AM EST   SUNSET   530 PM EST


-  INDICATES NEGATIVE NUMBERS.
R  INDICATES RECORD WAS SET OR TIED.
MM INDICATES DATA IS MISSING.
T  INDICATES TRACE AMOUNT.




$$

HEDEN
