000
CDUS41 KBGM 220540
CLIAVP


CLIMATE REPORT
NATIONAL WEATHER SERVICE BINGHAMTON NY
1240 AM EST WED FEB 22 2017


...................................

...THE AVOCA PA CLIMATE SUMMARY FOR FEBRUARY 21 2017...

CLIMATE NORMAL PERIOD 1981 TO 2010
CLIMATE RECORD PERIOD 1901 TO 2017


WEATHER ITEM   OBSERVED TIME   RECORD YEAR NORMAL DEPARTURE LAST
                VALUE   (LST)  VALUE       VALUE  FROM      YEAR
                                                  NORMAL
..................................................................
TEMPERATURE (F)
 YESTERDAY
  MAXIMUM         48    200 PM  67    1953  38     10       54
  MINIMUM         26        MM   0    2015  22      4       34
                                      1972
                                      1916
  AVERAGE         37                        30      7       44

PRECIPITATION (IN)
  YESTERDAY        0.00          0.78 1951   0.07  -0.07     0.00
  MONTH TO DATE    1.49                      1.54  -0.05     2.38
  SINCE DEC 1      6.80                      6.59   0.21     6.72
  SINCE JAN 1      4.74                      3.91   0.83     4.17

SNOWFALL (IN)
  YESTERDAY        0.0           7.7  2011   0.4   -0.4      0.0
  MONTH TO DATE    8.2                       7.0    1.2      6.6
  SINCE DEC 1     19.0                      28.6   -9.6     11.9
  SINCE JUL 1     24.7                      31.6   -6.9     11.9

DEGREE DAYS
 HEATING
  YESTERDAY       28                        35     -7       21
  MONTH TO DATE  644                       776   -132      696
  SINCE DEC 1   2625                      3054   -429     2459
  SINCE JUL 1   3643                      4367   -724     3367

 COOLING
  YESTERDAY        0                         0      0        0
  MONTH TO DATE    0                         0      0        0
  SINCE DEC 1      0                         0      0        0
  SINCE JAN 1      0                         0      0        0
..................................................................


WIND (MPH)
  HIGHEST WIND SPEED     9   HIGHEST WIND DIRECTION     S (190)
  HIGHEST GUST SPEED    MM   HIGHEST GUST DIRECTION    MM
  AVERAGE WIND SPEED     5.3


SKY COVER
  AVERAGE SKY COVER 0.0



RELATIVE HUMIDITY (PERCENT)
 HIGHEST    68           400 AM
 LOWEST     29          1100 AM
 AVERAGE    49

..........................................................


THE AVOCA PA CLIMATE NORMALS FOR TODAY
                         NORMAL    RECORD    YEAR
 MAXIMUM TEMPERATURE (F)   39        62      1997
                                             1974
                                             1930
 MINIMUM TEMPERATURE (F)   22        -1      1963


SUNRISE AND SUNSET
FEBRUARY 22 2017......SUNRISE   648 AM EST   SUNSET   546 PM EST
FEBRUARY 23 2017......SUNRISE   646 AM EST   SUNSET   547 PM EST


-  INDICATES NEGATIVE NUMBERS.
R  INDICATES RECORD WAS SET OR TIED.
MM INDICATES DATA IS MISSING.
T  INDICATES TRACE AMOUNT.




$$
