000
CDUS41 KBGM 250525
CLIAVP


CLIMATE REPORT
NATIONAL WEATHER SERVICE BINGHAMTON NY
1223 AM EST SUN FEB 25 2018


...................................

...THE AVOCA PA CLIMATE SUMMARY FOR FEBRUARY 24 2018...

CLIMATE NORMAL PERIOD 1981 TO 2010
CLIMATE RECORD PERIOD 1901 TO 2018


WEATHER ITEM   OBSERVED TIME   RECORD YEAR NORMAL DEPARTURE LAST
                VALUE   (LST)  VALUE       VALUE  FROM      YEAR
                                                  NORMAL
..................................................................
TEMPERATURE (F)
 YESTERDAY
  MAXIMUM         45    147 PM  76    2017  39      6       76
  MINIMUM         39   1245 AM  -9    2015  22     17       52
  AVERAGE         42                        31     11       64

PRECIPITATION (IN)
  YESTERDAY        0.35          1.25 1975   0.07   0.28     0.00
  MONTH TO DATE    3.83                      1.75   2.08     1.54
  SINCE DEC 1      8.19                      6.80   1.39     6.85
  SINCE JAN 1      6.51                      4.12   2.39     4.79

SNOWFALL (IN)
  YESTERDAY        0.0           6.2  1994   0.4   -0.4      0.0
  MONTH TO DATE    9.6                       8.0    1.6      8.2
  SINCE DEC 1     27.0                      29.6   -2.6     19.0
  SINCE JUL 1     27.1                      32.6   -5.5     24.7

DEGREE DAYS
 HEATING
  YESTERDAY       23                        34    -11        1
  MONTH TO DATE  733                       880   -147      672
  SINCE DEC 1   3068                      3158    -90     2653
  SINCE JUL 1   4108                      4471   -363     3671

 COOLING
  YESTERDAY        0                         0      0        0
  MONTH TO DATE    0                         0      0        0
  SINCE DEC 1      0                         0      0        0
  SINCE JAN 1      0                         0      0        0
..................................................................


WIND (MPH)
  HIGHEST WIND SPEED    10   HIGHEST WIND DIRECTION    NE (30)
  HIGHEST GUST SPEED    13   HIGHEST GUST DIRECTION    SW (240)
  AVERAGE WIND SPEED     3.9


SKY COVER
  AVERAGE SKY COVER 1.0



RELATIVE HUMIDITY (PERCENT)
 HIGHEST   100           100 AM
 LOWEST     86          1100 PM
 AVERAGE    93

..........................................................


THE AVOCA PA CLIMATE NORMALS FOR TODAY
                         NORMAL    RECORD    YEAR
 MAXIMUM TEMPERATURE (F)   39        68      2017
 MINIMUM TEMPERATURE (F)   22        -3      1914


SUNRISE AND SUNSET
FEBRUARY 25 2018......SUNRISE   643 AM EST   SUNSET   549 PM EST
FEBRUARY 26 2018......SUNRISE   642 AM EST   SUNSET   550 PM EST


-  INDICATES NEGATIVE NUMBERS.
R  INDICATES RECORD WAS SET OR TIED.
MM INDICATES DATA IS MISSING.
T  INDICATES TRACE AMOUNT.




$$
