000
CDUS41 KBGM 020541
CLIAVP


CLIMATE REPORT
NATIONAL WEATHER SERVICE BINGHAMTON NY
139 AM EDT THU OCT 2 2014


...................................

...THE AVOCA PA CLIMATE SUMMARY FOR OCTOBER 1 2014...

CLIMATE NORMAL PERIOD 1981 TO 2010
CLIMATE RECORD PERIOD 1901 TO 2014


WEATHER ITEM   OBSERVED TIME   RECORD YEAR NORMAL DEPARTURE LAST
                VALUE   (LST)  VALUE       VALUE  FROM      YEAR
                                                  NORMAL
..................................................................
TEMPERATURE (F)
 YESTERDAY
  MAXIMUM         75    207 PM  87    1905  66      9       76
  MINIMUM         56   1144 PM  30    1993  46     10       49
  AVERAGE         66                        56     10       63

PRECIPITATION (IN)
  YESTERDAY        T             1.17 1902   0.12  -0.12     0.00
  MONTH TO DATE    T                         0.12  -0.12     0.00
  SINCE SEP 1      0.69                      4.19  -3.50     1.57
  SINCE JAN 1     22.25                     29.22  -6.97    19.92

SNOWFALL (IN)
  YESTERDAY        0.0           0.0    MM   0.0    0.0      0.0
  MONTH TO DATE    0.0                       0.0    0.0      0.0
  SINCE SEP 1      0.0                       0.0    0.0      0.0
  SINCE JUL 1      0.0                       0.0    0.0      0.0

DEGREE DAYS
 HEATING
  YESTERDAY        0                         9     -9        2
  MONTH TO DATE    0                         9     -9        2
  SINCE SEP 1    102                       145    -43      155
  SINCE JUL 1    113                       171    -58      164

 COOLING
  YESTERDAY        1                         0      1        0
  MONTH TO DATE    1                         0      1        0
  SINCE SEP 1     90                        52     38       69
  SINCE JAN 1    676                       576    100      771
..................................................................


WIND (MPH)
  HIGHEST WIND SPEED    13   HIGHEST WIND DIRECTION    NE (60)
  HIGHEST GUST SPEED    17   HIGHEST GUST DIRECTION    NE (30)
  AVERAGE WIND SPEED     3.9


SKY COVER
  AVERAGE SKY COVER 0.7



RELATIVE HUMIDITY (PERCENT)
 HIGHEST    90           200 AM
 LOWEST     49           300 PM
 AVERAGE    70

..........................................................


THE AVOCA PA CLIMATE NORMALS FOR TODAY
                         NORMAL    RECORD    YEAR
 MAXIMUM TEMPERATURE (F)   66        91      1927
 MINIMUM TEMPERATURE (F)   46        30      1997


SUNRISE AND SUNSET
OCTOBER  2 2014.......SUNRISE   701 AM EDT   SUNSET   643 PM EDT
OCTOBER  3 2014.......SUNRISE   702 AM EDT   SUNSET   641 PM EDT


-  INDICATES NEGATIVE NUMBERS.
R  INDICATES RECORD WAS SET OR TIED.
MM INDICATES DATA IS MISSING.
T  INDICATES TRACE AMOUNT.

$$
