000
CDUS43 KGRR 141332
CLIAZO


CLIMATE REPORT
NATIONAL WEATHER SERVICE GRAND RAPIDS, MI
932 AM EDT MON JUL 14 2014


...................................

...THE KALAMAZOO MI CLIMATE SUMMARY FOR JULY 14 2014...
VALID AS OF 0900 AM LOCAL TIME.

CLIMATE NORMAL PERIOD 1981 TO 2010
CLIMATE RECORD PERIOD 9999 TO 9999


WEATHER ITEM   OBSERVED TIME   RECORD YEAR NORMAL DEPARTURE LAST
                VALUE   (LST)  VALUE       VALUE  FROM      YEAR
                                                  NORMAL
..................................................................
TEMPERATURE (F)
 TODAY
  MAXIMUM         70    759 AM  MM      MM  83    -13       89
  MINIMUM         60    556 AM  MM      MM  62     -2       65
  AVERAGE         65                        73     -8       77

PRECIPITATION (IN)
  TODAY            0.01         MM      MM   0.13  -0.12     0.00
  MONTH TO DATE    2.66                      1.58   1.08     1.63
  SINCE JUN 1      6.53                      5.16   1.37     7.92
  SINCE JAN 1     14.95                     17.60  -2.65    22.98

DEGREE DAYS
 HEATING
  TODAY            0                         0      0        0
  MONTH TO DATE    4                         0      4        2
  SINCE JUN 1     23                        48    -25       41

 COOLING
  TODAY            0                         8     -8       12
  MONTH TO DATE   57                       109    -52      104
  SINCE JUN 1    237                       254    -17      250
..................................................................


WIND (MPH)
  HIGHEST WIND SPEED     9   HIGHEST WIND DIRECTION    SW (240)
  HIGHEST GUST SPEED    14   HIGHEST GUST DIRECTION    SW (230)



WEATHER CONDITIONS
 THE FOLLOWING WEATHER WAS RECORDED TODAY.
  LIGHT RAIN
  FOG


..........................................................




SUNRISE AND SUNSET
JULY 14 2014..........SUNRISE   618 AM EDT   SUNSET   917 PM EDT
JULY 15 2014..........SUNRISE   619 AM EDT   SUNSET   917 PM EDT


-  INDICATES NEGATIVE NUMBERS.
R  INDICATES RECORD WAS SET OR TIED.
MM INDICATES DATA IS MISSING.
T  INDICATES TRACE AMOUNT.




$$
