000
CDUS43 KGRR 190516
CLIAZO


CLIMATE REPORT
NATIONAL WEATHER SERVICE GRAND RAPIDS, MI
116 AM EDT THU OCT 19 2017


...................................

...THE KALAMAZOO MI CLIMATE SUMMARY FOR OCTOBER 18 2017...

CLIMATE NORMAL PERIOD 1981 TO 2010
CLIMATE RECORD PERIOD 1998 TO 2017


WEATHER ITEM   OBSERVED TIME   NORMAL DEPARTURE LAST
                VALUE   (LST)  VALUE  FROM      YEAR
                                      NORMAL
......................................................
TEMPERATURE (F)
 YESTERDAY
  MAXIMUM         68    410 PM  60      8       78
  MINIMUM         41    415 AM  41      0       51
  AVERAGE         55            50      5       65

PRECIPITATION (IN)
  YESTERDAY        0.00          0.11  -0.11      T
  MONTH TO DATE    9.60          1.93   7.67     2.10
  SINCE SEP 1     11.41          5.75   5.66     5.43
  SINCE JAN 1     32.44         29.34   3.10    33.14

DEGREE DAYS
 HEATING
  YESTERDAY       10            15     -5        0
  MONTH TO DATE   83           224   -141       98
  SINCE SEP 1    165           357   -192      125
  SINCE JUL 1    183           373   -190      126

 COOLING
  YESTERDAY        0             0      0        0
  MONTH TO DATE   17             7     10       17
  SINCE SEP 1    149            63     86      118
  SINCE JAN 1    765           674     91      912
......................................................


WIND (MPH)
  RESULTANT WIND SPEED  10   RESULTANT WIND DIRECTION   S (190)
  HIGHEST WIND SPEED    22   HIGHEST WIND DIRECTION     S (190)
  HIGHEST GUST SPEED    26   HIGHEST GUST DIRECTION    SW (210)
  AVERAGE WIND SPEED     9.9


SKY COVER
  AVERAGE SKY COVER 0.0


WEATHER CONDITIONS
 THE FOLLOWING WEATHER WAS RECORDED YESTERDAY.
  NO SIGNIFICANT WEATHER WAS OBSERVED.


RELATIVE HUMIDITY (PERCENT)
 HIGHEST    82           400 AM
 LOWEST     32           400 PM
 AVERAGE    57

..........................................................


THE KALAMAZOO MI CLIMATE NORMALS FOR TODAY
                         NORMAL
 MAXIMUM TEMPERATURE (F)   59
 MINIMUM TEMPERATURE (F)   41


SUNRISE AND SUNSET
OCTOBER 19 2017.......SUNRISE   800 AM EDT   SUNSET   654 PM EDT
OCTOBER 20 2017.......SUNRISE   801 AM EDT   SUNSET   652 PM EDT


-  INDICATES NEGATIVE NUMBERS.
R  INDICATES RECORD WAS SET OR TIED.
MM INDICATES DATA IS MISSING.
T  INDICATES TRACE AMOUNT.




$$
