033
CDUS43 KGRR 110520
CLIAZO


CLIMATE REPORT
NATIONAL WEATHER SERVICE GRAND RAPIDS, MI
1219 AM EST MON DEC 11 2017


...................................

...THE KALAMAZOO MI CLIMATE SUMMARY FOR DECEMBER 10 2017...

CLIMATE NORMAL PERIOD 1981 TO 2010
CLIMATE RECORD PERIOD 1998 TO 2017


WEATHER ITEM   OBSERVED TIME   NORMAL DEPARTURE LAST
                VALUE   (LST)  VALUE  FROM      YEAR
                                      NORMAL
......................................................
TEMPERATURE (F)
 YESTERDAY
  MAXIMUM         30    826 PM  36     -6       24
  MINIMUM         22    926 AM  24     -2       20
  AVERAGE         26            30     -4       22

PRECIPITATION (IN)
  YESTERDAY        T             0.07  -0.07     0.01
  MONTH TO DATE    0.12          0.78  -0.66     0.64
  SINCE DEC 1      0.12          0.78  -0.66     0.64
  SINCE JAN 1     38.68         34.54   4.14    37.12

DEGREE DAYS
 HEATING
  YESTERDAY       39            35      4       43
  MONTH TO DATE  298           330    -32      328
  SINCE DEC 1    298           330    -32      328
  SINCE JUL 1   1461          1657   -196     1228

 COOLING
  YESTERDAY        0             0      0        0
  MONTH TO DATE    0             0      0        0
  SINCE DEC 1      0             0      0        0
  SINCE JAN 1    768           675     93      912
......................................................


WIND (MPH)
  RESULTANT WIND SPEED   8   RESULTANT WIND DIRECTION  SW (240)
  HIGHEST WIND SPEED    18   HIGHEST WIND DIRECTION     N (360)
  HIGHEST GUST SPEED    23   HIGHEST GUST DIRECTION    SW (220)
  AVERAGE WIND SPEED     9.9


SKY COVER
  AVERAGE SKY COVER 0.9


WEATHER CONDITIONS
 THE FOLLOWING WEATHER WAS RECORDED YESTERDAY.
  LIGHT SNOW
  FOG


RELATIVE HUMIDITY (PERCENT)
 HIGHEST    88           300 AM
 LOWEST     68           500 AM
 AVERAGE    78

..........................................................


THE KALAMAZOO MI CLIMATE NORMALS FOR TODAY
                         NORMAL
 MAXIMUM TEMPERATURE (F)   36
 MINIMUM TEMPERATURE (F)   24


SUNRISE AND SUNSET
DECEMBER 11 2017......SUNRISE   801 AM EST   SUNSET   510 PM EST
DECEMBER 12 2017......SUNRISE   802 AM EST   SUNSET   510 PM EST


-  INDICATES NEGATIVE NUMBERS.
R  INDICATES RECORD WAS SET OR TIED.
MM INDICATES DATA IS MISSING.
T  INDICATES TRACE AMOUNT.




$$
