000
CDUS43 KGRR 190516
CLIAZO


CLIMATE REPORT
NATIONAL WEATHER SERVICE GRAND RAPIDS, MI
116 AM EDT FRI SEP 19 2014


...................................

...THE KALAMAZOO MI CLIMATE SUMMARY FOR SEPTEMBER 18 2014...

CLIMATE NORMAL PERIOD 1981 TO 2010
CLIMATE RECORD PERIOD 1998 TO 2014


WEATHER ITEM   OBSERVED TIME   NORMAL DEPARTURE LAST
                VALUE   (LST)  VALUE  FROM      YEAR
                                      NORMAL
......................................................
TEMPERATURE (F)
 YESTERDAY
  MAXIMUM         70    455 PM  72     -2       80
  MINIMUM         41    616 AM  51    -10       51
  AVERAGE         56            62     -6       66

PRECIPITATION (IN)
  YESTERDAY        0.00          0.14  -0.14      T
  MONTH TO DATE    2.17          2.39  -0.22     1.33
  SINCE SEP 1      2.17          2.39  -0.22     1.33
  SINCE JAN 1     18.96         25.98  -7.02    30.42

DEGREE DAYS
 HEATING
  YESTERDAY        9             5      4        0
  MONTH TO DATE   89            45     44       54
  SINCE SEP 1     89            45     44       54
  SINCE JUL 1    121            61     60       91

 COOLING
  YESTERDAY        0             1     -1        1
  MONTH TO DATE   55            46      9       76
  SINCE SEP 1     55            46      9       76
  SINCE JAN 1    606           657    -51      704
......................................................


WIND (MPH)
  RESULTANT WIND SPEED   2   RESULTANT WIND DIRECTION   E (70)
  HIGHEST WIND SPEED     8   HIGHEST WIND DIRECTION    NE (50)
  HIGHEST GUST SPEED    12   HIGHEST GUST DIRECTION    NE (60)
  AVERAGE WIND SPEED     2.0


SKY COVER
  AVERAGE SKY COVER 0.1


WEATHER CONDITIONS
 THE FOLLOWING WEATHER WAS RECORDED YESTERDAY.
  FOG


RELATIVE HUMIDITY (PERCENT)
 HIGHEST    96           300 AM
 LOWEST     47           100 PM
 AVERAGE    72

..........................................................


THE KALAMAZOO MI CLIMATE NORMALS FOR TODAY
                         NORMAL
 MAXIMUM TEMPERATURE (F)   72
 MINIMUM TEMPERATURE (F)   51


SUNRISE AND SUNSET
SEPTEMBER 19 2014.....SUNRISE   726 AM EDT   SUNSET   745 PM EDT
SEPTEMBER 20 2014.....SUNRISE   727 AM EDT   SUNSET   743 PM EDT


-  INDICATES NEGATIVE NUMBERS.
R  INDICATES RECORD WAS SET OR TIED.
MM INDICATES DATA IS MISSING.
T  INDICATES TRACE AMOUNT.




$$
