000
CDUS43 KGRR 251438
CLIAZO


CLIMATE REPORT
NATIONAL WEATHER SERVICE GRAND RAPIDS, MI
937 AM EST THU DEC 25 2014


...................................

...THE KALAMAZOO MI CLIMATE SUMMARY FOR DECEMBER 25 2014...
VALID AS OF 0900 AM LOCAL TIME.

CLIMATE NORMAL PERIOD 1981 TO 2010
CLIMATE RECORD PERIOD 1998 TO 2014


WEATHER ITEM   OBSERVED TIME   RECORD YEAR NORMAL DEPARTURE LAST
                VALUE   (LST)  VALUE       VALUE  FROM      YEAR
                                                  NORMAL
..................................................................
TEMPERATURE (F)
 TODAY
  MAXIMUM         37    854 AM  MM      MM  32      5       25
  MINIMUM         36    859 AM  MM      MM  20     16       12
  AVERAGE         37                        26     11       19

PRECIPITATION (IN)
  TODAY            0.05         MM      MM   0.06  -0.01     0.01
  MONTH TO DATE    1.06                      1.67  -0.61     1.46
  SINCE DEC 1      1.06                      1.67  -0.61     1.46
  SINCE JAN 1     28.13                     35.43  -7.30    39.43

DEGREE DAYS
 HEATING
  TODAY           28                        39    -11       46
  MONTH TO DATE  775                       887   -112      973
  SINCE DEC 1    775                       887   -112      973

 COOLING
  TODAY            0                         0      0        0
  MONTH TO DATE    0                         0      0        0
  SINCE DEC 1      0                         0      0        0
..................................................................


WIND (MPH)
  HIGHEST WIND SPEED    17   HIGHEST WIND DIRECTION     W (270)
  HIGHEST GUST SPEED    23   HIGHEST GUST DIRECTION     W (250)



WEATHER CONDITIONS
 THE FOLLOWING WEATHER WAS RECORDED TODAY.
  LIGHT RAIN
  FOG


..........................................................




SUNRISE AND SUNSET
DECEMBER 25 2014......SUNRISE   809 AM EST   SUNSET   515 PM EST
DECEMBER 26 2014......SUNRISE   810 AM EST   SUNSET   516 PM EST


-  INDICATES NEGATIVE NUMBERS.
R  INDICATES RECORD WAS SET OR TIED.
MM INDICATES DATA IS MISSING.
T  INDICATES TRACE AMOUNT.




$$

CAS
