000
CDUS43 KGRR 290531
CLIAZO


CLIMATE REPORT
NATIONAL WEATHER SERVICE GRAND RAPIDS, MI
130 AM EDT TUE JUL 29 2014


...................................

...THE KALAMAZOO MI CLIMATE SUMMARY FOR JULY 28 2014...

CLIMATE NORMAL PERIOD 1981 TO 2010
CLIMATE RECORD PERIOD 9999 TO 9999


WEATHER ITEM   OBSERVED TIME   NORMAL DEPARTURE LAST
                VALUE   (LST)  VALUE  FROM      YEAR
                                      NORMAL
......................................................
TEMPERATURE (F)
 YESTERDAY
  MAXIMUM         69    206 PM  83    -14       66
  MINIMUM         52   1159 PM  62    -10       54
  AVERAGE         61            72    -11       60

PRECIPITATION (IN)
  YESTERDAY        0.00          0.13  -0.13     0.11
  MONTH TO DATE    2.95          3.34  -0.39     3.19
  SINCE JUN 1      6.82          6.92  -0.10     9.48
  SINCE JAN 1     15.24         19.36  -4.12    24.54

DEGREE DAYS
 HEATING
  YESTERDAY        4             0      4        5
  MONTH TO DATE   19             0     19       12
  SINCE JUN 1     38            48    -10       51
  SINCE JUL 1     19             0     19       12

 COOLING
  YESTERDAY        0             7     -7        0
  MONTH TO DATE  109           220   -111      231
  SINCE JUN 1    289           365    -76      377
  SINCE JAN 1    343           406    -63      457
......................................................


WIND (MPH)
  RESULTANT WIND SPEED  10   RESULTANT WIND DIRECTION  NW (330)
  HIGHEST WIND SPEED    17   HIGHEST WIND DIRECTION    NW (320)
  HIGHEST GUST SPEED    22   HIGHEST GUST DIRECTION     N (340)
  AVERAGE WIND SPEED    10.2


SKY COVER
  AVERAGE SKY COVER 0.7


WEATHER CONDITIONS
 THE FOLLOWING WEATHER WAS RECORDED YESTERDAY.
  NO SIGNIFICANT WEATHER WAS OBSERVED.


RELATIVE HUMIDITY (PERCENT)
 HIGHEST    90           200 AM
 LOWEST     58           300 PM
 AVERAGE    74

..........................................................


THE KALAMAZOO MI CLIMATE NORMALS FOR TODAY
                         NORMAL
 MAXIMUM TEMPERATURE (F)   83
 MINIMUM TEMPERATURE (F)   62


SUNRISE AND SUNSET
JULY 29 2014..........SUNRISE   632 AM EDT   SUNSET   905 PM EDT
JULY 30 2014..........SUNRISE   633 AM EDT   SUNSET   904 PM EDT


-  INDICATES NEGATIVE NUMBERS.
R  INDICATES RECORD WAS SET OR TIED.
MM INDICATES DATA IS MISSING.
T  INDICATES TRACE AMOUNT.




$$
