000
CDUS43 KGRR 300522
CLIAZO


CLIMATE REPORT
NATIONAL WEATHER SERVICE GRAND RAPIDS, MI
120 AM EDT TUE SEP 30 2014


...................................

...THE KALAMAZOO MI CLIMATE SUMMARY FOR SEPTEMBER 29 2014...

CLIMATE NORMAL PERIOD 1981 TO 2010
CLIMATE RECORD PERIOD 1998 TO 2014


WEATHER ITEM   OBSERVED TIME   NORMAL DEPARTURE LAST
                VALUE   (LST)  VALUE  FROM      YEAR
                                      NORMAL
......................................................
TEMPERATURE (F)
 YESTERDAY
  MAXIMUM         79    357 PM  67     12       68
  MINIMUM         47    652 AM  47      0       53
  AVERAGE         63            57      6       61

PRECIPITATION (IN)
  YESTERDAY        0.04          0.09  -0.05     0.17
  MONTH TO DATE    2.61          3.72  -1.11     1.73
  SINCE SEP 1      2.61          3.72  -1.11     1.73
  SINCE JAN 1     19.40         27.31  -7.91    30.82

DEGREE DAYS
 HEATING
  YESTERDAY        2             9     -7        4
  MONTH TO DATE  136           121     15      113
  SINCE SEP 1    136           121     15      113
  SINCE JUL 1    168           137     31      150

 COOLING
  YESTERDAY        0             1     -1        0
  MONTH TO DATE   58            57      1       81
  SINCE SEP 1     58            57      1       81
  SINCE JAN 1    609           668    -59      709
......................................................


WIND (MPH)
  RESULTANT WIND SPEED   3   RESULTANT WIND DIRECTION  NW (300)
  HIGHEST WIND SPEED    18   HIGHEST WIND DIRECTION     N (340)
  HIGHEST GUST SPEED    22   HIGHEST GUST DIRECTION     N (340)
  AVERAGE WIND SPEED     4.6


SKY COVER
  AVERAGE SKY COVER 0.1


WEATHER CONDITIONS
 THE FOLLOWING WEATHER WAS RECORDED YESTERDAY.
  LIGHT RAIN
  FOG
  FOG W/VISIBILITY <= 1/4 MILE
  HAZE


RELATIVE HUMIDITY (PERCENT)
 HIGHEST   100           200 AM
 LOWEST     43          1200 PM
 AVERAGE    72

..........................................................


THE KALAMAZOO MI CLIMATE NORMALS FOR TODAY
                         NORMAL
 MAXIMUM TEMPERATURE (F)   67
 MINIMUM TEMPERATURE (F)   46


SUNRISE AND SUNSET
SEPTEMBER 30 2014.....SUNRISE   738 AM EDT   SUNSET   725 PM EDT
OCTOBER  1 2014.......SUNRISE   739 AM EDT   SUNSET   724 PM EDT


-  INDICATES NEGATIVE NUMBERS.
R  INDICATES RECORD WAS SET OR TIED.
MM INDICATES DATA IS MISSING.
T  INDICATES TRACE AMOUNT.




$$
