000
CDUS43 KGRR 230516
CLIAZO


CLIMATE REPORT
NATIONAL WEATHER SERVICE GRAND RAPIDS, MI
116 AM EDT WED AUG 23 2017


...................................

...THE KALAMAZOO MI CLIMATE SUMMARY FOR AUGUST 22 2017...

CLIMATE NORMAL PERIOD 1981 TO 2010
CLIMATE RECORD PERIOD 1998 TO 2017


WEATHER ITEM   OBSERVED TIME   NORMAL DEPARTURE LAST
                VALUE   (LST)  VALUE  FROM      YEAR
                                      NORMAL
......................................................
TEMPERATURE (F)
 YESTERDAY
  MAXIMUM         78    351 PM  80     -2       77
  MINIMUM         58   1120 PM  60     -2       53
  AVERAGE         68            70     -2       65

PRECIPITATION (IN)
  YESTERDAY        0.27          0.13   0.14     0.00
  MONTH TO DATE    1.36          2.63  -1.27     6.54
  SINCE JUN 1      5.79          9.91  -4.12    15.89
  SINCE JAN 1     20.94         22.35  -1.41    26.87

DEGREE DAYS
 HEATING
  YESTERDAY        0             0      0        0
  MONTH TO DATE    3             0      3        0
  SINCE JUN 1     22            53    -31       29
  SINCE JUL 1      3             5     -2        1

 COOLING
  YESTERDAY        3             5     -2        0
  MONTH TO DATE  143           143      0      201
  SINCE JUN 1    567           528     39      650
  SINCE JAN 1    606           569     37      717
......................................................


WIND (MPH)
  RESULTANT WIND SPEED   9   RESULTANT WIND DIRECTION   W (280)
  HIGHEST WIND SPEED    26   HIGHEST WIND DIRECTION    NW (320)
  HIGHEST GUST SPEED    34   HIGHEST GUST DIRECTION    NW (300)
  AVERAGE WIND SPEED    12.4


SKY COVER
  AVERAGE SKY COVER 0.4


WEATHER CONDITIONS
 THE FOLLOWING WEATHER WAS RECORDED YESTERDAY.
  THUNDERSTORM
  HEAVY RAIN
  RAIN
  LIGHT RAIN
  FOG


RELATIVE HUMIDITY (PERCENT)
 HIGHEST    90           600 AM
 LOWEST     46           600 PM
 AVERAGE    68

..........................................................


THE KALAMAZOO MI CLIMATE NORMALS FOR TODAY
                         NORMAL
 MAXIMUM TEMPERATURE (F)   80
 MINIMUM TEMPERATURE (F)   60


SUNRISE AND SUNSET
AUGUST 23 2017........SUNRISE   658 AM EDT   SUNSET   830 PM EDT
AUGUST 24 2017........SUNRISE   659 AM EDT   SUNSET   829 PM EDT


-  INDICATES NEGATIVE NUMBERS.
R  INDICATES RECORD WAS SET OR TIED.
MM INDICATES DATA IS MISSING.
T  INDICATES TRACE AMOUNT.




$$
