839
CDUS41 KBOX 230540
CLIBDL


CLIMATE REPORT
NATIONAL WEATHER SERVICE TAUNTON MA
136 AM EDT MON OCT 23 2017


...................................

...THE HARTFORD CT CLIMATE SUMMARY FOR OCTOBER 22 2017...

CLIMATE NORMAL PERIOD 1981 TO 2010
CLIMATE RECORD PERIOD 1904 TO 2017


WEATHER ITEM   OBSERVED TIME   RECORD YEAR NORMAL DEPARTURE LAST
                VALUE   (LST)  VALUE       VALUE  FROM      YEAR
                                                  NORMAL
..................................................................
TEMPERATURE (F)
 YESTERDAY
  MAXIMUM         76    225 PM  85    1979  61     15       65
  MINIMUM         43    648 AM  22    1940  39      4       41
  AVERAGE         60                        50     10       53

PRECIPITATION (IN)
  YESTERDAY        0.00          1.61 1965   0.14  -0.14     0.29
  MONTH TO DATE    0.91                      3.22  -2.31     0.84
  SINCE SEP 1      3.16                      7.10  -3.94     3.26
  SINCE JAN 1     34.27                     37.37  -3.10    25.60

SNOWFALL (IN)
  YESTERDAY        0.0           T    1969   0.0    0.0      0.0
  MONTH TO DATE    0.0                       0.0    0.0      0.0
  SINCE SEP 1      0.0                       0.0    0.0      0.0
  SINCE JUL 1      0.0                       0.0    0.0      0.0
  SNOW DEPTH       0

DEGREE DAYS
 HEATING
  YESTERDAY        5                        15    -10       12
  MONTH TO DATE  117                       258   -141      177
  SINCE SEP 1    176                       368   -192      235
  SINCE JUL 1    192                       380   -188      235

 COOLING
  YESTERDAY        0                         0      0        0
  MONTH TO DATE   31                         5     26       12
  SINCE SEP 1    173                        79     94      138
  SINCE JAN 1    860                       754    106     1068
..................................................................


WIND (MPH)
  RESULTANT WIND SPEED   2   RESULTANT WIND DIRECTION   S (180)
  HIGHEST WIND SPEED     9   HIGHEST WIND DIRECTION     S (200)
  HIGHEST GUST SPEED    12   HIGHEST GUST DIRECTION     S (180)
  AVERAGE WIND SPEED     3.5


SKY COVER
  POSSIBLE SUNSHINE  MM
  AVERAGE SKY COVER 0.7


WEATHER CONDITIONS
 THE FOLLOWING WEATHER WAS RECORDED YESTERDAY.
  NO SIGNIFICANT WEATHER WAS OBSERVED.


RELATIVE HUMIDITY (PERCENT)
 HIGHEST    93          1200 AM
 LOWEST     36           200 PM
 AVERAGE    65

..........................................................


THE HARTFORD CT CLIMATE NORMALS FOR TODAY
                         NORMAL    RECORD    YEAR
 MAXIMUM TEMPERATURE (F)   61        85      1947
 MINIMUM TEMPERATURE (F)   39        24      1982


SUNRISE AND SUNSET
OCTOBER 23 2017.......SUNRISE   713 AM EDT   SUNSET   557 PM EDT
OCTOBER 24 2017.......SUNRISE   714 AM EDT   SUNSET   555 PM EDT


-  INDICATES NEGATIVE NUMBERS.
R  INDICATES RECORD WAS SET OR TIED.
MM INDICATES DATA IS MISSING.
T  INDICATES TRACE AMOUNT.




$$
