000
CDUS41 KBOX 280556
CLIBDL


CLIMATE REPORT
NATIONAL WEATHER SERVICE TAUNTON MA
153 AM EDT TUE MAR 28 2017


...................................

...THE HARTFORD CT CLIMATE SUMMARY FOR MARCH 27 2017...

CLIMATE NORMAL PERIOD 1981 TO 2010
CLIMATE RECORD PERIOD 1904 TO 2017


WEATHER ITEM   OBSERVED TIME   RECORD YEAR NORMAL DEPARTURE LAST
                VALUE   (LST)  VALUE       VALUE  FROM      YEAR
                                                  NORMAL
..................................................................
TEMPERATURE (F)
 YESTERDAY
  MAXIMUM         42    454 PM  82    1998  52    -10       55
  MINIMUM         33    451 AM  16    1960  31      2       32
  AVERAGE         38                        42     -4       44

PRECIPITATION (IN)
  YESTERDAY        0.40          1.41 1978   0.13   0.27     0.00
  MONTH TO DATE    2.43                      3.14  -0.71     1.56
  SINCE MAR 1      2.43                      3.14  -0.71     1.56
  SINCE JAN 1      8.41                      9.26  -0.85     8.39

SNOWFALL (IN)
  YESTERDAY        0.0           5.0  1959   0.1   -0.1      0.0
  MONTH TO DATE   18.1                       5.9   12.2      2.9
  SINCE MAR 1     18.1                       5.9   12.2      2.9
  SINCE JUL 1     60.8                      38.6   22.2     20.0
  SNOW DEPTH       0

DEGREE DAYS
 HEATING
  YESTERDAY       27                        23      4       21
  MONTH TO DATE  880                       754    126      571
  SINCE MAR 1    880                       754    126      571
  SINCE JUL 1   4773                      5192   -419     4247

 COOLING
  YESTERDAY        0                         0      0        0
  MONTH TO DATE    0                         0      0        0
  SINCE MAR 1      0                         0      0        0
  SINCE JAN 1      0                         0      0        0
..................................................................


WIND (MPH)
  RESULTANT WIND SPEED   2   RESULTANT WIND DIRECTION  NE (50)
  HIGHEST WIND SPEED    10   HIGHEST WIND DIRECTION     N (360)
  HIGHEST GUST SPEED    13   HIGHEST GUST DIRECTION     N (350)
  AVERAGE WIND SPEED     4.9


SKY COVER
  POSSIBLE SUNSHINE  MM
  AVERAGE SKY COVER 1.0


WEATHER CONDITIONS
 THE FOLLOWING WEATHER WAS RECORDED YESTERDAY.
  LIGHT RAIN
  FOG


RELATIVE HUMIDITY (PERCENT)
 HIGHEST   100           300 AM
 LOWEST     70          1200 AM
 AVERAGE    85

..........................................................


THE HARTFORD CT CLIMATE NORMALS FOR TODAY
                         NORMAL    RECORD    YEAR
 MAXIMUM TEMPERATURE (F)   52        84      1998
 MINIMUM TEMPERATURE (F)   32         8      1923


SUNRISE AND SUNSET
MARCH 28 2017.........SUNRISE   640 AM EDT   SUNSET   712 PM EDT
MARCH 29 2017.........SUNRISE   638 AM EDT   SUNSET   713 PM EDT


-  INDICATES NEGATIVE NUMBERS.
R  INDICATES RECORD WAS SET OR TIED.
MM INDICATES DATA IS MISSING.
T  INDICATES TRACE AMOUNT.




$$
