000
CDUS41 KBOX 072133
CLIBDL


CLIMATE REPORT
NATIONAL WEATHER SERVICE TAUNTON MA
429 PM EST SUN FEB 7 2016


...................................

...THE HARTFORD CT CLIMATE SUMMARY FOR FEBRUARY 7 2016...
VALID AS OF 0400 PM LOCAL TIME.

CLIMATE NORMAL PERIOD 1981 TO 2010
CLIMATE RECORD PERIOD 1904 TO 2016


WEATHER ITEM   OBSERVED TIME   RECORD YEAR NORMAL DEPARTURE LAST
                VALUE   (LST)  VALUE       VALUE  FROM      YEAR
                                                  NORMAL
..................................................................
TEMPERATURE (F)
 TODAY
  MAXIMUM         46    352 PM  55    1951  37      9       29
  MINIMUM         16    640 AM  -9    1995  20     -4       13
  AVERAGE         31                        28      3       21

PRECIPITATION (IN)
  TODAY            0.00          2.48 1929   0.10  -0.10     0.03
  MONTH TO DATE    1.23                      0.72   0.51     1.11
  SINCE DEC 1      7.44                      7.39   0.05     8.89
  SINCE JAN 1      3.19                      3.95  -0.76     4.34

SNOWFALL (IN)
  TODAY            0.0          12.2  1967   0.4   -0.4      0.6
  MONTH TO DATE    6.6                       3.1    3.5     12.0
  SINCE DEC 1      9.5                      22.8  -13.3     29.8
  SINCE JUL 1      9.5                      24.8  -15.3     34.9
  SNOW DEPTH       5

DEGREE DAYS
 HEATING
  TODAY           34                        37     -3       44
  MONTH TO DATE  185                       262    -77      330
  SINCE DEC 1   1926                      2505   -579     2517
  SINCE JUL 1   2910                      3712   -802     3614

 COOLING
  TODAY            0                         0      0        0
  MONTH TO DATE    0                         0      0        0
  SINCE DEC 1      0                         0      0        0
  SINCE JAN 1      0                         0      0        0
..................................................................


WIND (MPH)
  HIGHEST WIND SPEED    10   HIGHEST WIND DIRECTION    SE (150)
  HIGHEST GUST SPEED    12   HIGHEST GUST DIRECTION    SE (150)
  AVERAGE WIND SPEED     3.0


SKY COVER
  POSSIBLE SUNSHINE  MM
  AVERAGE SKY COVER 0.2


WEATHER CONDITIONS
 THE FOLLOWING WEATHER WAS RECORDED TODAY.
  FOG


RELATIVE HUMIDITY (PERCENT)
 HIGHEST    92           700 AM
 LOWEST     34           400 PM
 AVERAGE    63

..........................................................


THE HARTFORD CT CLIMATE NORMALS FOR TOMORROW
                         NORMAL    RECORD    YEAR
 MAXIMUM TEMPERATURE (F)   37        63      1933
 MINIMUM TEMPERATURE (F)   20       -13      1967


SUNRISE AND SUNSET
FEBRUARY  7 2016......SUNRISE   657 AM EST   SUNSET   513 PM EST
FEBRUARY  8 2016......SUNRISE   656 AM EST   SUNSET   514 PM EST


-  INDICATES NEGATIVE NUMBERS.
R  INDICATES RECORD WAS SET OR TIED.
MM INDICATES DATA IS MISSING.
T  INDICATES TRACE AMOUNT.




$$
