000
CDUS41 KOKX 180625
CLIBDR


CLIMATE REPORT
NATIONAL WEATHER SERVICE NEW YORK NY
125 AM EST SAT NOV 18 2017


...................................

...THE BRIDGEPORT CT CLIMATE SUMMARY FOR NOVEMBER 17 2017...

CLIMATE NORMAL PERIOD 1981 TO 2010
CLIMATE RECORD PERIOD 1948 TO 2017


WEATHER ITEM   OBSERVED TIME   RECORD YEAR NORMAL DEPARTURE LAST
                VALUE   (LST)  VALUE       VALUE  FROM      YEAR
                                                  NORMAL
..................................................................
TEMPERATURE (F)
 YESTERDAY
  MAXIMUM         51    255 PM  66    2006  53     -2       63
                                      1953
  MINIMUM         32   1017 PM  25    1967  38     -6       42
  AVERAGE         42                        45     -3       53

PRECIPITATION (IN)
  YESTERDAY        0.00          1.47 2014   0.11  -0.11     0.00
  MONTH TO DATE    0.98                      1.82  -0.84     0.78
  SINCE SEP 1     10.08                      8.94   1.14     7.76
  SINCE JAN 1     38.67                     37.84   0.83    32.52

SNOWFALL (IN)
  YESTERDAY        0.0           1.0  1980   0.0    0.0      0.0
  MONTH TO DATE    0.0                       0.2   -0.2      0.0
  SINCE OCT 1      0.0                       0.2   -0.2       T
  SINCE JUL 1      0.0                       0.2   -0.2       T
  SNOW DEPTH       0

DEGREE DAYS
 HEATING
  YESTERDAY       23                        20      3       12
  MONTH TO DATE  315                       296     19      233
  SINCE SEP 1    474                       682   -208      475
  SINCE JUL 1    474                       686   -212      475

 COOLING
  YESTERDAY        0                         0      0        0
  MONTH TO DATE    0                         0      0        0
  SINCE SEP 1    216                       107    109      218
  SINCE JAN 1   1053                       825    228     1270
..................................................................


WIND (MPH)
  HIGHEST WIND SPEED    23   HIGHEST WIND DIRECTION    NW (300)
  HIGHEST GUST SPEED    30   HIGHEST GUST DIRECTION    NW (300)
  AVERAGE WIND SPEED    11.4


SKY COVER
  AVERAGE SKY COVER 0.2


WEATHER CONDITIONS
 THE FOLLOWING WEATHER WAS RECORDED YESTERDAY.
  NO SIGNIFICANT WEATHER WAS OBSERVED.


RELATIVE HUMIDITY (PERCENT)
 HIGHEST    62          1200 AM
 LOWEST     24           300 PM
 AVERAGE    43

..........................................................


THE BRIDGEPORT CT CLIMATE NORMALS FOR TODAY
                         NORMAL    RECORD    YEAR
 MAXIMUM TEMPERATURE (F)   52        69      1978
 MINIMUM TEMPERATURE (F)   38        22      1959


SUNRISE AND SUNSET
NOVEMBER 18 2017......SUNRISE   644 AM EST   SUNSET   431 PM EST
NOVEMBER 19 2017......SUNRISE   645 AM EST   SUNSET   430 PM EST


-  INDICATES NEGATIVE NUMBERS.
R  INDICATES RECORD WAS SET OR TIED.
MM INDICATES DATA IS MISSING.
T  INDICATES TRACE AMOUNT.




$$
