000
CDUS41 KOKX 310652
CLIBDR


CLIMATE REPORT
NATIONAL WEATHER SERVICE NEW YORK NY
252 AM EDT FRI JUL 31 2015


...................................

...THE BRIDGEPORT CT CLIMATE SUMMARY FOR JULY 30 2015...

CLIMATE NORMAL PERIOD 1981 TO 2010
CLIMATE RECORD PERIOD 1948 TO 2015


WEATHER ITEM   OBSERVED TIME   RECORD YEAR NORMAL DEPARTURE LAST
                VALUE   (LST)  VALUE       VALUE  FROM      YEAR
                                                  NORMAL
..................................................................
TEMPERATURE (F)
 YESTERDAY
  MAXIMUM         86    223 PM  95    1949  82      4       80
  MINIMUM         75    539 PM  54    1956  67      8       61
  AVERAGE         81                        75      6       71

PRECIPITATION (IN)
  YESTERDAY        0.57          3.57 1960   0.13   0.44     0.00
  MONTH TO DATE    2.67                      3.32  -0.65     3.46
  SINCE JUN 1      7.40                      6.93   0.47     7.47
  SINCE JAN 1     21.70                     24.80  -3.10    29.13

SNOWFALL (IN)
  YESTERDAY        0.0           0.0  2002   0.0    0.0      0.0
                                      2001
  MONTH TO DATE    0.0                       0.0    0.0      0.0
  SINCE OCT 1     59.7                      27.6   32.1     57.4
  SINCE JUL 1      0.0                       0.0    0.0      0.0
  SNOW DEPTH       0

DEGREE DAYS
 HEATING
  YESTERDAY        0                         0      0        0
  MONTH TO DATE    0                         0      0        0
  SINCE JUN 1     52                        32     20        4
  SINCE JUL 1      0                         0      0        0

 COOLING
  YESTERDAY       16                        10      6        6
  MONTH TO DATE  338                       282     56      316
  SINCE JUN 1    499                       425     74      462
  SINCE JAN 1    553                       449    104      485
..................................................................


WIND (MPH)
  HIGHEST WIND SPEED    24   HIGHEST WIND DIRECTION    SW (210)
  HIGHEST GUST SPEED    31   HIGHEST GUST DIRECTION    SW (210)
  AVERAGE WIND SPEED     8.9


SKY COVER
  AVERAGE SKY COVER 0.5


WEATHER CONDITIONS
 THE FOLLOWING WEATHER WAS RECORDED YESTERDAY.
  HEAVY RAIN
  RAIN
  LIGHT RAIN
  FOG


RELATIVE HUMIDITY (PERCENT)
 HIGHEST    94           700 PM
 LOWEST     70          1100 AM
 AVERAGE    82

..........................................................


THE BRIDGEPORT CT CLIMATE NORMALS FOR TODAY
                         NORMAL    RECORD    YEAR
 MAXIMUM TEMPERATURE (F)   82        94      1954
 MINIMUM TEMPERATURE (F)   67        55      1956


SUNRISE AND SUNSET
JULY 31 2015..........SUNRISE   547 AM EDT   SUNSET   810 PM EDT
AUGUST  1 2015........SUNRISE   548 AM EDT   SUNSET   809 PM EDT


-  INDICATES NEGATIVE NUMBERS.
R  INDICATES RECORD WAS SET OR TIED.
MM INDICATES DATA IS MISSING.
T  INDICATES TRACE AMOUNT.




$$
