000
CDUS41 KOKX 222136
CLIBDR


CLIMATE REPORT
NATIONAL WEATHER SERVICE NEW YORK NY
436 PM EST SUN JAN 22 2017


...................................

...THE BRIDGEPORT CT CLIMATE SUMMARY FOR JANUARY 22 2017...
VALID TODAY AS OF 0400 PM LOCAL TIME.

CLIMATE NORMAL PERIOD 1981 TO 2010
CLIMATE RECORD PERIOD 1948 TO 2017


WEATHER ITEM   OBSERVED TIME   RECORD YEAR NORMAL DEPARTURE LAST
                VALUE   (LST)  VALUE       VALUE  FROM      YEAR
                                                  NORMAL
..................................................................
TEMPERATURE (F)
 TODAY
  MAXIMUM         51    231 PM  52    1973  37     14       30
                                      1952
  MINIMUM         41    752 AM  -7    1984  23     18       18
  AVERAGE         46                        30     16       24

PRECIPITATION (IN)
  TODAY            0.00          1.00 1987   0.10  -0.10     0.00
  MONTH TO DATE    2.02                      2.26  -0.24     1.55
  SINCE DEC 1      5.45                      5.59  -0.14     6.49
  SINCE JAN 1      2.02                      2.26  -0.24     1.55

SNOWFALL (IN)
  TODAY            0.0          12.0  2011   0.3   -0.3      0.0
  MONTH TO DATE    8.5                       5.6    2.9      0.8
  SINCE OCT 1     14.5                      11.4    3.1      1.5
  SINCE JUL 1     14.5                      11.4    3.1      1.5
  SNOW DEPTH       0

DEGREE DAYS
 HEATING
  TODAY           19                        35    -16       41
  MONTH TO DATE  629                       766   -137      698
  SINCE DEC 1   1466                      1685   -219     1242
  SINCE JUL 1   2194                      2659   -465     1986

 COOLING
  TODAY            0                         0      0        0
  MONTH TO DATE    0                         0      0        0
  SINCE DEC 1      0                         0      0        0
  SINCE JAN 1      0                         0      0        0
..................................................................


WIND (MPH)
  HIGHEST WIND SPEED    15   HIGHEST WIND DIRECTION     E (70)
  HIGHEST GUST SPEED    18   HIGHEST GUST DIRECTION    NE (60)
  AVERAGE WIND SPEED     6.2


SKY COVER
  AVERAGE SKY COVER 1.0


WEATHER CONDITIONS
 THE FOLLOWING WEATHER WAS RECORDED TODAY.
  FOG
  FOG W/VISIBILITY <= 1/4 MILE
  HAZE


RELATIVE HUMIDITY (PERCENT)
 HIGHEST    96           100 AM
 LOWEST     76           400 PM
 AVERAGE    86

..........................................................


THE BRIDGEPORT CT CLIMATE NORMALS FOR TOMORROW
                         NORMAL    RECORD    YEAR
 MAXIMUM TEMPERATURE (F)   37        56      1992
 MINIMUM TEMPERATURE (F)   23         0      1976


SUNRISE AND SUNSET
JANUARY 22 2017.......SUNRISE   712 AM EST   SUNSET   457 PM EST
JANUARY 23 2017.......SUNRISE   711 AM EST   SUNSET   458 PM EST


-  INDICATES NEGATIVE NUMBERS.
R  INDICATES RECORD WAS SET OR TIED.
MM INDICATES DATA IS MISSING.
T  INDICATES TRACE AMOUNT.




$$
