000
CDUS41 KOKX 270619
CLIBDR


CLIMATE REPORT
NATIONAL WEATHER SERVICE NEW YORK NY
217 AM EDT SAT MAY 27 2017


...................................

...THE BRIDGEPORT CT CLIMATE SUMMARY FOR MAY 26 2017...

CLIMATE NORMAL PERIOD 1981 TO 2010
CLIMATE RECORD PERIOD 1948 TO 2017


WEATHER ITEM   OBSERVED TIME   RECORD YEAR NORMAL DEPARTURE LAST
                VALUE   (LST)  VALUE       VALUE  FROM      YEAR
                                                  NORMAL
..................................................................
TEMPERATURE (F)
 YESTERDAY
  MAXIMUM         78    354 PM  94    2010  71      7       86
  MINIMUM         53    524 AM  40    1967  54     -1       62
  AVERAGE         66                        62      4       74

PRECIPITATION (IN)
  YESTERDAY        0.58          2.51 2003   0.13   0.45     0.00
  MONTH TO DATE    4.91                      3.12   1.79     2.26
  SINCE MAR 1     14.07                     11.30   2.77     7.14
  SINCE JAN 1     19.26                     17.19   2.07    14.30

SNOWFALL (IN)
  YESTERDAY        0.0           0.0  2002   0.0    0.0      0.0
                                      2001
  MONTH TO DATE    0.0                       0.0    0.0      0.0
  SINCE OCT 1     40.9                      27.6   13.3     27.3
  SINCE JUL 1     40.9                      27.6   13.3     27.3
  SNOW DEPTH       0

DEGREE DAYS
 HEATING
  YESTERDAY        0                         4     -4        0
  MONTH TO DATE  175                       188    -13      198
  SINCE MAR 1   1354                      1456   -102     1282
  SINCE JUL 1   4521                      5343   -822     4417

 COOLING
  YESTERDAY        1                         1      0        9
  MONTH TO DATE   36                        12     24       14
  SINCE MAR 1     44                        14     30       14
  SINCE JAN 1     44                        14     30       14
..................................................................


WIND (MPH)
  HIGHEST WIND SPEED    20   HIGHEST WIND DIRECTION    NW (300)
  HIGHEST GUST SPEED    24   HIGHEST GUST DIRECTION    NW (300)
  AVERAGE WIND SPEED     8.7


SKY COVER
  AVERAGE SKY COVER 1.0


WEATHER CONDITIONS
 THE FOLLOWING WEATHER WAS RECORDED YESTERDAY.
  HEAVY RAIN
  RAIN
  LIGHT RAIN
  FOG


RELATIVE HUMIDITY (PERCENT)
 HIGHEST    93           600 AM
 LOWEST     45           400 PM
 AVERAGE    69

..........................................................


THE BRIDGEPORT CT CLIMATE NORMALS FOR TODAY
                         NORMAL    RECORD    YEAR
 MAXIMUM TEMPERATURE (F)   71        87      2014
 MINIMUM TEMPERATURE (F)   54        36      1961


SUNRISE AND SUNSET
MAY 27 2017...........SUNRISE   525 AM EDT   SUNSET   815 PM EDT
MAY 28 2017...........SUNRISE   524 AM EDT   SUNSET   816 PM EDT


-  INDICATES NEGATIVE NUMBERS.
R  INDICATES RECORD WAS SET OR TIED.
MM INDICATES DATA IS MISSING.
T  INDICATES TRACE AMOUNT.




$$
