885
CDAK48 PAFC 111235
CLIBET


CLIMATE REPORT
NATIONAL WEATHER SERVICE ANCHORAGE, AK
335 AM AKST SUN DEC 11 2016


...................................

...THE BETHEL CLIMATE SUMMARY FOR DECEMBER 10 2016...

CLIMATE NORMAL PERIOD 1981 TO 2010
CLIMATE RECORD PERIOD 1948 TO 2016


WEATHER ITEM   OBSERVED TIME   RECORD YEAR NORMAL DEPARTURE LAST
                VALUE   (LST)  VALUE       VALUE  FROM      YEAR
                                                  NORMAL
..................................................................
TEMPERATURE (F)
 YESTERDAY
  MAXIMUM          0    259 PM  42    1932  18    -18        4
  MINIMUM        -10   1123 PM -37    1975   5    -15       -5
  AVERAGE         -5                        12    -17        0

PRECIPITATION (IN)
  YESTERDAY        0.00          0.55 1951   0.04  -0.04      T
  MONTH TO DATE    T                         0.40  -0.40      T
  SINCE DEC 1      T                         0.40  -0.40      T
  SINCE JAN 1     15.30                     17.82  -2.52    17.77

SNOWFALL (IN)
  YESTERDAY        0.0           5.6  1951   0.4   -0.4       T
  MONTH TO DATE    T                         4.0   -4.0       T
  SINCE DEC 1      T                         4.0   -4.0       T
  SINCE JUL 1      3.6                      21.9  -18.3      9.4
  SNOW DEPTH       0

DEGREE DAYS
 HEATING
  YESTERDAY       70                        53     17       65
  MONTH TO DATE  705                       525    180      623
  SINCE DEC 1    705                       525    180      623
  SINCE JUL 1   3933                      4248   -315     3835

 COOLING
  YESTERDAY        0                         0      0        0
  MONTH TO DATE    0                         0      0        0
  SINCE DEC 1      0                         0      0        0
  SINCE JAN 1     13                         4      9       11
..................................................................


WIND (MPH)
  RESULTANT WIND SPEED  12   RESULTANT WIND DIRECTION   N (20)
  HIGHEST WIND SPEED    18   HIGHEST WIND DIRECTION     N (10)
  HIGHEST GUST SPEED    23   HIGHEST GUST DIRECTION     N (360)
  AVERAGE WIND SPEED    11.5



WEATHER CONDITIONS
 THE FOLLOWING WEATHER WAS RECORDED YESTERDAY.
  HAZE


RELATIVE HUMIDITY (PERCENT)
 HIGHEST    92
 LOWEST     72
 AVERAGE    82

..........................................................


THE BETHEL CLIMATE NORMALS FOR TODAY
                         NORMAL    RECORD    YEAR
 MAXIMUM TEMPERATURE (F)   18        40      1932
 MINIMUM TEMPERATURE (F)    5       -30      1975
                                             1964
                                             1953


SUNRISE AND SUNSET
DECEMBER 11 2016......SUNRISE  1048 AM AKST  SUNSET   433 PM AKST
DECEMBER 12 2016......SUNRISE  1049 AM AKST  SUNSET   433 PM AKST


-  INDICATES NEGATIVE NUMBERS.
R  INDICATES RECORD WAS SET OR TIED.
MM INDICATES DATA IS MISSING.
T  INDICATES TRACE AMOUNT.




$$
