000
CDAK48 PABE 051250
CLIBET

CLIMATE REPORT
NATIONAL WEATHER SERVICE BETHEL, AK
451 AM AKDT SUN JUL 5 2015

...................................
...THE BETHEL AP CLIMATE SUMMARY FOR JULY 4 2015...

CLIMATE NORMAL PERIOD  1981 TO  2010
CLIMATE RECORD PERIOD  1923 TO  2015

WEATHER ITEM   OBSERVED TIME    RECORD YEAR NORMAL DEPARTURE LAST
               VALUE    (LST)   VALUE       VALUE  FROM      YEAR
                                                   NORMAL
...................................................................
TEMPERATURE
YESTERDAY
 MAXIMUM            63  0643 PM    80  2007     64      -1     71
 MINIMUM            52  0552 AM    37  2011     49       3     52
 AVERAGE            58                          56       2     62

PRECIPITATION
(INCHES)
 YESTERDAY           T           1.00  2007   0.06   -0.06   0.00
 MONTH TO DATE       T                        0.24   -0.24   0.00
 SINCE JUN 1      0.28                        1.96   -1.68   1.52
 SINCE JAN 1      4.68                        6.05   -1.37   4.56

SNOWFALL
(INCHES)
 YESTERDAY         0.0              T  2007    0.0     0.0    0.0
 MONTH TO DATE     0.0                         0.0     0.0    0.0
 SINCE JUN 1       0.0                         0.0     0.0    0.0
 SINCE JUL 1       0.0                         0.0     0.0    0.0
 SNOW DEPTH (IN)     0                                          0

DEGREE DAYS
 HEATING
  YESTERDAY          7                           9      -2      3
  MONTH TO DATE     26                          36     -10     25
  SINCE JUN 1      264                         413    -149    445
  SINCE JUL 1       26                          36     -10     25

 COOLING
  YESTERDAY          0                           0       0      0
  MONTH TO DATE      0                           0       0      0
  SINCE JUN 1       10                           0      10      0
  SINCE JAN 1       10                           0      10      0
...................................................................

WIND (MPH)
 HIGHEST WIND SPEED    21     HIGHEST WIND DIRECTION    110
 HIGHEST GUST SPEED    28     HIGHEST GUST DIRECTION     80
 AVERAGE WIND SPEED  12.7

WEATHER CONDITIONS
 THE FOLLOWING WEATHER WAS RECORDED YESTERDAY.
 SMOKE OR HAZE
 FOG
 RAIN

...................................................................

THE BETHEL CLIMATE NORMALS FOR TODAY
                           NORMAL    RECORD   YEAR
 MAXIMUM TEMPERATURE (F)     64        85     2008
 MINIMUM TEMPERATURE (F)     49        37     1942

SUNRISE AND SUNSET
 JUL 5 2015..........SUNRISE  5:26 AM      SUNSET 12:18 AM
 JUL 6 2015..........SUNRISE  5:28 AM      SUNSET 12:16 AM

-  INDICATES NEGATIVE NUMBERS.
R  INDICATES RECORD HAS BEEN SET OR TIED.
MM INDICATES DATA IS MISSING.
T  INDICATES TRACE OF PRECIPITATION.

&&
-------------------------------------------------------------------

AMOUNT OF DAYLIGHT TODAY  (HOUR:MIN)........18 HOURS 52 MINUTES
LOSS SINCE YESTERDAY (HOUR:MIN:SEC)....-0:02:27

$$
CR JUL 15
