000
CDAK48 PABE 021309
CLIBET

CLIMATE REPORT
NATIONAL WEATHER SERVICE BETHEL, AK
409 AM AKST MON MAR 2 2015

...................................
...THE BETHEL AP CLIMATE SUMMARY FOR MARCH 1 2015...

CLIMATE NORMAL PERIOD  1981 TO  2010
CLIMATE RECORD PERIOD  1923 TO  2015

WEATHER ITEM   OBSERVED TIME    RECORD YEAR NORMAL DEPARTURE LAST
               VALUE    (LST)   VALUE       VALUE  FROM      YEAR
                                                   NORMAL
...................................................................
TEMPERATURE
YESTERDAY
 MAXIMUM            37  0446 PM    45  1938     21      16     35
 MINIMUM            13  0836 AM   -42  1956      6       7     23
 AVERAGE            25                          13      12     29

PRECIPITATION
(INCHES)
 YESTERDAY        0.00           0.21  1974   0.02   -0.02   0.00
 MONTH TO DATE    0.00                        0.02   -0.02   0.00
 SINCE MAR 1      0.00                        0.02   -0.02   0.00
 SINCE JAN 1      1.05                        1.52   -0.47   1.58

SNOWFALL
(INCHES)
 YESTERDAY         0.0            4.9  1974    0.3    -0.3    0.0
 MONTH TO DATE     0.0                         0.3    -0.3    0.0
 SINCE MAR 1       0.0                         0.3    -0.3    0.0
 SINCE JUL 1      25.6                        46.1   -20.5   22.1
 SNOW DEPTH (IN)     1                                          T

DEGREE DAYS
 HEATING
  YESTERDAY         40                          52     -12     36
  MONTH TO DATE     40                          52     -12     36
  SINCE MAR 1       40                          52     -12     36
  SINCE JUL 1     7815                        8798    -983   7511

 COOLING
  YESTERDAY          0                           0       0      0
  MONTH TO DATE      0                           0       0      0
  SINCE MAR 1        0                           0       0      0
  SINCE JAN 1        0                           0       0      0
...................................................................

WIND (MPH)
 HIGHEST WIND SPEED    13     HIGHEST WIND DIRECTION     60
 HIGHEST GUST SPEED    15     HIGHEST GUST DIRECTION     20
 AVERAGE WIND SPEED   7.3

SKY COVER
  POSSIBLE SUNSHINE    MM          AVERAGE SKY COVER     MM

WEATHER CONDITIONS
 THE FOLLOWING WEATHER WAS RECORDED YESTERDAY.
 NO SIGNIFICANT WEATHER WAS OBSERVED.

RELATIVE HUMIDITY
 HIGHEST RH     MM PERCENT       MM
 LOWEST  RH     MM PERCENT       MM
 AVERAGE RH     MM PERCENT       MM
...................................................................

THE BETHEL CLIMATE NORMALS FOR TODAY
                           NORMAL    RECORD   YEAR
 MAXIMUM TEMPERATURE (F)     21        41     2003
 MINIMUM TEMPERATURE (F)      6       -34     1936

SUNRISE AND SUNSET
 MAR 2 2015..........SUNRISE  8:45 AM      SUNSET  7:16 PM
 MAR 3 2015..........SUNRISE  8:42 AM      SUNSET  7:19 PM

-  INDICATES NEGATIVE NUMBERS.
R  INDICATES RECORD HAS BEEN SET OR TIED.
MM INDICATES DATA IS MISSING.
T  INDICATES TRACE OF PRECIPITATION.

&&
-------------------------------------------------------------------

AMOUNT OF DAYLIGHT TODAY  (HOUR:MIN)........10 HOURS 31 MINUTES
GAIN/LOSS SINCE YESTERDAY (HOUR:MIN:SEC)....+0:05:38

$$
DAC
