000
CDAK48 PAFC 280116 RRA
CLIBET

CLIMATE REPORT
NATIONAL WEATHER SERVICE ANCHORAGE, AK
413 PM AKST MON FEB 27 2017


...................................

...THE BETHEL CLIMATE SUMMARY FOR FEBRUARY 27 2017...
VALID TODAY AS OF 0400 PM LOCAL TIME.

CLIMATE NORMAL PERIOD 1981 TO 2010
CLIMATE RECORD PERIOD 1948 TO 2017


WEATHER ITEM   OBSERVED TIME   RECORD YEAR NORMAL DEPARTURE LAST
                VALUE   (LST)  VALUE       VALUE  FROM      YEAR
                                                  NORMAL
..................................................................
TEMPERATURE (F)
 TODAY
  MAXIMUM         24        MM  46    2014  20      4       42
  MINIMUM         14        MM -39    1932   6      8       20
  AVERAGE         19                        13      6       31

PRECIPITATION (IN)
  TODAY            T             1.03 1996   0.03  -0.03     0.00
  MONTH TO DATE    0.67                      0.70  -0.03     0.16
  SINCE DEC 1      2.64                      2.60   0.04     1.63
  SINCE JAN 1      1.88                      1.48   0.40     0.39

SNOWFALL (IN)
  TODAY            T             5.0  1996   0.2   -0.2      0.0
  MONTH TO DATE    5.1                       6.6   -1.5      1.3
  SINCE DEC 1     22.4                      27.6   -5.2     17.6
  SINCE JUL 1     26.0                      45.5  -19.5     27.0
  SNOW DEPTH       6

DEGREE DAYS
 HEATING
  TODAY           46                        52     -6       34
  MONTH TO DATE 1636                      1458    178     1178
  SINCE DEC 1   4973                      4962     11     3978
  SINCE JUL 1   8201                      8685   -484     7190

 COOLING
  TODAY            0                         0      0        0
  MONTH TO DATE    0                         0      0        0
  SINCE DEC 1      0                         0      0        0
  SINCE JAN 1      0                         0      0        0
..................................................................


WIND (MPH)
  RESULTANT WIND SPEED  12   RESULTANT WIND DIRECTION   W (270)
  HIGHEST WIND SPEED    16   HIGHEST WIND DIRECTION     W (280)
  HIGHEST GUST SPEED    MM   HIGHEST GUST DIRECTION    MM
  AVERAGE WIND SPEED    12.1



WEATHER CONDITIONS
 THE FOLLOWING WEATHER WAS RECORDED TODAY.
  LIGHT SNOW
  FOG


RELATIVE HUMIDITY (PERCENT)
 HIGHEST   100
 LOWEST     67
 AVERAGE    84

..........................................................


THE BETHEL CLIMATE NORMALS FOR TOMORROW
                         NORMAL    RECORD    YEAR
 MAXIMUM TEMPERATURE (F)   20        41      2003
                                             1938
 MINIMUM TEMPERATURE (F)    6       -37      1956


SUNRISE AND SUNSET
FEBRUARY 27 2017......SUNRISE   852 AM AKST  SUNSET   709 PM AKST
FEBRUARY 28 2017......SUNRISE   849 AM AKST  SUNSET   712 PM AKST

CIVIL TWILIGHT
FEBRUARY 27 2017        START    809 AM GMT     END    753 PM GMT
FEBRUARY 28 2017        START    806 AM GMT     END    756 PM GMT



-  INDICATES NEGATIVE NUMBERS.
R  INDICATES RECORD WAS SET OR TIED.
MM INDICATES DATA IS MISSING.
T  INDICATES TRACE AMOUNT.




$$
&&
------------------------------------------------------
AMOUNT OF DAYLIGHT TODAY  (HOUR:MIN)........10:18
GAIN/LOSS SINCE YESTERDAY (HOUR:MIN:SEC)....+0:05:37
