000
CDAK48 PABE 281126
CLIBET

CLIMATE REPORT
NATIONAL WEATHER SERVICE BETHEL, AK
226 AM AKST FRI NOV 28 2014

...................................
...THE BETHEL AP CLIMATE SUMMARY FOR NOVEMBER 27 2014...

CLIMATE NORMAL PERIOD  1981 TO  2010
CLIMATE RECORD PERIOD  1923 TO  2014

WEATHER ITEM   OBSERVED TIME    RECORD YEAR NORMAL DEPARTURE LAST
               VALUE    (LST)   VALUE       VALUE  FROM      YEAR
                                                   NORMAL
...................................................................
TEMPERATURE
YESTERDAY
 MAXIMUM            34  0923 PM    42  2007     21      13     23
 MINIMUM            27  0609 AM   -25  1927      8      19     11
 AVERAGE            31                          14      17     17

PRECIPITATION
(INCHES)
 YESTERDAY        0.09           0.55  2006   0.05    0.04   0.01
 MONTH TO DATE    1.17                        1.46   -0.29   2.49
 SINCE SEP 1      4.52                        5.86   -1.34   9.23
 SINCE JAN 1     13.83                       17.28   -3.45  19.71

SNOWFALL
(INCHES)
 YESTERDAY         1.0            4.3  2006    0.4     0.6    0.1
 MONTH TO DATE     1.6                        11.5    -9.9    6.9
 SINCE SEP 1       8.4                        16.5    -8.1    6.9
 SINCE JUL 1       8.4                        16.5    -8.1    6.9
 SNOW DEPTH (IN)     1                                          2

DEGREE DAYS
 HEATING
  YESTERDAY         34                          51     -17     48
  MONTH TO DATE   1014                        1275    -261   1169
  SINCE SEP 1     2647                        2935    -288   2598
  SINCE JUL 1     3168                        3577    -409   3185

 COOLING
  YESTERDAY          0                           0       0      0
  MONTH TO DATE      0                           0       0      0
  SINCE SEP 1        0                           0       0      0
  SINCE JAN 1        0                           0       0     18
...................................................................

WIND (MPH)
 HIGHEST WIND SPEED    14     HIGHEST WIND DIRECTION    120
 HIGHEST GUST SPEED    17     HIGHEST GUST DIRECTION    170
 AVERAGE WIND SPEED   8.9

SKY COVER
  POSSIBLE SUNSHINE    MM          AVERAGE SKY COVER     MM

WEATHER CONDITIONS
 THE FOLLOWING WEATHER WAS RECORDED YESTERDAY.
  FOG
RAIN
SNOW


RELATIVE HUMIDITY
 HIGHEST RH     MM PERCENT       MM
 LOWEST  RH     MM PERCENT       MM
 AVERAGE RH     MM PERCENT       MM
...................................................................

THE BETHEL CLIMATE NORMALS FOR TODAY
                           NORMAL    RECORD   YEAR
 MAXIMUM TEMPERATURE (F)     20        42     2007
 MINIMUM TEMPERATURE (F)      8       -27     1927

SUNRISE AND SUNSET
 NOV 28 2014..........SUNRISE 10:24 AM      SUNSET  4:48 PM
 NOV 29 2014..........SUNRISE 10:26 AM      SUNSET  4:46 PM

-  INDICATES NEGATIVE NUMBERS.
R  INDICATES RECORD HAS BEEN SET OR TIED.
MM INDICATES DATA IS MISSING.
T  INDICATES TRACE OF PRECIPITATION.

&&
-------------------------------------------------------------------

AMOUNT OF DAYLIGHT TODAY  (HOUR:MIN)........6 HOURS 24 MINUTES
GAIN/LOSS SINCE YESTERDAY (HOUR:MIN:SEC)....-0:03:50

$$
ANDERSON NOV 14
