169
CDAK48 PABE 301231
CLIBET

CLIMATE REPORT
NATIONAL WEATHER SERVICE BETHEL, AK
432 AM AKDT SAT JUL 30 2016

...................................
...THE BETHEL AP CLIMATE SUMMARY FOR JULY 29 2016...

CLIMATE NORMAL PERIOD  1981 TO  2010
CLIMATE RECORD PERIOD  1923 TO  2016

WEATHER ITEM   OBSERVED TIME    RECORD YEAR NORMAL DEPARTURE LAST
               VALUE    (LST)   VALUE       VALUE  FROM      YEAR
                                                   NORMAL
...................................................................
TEMPERATURE
YESTERDAY
 MAXIMUM            59  0205 PM    75  2013     62      -3     64
 MINIMUM            54  1159 PM    35  2000     49       5     50
 AVERAGE            57                          55       2     57

PRECIPITATION
(INCHES)
 YESTERDAY        0.01           0.70  1970   0.10   -0.09      T
 MONTH TO DATE    2.14                        2.16   -0.02   1.97
 SINCE JUN 1      3.61                        3.88   -0.27   2.25
 SINCE JAN 1      6.87                        7.97   -1.10   6.65

SNOWFALL
(INCHES)
 YESTERDAY         0.0            0.0  2016    0.0     0.0    0.0
 MONTH TO DATE     0.0                         0.0     0.0    0.0
 SINCE JUN 1       0.0                         0.0     0.0    0.0
 SINCE JUL 1       0.0                         0.0     0.0    0.0
 SNOW DEPTH (IN)     0                                          0

DEGREE DAYS
 HEATING
  YESTERDAY          8                          10      -2      8
  MONTH TO DATE    167                         264     -97    229
  SINCE JUN 1      439                         641    -202    467
  SINCE JUL 1      167                         264     -97    229

 COOLING
  YESTERDAY          0                           0       0      0
  MONTH TO DATE     12                           0      12      1
  SINCE JUN 1       13                           0      13     11
  SINCE JAN 1       13                           0      13     11
...................................................................

WIND (MPH)
 HIGHEST WIND SPEED    25     HIGHEST WIND DIRECTION    210
 HIGHEST GUST SPEED    32     HIGHEST GUST DIRECTION    220
 AVERAGE WIND SPEED  18.4

WEATHER CONDITIONS
 THE FOLLOWING WEATHER WAS RECORDED YESTERDAY.
 FOG
 RAIN

...................................................................

THE BETHEL CLIMATE NORMALS FOR TODAY
                           NORMAL    RECORD   YEAR
 MAXIMUM TEMPERATURE (F)     62        76     1965
 MINIMUM TEMPERATURE (F)     49        39     1939

SUNRISE AND SUNSET
 JUL 30 2016..........SUNRISE  6:20 AM      SUNSET 11:27 PM
 JUL 31 2016..........SUNRISE  6:23 AM      SUNSET 11:24 PM

-  INDICATES NEGATIVE NUMBERS.
R  INDICATES RECORD HAS BEEN SET OR TIED.
MM INDICATES DATA IS MISSING.
T  INDICATES TRACE OF PRECIPITATION.

&&
-------------------------------------------------------------------

AMOUNT OF DAYLIGHT TODAY  (HOUR:MIN)........17 HOURS 7 MINUTES
LOSS SINCE YESTERDAY (HOUR:MIN:SEC)....-0:05:00

$$
CR JUL 16
