000
CDAK48 PABE 050003
CLIBET

CLIMATE REPORT
NATIONAL WEATHER SERVICE BETHEL, AK
403 PM AKDT TUE AUG 4 2015

...................................
...THE BETHEL AP CLIMATE SUMMARY FOR AUGUST 4 2015...
VALID TODAY AS OF 2:00 PM LOCAL TIME

CLIMATE NORMAL PERIOD  1981 TO  2015
CLIMATE RECORD PERIOD  1923 TO  2015

WEATHER ITEM   OBSERVED TIME    RECORD YEAR NORMAL DEPARTURE LAST
               VALUE    (LST)   VALUE       VALUE  FROM      YEAR
                                                   NORMAL
...................................................................
TEMPERATURE
TODAY
 MAXIMUM            71  0159 PM    83  1925     61      10     68
 MINIMUM            49  0705 AM    36  1937     48       1     56
 AVERAGE            60                          55       5     62

PRECIPITATION
(INCHES)
 TODAY            0.00           0.68  2007   0.10   -0.10   0.02
 MONTH TO DATE    0.01                        0.41   -0.40   0.66
 SINCE JUN 1      2.37                        4.49   -2.12   4.91
 SINCE JAN 1      6.77                        8.58   -1.81   7.95

SNOWFALL
(INCHES)
 TODAY             0.0            0.0  2015    0.0     0.0    0.0
 MONTH TO DATE     0.0                         0.0     0.0    0.0
 SINCE JUN 1       0.0                         0.0     0.0    0.0
 SINCE JUL 1       0.0                         0.0     0.0    0.0
 SNOW DEPTH (IN)     0                                          0

DEGREE DAYS
 HEATING
  TODAY              5                          10      -5      3
  MONTH TO DATE     23                          40     -17     20
  SINCE JUN 1      502                         701    -199    713
  SINCE JUL 1      264                         324     -60    293

 COOLING
  TODAY              0                           0       0      0
  MONTH TO DATE      0                           0       0      0
  SINCE JUN 1       11                           0      11      0
  SINCE JAN 1       11                           0      11      0
...................................................................

WIND (MPH)
 HIGHEST WIND SPEED    18     HIGHEST WIND DIRECTION    340
 HIGHEST GUST SPEED    26     HIGHEST GUST DIRECTION    310
 AVERAGE WIND SPEED    MM

SKY COVER
  POSSIBLE SUNSHINE  MM            AVERAGE SKY COVER MM

WEATHER CONDITIONS
 THE FOLLOWING WEATHER WAS RECORDED TODAY.
MM

RELATIVE HUMIDITY
 HIGHEST RH     MM PERCENT       MM
 LOWEST  RH     MM PERCENT       MM
 AVERAGE RH     MM PERCENT       MM
...................................................................

THE BETHEL CLIMATE NORMALS FOR TOMORROW
                        NORMAL    RECORD   YEAR
 MAXIMUM TEMPERATURE      61        82     1968
 MINIMUM TEMPERATURE      48        34     1932

SUNRISE AND SUNSET
 AUG 4 2015..........SUNRISE  6:31 AM      SUNSET 11:15 PM
 AUG 5 2015..........SUNRISE  6:33 AM      SUNSET 11:13 PM

-  INDICATES NEGATIVE NUMBERS.
R  INDICATES RECORD HAS BEEN SET OR TIED.
MM INDICATES DATA IS MISSING.
T  INDICATES TRACE OF PRECIPITATION.

&&
-------------------------------------------------------------------

AMOUNT OF DAYLIGHT TODAY  (HOUR:MIN)........16 HOURS 44 MINUTES
GAIN/LOSS SINCE YESTERDAY (HOUR:MIN:SEC)....-0:05:10

$$
RD AUG 15
