000
CDAK48 PAFC 240059
CLIBET


CLIMATE REPORT
NATIONAL WEATHER SERVICE ANCHORAGE, AK
359 PM AKST FRI FEB 23 2018


...................................

...THE BETHEL CLIMATE SUMMARY FOR FEBRUARY 23 2018...
VALID TODAY AS OF 0300 PM LOCAL TIME.

CLIMATE NORMAL PERIOD 1981 TO 2010
CLIMATE RECORD PERIOD 1948 TO 2018


WEATHER ITEM   OBSERVED TIME   RECORD YEAR NORMAL DEPARTURE LAST
                VALUE   (LST)  VALUE       VALUE  FROM      YEAR
                                                  NORMAL
..................................................................
TEMPERATURE (F)
 TODAY
  MAXIMUM         27    159 PM  43    1934  20      7       38
  MINIMUM         24    918 AM -29    1926   6     18       31
  AVERAGE         26                        13     13       35

PRECIPITATION (IN)
  TODAY            T             0.44 1943   0.02  -0.02     0.03
  MONTH TO DATE    1.01                      0.59   0.42     0.57
  SINCE SEP 1     11.09                      8.49   2.60     6.92
  SINCE JAN 1      1.31                      1.37  -0.06     1.78

SNOWFALL (IN)
  TODAY            T             4.6  1989   0.2   -0.2       T
  MONTH TO DATE    6.1                       5.5    0.6      5.4
  SINCE SEP 1     25.8                      44.4  -18.6     26.3
  SINCE JUL 1     25.8                      44.4  -18.6     26.3
  SNOW DEPTH       4

DEGREE DAYS
 HEATING
  TODAY           39                        52    -13       30
  MONTH TO DATE  952                      1250   -298     1482
  SINCE DEC 1   3842                      4754   -912     4819
  SINCE JUL 1   7008                      8477  -1469     8047

 COOLING
  TODAY            0                         0      0        0
  MONTH TO DATE    0                         0      0        0
  SINCE DEC 1      0                         0      0        0
  SINCE JAN 1      0                         0      0        0
..................................................................


WIND (MPH)
  RESULTANT WIND SPEED   4   RESULTANT WIND DIRECTION  SE (140)
  HIGHEST WIND SPEED    17   HIGHEST WIND DIRECTION     E (80)
  HIGHEST GUST SPEED    22   HIGHEST GUST DIRECTION     E (90)
  AVERAGE WIND SPEED     9.2



WEATHER CONDITIONS
 THE FOLLOWING WEATHER WAS RECORDED TODAY.
  LIGHT SNOW
  FOG


RELATIVE HUMIDITY (PERCENT)
 HIGHEST    88
 LOWEST     57
 AVERAGE    73

..........................................................


THE BETHEL CLIMATE NORMALS FOR TOMORROW
                         NORMAL    RECORD    YEAR
 MAXIMUM TEMPERATURE (F)   20        44      1947
 MINIMUM TEMPERATURE (F)    6       -29      1976
                                             1926


SUNRISE AND SUNSET
FEBRUARY 23 2018......SUNRISE   904 AM AKST  SUNSET   658 PM AKST
FEBRUARY 24 2018......SUNRISE   901 AM AKST  SUNSET   701 PM AKST


-  INDICATES NEGATIVE NUMBERS.
R  INDICATES RECORD WAS SET OR TIED.
MM INDICATES DATA IS MISSING.
T  INDICATES TRACE AMOUNT.




$$
