000
CDAK48 PABE 261201
CLIBET

CLIMATE REPORT
NATIONAL WEATHER SERVICE BETHEL, AK
401 AM AKDT TUE MAY 26 2015

...................................
...THE BETHEL AP CLIMATE SUMMARY FOR MAY 25 2015...

CLIMATE NORMAL PERIOD  1981 TO  2015
CLIMATE RECORD PERIOD  1923 TO  2015

WEATHER ITEM   OBSERVED TIME    RECORD YEAR NORMAL DEPARTURE LAST
               VALUE    (LST)   VALUE       VALUE  FROM      YEAR
                                                   NORMAL
...................................................................
TEMPERATURE
YESTERDAY
 MAXIMUM            57  0617 PM    79  1969     54       3     46
 MINIMUM            42  0617 AM    21  1926     37       5     38
 AVERAGE            50                          45       5     42

PRECIPITATION
(INCHES)
 YESTERDAY        0.13           0.57  1951   0.03    0.10      T
 MONTH TO DATE    1.74                        0.89    0.85   0.03
 SINCE MAR 1      3.30                        2.34    0.96   0.85
 SINCE JAN 1      4.34                        3.84    0.50   2.43

SNOWFALL
(INCHES)
 YESTERDAY         0.0            0.6  2001    0.1    -0.1    0.0
 MONTH TO DATE       T                         2.0    -2.0    0.0
 SINCE MAR 1      16.6                        15.9     0.7    5.7
 SINCE JUL 1      42.1                        61.7   -19.6   27.8
 SNOW DEPTH (IN)     0                                          0

DEGREE DAYS
 HEATING
  YESTERDAY         15                          20      -5     23
  MONTH TO DATE    488                         606    -118    524
  SINCE MAR 1     2892                        3292    -400   3069
  SINCE JUL 1    10667                       12038   -1371  10544

 COOLING
  YESTERDAY          0                           0       0      0
  MONTH TO DATE      0                           0       0      0
  SINCE MAR 1        0                           0       0      0
  SINCE JAN 1        0                           0       0      0
...................................................................

WIND (MPH)
 HIGHEST WIND SPEED    12     HIGHEST WIND DIRECTION    100
 HIGHEST GUST SPEED    15     HIGHEST GUST DIRECTION    320
 AVERAGE WIND SPEED   4.8

SKY COVER
  POSSIBLE SUNSHINE    MM          AVERAGE SKY COVER     MM

WEATHER CONDITIONS
 THE FOLLOWING WEATHER WAS RECORDED YESTERDAY.
  FOG
RAIN


RELATIVE HUMIDITY
 HIGHEST RH     MM PERCENT       MM
 LOWEST  RH     MM PERCENT       MM
 AVERAGE RH     MM PERCENT       MM
...................................................................

THE BETHEL CLIMATE NORMALS FOR TODAY
                           NORMAL    RECORD   YEAR
 MAXIMUM TEMPERATURE (F)     55        78     1969
 MINIMUM TEMPERATURE (F)     37        26     2001

SUNRISE AND SUNSET
 MAY 26 2015..........SUNRISE  5:40 AM      SUNSET 11:52 PM
 MAY 27 2015..........SUNRISE  5:38 AM      SUNSET 11:54 PM

-  INDICATES NEGATIVE NUMBERS.
R  INDICATES RECORD HAS BEEN SET OR TIED.
MM INDICATES DATA IS MISSING.
T  INDICATES TRACE OF PRECIPITATION.

&&
-------------------------------------------------------------------

AMOUNT OF DAYLIGHT TODAY  (HOUR:MIN)........18 HOURS 12 MINUTES
GAIN/LOSS SINCE YESTERDAY (HOUR:MIN:SEC)....+0:04:09

$$
RD MAY 15
