000
CDUS41 KCTP 010633
CLIBFD


CLIMATE REPORT
NATIONAL WEATHER SERVICE STATE COLLEGE PA
133 AM EST SUN FEB 1 2015


...................................

...THE BRADFORD CLIMATE SUMMARY FOR JANUARY 31 2015...

CLIMATE NORMAL PERIOD 1981 TO 2010
CLIMATE RECORD PERIOD 1957 TO 2015


WEATHER ITEM   OBSERVED TIME   RECORD YEAR NORMAL DEPARTURE LAST
                VALUE   (LST)  VALUE       VALUE  FROM      YEAR
                                                  NORMAL
..................................................................
TEMPERATURE (F)
 YESTERDAY
  MAXIMUM         21    338 PM  54    1988  30     -9       33
  MINIMUM          3   1243 AM -13    2010  14    -11       21
  AVERAGE         12                        22    -10       27

PRECIPITATION (IN)
  YESTERDAY        T             0.84 1982   0.10  -0.10      T
  MONTH TO DATE    1.84                      3.29  -1.45     1.94
  SINCE DEC 1      4.04                      6.69  -2.65     4.76
  SINCE JAN 1      1.84                      3.29  -1.45     1.94

DEGREE DAYS
 HEATING
  YESTERDAY       53                        38     15       38
  MONTH TO DATE 1490                      1178    312     1442
  SINCE DEC 1   2562                      2576    -14     2590
  SINCE JUL 1   4380                      4411    -31     4378

 COOLING
  YESTERDAY        0                         0      0        0
  MONTH TO DATE    0                         0      0        0
  SINCE DEC 1      0                         0      0        0
  SINCE JAN 1      0                         0      0        0
..................................................................


WIND (MPH)
  HIGHEST WIND SPEED    24   HIGHEST WIND DIRECTION    NW (320)
  HIGHEST GUST SPEED    29   HIGHEST GUST DIRECTION    NW (320)
  AVERAGE WIND SPEED     8.8


SKY COVER
  POSSIBLE SUNSHINE  MM
  AVERAGE SKY COVER 0.8


WEATHER CONDITIONS
 THE FOLLOWING WEATHER WAS RECORDED YESTERDAY.
  LIGHT SNOW
  HAZE
  BLOWING SNOW


RELATIVE HUMIDITY (PERCENT)
 HIGHEST    83           200 AM
 LOWEST     56           200 PM
 AVERAGE    70

..........................................................


THE BRADFORD CLIMATE NORMALS FOR TODAY
                         NORMAL    RECORD    YEAR
 MAXIMUM TEMPERATURE (F)   30        58      2002
 MINIMUM TEMPERATURE (F)   14       -10      1971


SUNRISE AND SUNSET
FEBRUARY  1 2015......SUNRISE   727 AM EST   SUNSET   530 PM EST
FEBRUARY  2 2015......SUNRISE   726 AM EST   SUNSET   531 PM EST


-  INDICATES NEGATIVE NUMBERS.
R  INDICATES RECORD WAS SET OR TIED.
MM INDICATES DATA IS MISSING.
T  INDICATES TRACE AMOUNT.




$$
