000
CDUS41 KCTP 250645
CLIBFD


CLIMATE REPORT
NATIONAL WEATHER SERVICE STATE COLLEGE PA
145 AM EST THU DEC 25 2014


...................................

...THE BRADFORD CLIMATE SUMMARY FOR DECEMBER 24 2014...

CLIMATE NORMAL PERIOD 1981 TO 2010
CLIMATE RECORD PERIOD 1957 TO 2014


WEATHER ITEM   OBSERVED TIME   RECORD YEAR NORMAL DEPARTURE LAST
                VALUE   (LST)  VALUE       VALUE  FROM      YEAR
                                                  NORMAL
..................................................................
TEMPERATURE (F)
 YESTERDAY
  MAXIMUM         51   1037 PM  55    1965  31     20       26
  MINIMUM         43    614 AM -13    1975  16     27       10
  AVERAGE         47                        23     24       18

PRECIPITATION (IN)
  YESTERDAY        0.27          1.14 2008   0.11   0.16     0.01
  MONTH TO DATE    1.72                      2.69  -0.97     2.49
  SINCE DEC 1      1.72                      2.69  -0.97     2.49
  SINCE JAN 1     41.86                     43.75  -1.89    34.52

DEGREE DAYS
 HEATING
  YESTERDAY       18                        37    -19       47
  MONTH TO DATE  837                       804     33      894
  SINCE DEC 1    837                       804     33      894
  SINCE JUL 1   2655                      2639     16     2682

 COOLING
  YESTERDAY        0                         0      0        0
  MONTH TO DATE    0                         0      0        0
  SINCE DEC 1      0                         0      0        0
  SINCE JAN 1    196                       193      3      334
..................................................................


WIND (MPH)
  HIGHEST WIND SPEED    23   HIGHEST WIND DIRECTION    SW (230)
  HIGHEST GUST SPEED    35   HIGHEST GUST DIRECTION    SW (230)
  AVERAGE WIND SPEED    10.8


SKY COVER
  POSSIBLE SUNSHINE  MM
  AVERAGE SKY COVER 1.0


WEATHER CONDITIONS
 THE FOLLOWING WEATHER WAS RECORDED YESTERDAY.
  LIGHT RAIN
  FOG


RELATIVE HUMIDITY (PERCENT)
 HIGHEST    96          1200 AM
 LOWEST     86           300 PM
 AVERAGE    91

..........................................................


THE BRADFORD CLIMATE NORMALS FOR TODAY
                         NORMAL    RECORD    YEAR
 MAXIMUM TEMPERATURE (F)   30        57      1982
 MINIMUM TEMPERATURE (F)   15       -20      1980


SUNRISE AND SUNSET
DECEMBER 25 2014......SUNRISE   740 AM EST   SUNSET   449 PM EST
DECEMBER 26 2014......SUNRISE   741 AM EST   SUNSET   450 PM EST


-  INDICATES NEGATIVE NUMBERS.
R  INDICATES RECORD WAS SET OR TIED.
MM INDICATES DATA IS MISSING.
T  INDICATES TRACE AMOUNT.




$$
