000
CDUS41 KCTP 200645
CLIBFD


CLIMATE REPORT
NATIONAL WEATHER SERVICE STATE COLLEGE PA
245 AM EDT THU JUL 20 2017


...................................

...THE BRADFORD CLIMATE SUMMARY FOR JULY 19 2017...

CLIMATE NORMAL PERIOD 1981 TO 2010
CLIMATE RECORD PERIOD 1957 TO 2017


WEATHER ITEM   OBSERVED TIME   RECORD YEAR NORMAL DEPARTURE LAST
                VALUE   (LST)  VALUE       VALUE  FROM      YEAR
                                                  NORMAL
..................................................................
TEMPERATURE (F)
 YESTERDAY
  MAXIMUM         85    220 PM  88    2011  78      7       76
  MINIMUM         54    452 AM  40    1965  54      0       50
  AVERAGE         70                        66      4       63

PRECIPITATION (IN)
  YESTERDAY        T             0.89 1971   0.13  -0.13     0.00
  MONTH TO DATE    2.79                      2.59   0.20     2.95
  SINCE JUN 1      9.30                      7.50   1.80     5.97
  SINCE JAN 1     30.50                     24.24   6.26    20.40

DEGREE DAYS
 HEATING
  YESTERDAY        0                         0      0        2
  MONTH TO DATE   14                         1     13       28
  SINCE JUN 1    146                       146      0      120
  SINCE JUL 1     14                         1     13       28

 COOLING
  YESTERDAY        5                         2      3        0
  MONTH TO DATE   55                        46      9       62
  SINCE JUN 1    126                        86     40       94
  SINCE JAN 1    145                        96     49      113
..................................................................


WIND (MPH)
  HIGHEST WIND SPEED    17   HIGHEST WIND DIRECTION    NW (300)
  HIGHEST GUST SPEED    22   HIGHEST GUST DIRECTION    NW (310)
  AVERAGE WIND SPEED     4.7


SKY COVER
  POSSIBLE SUNSHINE  MM
  AVERAGE SKY COVER 0.2


WEATHER CONDITIONS
 THE FOLLOWING WEATHER WAS RECORDED YESTERDAY.
  LIGHT RAIN


RELATIVE HUMIDITY (PERCENT)
 HIGHEST   100          1200 AM
 LOWEST     55           600 PM
 AVERAGE    78

..........................................................


THE BRADFORD CLIMATE NORMALS FOR TODAY
                         NORMAL    RECORD    YEAR
 MAXIMUM TEMPERATURE (F)   78        92      1991
 MINIMUM TEMPERATURE (F)   54        36      1965


SUNRISE AND SUNSET
JULY 20 2017..........SUNRISE   557 AM EDT   SUNSET   844 PM EDT
JULY 21 2017..........SUNRISE   558 AM EDT   SUNSET   843 PM EDT


-  INDICATES NEGATIVE NUMBERS.
R  INDICATES RECORD WAS SET OR TIED.
MM INDICATES DATA IS MISSING.
T  INDICATES TRACE AMOUNT.




$$
