000
CDUS41 KCTP 230618
CLIBFD


CLIMATE REPORT
NATIONAL WEATHER SERVICE STATE COLLEGE PA
218 AM EDT SAT SEP 23 2017


...................................

...THE BRADFORD CLIMATE SUMMARY FOR SEPTEMBER 22 2017...

CLIMATE NORMAL PERIOD 1981 TO 2010
CLIMATE RECORD PERIOD 1957 TO 2017


WEATHER ITEM   OBSERVED TIME   RECORD YEAR NORMAL DEPARTURE LAST
                VALUE   (LST)  VALUE       VALUE  FROM      YEAR
                                                  NORMAL
..................................................................
TEMPERATURE (F)
 YESTERDAY
  MAXIMUM         79   1242 PM  82    1980  66     13       80
  MINIMUM         49    715 AM  26    1963  43      6       46
  AVERAGE         64                        54     10       63

PRECIPITATION (IN)
  YESTERDAY        0.00          2.24 1992   0.14  -0.14     0.00
  MONTH TO DATE    2.31                      2.88  -0.57     1.86
  SINCE SEP 1      2.31                      2.88  -0.57     1.86
  SINCE JAN 1     37.46                     32.83   4.63    30.86

DEGREE DAYS
 HEATING
  YESTERDAY        1                         7     -6        2
  MONTH TO DATE  129                        82     47       63
  SINCE SEP 1    129                        82     47       63
  SINCE JUL 1    238                       235      3      106

 COOLING
  YESTERDAY        0                         0      0        0
  MONTH TO DATE    9                        13     -4       38
  SINCE SEP 1      9                        13     -4       38
  SINCE JAN 1    233                       190     43      363
..................................................................


WIND (MPH)
  HIGHEST WIND SPEED    13   HIGHEST WIND DIRECTION     E (70)
  HIGHEST GUST SPEED    16   HIGHEST GUST DIRECTION    NE (50)
  AVERAGE WIND SPEED     2.8


SKY COVER
  POSSIBLE SUNSHINE  MM
  AVERAGE SKY COVER 0.1


WEATHER CONDITIONS
 THE FOLLOWING WEATHER WAS RECORDED YESTERDAY.
  FOG
  FOG W/VISIBILITY <= 1/4 MILE


RELATIVE HUMIDITY (PERCENT)
 HIGHEST   100          1200 AM
 LOWEST     32          1200 PM
 AVERAGE    66

..........................................................


THE BRADFORD CLIMATE NORMALS FOR TODAY
                         NORMAL    RECORD    YEAR
 MAXIMUM TEMPERATURE (F)   66        82      1959
 MINIMUM TEMPERATURE (F)   43        26      1976


SUNRISE AND SUNSET
SEPTEMBER 23 2017.....SUNRISE   703 AM EDT   SUNSET   710 PM EDT
SEPTEMBER 24 2017.....SUNRISE   704 AM EDT   SUNSET   708 PM EDT


-  INDICATES NEGATIVE NUMBERS.
R  INDICATES RECORD WAS SET OR TIED.
MM INDICATES DATA IS MISSING.
T  INDICATES TRACE AMOUNT.




$$
