000
CDUS41 KCTP 262230
CLIBFD


CLIMATE REPORT
NATIONAL WEATHER SERVICE STATE COLLEGE PA
529 PM EST WED NOV 26 2014


...................................

...THE BRADFORD CLIMATE SUMMARY FOR NOVEMBER 26 2014...
VALID TODAY AS OF 0500 PM LOCAL TIME.

CLIMATE NORMAL PERIOD 1981 TO 2010
CLIMATE RECORD PERIOD 1957 TO 2014


WEATHER ITEM   OBSERVED TIME   RECORD YEAR NORMAL DEPARTURE LAST
                VALUE   (LST)  VALUE       VALUE  FROM      YEAR
                                                  NORMAL
..................................................................
TEMPERATURE (F)
 TODAY
  MAXIMUM         31   1112 AM  62    2006  40     -9       33
  MINIMUM         29    459 PM   6    1974  26      3       26
  AVERAGE         30                        33     -3       30

PRECIPITATION (IN)
  TODAY            0.04          1.61 1985   0.13  -0.09     0.82
  MONTH TO DATE    2.30                      3.23  -0.93     3.90
  SINCE SEP 1      8.76                     10.58  -1.82    10.56
  SINCE JAN 1     40.10                     40.53  -0.43    31.97

DEGREE DAYS
 HEATING
  TODAY           35                        27      8       35
  MONTH TO DATE  799                       589    210      779
  SINCE SEP 1   1497                      1429     68     1472
  SINCE JUL 1   1681                      1582     99     1608

 COOLING
  TODAY            0                         0      0        0
  MONTH TO DATE    0                         0      0        0
  SINCE SEP 1     26                        16     10       39
  SINCE JAN 1    196                       193      3      334
..................................................................


WIND (MPH)
  HIGHEST WIND SPEED    10   HIGHEST WIND DIRECTION     E (100)
  HIGHEST GUST SPEED    14   HIGHEST GUST DIRECTION     E (80)
  AVERAGE WIND SPEED     5.1


SKY COVER
  POSSIBLE SUNSHINE  MM
  AVERAGE SKY COVER 1.0


WEATHER CONDITIONS
 THE FOLLOWING WEATHER WAS RECORDED TODAY.
  LIGHT SNOW
  FOG


RELATIVE HUMIDITY (PERCENT)
 HIGHEST    85           100 PM
 LOWEST     69          1200 AM
 AVERAGE    77

..........................................................


THE BRADFORD CLIMATE NORMALS FOR TOMORROW
                         NORMAL    RECORD    YEAR
 MAXIMUM TEMPERATURE (F)   40        65      1990
 MINIMUM TEMPERATURE (F)   25         5      1974


SUNRISE AND SUNSET
NOVEMBER 26 2014......SUNRISE   717 AM EST   SUNSET   447 PM EST
NOVEMBER 27 2014......SUNRISE   718 AM EST   SUNSET   446 PM EST


-  INDICATES NEGATIVE NUMBERS.
R  INDICATES RECORD WAS SET OR TIED.
MM INDICATES DATA IS MISSING.
T  INDICATES TRACE AMOUNT.




$$
