000
CDUS41 KCTP 290641
CLIBFD


CLIMATE REPORT
NATIONAL WEATHER SERVICE STATE COLLEGE PA
241 AM EDT FRI MAY 29 2015


...................................

...THE BRADFORD CLIMATE SUMMARY FOR MAY 28 2015...

CLIMATE NORMAL PERIOD 1981 TO 2010
CLIMATE RECORD PERIOD 1957 TO 2015


WEATHER ITEM   OBSERVED TIME   RECORD YEAR NORMAL DEPARTURE LAST
                VALUE   (LST)  VALUE       VALUE  FROM      YEAR
                                                  NORMAL
..................................................................
TEMPERATURE (F)
 YESTERDAY
  MAXIMUM         76    404 PM  86    2012  69      7       77
  MINIMUM         51   1159 PM  27    1983  44      7       50
  AVERAGE         64                        57      7       64

PRECIPITATION (IN)
  YESTERDAY        0.27          2.31 1984   0.14   0.13     0.53
  MONTH TO DATE    2.07                      3.74  -1.67     6.16
  SINCE MAR 1      8.64                     10.66  -2.02    12.42
  SINCE JAN 1     11.48                     16.30  -4.82    15.95

DEGREE DAYS
 HEATING
  YESTERDAY        1                         5     -4        1
  MONTH TO DATE  200                       228    -28      289
  SINCE MAR 1   1989                      1909     80     2074
  SINCE JUL 1   7888                      7479    409     7740

 COOLING
  YESTERDAY        0                         0      0        0
  MONTH TO DATE   38                         0     38       16
  SINCE MAR 1     38                         2     36       18
  SINCE JAN 1     38                         2     36       18
..................................................................


WIND (MPH)
  HIGHEST WIND SPEED    16   HIGHEST WIND DIRECTION    NW (310)
  HIGHEST GUST SPEED    20   HIGHEST GUST DIRECTION    NW (310)
  AVERAGE WIND SPEED     4.6


SKY COVER
  POSSIBLE SUNSHINE  MM
  AVERAGE SKY COVER 0.2


WEATHER CONDITIONS
 THE FOLLOWING WEATHER WAS RECORDED YESTERDAY.
  THUNDERSTORM
  HEAVY RAIN
  RAIN
  LIGHT RAIN
  FOG


RELATIVE HUMIDITY (PERCENT)
 HIGHEST    93           300 AM
 LOWEST     41           300 PM
 AVERAGE    67

..........................................................


THE BRADFORD CLIMATE NORMALS FOR TODAY
                         NORMAL    RECORD    YEAR
 MAXIMUM TEMPERATURE (F)   69        87      2006
 MINIMUM TEMPERATURE (F)   45        29      2008


SUNRISE AND SUNSET
MAY 29 2015...........SUNRISE   544 AM EDT   SUNSET   840 PM EDT
MAY 30 2015...........SUNRISE   543 AM EDT   SUNSET   841 PM EDT


-  INDICATES NEGATIVE NUMBERS.
R  INDICATES RECORD WAS SET OR TIED.
MM INDICATES DATA IS MISSING.
T  INDICATES TRACE AMOUNT.




$$
