000
CDUS41 KCTP 040636
CLIBFD


CLIMATE REPORT
NATIONAL WEATHER SERVICE STATE COLLEGE PA
136 AM EST WED MAR 4 2015


...................................

...THE BRADFORD CLIMATE SUMMARY FOR MARCH 3 2015...

CLIMATE NORMAL PERIOD 1981 TO 2010
CLIMATE RECORD PERIOD 1957 TO 2015


WEATHER ITEM   OBSERVED TIME   RECORD YEAR NORMAL DEPARTURE LAST
                VALUE   (LST)  VALUE       VALUE  FROM      YEAR
                                                  NORMAL
..................................................................
TEMPERATURE (F)
 YESTERDAY
  MAXIMUM         37   1159 PM  66    1976  37      0       13
  MINIMUM         -4    152 AM  -9    2003  17    -21       -6
  AVERAGE         17                        27    -10        4

PRECIPITATION (IN)
  YESTERDAY        0.40          0.81 1991   0.10   0.30     0.00
  MONTH TO DATE    0.76                      0.29   0.47     0.04
  SINCE MAR 1      0.76                      0.29   0.47     0.04
  SINCE JAN 1      3.60                      5.93  -2.33     3.57

DEGREE DAYS
 HEATING
  YESTERDAY       48                        32     16       61
  MONTH TO DATE  143                        98     45      153
  SINCE MAR 1    143                        98     45      153
  SINCE JUL 1   6042                      5668    374     5819

 COOLING
  YESTERDAY        0                         0      0        0
  MONTH TO DATE    0                         0      0        0
  SINCE MAR 1      0                         0      0        0
  SINCE JAN 1      0                         0      0        0
..................................................................


WIND (MPH)
  HIGHEST WIND SPEED    20   HIGHEST WIND DIRECTION     S (160)
  HIGHEST GUST SPEED    30   HIGHEST GUST DIRECTION    SE (150)
  AVERAGE WIND SPEED     8.0


SKY COVER
  POSSIBLE SUNSHINE  MM
  AVERAGE SKY COVER 0.8


WEATHER CONDITIONS
 THE FOLLOWING WEATHER WAS RECORDED YESTERDAY.
  LIGHT RAIN
  FREEZING RAIN
  LT FREEZING RAIN
  HEAVY SNOW
  SNOW
  LIGHT SNOW
  FOG
  HAZE


RELATIVE HUMIDITY (PERCENT)
 HIGHEST    92           700 PM
 LOWEST     61          1000 AM
 AVERAGE    77

..........................................................


THE BRADFORD CLIMATE NORMALS FOR TODAY
                         NORMAL    RECORD    YEAR
 MAXIMUM TEMPERATURE (F)   37        65      1974
 MINIMUM TEMPERATURE (F)   18       -13      2014


SUNRISE AND SUNSET
MARCH  4 2015.........SUNRISE   645 AM EST   SUNSET   608 PM EST
MARCH  5 2015.........SUNRISE   643 AM EST   SUNSET   609 PM EST


-  INDICATES NEGATIVE NUMBERS.
R  INDICATES RECORD WAS SET OR TIED.
MM INDICATES DATA IS MISSING.
T  INDICATES TRACE AMOUNT.




$$
