194
CDUS41 KCTP 280626
CLIBFD


CLIMATE REPORT
NATIONAL WEATHER SERVICE STATE COLLEGE PA
226 AM EDT SUN MAY 28 2017


...................................

...THE BRADFORD CLIMATE SUMMARY FOR MAY 27 2017...

CLIMATE NORMAL PERIOD 1981 TO 2010
CLIMATE RECORD PERIOD 1957 TO 2017


WEATHER ITEM   OBSERVED TIME   RECORD YEAR NORMAL DEPARTURE LAST
                VALUE   (LST)  VALUE       VALUE  FROM      YEAR
                                                  NORMAL
..................................................................
TEMPERATURE (F)
 YESTERDAY
  MAXIMUM         70    416 PM  84    2010  69      1       83
  MINIMUM         50    425 AM  26    1983  44      6       58
  AVERAGE         60                        56      4       71

PRECIPITATION (IN)
  YESTERDAY        0.00          0.57 2011   0.14  -0.14     0.00
  MONTH TO DATE    4.86                      3.60   1.26     3.21
  SINCE MAR 1     13.41                     10.52   2.89     9.82
  SINCE JAN 1     20.49                     16.16   4.33    14.43

DEGREE DAYS
 HEATING
  YESTERDAY        5                         5      0        0
  MONTH TO DATE  338                       223    115      366
  SINCE MAR 1   1823                      1904    -81     1801
  SINCE JUL 1   6406                      7474  -1068     6501

 COOLING
  YESTERDAY        0                         0      0        6
  MONTH TO DATE   18                         0     18        7
  SINCE MAR 1     19                         2     17        7
  SINCE JAN 1     19                         2     17        7
..................................................................


WIND (MPH)
  HIGHEST WIND SPEED    13   HIGHEST WIND DIRECTION     W (290)
  HIGHEST GUST SPEED    17   HIGHEST GUST DIRECTION    NW (330)
  AVERAGE WIND SPEED     2.5


SKY COVER
  POSSIBLE SUNSHINE  MM
  AVERAGE SKY COVER 0.6


WEATHER CONDITIONS
 THE FOLLOWING WEATHER WAS RECORDED YESTERDAY.
  FOG
  FOG W/VISIBILITY <= 1/4 MILE


RELATIVE HUMIDITY (PERCENT)
 HIGHEST   100           200 AM
 LOWEST     53           400 PM
 AVERAGE    77

..........................................................


THE BRADFORD CLIMATE NORMALS FOR TODAY
                         NORMAL    RECORD    YEAR
 MAXIMUM TEMPERATURE (F)   69        86      2012
 MINIMUM TEMPERATURE (F)   44        27      1983


SUNRISE AND SUNSET
MAY 28 2017...........SUNRISE   544 AM EDT   SUNSET   840 PM EDT
MAY 29 2017...........SUNRISE   544 AM EDT   SUNSET   841 PM EDT


-  INDICATES NEGATIVE NUMBERS.
R  INDICATES RECORD WAS SET OR TIED.
MM INDICATES DATA IS MISSING.
T  INDICATES TRACE AMOUNT.




$$
