000
CDUS45 KCYS 280733
CLIBFF


CLIMATE REPORT
NATIONAL WEATHER SERVICE CHEYENNE WY
1231 AM MST SUN DEC 28 2014


...................................

...THE SCOTTSBLUFF NEBRASKA AIRPORT CLIMATE SUMMARY FOR DECEMBER 27 2014...

CLIMATE NORMAL PERIOD 1981 TO 2010
CLIMATE RECORD PERIOD 1871 TO 2014


WEATHER ITEM   OBSERVED TIME   RECORD YEAR NORMAL DEPARTURE LAST
                VALUE   (LST)  VALUE       VALUE  FROM      YEAR
                                                  NORMAL
..................................................................
TEMPERATURE (F)
 YESTERDAY
  MAXIMUM         21    400 PM  77    1980  39    -18       60
  MINIMUM         -3   1118 PM -16    1941  12    -15       25
  AVERAGE          9                        26    -17       43

PRECIPITATION (IN)
  YESTERDAY        0.00          0.49 1987   0.02  -0.02     0.00
  MONTH TO DATE    1.28                      0.45   0.83     0.63
  SINCE JAN 1     19.08                     15.73   3.35    13.37

SNOWFALL (IN)
  YESTERDAY        0.0           7.9  1987   0.2   -0.2      0.0
  MONTH TO DATE   21.1                       6.2   14.9     11.2
  SINCE JUL 1     26.7                      15.1   11.6     24.1
  SNOW DEPTH      14

DEGREE DAYS
 HEATING
  YESTERDAY       56                        39     17       22
  MONTH TO DATE  957                      1052    -95     1089
  SINCE DEC 1    957                      1052    -95     1089
  SINCE JUL 1   2402                      2617   -215     2594

 COOLING
  YESTERDAY        0                         0      0        0
  MONTH TO DATE    0                         0      0        0
  SINCE DEC 1      0                         0      0        0
  SINCE JAN 1    719                       724     -5     1047
..................................................................


WIND (MPH)
  HIGHEST WIND SPEED    13   HIGHEST WIND DIRECTION    NW (320)
  HIGHEST GUST SPEED    15   HIGHEST GUST DIRECTION     W (270)
  AVERAGE WIND SPEED     6.3


SKY COVER
  AVERAGE SKY COVER 0.1


WEATHER CONDITIONS
 THE FOLLOWING WEATHER WAS RECORDED YESTERDAY.
  FOG


RELATIVE HUMIDITY (PERCENT)
 HIGHEST    95           300 AM
 LOWEST     62           300 PM
 AVERAGE    79

..........................................................


THE SCOTTSBLUFF NEBRASKA AIRPORT CLIMATE NORMALS FOR TODAY
                         NORMAL    RECORD    YEAR
 MAXIMUM TEMPERATURE (F)   39        63      1999
 MINIMUM TEMPERATURE (F)   12       -18      1941


SUNRISE AND SUNSET
DECEMBER 28 2014......SUNRISE   721 AM MST   SUNSET   431 PM MST
DECEMBER 29 2014......SUNRISE   722 AM MST   SUNSET   432 PM MST


-  INDICATES NEGATIVE NUMBERS.
R  INDICATES RECORD WAS SET OR TIED.
MM INDICATES DATA IS MISSING.
T  INDICATES TRACE AMOUNT.




$$
