000
CDUS45 KCYS 280729
CLIBFF


CLIMATE REPORT
NATIONAL WEATHER SERVICE CHEYENNE WY
128 AM MDT TUE JUL 28 2015


...................................

...THE SCOTTSBLUFF NE AIRPORT CLIMATE SUMMARY FOR JULY 27 2015...

CLIMATE NORMAL PERIOD 1981 TO 2010
CLIMATE RECORD PERIOD 1871 TO 2015


WEATHER ITEM   OBSERVED TIME   RECORD YEAR NORMAL DEPARTURE LAST
                VALUE   (LST)  VALUE       VALUE  FROM      YEAR
                                                  NORMAL
..................................................................
TEMPERATURE (F)
 YESTERDAY
  MAXIMUM         95    405 PM 102    1975  90      5       87
                                      1933
  MINIMUM         60    548 AM  46    2005  59      1       57
  AVERAGE         78                        75      3       72

PRECIPITATION (IN)
  YESTERDAY        0.31          1.53 1905   0.06   0.25     0.00
  MONTH TO DATE    3.83                      1.62   2.21     1.45
  SINCE JAN 1     18.23                     10.79   7.44    10.33

SNOWFALL (IN)
  YESTERDAY        0.0          MM      MM   0.0    0.0      0.0
  MONTH TO DATE    0.0                       0.0    0.0      0.0
  SINCE JUL 1      0.0                       0.0    0.0      0.0
  SNOW DEPTH       0

DEGREE DAYS
 HEATING
  YESTERDAY        0                         0      0        0
  MONTH TO DATE    6                         1      5        7
  SINCE JUN 1      9                        61    -52       60
  SINCE JUL 1      6                         1      5        7

 COOLING
  YESTERDAY       13                        10      3        7
  MONTH TO DATE  221                       250    -29      256
  SINCE JUN 1    406                       376     30      351
  SINCE JAN 1    406                       399      7      378
..................................................................


WIND (MPH)
  HIGHEST WIND SPEED    47   HIGHEST WIND DIRECTION     W (260)
  HIGHEST GUST SPEED    59   HIGHEST GUST DIRECTION     W (250)
  AVERAGE WIND SPEED     9.8


SKY COVER
  AVERAGE SKY COVER 0.1


WEATHER CONDITIONS
 THE FOLLOWING WEATHER WAS RECORDED YESTERDAY.
  THUNDERSTORM
  HEAVY RAIN
  LIGHT RAIN
  FOG
  FOG W/VISIBILITY <= 1/4 MILE


RELATIVE HUMIDITY (PERCENT)
 HIGHEST   100           600 AM
 LOWEST     28           400 PM
 AVERAGE    64

..........................................................


THE SCOTTSBLUFF NE AIRPORT CLIMATE NORMALS FOR TODAY
                         NORMAL    RECORD    YEAR
 MAXIMUM TEMPERATURE (F)   90       105      1933
 MINIMUM TEMPERATURE (F)   59        46      1913


SUNRISE AND SUNSET
JULY 28 2015..........SUNRISE   544 AM MDT   SUNSET   817 PM MDT
JULY 29 2015..........SUNRISE   545 AM MDT   SUNSET   816 PM MDT


-  INDICATES NEGATIVE NUMBERS.
R  INDICATES RECORD WAS SET OR TIED.
MM INDICATES DATA IS MISSING.
T  INDICATES TRACE AMOUNT.




$$
