767
CDUS45 KCYS 290726
CLIBFF


CLIMATE REPORT
NATIONAL WEATHER SERVICE CHEYENNE WY
126 AM MDT MON AUG 29 2016


...................................

...THE SCOTTSBLUFF NE AIRPORT CLIMATE SUMMARY FOR AUGUST 28 2016...

CLIMATE NORMAL PERIOD 1981 TO 2010
CLIMATE RECORD PERIOD 1871 TO 2016


WEATHER ITEM   OBSERVED TIME   RECORD YEAR NORMAL DEPARTURE LAST
                VALUE   (LST)  VALUE       VALUE  FROM      YEAR
                                                  NORMAL
..................................................................
TEMPERATURE (F)
 YESTERDAY
  MAXIMUM         90    247 PM 101    2012  86      4       90
  MINIMUM         54    548 AM  39    2004  53      1       56
                                      1964
  AVERAGE         72                        69      3       73

PRECIPITATION (IN)
  YESTERDAY        0.00          0.85 1957   0.04  -0.04     0.00
  MONTH TO DATE    1.86                      1.19   0.67     1.24
  SINCE JAN 1     13.32                     12.19   1.13    19.47

SNOWFALL (IN)
  YESTERDAY        0.0          MM      MM   0.0    0.0      0.0
  MONTH TO DATE    0.0                       0.0    0.0      0.0
  SINCE JUL 1      0.0                       0.0    0.0      0.0
  SNOW DEPTH       0

DEGREE DAYS
 HEATING
  YESTERDAY        0                         1     -1        0
  MONTH TO DATE   16                         7      9       27
  SINCE JUN 1     22                        73    -51       36
  SINCE JUL 1     16                        13      3       33

 COOLING
  YESTERDAY        7                         5      2        8
  MONTH TO DATE  190                       214    -24      219
  SINCE JUN 1    802                       627    175      651
  SINCE JAN 1    806                       650    156      651
..................................................................


WIND (MPH)
  HIGHEST WIND SPEED    14   HIGHEST WIND DIRECTION    SE (120)
  HIGHEST GUST SPEED    16   HIGHEST GUST DIRECTION    SE (130)
  AVERAGE WIND SPEED     4.6


SKY COVER
  AVERAGE SKY COVER 0.0


WEATHER CONDITIONS
 THE FOLLOWING WEATHER WAS RECORDED YESTERDAY.
  NO SIGNIFICANT WEATHER WAS OBSERVED.


RELATIVE HUMIDITY (PERCENT)
 HIGHEST    93           500 AM
 LOWEST     16           200 PM
 AVERAGE    55

..........................................................


THE SCOTTSBLUFF NE AIRPORT CLIMATE NORMALS FOR TODAY
                         NORMAL    RECORD    YEAR
 MAXIMUM TEMPERATURE (F)   85       104      1898
 MINIMUM TEMPERATURE (F)   53        39      1915


SUNRISE AND SUNSET
AUGUST 29 2016........SUNRISE   618 AM MDT   SUNSET   732 PM MDT
AUGUST 30 2016........SUNRISE   619 AM MDT   SUNSET   730 PM MDT


-  INDICATES NEGATIVE NUMBERS.
R  INDICATES RECORD WAS SET OR TIED.
MM INDICATES DATA IS MISSING.
T  INDICATES TRACE AMOUNT.




$$
