000
CDUS45 KCYS 050729
CLIBFF


CLIMATE REPORT
NATIONAL WEATHER SERVICE CHEYENNE WY
1228 AM MST THU MAR 5 2015


...................................

...THE SCOTTSBLUFF NEBRASKA AIRPORT CLIMATE SUMMARY FOR MARCH 4 2015...

CLIMATE NORMAL PERIOD 1981 TO 2010
CLIMATE RECORD PERIOD 1871 TO 2015


WEATHER ITEM   OBSERVED TIME   RECORD YEAR NORMAL DEPARTURE LAST
                VALUE   (LST)  VALUE       VALUE  FROM      YEAR
                                                  NORMAL
..................................................................
TEMPERATURE (F)
 YESTERDAY
  MAXIMUM         27    341 PM  78    1905  49    -22       52
  MINIMUM          6    646 AM -12    1989  20    -14       26
  AVERAGE         17                        35    -18       39

PRECIPITATION (IN)
  YESTERDAY        0.00          1.17 1935   0.03  -0.03     0.00
  MONTH TO DATE    0.07                      0.10  -0.03     0.16
  SINCE JAN 1      0.91                      1.11  -0.20     1.76

SNOWFALL (IN)
  YESTERDAY        0.0           7.5  1933   0.2   -0.2      0.0
  MONTH TO DATE    0.8                       0.9   -0.1      3.8
  SINCE JUL 1     43.1                      29.3   13.8     55.1
  SNOW DEPTH       T

DEGREE DAYS
 HEATING
  YESTERDAY       48                        30     18       26
  MONTH TO DATE  159                       122     37      189
  SINCE MAR 1    159                       122     37      189
  SINCE JUL 1   4874                      5034   -160     5222

 COOLING
  YESTERDAY        0                         0      0        0
  MONTH TO DATE    0                         0      0        0
  SINCE MAR 1      0                         0      0        0
  SINCE JAN 1      0                         0      0        0
..................................................................


WIND (MPH)
  HIGHEST WIND SPEED    21   HIGHEST WIND DIRECTION    NW (310)
  HIGHEST GUST SPEED    27   HIGHEST GUST DIRECTION    NW (320)
  AVERAGE WIND SPEED     8.7


SKY COVER
  AVERAGE SKY COVER 0.2


WEATHER CONDITIONS
 THE FOLLOWING WEATHER WAS RECORDED YESTERDAY.
  NO SIGNIFICANT WEATHER WAS OBSERVED.


RELATIVE HUMIDITY (PERCENT)
 HIGHEST    88           300 AM
 LOWEST     36          1000 AM
 AVERAGE    62

..........................................................


THE SCOTTSBLUFF NEBRASKA AIRPORT CLIMATE NORMALS FOR TODAY
                         NORMAL    RECORD    YEAR
 MAXIMUM TEMPERATURE (F)   50        78      1910
 MINIMUM TEMPERATURE (F)   21       -21      1989


SUNRISE AND SUNSET
MARCH  5 2015.........SUNRISE   623 AM MST   SUNSET   549 PM MST
MARCH  6 2015.........SUNRISE   622 AM MST   SUNSET   550 PM MST


-  INDICATES NEGATIVE NUMBERS.
R  INDICATES RECORD WAS SET OR TIED.
MM INDICATES DATA IS MISSING.
T  INDICATES TRACE AMOUNT.




$$
