000
CDUS45 KCYS 200736
CLIBFF


CLIMATE REPORT
NATIONAL WEATHER SERVICE CHEYENNE WY
134 AM MDT SAT SEP 20 2014


...................................

...THE SCOTTSBLUFF NEBRASKA AIRPORT CLIMATE SUMMARY FOR SEPTEMBER 19 2014...

CLIMATE NORMAL PERIOD 1981 TO 2010
CLIMATE RECORD PERIOD 1871 TO 2014


WEATHER ITEM   OBSERVED TIME   RECORD YEAR NORMAL DEPARTURE LAST
                VALUE   (LST)  VALUE       VALUE  FROM      YEAR
                                                  NORMAL
..................................................................
TEMPERATURE (F)
 YESTERDAY
  MAXIMUM         91    411 PM  95    1984  76     15       72
  MINIMUM         55    425 AM  29    1971  44     11       44
                                      1942
  AVERAGE         73                        60     13       58

PRECIPITATION (IN)
  YESTERDAY        0.00          1.13 2000   0.03  -0.03      T
  MONTH TO DATE    0.26                      0.74  -0.48     1.02
  SINCE JAN 1     12.30                     13.04  -0.74     8.87

SNOWFALL (IN)
  YESTERDAY        0.0          MM      MM   0.1   -0.1      0.0
  MONTH TO DATE    T                         0.2   -0.2      0.0
  SINCE JUL 1      T                         0.2   -0.2      0.0
  SNOW DEPTH       0

DEGREE DAYS
 HEATING
  YESTERDAY        0                         6     -6        7
  MONTH TO DATE   97                        67     30       17
  SINCE SEP 1     97                        67     30       17
  SINCE JUL 1    110                        87     23       19

 COOLING
  YESTERDAY        8                         1      7        0
  MONTH TO DATE   44                        51     -7      148
  SINCE SEP 1     44                        51     -7      148
  SINCE JAN 1    687                       716    -29     1040
..................................................................


WIND (MPH)
  HIGHEST WIND SPEED    15   HIGHEST WIND DIRECTION     W (290)
  HIGHEST GUST SPEED    21   HIGHEST GUST DIRECTION    SW (220)
  AVERAGE WIND SPEED     6.9


SKY COVER
  AVERAGE SKY COVER 0.0


WEATHER CONDITIONS
 THE FOLLOWING WEATHER WAS RECORDED YESTERDAY.
  NO SIGNIFICANT WEATHER WAS OBSERVED.


RELATIVE HUMIDITY (PERCENT)
 HIGHEST    90          1200 AM
 LOWEST     24           200 PM
 AVERAGE    57

..........................................................


THE SCOTTSBLUFF NEBRASKA AIRPORT CLIMATE NORMALS FOR TODAY
                         NORMAL    RECORD    YEAR
 MAXIMUM TEMPERATURE (F)   76        95      1956
 MINIMUM TEMPERATURE (F)   43        26      1983


SUNRISE AND SUNSET
SEPTEMBER 20 2014.....SUNRISE   640 AM MDT   SUNSET   655 PM MDT
SEPTEMBER 21 2014.....SUNRISE   641 AM MDT   SUNSET   653 PM MDT


-  INDICATES NEGATIVE NUMBERS.
R  INDICATES RECORD WAS SET OR TIED.
MM INDICATES DATA IS MISSING.
T  INDICATES TRACE AMOUNT.




$$
