000
CDUS46 KHNX 280021
CLIBFL


CLIMATE REPORT
NATIONAL WEATHER SERVICE SAN JOAQUIN VALLEY, CA
521 PM PDT WED AUG 27 2014


...................................

...THE BAKERSFIELD CLIMATE SUMMARY FOR AUGUST 27 2014...
VALID TODAY AS OF 0500 PM LOCAL TIME.

CLIMATE NORMAL PERIOD 1981 TO 2010
CLIMATE RECORD PERIOD 1889 TO 2014


WEATHER ITEM   OBSERVED TIME   RECORD YEAR NORMAL DEPARTURE LAST
                VALUE   (LST)  VALUE       VALUE  FROM      YEAR
                                                  NORMAL
..................................................................
TEMPERATURE (F)
 TODAY
  MAXIMUM         99    356 PM 111    1931  94      5       97
  MINIMUM         67    602 AM  45    1903  68     -1       68
  AVERAGE         83                        81      2       83

PRECIPITATION (IN)
  TODAY            0.00          T    1982   0.00   0.00     0.00
                                      1949
                                      1916
  MONTH TO DATE    T                         0.03  -0.03     0.00
  SINCE JUL 1      T                         0.03  -0.03      T
  SINCE JAN 1      1.34                      4.42  -3.08     2.36

SNOWFALL (IN)
  TODAY            0.0
  MONTH TO DATE    0.0
  SINCE JUN 1      0.0
  SINCE JUL 1      0.0
  SNOW DEPTH       0

DEGREE DAYS
 HEATING
  TODAY            0                         0      0        0
  MONTH TO DATE    0                         0      0        0
  SINCE JUN 1      0                         2     -2        0
  SINCE JUL 1      0                         0      0        0

 COOLING
  TODAY           18                        16      2       18
  MONTH TO DATE  544                       477     67      475
  SINCE JUN 1   1747                      1439    308     1654
  SINCE JAN 1   2199                      1706    493     2033
..................................................................


WIND (MPH)
  HIGHEST WIND SPEED    13   HIGHEST WIND DIRECTION    NW (310)
  HIGHEST GUST SPEED    18   HIGHEST GUST DIRECTION    NW (320)
  AVERAGE WIND SPEED     3.7




RELATIVE HUMIDITY (PERCENT)
 HIGHEST    40
 LOWEST     10
 AVERAGE    25

..........................................................


THE BAKERSFIELD CLIMATE NORMALS FOR TOMORROW
                         NORMAL    RECORD    YEAR
 MAXIMUM TEMPERATURE (F)   94       109      1944
                                             1924
 MINIMUM TEMPERATURE (F)   67        48      1903


SUNRISE AND SUNSET
AUGUST 27 2014........SUNRISE   625 AM PDT   SUNSET   730 PM PDT
AUGUST 28 2014........SUNRISE   626 AM PDT   SUNSET   729 PM PDT


-  INDICATES NEGATIVE NUMBERS.
R  INDICATES RECORD WAS SET OR TIED.
MM INDICATES DATA IS MISSING.
T  INDICATES TRACE AMOUNT.




$$
