000
CDUS46 KHNX 240826
CLIBFL


CLIMATE REPORT
NATIONAL WEATHER SERVICE SAN JOAQUIN VALLEY, CA
126 AM PDT THU JUL 24 2014


...................................

...THE BAKERSFIELD CLIMATE SUMMARY FOR JULY 23 2014...

CLIMATE NORMAL PERIOD 1981 TO 2010
CLIMATE RECORD PERIOD 1889 TO 2014


WEATHER ITEM   OBSERVED TIME   RECORD YEAR NORMAL DEPARTURE
                VALUE   (LST)  VALUE       VALUE  FROM
                                                  NORMAL
...............................................................
TEMPERATURE (F)
 YESTERDAY
  MAXIMUM         89    516 PM 114    1931  98     -9
                                      1908
  MINIMUM         66    536 AM  54    1914  71     -5
                                      1903
  AVERAGE         78                        85     -7

PRECIPITATION (IN)
  YESTERDAY        0.00          T    2007   0.00   0.00
  MONTH TO DATE    T                         0.00   0.00
  SINCE JUL 1      T                         0.00   0.00
  SINCE JAN 1      1.34                      4.39  -3.05

SNOWFALL (IN)
  YESTERDAY        0.0
  MONTH TO DATE    0.0
  SINCE JUN 1      0.0
  SINCE JUL 1      0.0
  SNOW DEPTH       0

DEGREE DAYS
 HEATING
  YESTERDAY        0                                0
  MONTH TO DATE    0                                0
  SINCE JUN 1      0                               -2
  SINCE JUL 1      0                                0

 COOLING
  YESTERDAY       13                               -7
  MONTH TO DATE  498                               71
  SINCE JUN 1   1001                              195
  SINCE JAN 1   1453                              380
...............................................................


WIND (MPH)
  HIGHEST WIND SPEED    13   HIGHEST WIND DIRECTION    NW (300)
  HIGHEST GUST SPEED    20   HIGHEST GUST DIRECTION    NW (300)
  AVERAGE WIND SPEED     6.4




RELATIVE HUMIDITY (PERCENT)
 HIGHEST    68
 LOWEST     25
 AVERAGE    47

..........................................................


THE BAKERSFIELD CLIMATE NORMALS FOR TODAY
                         NORMAL    RECORD    YEAR
 MAXIMUM TEMPERATURE (F)   98       115      1908
 MINIMUM TEMPERATURE (F)   71        52      1914
                                             1903


SUNRISE AND SUNSET
JULY 24 2014..........SUNRISE   559 AM PDT   SUNSET   806 PM PDT
JULY 25 2014..........SUNRISE   600 AM PDT   SUNSET   805 PM PDT


-  INDICATES NEGATIVE NUMBERS.
R  INDICATES RECORD WAS SET OR TIED.
MM INDICATES DATA IS MISSING.
T  INDICATES TRACE AMOUNT.




$$
