000
CDUS46 KHNX 280822
CLIBFL


CLIMATE REPORT
NATIONAL WEATHER SERVICE SAN JOAQUIN VALLEY, CA
122 AM PDT FRI APR 28 2017


...................................

...THE BAKERSFIELD CLIMATE SUMMARY FOR APRIL 27 2017...

CLIMATE NORMAL PERIOD 1981 TO 2010
CLIMATE RECORD PERIOD 1889 TO 2017


WEATHER ITEM   OBSERVED TIME   RECORD YEAR NORMAL DEPARTURE
                VALUE   (LST)  VALUE       VALUE  FROM
                                                  NORMAL
...............................................................
TEMPERATURE (F)
 YESTERDAY
  MAXIMUM         78    235 PM  98    2004  78      0
  MINIMUM         57   1159 PM  34    1984  53      4
  AVERAGE         68                        66      2

PRECIPITATION (IN)
  YESTERDAY        0.00          0.56 1960   0.02  -0.02
  MONTH TO DATE    0.35                      0.49  -0.14
  SINCE OCT 1      7.76                      6.06   1.70
  SINCE JAN 1      4.73                      4.10   0.63

SNOWFALL (IN)
  YESTERDAY        0.0
  MONTH TO DATE    0.0
  SINCE MAR 1      0.0
  SINCE JUL 1      0.0
  SNOW DEPTH       0

DEGREE DAYS
 HEATING
  YESTERDAY        0                               -2
  MONTH TO DATE   50                              -73
  SINCE MAR 1    222                             -140
  SINCE JUL 1   1590                             -546

 COOLING
  YESTERDAY        3                                0
  MONTH TO DATE   45                               -3
  SINCE MAR 1     69                               12
  SINCE JAN 1     71                               14
...............................................................


WIND (MPH)
  HIGHEST WIND SPEED    24   HIGHEST WIND DIRECTION     N (340)
  HIGHEST GUST SPEED    28   HIGHEST GUST DIRECTION     N (340)
  AVERAGE WIND SPEED    11.0




RELATIVE HUMIDITY (PERCENT)
 HIGHEST    87
 LOWEST     29
 AVERAGE    58

..........................................................


THE BAKERSFIELD CLIMATE NORMALS FOR TODAY
                         NORMAL    RECORD    YEAR
 MAXIMUM TEMPERATURE (F)   79        97      2007
 MINIMUM TEMPERATURE (F)   53        38      1999
                                             1984


SUNRISE AND SUNSET
APRIL 28 2017.........SUNRISE   608 AM PDT   SUNSET   740 PM PDT
APRIL 29 2017.........SUNRISE   606 AM PDT   SUNSET   741 PM PDT


-  INDICATES NEGATIVE NUMBERS.
R  INDICATES RECORD WAS SET OR TIED.
MM INDICATES DATA IS MISSING.
T  INDICATES TRACE AMOUNT.




$$
