310
CDUS46 KHNX 110827
CLIBFL


CLIMATE REPORT
NATIONAL WEATHER SERVICE SAN JOAQUIN VALLEY, CA
1227 AM PST THU FEB 11 2016


...................................

...THE BAKERSFIELD CLIMATE SUMMARY FOR FEBRUARY 10 2016...

CLIMATE NORMAL PERIOD 1981 TO 2010
CLIMATE RECORD PERIOD 1889 TO 2016


WEATHER ITEM   OBSERVED TIME   RECORD YEAR NORMAL DEPARTURE
                VALUE   (LST)  VALUE       VALUE  FROM
                                                  NORMAL
...............................................................
TEMPERATURE (F)
 YESTERDAY
  MAXIMUM         76    216 PM  79    1961  62     14
  MINIMUM         46    700 AM  23    1929  42      4
  AVERAGE         61                        52      9

PRECIPITATION (IN)
  YESTERDAY        0.00          1.25 1978   0.04  -0.04
  MONTH TO DATE    T                         0.44  -0.44
  SINCE OCT 1      3.28                      3.56  -0.28
  SINCE JAN 1      1.95                      1.60   0.35

SNOWFALL (IN)
  YESTERDAY        0.0
  MONTH TO DATE    0.0
  SINCE DEC 1      0.0
  SINCE JUL 1      0.0
  SNOW DEPTH       0

DEGREE DAYS
 HEATING
  YESTERDAY        4                               -9
  MONTH TO DATE  135                               -8
  SINCE DEC 1   1060                             -151
  SINCE JUL 1   1403                             -166

 COOLING
  YESTERDAY        0                                0
  MONTH TO DATE    0                                0
  SINCE DEC 1      0                                0
  SINCE JAN 1      0                                0
...............................................................


WIND (MPH)
  HIGHEST WIND SPEED    14   HIGHEST WIND DIRECTION    NW (320)
  HIGHEST GUST SPEED    17   HIGHEST GUST DIRECTION    NW (320)
  AVERAGE WIND SPEED     4.5




RELATIVE HUMIDITY (PERCENT)
 HIGHEST    80
 LOWEST     36
 AVERAGE    58

..........................................................


THE BAKERSFIELD CLIMATE NORMALS FOR TODAY
                         NORMAL    RECORD    YEAR
 MAXIMUM TEMPERATURE (F)   62        81      1925
 MINIMUM TEMPERATURE (F)   42        20      1901
                                             1900


SUNRISE AND SUNSET
FEBRUARY 11 2016......SUNRISE   647 AM PST   SUNSET   534 PM PST
FEBRUARY 12 2016......SUNRISE   646 AM PST   SUNSET   535 PM PST


-  INDICATES NEGATIVE NUMBERS.
R  INDICATES RECORD WAS SET OR TIED.
MM INDICATES DATA IS MISSING.
T  INDICATES TRACE AMOUNT.




$$
