000
CDUS46 KHNX 240022
CLIBFL


CLIMATE REPORT
NATIONAL WEATHER SERVICE SAN JOAQUIN VALLEY, CA
522 PM PDT TUE SEP 23 2014


...................................

...THE BAKERSFIELD CLIMATE SUMMARY FOR SEPTEMBER 23 2014...
VALID AS OF 0500 PM LOCAL TIME.

CLIMATE NORMAL PERIOD 1981 TO 2010
CLIMATE RECORD PERIOD 1889 TO 2014


WEATHER ITEM   OBSERVED TIME   RECORD YEAR NORMAL DEPARTURE LAST
                VALUE   (LST)  VALUE       VALUE  FROM      YEAR
                                                  NORMAL
..................................................................
TEMPERATURE (F)
 TODAY
  MAXIMUM         94    331 PM 107    1943  88      6       82
  MINIMUM         68    616 AM  31    1903  62      6       56
  AVERAGE         81                        75      6       69

PRECIPITATION (IN)
  TODAY            0.00          0.60 1908   0.00   0.00     0.00
  MONTH TO DATE    0.01                      0.05  -0.04      T
  SINCE JUL 1      0.01                      0.09  -0.08      T
  SINCE JAN 1      1.35                      4.48  -3.13     2.36

SNOWFALL (IN)
  TODAY            0.0
  MONTH TO DATE    0.0
  SINCE SEP 1      0.0
  SINCE JUL 1      0.0
  SNOW DEPTH       0

DEGREE DAYS
 HEATING
  TODAY            0                         0      0        0
  MONTH TO DATE    0                         0      0        1
  SINCE SEP 1      0                         0      0        1
  SINCE JUL 1      0                         0      0        1

 COOLING
  TODAY           16                        10      6        4
  MONTH TO DATE  430                       297    133      338
  SINCE SEP 1    430                       297    133      338
  SINCE JAN 1   2711                      2065    646     2452
..................................................................


WIND (MPH)
  HIGHEST WIND SPEED    14   HIGHEST WIND DIRECTION     W (280)
  HIGHEST GUST SPEED    17   HIGHEST GUST DIRECTION    NW (310)
  AVERAGE WIND SPEED     3.7




RELATIVE HUMIDITY (PERCENT)
 HIGHEST    59
 LOWEST     24
 AVERAGE    42

..........................................................


THE BAKERSFIELD CLIMATE NORMALS FOR TOMORROW
                         NORMAL    RECORD    YEAR
 MAXIMUM TEMPERATURE (F)   88       103      1919
                                             1899
 MINIMUM TEMPERATURE (F)   62        35      1908


SUNRISE AND SUNSET
SEPTEMBER 23 2014.....SUNRISE   645 AM PDT   SUNSET   651 PM PDT
SEPTEMBER 24 2014.....SUNRISE   646 AM PDT   SUNSET   650 PM PDT


-  INDICATES NEGATIVE NUMBERS.
R  INDICATES RECORD WAS SET OR TIED.
MM INDICATES DATA IS MISSING.
T  INDICATES TRACE AMOUNT.




$$
