000
CDUS46 KHNX 190826
CLIBFL


CLIMATE REPORT
NATIONAL WEATHER SERVICE SAN JOAQUIN VALLEY, CA
1226 AM PST FRI DEC 19 2014


...................................

...THE BAKERSFIELD CLIMATE SUMMARY FOR DECEMBER 18 2014...

CLIMATE NORMAL PERIOD 1981 TO 2010
CLIMATE RECORD PERIOD 1889 TO 2014


WEATHER ITEM   OBSERVED TIME   RECORD YEAR NORMAL DEPARTURE
                VALUE   (LST)  VALUE       VALUE  FROM
                                                  NORMAL
...............................................................
TEMPERATURE (F)
 YESTERDAY
  MAXIMUM         63    249 PM  75    1979  56      7
  MINIMUM         44    743 AM  23    1908  39      5
                                      1901
  AVERAGE         54                        47      7

PRECIPITATION (IN)
  YESTERDAY        0.00          1.37 2010   0.03  -0.03
  MONTH TO DATE    1.87                      0.53   1.34
  SINCE JUL 1      2.53                      1.59   0.94
  SINCE JAN 1      3.87                      5.98  -2.11

SNOWFALL (IN)
  YESTERDAY        0.0
  MONTH TO DATE    0.0
  SINCE DEC 1      0.0
  SINCE JUL 1      0.0
  SNOW DEPTH       0

DEGREE DAYS
 HEATING
  YESTERDAY       11                               -7
  MONTH TO DATE  138                             -160
  SINCE DEC 1    138                             -160
  SINCE JUL 1    312                             -344

 COOLING
  YESTERDAY        0                                0
  MONTH TO DATE    0                                0
  SINCE DEC 1      0                                0
  SINCE JAN 1   2983                              725
...............................................................


WIND (MPH)
  HIGHEST WIND SPEED    10   HIGHEST WIND DIRECTION     N (340)
  HIGHEST GUST SPEED    13   HIGHEST GUST DIRECTION    NW (310)
  AVERAGE WIND SPEED     3.8




RELATIVE HUMIDITY (PERCENT)
 HIGHEST    83
 LOWEST     36
 AVERAGE    60

..........................................................


THE BAKERSFIELD CLIMATE NORMALS FOR TODAY
                         NORMAL    RECORD    YEAR
 MAXIMUM TEMPERATURE (F)   56        80      1981
 MINIMUM TEMPERATURE (F)   39        23      1924
                                             1901


SUNRISE AND SUNSET
DECEMBER 19 2014......SUNRISE   700 AM PST   SUNSET   446 PM PST
DECEMBER 20 2014......SUNRISE   701 AM PST   SUNSET   447 PM PST


-  INDICATES NEGATIVE NUMBERS.
R  INDICATES RECORD WAS SET OR TIED.
MM INDICATES DATA IS MISSING.
T  INDICATES TRACE AMOUNT.




$$
