058
CDUS46 KHNX 150824
CLIBFL


CLIMATE REPORT
NATIONAL WEATHER SERVICE SAN JOAQUIN VALLEY, CA
1224 AM PST FRI DEC 15 2017


...................................

...THE BAKERSFIELD CLIMATE SUMMARY FOR DECEMBER 14 2017...

CLIMATE NORMAL PERIOD 1981 TO 2010
CLIMATE RECORD PERIOD 1889 TO 2017


WEATHER ITEM   OBSERVED TIME   RECORD YEAR NORMAL DEPARTURE
                VALUE   (LST)  VALUE       VALUE  FROM
                                                  NORMAL
...............................................................
TEMPERATURE (F)
 YESTERDAY
  MAXIMUM         64    227 PM  80    1958  57      7
  MINIMUM         35    515 AM  20    1901  39     -4
  AVERAGE         50                        48      2

PRECIPITATION (IN)
  YESTERDAY        0.00          0.30 1993   0.03  -0.03
  MONTH TO DATE    0.00                      0.40  -0.40
  SINCE OCT 1      0.03                      1.34  -1.31
  SINCE JAN 1      5.34                      5.85  -0.51

SNOWFALL (IN)
  YESTERDAY        0.0
  MONTH TO DATE    0.0
  SINCE DEC 1      0.0
  SINCE JUL 1      0.0
  SNOW DEPTH       0

DEGREE DAYS
 HEATING
  YESTERDAY       15                               -2
  MONTH TO DATE  201                              -26
  SINCE DEC 1    201                              -26
  SINCE JUL 1    378                             -207

 COOLING
  YESTERDAY        0                                0
  MONTH TO DATE    0                                0
  SINCE DEC 1      0                                0
  SINCE JAN 1   2948                              690
...............................................................


WIND (MPH)
  HIGHEST WIND SPEED     9   HIGHEST WIND DIRECTION    NE (50)
  HIGHEST GUST SPEED    11   HIGHEST GUST DIRECTION     W (270)
  AVERAGE WIND SPEED     2.2




RELATIVE HUMIDITY (PERCENT)
 HIGHEST    70
 LOWEST     34
 AVERAGE    52

..........................................................


THE BAKERSFIELD CLIMATE NORMALS FOR TODAY
                         NORMAL    RECORD    YEAR
 MAXIMUM TEMPERATURE (F)   56        79      1958
 MINIMUM TEMPERATURE (F)   39        19      1901


SUNRISE AND SUNSET
DECEMBER 15 2017......SUNRISE   658 AM PST   SUNSET   445 PM PST
DECEMBER 16 2017......SUNRISE   659 AM PST   SUNSET   445 PM PST


-  INDICATES NEGATIVE NUMBERS.
R  INDICATES RECORD WAS SET OR TIED.
MM INDICATES DATA IS MISSING.
T  INDICATES TRACE AMOUNT.




$$
