000
CDUS46 KHNX 200825
CLIBFL


CLIMATE REPORT
NATIONAL WEATHER SERVICE SAN JOAQUIN VALLEY, CA
125 AM PDT SUN APR 20 2014


...................................

...THE BAKERSFIELD CLIMATE SUMMARY FOR APRIL 19 2014...

CLIMATE NORMAL PERIOD 1981 TO 2010
CLIMATE RECORD PERIOD 1889 TO 2014


WEATHER ITEM   OBSERVED TIME   RECORD YEAR NORMAL DEPARTURE
                VALUE   (LST)  VALUE       VALUE  FROM
                                                  NORMAL
...............................................................
TEMPERATURE (F)
 YESTERDAY
  MAXIMUM         85    412 PM  98    1910  76      9
  MINIMUM         60   1159 PM  38    1996  51      9
                                      1968
                                      1955
  AVERAGE         73                        63     10

PRECIPITATION (IN)
  YESTERDAY        0.00          0.58 1988   0.02  -0.02
  MONTH TO DATE    0.14                      0.38  -0.24
  SINCE JUL 1      2.01                      6.07  -4.06
  SINCE JAN 1      0.94                      3.99  -3.05

SNOWFALL (IN)
  YESTERDAY        0.0
  MONTH TO DATE    0.0
  SINCE MAR 1      0.0
  SINCE JUL 1      0.0
  SNOW DEPTH       0

DEGREE DAYS
 HEATING
  YESTERDAY        0                               -4
  MONTH TO DATE   44                              -55
  SINCE MAR 1    144                             -194
  SINCE JUL 1   1472                             -640

 COOLING
  YESTERDAY        8                                6
  MONTH TO DATE  105                               78
  SINCE MAR 1    125                               89
  SINCE JAN 1    134                               98
...............................................................


WIND (MPH)
  HIGHEST WIND SPEED    17   HIGHEST WIND DIRECTION    NW (310)
  HIGHEST GUST SPEED    21   HIGHEST GUST DIRECTION    NW (300)
  AVERAGE WIND SPEED     6.4




RELATIVE HUMIDITY (PERCENT)
 HIGHEST    60
 LOWEST     25
 AVERAGE    43

..........................................................


THE BAKERSFIELD CLIMATE NORMALS FOR TODAY
                         NORMAL    RECORD    YEAR
 MAXIMUM TEMPERATURE (F)   76        98      1906
 MINIMUM TEMPERATURE (F)   51        36      1904


SUNRISE AND SUNSET
APRIL 20 2014.........SUNRISE   617 AM PDT   SUNSET   733 PM PDT
APRIL 21 2014.........SUNRISE   616 AM PDT   SUNSET   734 PM PDT


-  INDICATES NEGATIVE NUMBERS.
R  INDICATES RECORD WAS SET OR TIED.
MM INDICATES DATA IS MISSING.
T  INDICATES TRACE AMOUNT.




$$
