000
CDUS46 KHNX 030822
CLIBFL


CLIMATE REPORT
NATIONAL WEATHER SERVICE SAN JOAQUIN VALLEY, CA
121 AM PDT WED JUN 3 2015


...................................

...THE BAKERSFIELD CLIMATE SUMMARY FOR JUNE 2 2015...

CLIMATE NORMAL PERIOD 1981 TO 2010
CLIMATE RECORD PERIOD 1889 TO 2015


WEATHER ITEM   OBSERVED TIME   RECORD YEAR NORMAL DEPARTURE
                VALUE   (LST)  VALUE       VALUE  FROM
                                                  NORMAL
...............................................................
TEMPERATURE (F)
 YESTERDAY
  MAXIMUM         87    324 PM 109    1970  88     -1
  MINIMUM         60    505 AM  38    1908  61     -1
  AVERAGE         74                        74      0

PRECIPITATION (IN)
  YESTERDAY        0.00          0.44 1985   0.01  -0.01
  MONTH TO DATE    0.00                      0.01  -0.01
  SINCE OCT 1      5.29                      6.28  -0.99
  SINCE JAN 1      2.62                      4.32  -1.70

SNOWFALL (IN)
  YESTERDAY        0.0
  MONTH TO DATE    0.0
  SINCE JUN 1      0.0
  SINCE JUL 1      0.0
  SNOW DEPTH       0

DEGREE DAYS
 HEATING
  YESTERDAY        0                                0
  MONTH TO DATE    0                                0
  SINCE JUN 1      0                                0
  SINCE JUL 1   1307                             -866

 COOLING
  YESTERDAY        9                                0
  MONTH TO DATE   17                               -1
  SINCE JUN 1     17                               -1
  SINCE JAN 1    362                               77
...............................................................


WIND (MPH)
  HIGHEST WIND SPEED    16   HIGHEST WIND DIRECTION    NW (310)
  HIGHEST GUST SPEED    24   HIGHEST GUST DIRECTION     W (290)
  AVERAGE WIND SPEED     7.7




RELATIVE HUMIDITY (PERCENT)
 HIGHEST    72
 LOWEST     27
 AVERAGE    50

..........................................................


THE BAKERSFIELD CLIMATE NORMALS FOR TODAY
                         NORMAL    RECORD    YEAR
 MAXIMUM TEMPERATURE (F)   88       109      1960
 MINIMUM TEMPERATURE (F)   61        40      1908


SUNRISE AND SUNSET
JUNE  3 2015..........SUNRISE   542 AM PDT   SUNSET   807 PM PDT
JUNE  4 2015..........SUNRISE   542 AM PDT   SUNSET   808 PM PDT


-  INDICATES NEGATIVE NUMBERS.
R  INDICATES RECORD WAS SET OR TIED.
MM INDICATES DATA IS MISSING.
T  INDICATES TRACE AMOUNT.




$$
