000
CDUS44 KAMA 012130
CLIBGD


CLIMATE REPORT
NATIONAL WEATHER SERVICE AMARILLO TX
429 PM CDT SAT AUG 1 2015


...................................

...THE BORGER CLIMATE SUMMARY FOR AUGUST 1 2015...
VALID TODAY AS OF 0400 PM LOCAL TIME.

CLIMATE NORMAL PERIOD 1981 TO 2013
CLIMATE RECORD PERIOD 1949 TO 2015


WEATHER ITEM   OBSERVED TIME   RECORD YEAR NORMAL DEPARTURE LAST
                VALUE   (LST)  VALUE       VALUE  FROM      YEAR
                                                  NORMAL
..................................................................
TEMPERATURE (F)
 TODAY
  MAXIMUM         86    319 PM 108    2012  94     -8       87
  MINIMUM         67    703 AM  57    1971  70     -3       62
  AVERAGE         77                        82     -5       75

PRECIPITATION (IN)
  TODAY            0.23          2.42 1962   0.08   0.15     0.00
  MONTH TO DATE    0.23                      0.08   0.15     0.00
  SINCE JUN 1     13.90                      5.87   8.03     4.91
  SINCE JAN 1     29.42                     12.92  16.50     7.03

SNOWFALL (IN)
  TODAY            0.0           0.0  2013                   0.0
                                      2012
                                      2011
  MONTH TO DATE    0.0                                       0.0
  SINCE JUN 1      0.0                                       0.0
  SINCE JUL 1      0.0                                       0.0
  SNOW DEPTH       0

DEGREE DAYS
 HEATING
  TODAY            0                         0      0        0
  MONTH TO DATE    0                         0      0        0
  SINCE JUN 1      0                         3     -3        4
  SINCE JUL 1      0                         0      0        1

 COOLING
  TODAY           12                        17     -5       10
  MONTH TO DATE   12                        17     -5       10
  SINCE JUN 1    928                       901     27      887
  SINCE JAN 1   1052                      1098    -46     1201
..................................................................


WIND (MPH)
  RESULTANT WIND SPEED   6   RESULTANT WIND DIRECTION   S (200)
  HIGHEST WIND SPEED    15   HIGHEST WIND DIRECTION     S (200)
  HIGHEST GUST SPEED    23   HIGHEST GUST DIRECTION     S (200)
  AVERAGE WIND SPEED     6.7


SKY COVER
  AVERAGE SKY COVER 0.5


WEATHER CONDITIONS
 THE FOLLOWING WEATHER WAS RECORDED TODAY.
  HEAVY RAIN
  RAIN
  LIGHT RAIN
  FOG


RELATIVE HUMIDITY (PERCENT)
 HIGHEST    90           800 AM
 LOWEST     55           300 PM
 AVERAGE    73

..........................................................


THE BORGER CLIMATE NORMALS FOR TOMORROW
                         NORMAL    RECORD    YEAR
 MAXIMUM TEMPERATURE (F)   94       107      2012
 MINIMUM TEMPERATURE (F)   70        57      1973


SUNRISE AND SUNSET
AUGUST  1 2015........SUNRISE   653 AM CDT   SUNSET   850 PM CDT
AUGUST  2 2015........SUNRISE   654 AM CDT   SUNSET   849 PM CDT


-  INDICATES NEGATIVE NUMBERS.
R  INDICATES RECORD WAS SET OR TIED.
MM INDICATES DATA IS MISSING.
T  INDICATES TRACE AMOUNT.




$$
