000
CDUS44 KAMA 252149
CLIBGD


CLIMATE REPORT
NATIONAL WEATHER SERVICE AMARILLO TX
447 PM CDT MON SEP 25 2017


...................................

...THE BORGER CLIMATE SUMMARY FOR SEPTEMBER 25 2017...
VALID TODAY AS OF 0400 PM LOCAL TIME.

CLIMATE NORMAL PERIOD 1981 TO 2010
CLIMATE RECORD PERIOD 1949 TO 2017


WEATHER ITEM   OBSERVED TIME   RECORD YEAR NORMAL DEPARTURE LAST
                VALUE   (LST)  VALUE       VALUE  FROM      YEAR
                                                  NORMAL
..................................................................
TEMPERATURE (F)
 TODAY
  MAXIMUM         71    915 AM  93    2012  80     -9       77
  MINIMUM         62    121 PM  35    2000  57      5       56
  AVERAGE         67                        68     -1       67

PRECIPITATION (IN)
  TODAY            1.46          1.47 1950   0.07   1.39      T
  MONTH TO DATE    2.50                      2.01   0.49     1.02
  SINCE SEP 1      2.50                      2.01   0.49     1.02
  SINCE JAN 1     23.50                     18.02   5.48    15.36

SNOWFALL (IN)
  TODAY            0.0           0.0  2013                   0.0
                                      2012
                                      2012
  MONTH TO DATE    0.0                                       0.0
  SINCE SEP 1      0.0                                       0.0
  SINCE JUL 1      0.0                                       0.0
  SNOW DEPTH       0

DEGREE DAYS
 HEATING
  TODAY            0                         2     -2        0
  MONTH TO DATE    0                        13    -13        0
  SINCE SEP 1      0                        13    -13        0
  SINCE JUL 1      0                        14    -14        0

 COOLING
  TODAY            2                         5     -3        2
  MONTH TO DATE  263                       212     51      281
  SINCE SEP 1    263                       212     51      281
  SINCE JAN 1   1926                      1762    164     1999
..................................................................


WIND (MPH)
  RESULTANT WIND SPEED   7   RESULTANT WIND DIRECTION   S (170)
  HIGHEST WIND SPEED    26   HIGHEST WIND DIRECTION     S (160)
  HIGHEST GUST SPEED    33   HIGHEST GUST DIRECTION     S (170)
  AVERAGE WIND SPEED     7.7


SKY COVER
  AVERAGE SKY COVER 0.8


WEATHER CONDITIONS
 THE FOLLOWING WEATHER WAS RECORDED TODAY.
  THUNDERSTORM
  HEAVY RAIN
  RAIN
  LIGHT RAIN
  FOG


RELATIVE HUMIDITY (PERCENT)
 HIGHEST    93           200 AM
 LOWEST     84           100 AM
 AVERAGE    89

..........................................................


THE BORGER CLIMATE NORMALS FOR TOMORROW
                         NORMAL    RECORD    YEAR
 MAXIMUM TEMPERATURE (F)   80        97      2013
 MINIMUM TEMPERATURE (F)   56        37      1970


SUNRISE AND SUNSET
SEPTEMBER 25 2017.....SUNRISE   736 AM CDT   SUNSET   738 PM CDT
SEPTEMBER 26 2017.....SUNRISE   737 AM CDT   SUNSET   736 PM CDT


-  INDICATES NEGATIVE NUMBERS.
R  INDICATES RECORD WAS SET OR TIED.
MM INDICATES DATA IS MISSING.
T  INDICATES TRACE AMOUNT.




$$
