000
CDUS44 KAMA 282129
CLIBGD


CLIMATE REPORT
NATIONAL WEATHER SERVICE AMARILLO TX
427 PM CDT SUN MAY 28 2017


...................................

...THE BORGER CLIMATE SUMMARY FOR MAY 28 2017...
VALID TODAY AS OF 0400 PM LOCAL TIME.

CLIMATE NORMAL PERIOD 1981 TO 2010
CLIMATE RECORD PERIOD 1949 TO 2017


WEATHER ITEM   OBSERVED TIME   RECORD YEAR NORMAL DEPARTURE LAST
                VALUE   (LST)  VALUE       VALUE  FROM      YEAR
                                                  NORMAL
..................................................................
TEMPERATURE (F)
 TODAY
  MAXIMUM         79    254 PM 100    2006  84     -5       86
  MINIMUM         54    553 AM  38    1992  59     -5       54
  AVERAGE         67                        72     -5       70

PRECIPITATION (IN)
  TODAY            0.00          1.42 1958   0.14  -0.14     0.00
  MONTH TO DATE    1.15                      2.49  -1.34     1.99
  SINCE MAR 1      7.66                      5.44   2.22     6.23
  SINCE JAN 1     11.14                      6.65   4.49     7.15

SNOWFALL (IN)
  TODAY            0.0           T    1996                   0.0
  MONTH TO DATE    0.0                                       0.0
  SINCE MAR 1      1.1                                       2.7
  SINCE JUL 1      1.2                                       8.9
  SNOW DEPTH       0

DEGREE DAYS
 HEATING
  TODAY            0                         0      0        0
  MONTH TO DATE   67                        60      7      106
  SINCE MAR 1    574                       770   -196      592
  SINCE JUL 1   2909                      3763   -854     3087

 COOLING
  TODAY            2                         7     -5        5
  MONTH TO DATE  106                       130    -24      125
  SINCE MAR 1    207                       174     33      170
  SINCE JAN 1    221                       174     47      176
..................................................................


WIND (MPH)
  RESULTANT WIND SPEED   9   RESULTANT WIND DIRECTION   N (10)
  HIGHEST WIND SPEED    20   HIGHEST WIND DIRECTION    NE (40)
  HIGHEST GUST SPEED    27   HIGHEST GUST DIRECTION     N (350)
  AVERAGE WIND SPEED     9.9


SKY COVER
  AVERAGE SKY COVER 0.1


WEATHER CONDITIONS
 THE FOLLOWING WEATHER WAS RECORDED TODAY.
  NO SIGNIFICANT WEATHER WAS OBSERVED.


RELATIVE HUMIDITY (PERCENT)
 HIGHEST    77           100 AM
 LOWEST     23           300 PM
 AVERAGE    50

..........................................................


THE BORGER CLIMATE NORMALS FOR TOMORROW
                         NORMAL    RECORD    YEAR
 MAXIMUM TEMPERATURE (F)   85       105      2011
 MINIMUM TEMPERATURE (F)   60        41      1984


SUNRISE AND SUNSET
MAY 28 2017...........SUNRISE   632 AM CDT   SUNSET   854 PM CDT
MAY 29 2017...........SUNRISE   632 AM CDT   SUNSET   854 PM CDT


-  INDICATES NEGATIVE NUMBERS.
R  INDICATES RECORD WAS SET OR TIED.
MM INDICATES DATA IS MISSING.
T  INDICATES TRACE AMOUNT.




$$
