000
CDUS44 KAMA 072229
CLIBGD


CLIMATE REPORT
NATIONAL WEATHER SERVICE AMARILLO TX
427 PM CST WED DEC 7 2016


...................................

...THE BORGER CLIMATE SUMMARY FOR DECEMBER 7 2016...
VALID TODAY AS OF 0400 PM LOCAL TIME.

CLIMATE NORMAL PERIOD 1981 TO 2010
CLIMATE RECORD PERIOD 1949 TO 2016


WEATHER ITEM   OBSERVED TIME   RECORD YEAR NORMAL DEPARTURE LAST
                VALUE   (LST)  VALUE       VALUE  FROM      YEAR
                                                  NORMAL
..................................................................
TEMPERATURE (F)
 TODAY
  MAXIMUM         34    259 PM  75    2003  52    -18       64
  MINIMUM         21    818 AM   5    2013  28     -7       36
                                      2005
  AVERAGE         28                        40    -12       50

PRECIPITATION (IN)
  TODAY            0.00          0.56 1980   0.02  -0.02     0.00
  MONTH TO DATE    0.11                      0.14  -0.03     0.00
  SINCE DEC 1      0.11                      0.14  -0.03     0.00
  SINCE JAN 1     15.67                     21.09  -5.42    42.00

SNOWFALL (IN)
  TODAY            0.0          MM      MM                   0.0
  MONTH TO DATE    0.0                                       0.0
  SINCE DEC 1      0.0                                       0.0
  SINCE JUL 1      0.0                                       0.8
  SNOW DEPTH       0

DEGREE DAYS
 HEATING
  TODAY           37                        25     12       15
  MONTH TO DATE  185                       168     17      131
  SINCE DEC 1    185                       168     17      131
  SINCE JUL 1    558                       885   -327      703

 COOLING
  TODAY            0                         0      0        0
  MONTH TO DATE    0                         0      0        0
  SINCE DEC 1      0                         0      0        0
  SINCE JAN 1   2180                      1839    341     1960
..................................................................


WIND (MPH)
  RESULTANT WIND SPEED   4   RESULTANT WIND DIRECTION   E (100)
  HIGHEST WIND SPEED    17   HIGHEST WIND DIRECTION    NE (30)
  HIGHEST GUST SPEED    22   HIGHEST GUST DIRECTION    NE (40)
  AVERAGE WIND SPEED     8.0


SKY COVER
  AVERAGE SKY COVER 0.4


WEATHER CONDITIONS
 THE FOLLOWING WEATHER WAS RECORDED TODAY.
  NO SIGNIFICANT WEATHER WAS OBSERVED.


RELATIVE HUMIDITY (PERCENT)
 HIGHEST    84           800 AM
 LOWEST     55          1200 AM
 AVERAGE    70

..........................................................


THE BORGER CLIMATE NORMALS FOR TOMORROW
                         NORMAL    RECORD    YEAR
 MAXIMUM TEMPERATURE (F)   52        78      1970
 MINIMUM TEMPERATURE (F)   28         0      2005


SUNRISE AND SUNSET
DECEMBER  7 2016......SUNRISE   743 AM CST   SUNSET   532 PM CST
DECEMBER  8 2016......SUNRISE   743 AM CST   SUNSET   532 PM CST


-  INDICATES NEGATIVE NUMBERS.
R  INDICATES RECORD WAS SET OR TIED.
MM INDICATES DATA IS MISSING.
T  INDICATES TRACE AMOUNT.




$$
