000
CDUS44 KAMA 180726
CLIBGD


CLIMATE REPORT
NATIONAL WEATHER SERVICE AMARILLO TX
125 AM CST THU JAN 18 2018


...................................

...THE BORGER CLIMATE SUMMARY FOR JANUARY 17 2018...

CLIMATE NORMAL PERIOD 1981 TO 2010
CLIMATE RECORD PERIOD 1949 TO 2018


WEATHER ITEM   OBSERVED TIME   RECORD YEAR NORMAL DEPARTURE LAST
                VALUE   (LST)  VALUE       VALUE  FROM      YEAR
                                                  NORMAL
..................................................................
TEMPERATURE (F)
 YESTERDAY
  MAXIMUM         48    442 PM  75    1950  52     -4       54
  MINIMUM         14    336 AM   4    1978  26    -12       36
  AVERAGE         31                        39     -8       45

PRECIPITATION (IN)
  YESTERDAY        0.00          0.47 2004   0.01  -0.01     0.00
  MONTH TO DATE    0.01                      0.27  -0.26     2.56
  SINCE DEC 1      0.01                      1.04  -1.03     2.78
  SINCE JAN 1      0.01                      0.27  -0.26     2.56

SNOWFALL (IN)
  YESTERDAY        0.0           4.0  1984                   0.0
  MONTH TO DATE    0.0                                       3.5
  SINCE DEC 1      1.2                                       3.6
  SINCE JUL 1      2.0                                       3.6
  SNOW DEPTH       0

DEGREE DAYS
 HEATING
  YESTERDAY       34                        26      8       20
  MONTH TO DATE  483                       460     23      477
  SINCE DEC 1   1257                      1280    -23     1248
  SINCE JUL 1   1780                      1997   -217     1621

 COOLING
  YESTERDAY        0                         0      0        0
  MONTH TO DATE    0                         0      0        0
  SINCE DEC 1      0                         0      0        0
  SINCE JAN 1      0                         0      0        0
..................................................................


WIND (MPH)
  RESULTANT WIND SPEED  12   RESULTANT WIND DIRECTION   S (200)
  HIGHEST WIND SPEED    23   HIGHEST WIND DIRECTION    SW (240)
  HIGHEST GUST SPEED    30   HIGHEST GUST DIRECTION     S (200)
  AVERAGE WIND SPEED    12.9


SKY COVER
  AVERAGE SKY COVER 0.0


WEATHER CONDITIONS
 THE FOLLOWING WEATHER WAS RECORDED YESTERDAY.
  NO SIGNIFICANT WEATHER WAS OBSERVED.


RELATIVE HUMIDITY (PERCENT)
 HIGHEST    49           600 AM
 LOWEST     23           400 PM
 AVERAGE    36

..........................................................


THE BORGER CLIMATE NORMALS FOR TODAY
                         NORMAL    RECORD    YEAR
 MAXIMUM TEMPERATURE (F)   52        71      1982
 MINIMUM TEMPERATURE (F)   26        -3      1984


SUNRISE AND SUNSET
JANUARY 18 2018.......SUNRISE   754 AM CST   SUNSET   559 PM CST
JANUARY 19 2018.......SUNRISE   753 AM CST   SUNSET   600 PM CST


-  INDICATES NEGATIVE NUMBERS.
R  INDICATES RECORD WAS SET OR TIED.
MM INDICATES DATA IS MISSING.
T  INDICATES TRACE AMOUNT.




$$
