000
CDUS41 KBGM 010537
CLIBGM


CLIMATE REPORT
NATIONAL WEATHER SERVICE BINGHAMTON NY
136 AM EDT WED JUN 1 2016


...................................

...THE BINGHAMTON NY CLIMATE SUMMARY FOR MAY 31 2016...

CLIMATE NORMAL PERIOD 1981 TO 2010
CLIMATE RECORD PERIOD 1951 TO 2016


WEATHER ITEM   OBSERVED TIME   RECORD YEAR NORMAL DEPARTURE LAST
                VALUE   (LST)  VALUE       VALUE  FROM      YEAR
                                                  NORMAL
..................................................................
TEMPERATURE (F)
 YESTERDAY
  MAXIMUM         79    308 PM  87    2013  70      9       67
                                      2011
  MINIMUM         57    345 AM  37    2009  51      6       53
                                      2001
                                      1961
  AVERAGE         68                        60      8       60

PRECIPITATION (IN)
  YESTERDAY        0.00          2.91 1992   0.13  -0.13     0.29
  MONTH TO DATE    2.85                      3.57  -0.72     3.41
  SINCE MAR 1      7.08                      9.99  -2.91     9.61
  SINCE JAN 1     12.39                     14.75  -2.36    13.55

SNOWFALL (IN)
  YESTERDAY        0.0           T    1998   0.0    0.0      0.0
  MONTH TO DATE    T                         0.1   -0.1      0.0
  SINCE MAR 1     10.3                      19.5   -9.2     17.6
  SINCE JUL 1     32.0                      83.4  -51.4     93.4
  SNOW DEPTH       0

DEGREE DAYS
 HEATING
  YESTERDAY        0                         6     -6        5
  MONTH TO DATE  321                       305     16      153
  SINCE MAR 1   1771                      1905   -134     1926
  SINCE JUL 1   6129                      7104   -975     7458

 COOLING
  YESTERDAY        3                         1      2        0
  MONTH TO DATE   46                        19     27       73
  SINCE MAR 1     46                        23     23       73
  SINCE JAN 1     46                        23     23       73
..................................................................


WIND (MPH)
  HIGHEST WIND SPEED    16   HIGHEST WIND DIRECTION     N (350)
  HIGHEST GUST SPEED    21   HIGHEST GUST DIRECTION     N (350)
  AVERAGE WIND SPEED     5.4


SKY COVER
  AVERAGE SKY COVER 0.1


WEATHER CONDITIONS
 THE FOLLOWING WEATHER WAS RECORDED YESTERDAY.
  NO SIGNIFICANT WEATHER WAS OBSERVED.


RELATIVE HUMIDITY (PERCENT)
 HIGHEST   100          1200 AM
 LOWEST     42           400 PM
 AVERAGE    71

..........................................................


THE BINGHAMTON NY CLIMATE NORMALS FOR TODAY
                         NORMAL    RECORD    YEAR
 MAXIMUM TEMPERATURE (F)   70        86      2011
                                             1954
 MINIMUM TEMPERATURE (F)   51        37      2009
                                             2001
                                             1966


SUNRISE AND SUNSET
JUNE  1 2016..........SUNRISE   530 AM EDT   SUNSET   834 PM EDT
JUNE  2 2016..........SUNRISE   530 AM EDT   SUNSET   835 PM EDT


-  INDICATES NEGATIVE NUMBERS.
R  INDICATES RECORD WAS SET OR TIED.
MM INDICATES DATA IS MISSING.
T  INDICATES TRACE AMOUNT.




$$
