000
CDUS41 KBGM 190559
CLIBGM


CLIMATE REPORT
NATIONAL WEATHER SERVICE BINGHAMTON NY
1258 AM EST SUN NOV 19 2017


...................................

...THE BINGHAMTON NY CLIMATE SUMMARY FOR NOVEMBER 18 2017...

CLIMATE NORMAL PERIOD 1981 TO 2010
CLIMATE RECORD PERIOD 1951 TO 2017


WEATHER ITEM   OBSERVED TIME   RECORD YEAR NORMAL DEPARTURE LAST
                VALUE   (LST)  VALUE       VALUE  FROM      YEAR
                                                  NORMAL
..................................................................
TEMPERATURE (F)
 YESTERDAY
  MAXIMUM         43   1031 PM  65    1958  44     -1       63
  MINIMUM         24   1211 AM  11    1959  31     -7       30
  AVERAGE         34                        37     -3       47

PRECIPITATION (IN)
  YESTERDAY        0.38          0.96 1968   0.11   0.27     0.00
  MONTH TO DATE    1.46                      1.96  -0.50     0.41
  SINCE SEP 1      6.85                      8.92  -2.07     7.27
  SINCE JAN 1     46.59                     35.13  11.46    30.82

SNOWFALL (IN)
  YESTERDAY        0.0           5.5  1986   0.2   -0.2      0.0
  MONTH TO DATE    1.1                       2.4   -1.3      0.0
  SINCE SEP 1      1.1                       3.4   -2.3      1.0
  SINCE JUL 1      1.1                       3.4   -2.3      1.0
  SNOW DEPTH       0

DEGREE DAYS
 HEATING
  YESTERDAY       31                        28      3       18
  MONTH TO DATE  499                       442     57      383
  SINCE SEP 1    976                      1151   -175      985
  SINCE JUL 1   1057                      1214   -157      994

 COOLING
  YESTERDAY        0                         0      0        0
  MONTH TO DATE    0                         0      0        0
  SINCE SEP 1     78                        33     45       52
  SINCE JAN 1    349                       381    -32      563
..................................................................


WIND (MPH)
  HIGHEST WIND SPEED    17   HIGHEST WIND DIRECTION     S (190)
  HIGHEST GUST SPEED    24   HIGHEST GUST DIRECTION     S (190)
  AVERAGE WIND SPEED     9.8


SKY COVER
  AVERAGE SKY COVER 0.7


WEATHER CONDITIONS
 THE FOLLOWING WEATHER WAS RECORDED YESTERDAY.
  RAIN
  LIGHT RAIN
  FOG


RELATIVE HUMIDITY (PERCENT)
 HIGHEST   100           500 PM
 LOWEST     54          1100 AM
 AVERAGE    77

..........................................................


THE BINGHAMTON NY CLIMATE NORMALS FOR TODAY
                         NORMAL    RECORD    YEAR
 MAXIMUM TEMPERATURE (F)   44        70      1991
 MINIMUM TEMPERATURE (F)   30        10      2014


SUNRISE AND SUNSET
NOVEMBER 19 2017......SUNRISE   700 AM EST   SUNSET   439 PM EST
NOVEMBER 20 2017......SUNRISE   701 AM EST   SUNSET   438 PM EST


-  INDICATES NEGATIVE NUMBERS.
R  INDICATES RECORD WAS SET OR TIED.
MM INDICATES DATA IS MISSING.
T  INDICATES TRACE AMOUNT.




$$
