000
CDUS41 KBGM 190547
CLIBGM


CLIMATE REPORT
NATIONAL WEATHER SERVICE BINGHAMTON NY
146 AM EDT FRI SEP 19 2014


...................................

...THE BINGHAMTON NY CLIMATE SUMMARY FOR SEPTEMBER 18 2014...

CLIMATE NORMAL PERIOD 1981 TO 2010
CLIMATE RECORD PERIOD 1951 TO 2014


WEATHER ITEM   OBSERVED TIME   RECORD YEAR NORMAL DEPARTURE LAST
                VALUE   (LST)  VALUE       VALUE  FROM      YEAR
                                                  NORMAL
..................................................................
TEMPERATURE (F)
 YESTERDAY
  MAXIMUM         66    228 PM  83    1955  68     -2       67
  MINIMUM         43    614 AM  35    1990  50     -7       42
  AVERAGE         55                        59     -4       55

PRECIPITATION (IN)
  YESTERDAY        0.00          1.22 1970   0.13  -0.13     0.00
  MONTH TO DATE    1.73                      2.13  -0.40     2.36
  SINCE SEP 1      1.73                      2.13  -0.40     2.36
  SINCE JAN 1     30.76                     28.34   2.42    32.65

SNOWFALL (IN)
  YESTERDAY        0.0           T    1962   0.0    0.0      0.0
  MONTH TO DATE    0.0                       0.0    0.0      0.0
  SINCE SEP 1      0.0                       0.0    0.0      0.0
  SINCE JUL 1      T                         0.0    0.0      0.0
  SNOW DEPTH       0

DEGREE DAYS
 HEATING
  YESTERDAY       10                         7      3       10
  MONTH TO DATE   94                        83     11      131
  SINCE SEP 1     94                        83     11      131
  SINCE JUL 1    160                       146     14      182

 COOLING
  YESTERDAY        0                         1     -1        0
  MONTH TO DATE   38                        25     13       41
  SINCE SEP 1     38                        25     13       41
  SINCE JAN 1    340                       373    -33      468
..................................................................


WIND (MPH)
  HIGHEST WIND SPEED    17   HIGHEST WIND DIRECTION     N (360)
  HIGHEST GUST SPEED    22   HIGHEST GUST DIRECTION     N (350)
  AVERAGE WIND SPEED     5.6


SKY COVER
  AVERAGE SKY COVER 0.4


WEATHER CONDITIONS
 THE FOLLOWING WEATHER WAS RECORDED YESTERDAY.
  FOG


RELATIVE HUMIDITY (PERCENT)
 HIGHEST    93           200 AM
 LOWEST     52           200 PM
 AVERAGE    73

..........................................................


THE BINGHAMTON NY CLIMATE NORMALS FOR TODAY
                         NORMAL    RECORD    YEAR
 MAXIMUM TEMPERATURE (F)   67        89      1983
 MINIMUM TEMPERATURE (F)   50        35      1959


SUNRISE AND SUNSET
SEPTEMBER 19 2014.....SUNRISE   648 AM EDT   SUNSET   706 PM EDT
SEPTEMBER 20 2014.....SUNRISE   649 AM EDT   SUNSET   705 PM EDT


-  INDICATES NEGATIVE NUMBERS.
R  INDICATES RECORD WAS SET OR TIED.
MM INDICATES DATA IS MISSING.
T  INDICATES TRACE AMOUNT.




$$
