000
CDUS41 KCAR 250550
CLIBGR


CLIMATE REPORT
NATIONAL WEATHER SERVICE CARIBOU, ME
1249 AM EST SUN FEB 25 2018


...................................

...THE BANGOR ME CLIMATE SUMMARY FOR FEBRUARY 24 2018...

CLIMATE NORMAL PERIOD 1981 TO 2010
CLIMATE RECORD PERIOD 1925 TO 2018


WEATHER ITEM   OBSERVED TIME   RECORD YEAR NORMAL DEPARTURE LAST
                VALUE   (LST)  VALUE       VALUE  FROM      YEAR
                                                  NORMAL
..................................................................
TEMPERATURE (F)
 YESTERDAY
  MAXIMUM         47   1230 PM  55    2017  34     13       55
  MINIMUM         28   1147 PM -26    1929  13     15       32
  AVERAGE         38                        23     15       44

PRECIPITATION (IN)
  YESTERDAY        0.00          0.85 1979   0.09  -0.09     0.05
  MONTH TO DATE    2.83                      2.13   0.70     1.83
  SINCE DEC 1     12.19                      8.50   3.69     9.23
  SINCE JAN 1      8.36                      5.02   3.34     5.46

SNOWFALL (IN)
  YESTERDAY        0.0          10.0  1962   0.5             0.0
  MONTH TO DATE   17.1                      12.8            37.4
  SINCE DEC 1     74.9                      46.4            61.8
  SINCE JUL 1     74.9                      48.8            63.3
  SNOW DEPTH       T

DEGREE DAYS
 HEATING
  YESTERDAY       27                        42    -15       21
  MONTH TO DATE  969                      1075   -106     1049
  SINCE DEC 1   3835                      3813     22     3598
  SINCE JUL 1   5094                      5482   -388     5017

 COOLING
  YESTERDAY        0                         0      0        0
  MONTH TO DATE    0                         0      0        0
  SINCE DEC 1      0                         0      0        0
  SINCE JAN 1      0                         0      0        0
..................................................................


WIND (MPH)
  RESULTANT WIND SPEED   7   RESULTANT WIND DIRECTION  NW (300)
  HIGHEST WIND SPEED    22   HIGHEST WIND DIRECTION    NW (320)
  HIGHEST GUST SPEED    29   HIGHEST GUST DIRECTION    NW (310)


SKY COVER
  POSSIBLE SUNSHINE  MM
  AVERAGE SKY COVER 0.7


WEATHER CONDITIONS
 THE FOLLOWING WEATHER WAS RECORDED YESTERDAY.
  NO SIGNIFICANT WEATHER WAS OBSERVED.


RELATIVE HUMIDITY (PERCENT)
 HIGHEST   100
 LOWEST     45
 AVERAGE    73

..........................................................


THE BANGOR ME CLIMATE NORMALS FOR TODAY
                         NORMAL    RECORD    YEAR
 MAXIMUM TEMPERATURE (F)   34        59      1984
 MINIMUM TEMPERATURE (F)   13       -11      1929


SUNRISE AND SUNSET
FEBRUARY 25 2018......SUNRISE   620 AM EST   SUNSET   517 PM EST
FEBRUARY 26 2018......SUNRISE   618 AM EST   SUNSET   519 PM EST


-  INDICATES NEGATIVE NUMBERS.
R  INDICATES RECORD WAS SET OR TIED.
MM INDICATES DATA IS MISSING.
T  INDICATES TRACE AMOUNT.




$$
