000
CDUS41 KCAR 270529
CLIBGR


CLIMATE REPORT
NATIONAL WEATHER SERVICE CARIBOU, ME
129 AM EDT THU JUL 27 2017


...................................

...THE BANGOR ME CLIMATE SUMMARY FOR JULY 26 2017...

CLIMATE NORMAL PERIOD 1981 TO 2010
CLIMATE RECORD PERIOD 1925 TO 2017


WEATHER ITEM   OBSERVED TIME   RECORD YEAR NORMAL DEPARTURE LAST
                VALUE   (LST)  VALUE       VALUE  FROM      YEAR
                                                  NORMAL
..................................................................
TEMPERATURE (F)
 YESTERDAY
  MAXIMUM         83    101 PM  96    1963  80      3       88
  MINIMUM         49    430 AM  44    1929  58     -9       67
                                      1926
  AVERAGE         66                        69     -3       78

PRECIPITATION (IN)
  YESTERDAY        0.00          2.01 1986   0.12  -0.12     0.03
  MONTH TO DATE    1.76                      2.87  -1.11     2.69
  SINCE JUN 1      6.08                      6.63  -0.55     5.54
  SINCE JAN 1     24.38                     22.68   1.70    19.75

SNOWFALL (IN)
  YESTERDAY        0.0           0.0  2002   0.0             0.0
                                      2001
  MONTH TO DATE    0.0                       0.0             0.0
  SINCE JUN 1      T                         0.0             0.0
  SINCE JUL 1      0.0                       0.0             0.0
  SNOW DEPTH       0

DEGREE DAYS
 HEATING
  YESTERDAY        0                         1     -1        0
  MONTH TO DATE   14                        26    -12       23
  SINCE JUN 1    105                       133    -28      126
  SINCE JUL 1     14                        26    -12       23

 COOLING
  YESTERDAY        1                         5     -4       13
  MONTH TO DATE   93                       111    -18      153
  SINCE JUN 1    146                       163    -17      175
  SINCE JAN 1    153                       169    -16      185
..................................................................


WIND (MPH)
  RESULTANT WIND SPEED   4   RESULTANT WIND DIRECTION   S (190)
  HIGHEST WIND SPEED    17   HIGHEST WIND DIRECTION     S (180)
  HIGHEST GUST SPEED    23   HIGHEST GUST DIRECTION     S (180)


SKY COVER
  POSSIBLE SUNSHINE  MM
  AVERAGE SKY COVER 0.3


WEATHER CONDITIONS
 THE FOLLOWING WEATHER WAS RECORDED YESTERDAY.
  FOG


RELATIVE HUMIDITY (PERCENT)
 HIGHEST   100
 LOWEST     31
 AVERAGE    66

..........................................................


THE BANGOR ME CLIMATE NORMALS FOR TODAY
                         NORMAL    RECORD    YEAR
 MAXIMUM TEMPERATURE (F)   80        94      1963
                                             1949
 MINIMUM TEMPERATURE (F)   58        42      1946


SUNRISE AND SUNSET
JULY 27 2017..........SUNRISE   516 AM EDT   SUNSET   807 PM EDT
JULY 28 2017..........SUNRISE   517 AM EDT   SUNSET   806 PM EDT


-  INDICATES NEGATIVE NUMBERS.
R  INDICATES RECORD WAS SET OR TIED.
MM INDICATES DATA IS MISSING.
T  INDICATES TRACE AMOUNT.




$$
