000
CDUS41 KCAR 310529
CLIBGR


CLIMATE REPORT
NATIONAL WEATHER SERVICE CARIBOU, ME
128 AM EDT FRI JUL 31 2015


...................................

...THE BANGOR ME CLIMATE SUMMARY FOR JULY 30 2015...

CLIMATE NORMAL PERIOD 1981 TO 2010
CLIMATE RECORD PERIOD 1925 TO 2015


WEATHER ITEM   OBSERVED TIME   RECORD YEAR NORMAL DEPARTURE LAST
                VALUE   (LST)  VALUE       VALUE  FROM      YEAR
                                                  NORMAL
..................................................................
TEMPERATURE (F)
 YESTERDAY
  MAXIMUM         85    155 PM  99    1949  80      5       77
  MINIMUM         62    426 AM  46    1968  58      4       56
  AVERAGE         74                        69      5       67

PRECIPITATION (IN)
  YESTERDAY        0.13          1.05 1960   0.11   0.02     0.00
  MONTH TO DATE    1.16                      3.34  -2.18     6.78
  SINCE JUN 1      6.06                      7.10  -1.04    10.37
  SINCE JAN 1     17.11                     23.15  -6.04    24.78

SNOWFALL (IN)
  YESTERDAY        0.0           0.0  2002   0.0             0.0
                                      2001
  MONTH TO DATE    0.0                       0.0             0.0
  SINCE JUN 1      0.0                       0.0             0.0
  SINCE JUL 1      0.0                       0.0             0.0
  SNOW DEPTH       0

DEGREE DAYS
 HEATING
  YESTERDAY        0                         1     -1        0
  MONTH TO DATE   29                        30     -1        5
  SINCE JUN 1    205                       137     68       76
  SINCE JUL 1     29                        30     -1        5

 COOLING
  YESTERDAY        9                         5      4        2
  MONTH TO DATE   93                       131    -38      168
  SINCE JUN 1    117                       183    -66      214
  SINCE JAN 1    140                       189    -49      214
..................................................................


WIND (MPH)
  RESULTANT WIND SPEED   5   RESULTANT WIND DIRECTION   S (180)
  HIGHEST WIND SPEED    17   HIGHEST WIND DIRECTION     S (180)
  HIGHEST GUST SPEED    26   HIGHEST GUST DIRECTION     S (170)


SKY COVER
  POSSIBLE SUNSHINE  MM
  AVERAGE SKY COVER 0.6


WEATHER CONDITIONS
 THE FOLLOWING WEATHER WAS RECORDED YESTERDAY.
  THUNDERSTORM
  LIGHT RAIN
  FOG
  HAZE


RELATIVE HUMIDITY (PERCENT)
 HIGHEST   100
 LOWEST     59
 AVERAGE    80

..........................................................


THE BANGOR ME CLIMATE NORMALS FOR TODAY
                         NORMAL    RECORD    YEAR
 MAXIMUM TEMPERATURE (F)   80        97      1949
 MINIMUM TEMPERATURE (F)   58        44      1927


SUNRISE AND SUNSET
JULY 31 2015..........SUNRISE   520 AM EDT   SUNSET   803 PM EDT
AUGUST  1 2015........SUNRISE   521 AM EDT   SUNSET   802 PM EDT


-  INDICATES NEGATIVE NUMBERS.
R  INDICATES RECORD WAS SET OR TIED.
MM INDICATES DATA IS MISSING.
T  INDICATES TRACE AMOUNT.




$$
