000
CDUS41 KCAR 230527
CLIBGR


CLIMATE REPORT
NATIONAL WEATHER SERVICE CARIBOU, ME
126 AM EDT THU OCT 23 2014


...................................

...THE BANGOR ME CLIMATE SUMMARY FOR OCTOBER 22 2014...

CLIMATE NORMAL PERIOD 1981 TO 2010
CLIMATE RECORD PERIOD 1925 TO 2014


WEATHER ITEM   OBSERVED TIME   RECORD YEAR NORMAL DEPARTURE LAST
                VALUE   (LST)  VALUE       VALUE  FROM      YEAR
                                                  NORMAL
..................................................................
TEMPERATURE (F)
 YESTERDAY
  MAXIMUM         51   1156 AM  84    1979  55     -4       62
  MINIMUM         45    901 PM  20    1959  35     10       40
  AVERAGE         48                        45      3       51

PRECIPITATION (IN)
  YESTERDAY        0.45          1.08 1942   0.13   0.32     0.02
  MONTH TO DATE    4.37                      2.98   1.39     0.71
  SINCE SEP 1      5.26                      6.81  -1.55     7.88
  SINCE JAN 1     33.00                     33.06  -0.06    33.06

SNOWFALL (IN)
  YESTERDAY        0.0           1.1  1969   0.0             0.0
  MONTH TO DATE    0.0                       0.1             0.0
  SINCE SEP 1      0.0                       0.1             0.0
  SINCE JUL 1      0.0                       0.1             0.0
  SNOW DEPTH       0

DEGREE DAYS
 HEATING
  YESTERDAY       17                        20     -3       14
  MONTH TO DATE  253                       359   -106      233
  SINCE SEP 1    467                       568   -101      435
  SINCE JUL 1    488                       631   -143      467

 COOLING
  YESTERDAY        0                         0      0        0
  MONTH TO DATE    2                         0      2        0
  SINCE SEP 1     49                        23     26       33
  SINCE JAN 1    363                       317     46      355
..................................................................


WIND (MPH)
  RESULTANT WIND SPEED  14   RESULTANT WIND DIRECTION  NE (30)
  HIGHEST WIND SPEED    23   HIGHEST WIND DIRECTION    NE (30)
  HIGHEST GUST SPEED    32   HIGHEST GUST DIRECTION    NE (30)


SKY COVER
  POSSIBLE SUNSHINE  MM
  AVERAGE SKY COVER 1.0


WEATHER CONDITIONS
 THE FOLLOWING WEATHER WAS RECORDED YESTERDAY.
  RAIN
  LIGHT RAIN
  FOG


RELATIVE HUMIDITY (PERCENT)
 HIGHEST    93
 LOWEST     77
 AVERAGE    85

..........................................................


THE BANGOR ME CLIMATE NORMALS FOR TODAY
                         NORMAL    RECORD    YEAR
 MAXIMUM TEMPERATURE (F)   55        78      1947
 MINIMUM TEMPERATURE (F)   35        20      1940


SUNRISE AND SUNSET
OCTOBER 23 2014.......SUNRISE   701 AM EDT   SUNSET   537 PM EDT
OCTOBER 24 2014.......SUNRISE   702 AM EDT   SUNSET   536 PM EDT


-  INDICATES NEGATIVE NUMBERS.
R  INDICATES RECORD WAS SET OR TIED.
MM INDICATES DATA IS MISSING.
T  INDICATES TRACE AMOUNT.




$$
