623
CDUS41 KCAR 240535
CLIBGR


CLIMATE REPORT
NATIONAL WEATHER SERVICE CARIBOU, ME
132 AM EDT TUE MAY 24 2016


...................................

...THE BANGOR ME CLIMATE SUMMARY FOR MAY 23 2016...

CLIMATE NORMAL PERIOD 1981 TO 2010
CLIMATE RECORD PERIOD 1925 TO 2016


WEATHER ITEM   OBSERVED TIME   RECORD YEAR NORMAL DEPARTURE LAST
                VALUE   (LST)  VALUE       VALUE  FROM      YEAR
                                                  NORMAL
..................................................................
TEMPERATURE (F)
 YESTERDAY
  MAXIMUM         84    412 PM  91    1992  68     16       58
  MINIMUM         48    315 AM  31    1929  45      3       36
  AVERAGE         66                        56     10       47

PRECIPITATION (IN)
  YESTERDAY        0.00          1.08 1974   0.13  -0.13     0.00
  MONTH TO DATE    1.84                      2.65  -0.81     0.93
  SINCE MAR 1      7.69                      9.65  -1.96     4.77
  SINCE JAN 1     13.96                     15.06  -1.10     9.66

SNOWFALL (IN)
  YESTERDAY        0.0           0.0  2002   0.0             0.0
                                      2001
  MONTH TO DATE    T                         0.1             0.0
  SINCE MAR 1      6.0                      15.5            21.9
  SINCE JUL 1     44.6                      66.2           139.0
  SNOW DEPTH       0

DEGREE DAYS
 HEATING
  YESTERDAY        0                         9     -9       18
  MONTH TO DATE  215                       292    -77      240
  SINCE MAR 1   1928                      2044   -116     2215
  SINCE JUL 1   6843                      7690   -847     8105

 COOLING
  YESTERDAY        1                         0      1        0
  MONTH TO DATE    5                         0      5        1
  SINCE MAR 1      5                         0      5        1
  SINCE JAN 1      5                         0      5        1
..................................................................


WIND (MPH)
  RESULTANT WIND SPEED   4   RESULTANT WIND DIRECTION   N (0)
  HIGHEST WIND SPEED    21   HIGHEST WIND DIRECTION     N (10)
  HIGHEST GUST SPEED    27   HIGHEST GUST DIRECTION     N (360)


SKY COVER
  POSSIBLE SUNSHINE  MM
  AVERAGE SKY COVER 0.6


WEATHER CONDITIONS
 THE FOLLOWING WEATHER WAS RECORDED YESTERDAY.
  NO SIGNIFICANT WEATHER WAS OBSERVED.


RELATIVE HUMIDITY (PERCENT)
 HIGHEST    83
 LOWEST     24
 AVERAGE    54

..........................................................


THE BANGOR ME CLIMATE NORMALS FOR TODAY
                         NORMAL    RECORD    YEAR
 MAXIMUM TEMPERATURE (F)   68        91      1964
 MINIMUM TEMPERATURE (F)   45        32      1956


SUNRISE AND SUNSET
MAY 24 2016...........SUNRISE   458 AM EDT   SUNSET   807 PM EDT
MAY 25 2016...........SUNRISE   457 AM EDT   SUNSET   808 PM EDT


-  INDICATES NEGATIVE NUMBERS.
R  INDICATES RECORD WAS SET OR TIED.
MM INDICATES DATA IS MISSING.
T  INDICATES TRACE AMOUNT.




$$
