000
CDUS41 KCAR 282129
CLIBGR


CLIMATE REPORT
NATIONAL WEATHER SERVICE CARIBOU, ME
428 PM EST FRI NOV 28 2014


...................................

...THE BANGOR ME CLIMATE SUMMARY FOR NOVEMBER 28 2014...
VALID TODAY AS OF 0400 PM LOCAL TIME.

CLIMATE NORMAL PERIOD 1981 TO 2010
CLIMATE RECORD PERIOD 1925 TO 2014


WEATHER ITEM   OBSERVED TIME   RECORD YEAR NORMAL DEPARTURE LAST
                VALUE   (LST)  VALUE       VALUE  FROM      YEAR
                                                  NORMAL
..................................................................
TEMPERATURE (F)
 TODAY
  MAXIMUM         25    342 PM  58    2011  40    -15       39
                                      1993
                                      1990
  MINIMUM          7    411 AM   3    1987  24    -17       18
  AVERAGE         16                        32    -16       29

PRECIPITATION (IN)
  TODAY            0.00          1.43 1959   0.14  -0.14     0.01
  MONTH TO DATE    3.20                      3.91  -0.71     3.76
  SINCE SEP 1     10.94                     11.91  -0.97    11.95
  SINCE JAN 1     38.68                     38.16   0.52    37.13

SNOWFALL (IN)
  TODAY            0.0           4.0  1961   0.2   -0.2       T
  MONTH TO DATE   25.9                       2.0   23.9      0.7
  SINCE SEP 1     25.9                       2.1   23.8      0.7
  SINCE JUL 1     25.9                       2.1   23.8      0.7
  SNOW DEPTH      10

DEGREE DAYS
 HEATING
  TODAY           49                        33     16       36
  MONTH TO DATE  851                       775     76      798
  SINCE SEP 1   1476                      1538    -62     1460
  SINCE JUL 1   1497                      1601   -104     1492

 COOLING
  TODAY            0                         0      0        0
  MONTH TO DATE    0                         0      0        0
  SINCE SEP 1     49                        24     25       33
  SINCE JAN 1    363                       318     45      355
..................................................................


WIND (MPH)
  HIGHEST WIND SPEED    12   HIGHEST WIND DIRECTION    NW (320)
  HIGHEST GUST SPEED    14   HIGHEST GUST DIRECTION     N (360)
  AVERAGE WIND SPEED     4.6


SKY COVER
  POSSIBLE SUNSHINE  MM
  AVERAGE SKY COVER 0.8


WEATHER CONDITIONS
 THE FOLLOWING WEATHER WAS RECORDED TODAY.
  NO SIGNIFICANT WEATHER WAS OBSERVED.


RELATIVE HUMIDITY (PERCENT)
 HIGHEST    92           100 AM
 LOWEST     60          1200 PM
 AVERAGE    76

..........................................................


THE BANGOR ME CLIMATE NORMALS FOR TOMORROW
                         NORMAL    RECORD    YEAR
 MAXIMUM TEMPERATURE (F)   40        60      2003
                                             1963
 MINIMUM TEMPERATURE (F)   24        -3      1940


SUNRISE AND SUNSET
NOVEMBER 28 2014......SUNRISE   649 AM EST   SUNSET   357 PM EST
NOVEMBER 29 2014......SUNRISE   650 AM EST   SUNSET   357 PM EST


-  INDICATES NEGATIVE NUMBERS.
R  INDICATES RECORD WAS SET OR TIED.
MM INDICATES DATA IS MISSING.
T  INDICATES TRACE AMOUNT.




$$
