000
CDUS41 KCAR 280528
CLIBGR


CLIMATE REPORT
NATIONAL WEATHER SERVICE CARIBOU, ME
1228 AM EST WED JAN 28 2015


...................................

...THE BANGOR ME CLIMATE SUMMARY FOR JANUARY 27 2015...

CLIMATE NORMAL PERIOD 1981 TO 2010
CLIMATE RECORD PERIOD 1925 TO 2015


WEATHER ITEM   OBSERVED TIME   RECORD YEAR NORMAL DEPARTURE LAST
                VALUE   (LST)  VALUE       VALUE  FROM      YEAR
                                                  NORMAL
..................................................................
TEMPERATURE (F)
 YESTERDAY
  MAXIMUM         11   1159 PM  57    1974  27    -16       42
  MINIMUM          6    746 AM -21    1994   6      0       11
  AVERAGE          9                        17     -8       27

PRECIPITATION (IN)
  YESTERDAY        0.66          1.74 1976   0.09   0.57     0.08
  MONTH TO DATE    1.85                      2.53  -0.68     3.18
  SINCE DEC 1      7.08                      6.01   1.07     6.11
  SINCE JAN 1      1.85                      2.53  -0.68     3.18

SNOWFALL (IN)
  YESTERDAY       13.3 R        10.8  1963   0.6              T
  MONTH TO DATE   27.2                      16.8             8.7
  SINCE DEC 1     34.2                      31.2            37.3
  SINCE JUL 1     60.1                      33.6            38.0
  SNOW DEPTH       5

DEGREE DAYS
 HEATING
  YESTERDAY       56                        48      8       38
  MONTH TO DATE 1351                      1294     57     1235
  SINCE DEC 1   2462                      2546    -84     2662
  SINCE JUL 1   4046                      4215   -169     4247

 COOLING
  YESTERDAY        0                         0      0        0
  MONTH TO DATE    0                         0      0        0
  SINCE DEC 1      0                         0      0        0
  SINCE JAN 1      0                         0      0        0
..................................................................


WIND (MPH)
  RESULTANT WIND SPEED  24   RESULTANT WIND DIRECTION   N (20)
  HIGHEST WIND SPEED    36   HIGHEST WIND DIRECTION     N (20)
  HIGHEST GUST SPEED    45   HIGHEST GUST DIRECTION     N (360)


SKY COVER
  POSSIBLE SUNSHINE  MM
  AVERAGE SKY COVER 1.0


WEATHER CONDITIONS
 THE FOLLOWING WEATHER WAS RECORDED YESTERDAY.
  HEAVY SNOW
  SNOW
  LIGHT SNOW
  FOG
  HAZE
  BLOWING SNOW


RELATIVE HUMIDITY (PERCENT)
 HIGHEST    88
 LOWEST     50
 AVERAGE    69

..........................................................


THE BANGOR ME CLIMATE NORMALS FOR TODAY
                         NORMAL    RECORD    YEAR
 MAXIMUM TEMPERATURE (F)   28        49      2006
 MINIMUM TEMPERATURE (F)    7       -22      1935


SUNRISE AND SUNSET
JANUARY 28 2015.......SUNRISE   659 AM EST   SUNSET   438 PM EST
JANUARY 29 2015.......SUNRISE   658 AM EST   SUNSET   439 PM EST


-  INDICATES NEGATIVE NUMBERS.
R  INDICATES RECORD WAS SET OR TIED.
MM INDICATES DATA IS MISSING.
T  INDICATES TRACE AMOUNT.




$$
