000
CDUS44 KBMX 220831
CLIBHM


CLIMATE REPORT
NATIONAL WEATHER SERVICE BIRMINGHAM, AL
331 AM CDT SUN OCT 22 2017


...................................

...THE BIRMINGHAM CLIMATE SUMMARY FOR OCTOBER 21 2017...

CLIMATE NORMAL PERIOD 1981 TO 2010
CLIMATE RECORD PERIOD 1895 TO 2017


WEATHER ITEM   OBSERVED TIME   RECORD YEAR NORMAL DEPARTURE LAST
                VALUE   (LST)  VALUE       VALUE  FROM      YEAR
                                                  NORMAL
..................................................................
TEMPERATURE (F)
 YESTERDAY
  MAXIMUM         80    120 PM  89    1963  74      6       72
  MINIMUM         55    149 AM  30    1913  51      4       48
  AVERAGE         68                        62      6       60

PRECIPITATION (IN)
  YESTERDAY        0.00          3.08 1959   0.11  -0.11     0.00
  MONTH TO DATE    3.14                      2.31   0.83      T
  SINCE SEP 1      5.62                      6.21  -0.59     0.68
  SINCE JAN 1     61.18                     43.29  17.89    35.85

SNOWFALL (IN)
  YESTERDAY        0.0                       0.0    0.0      0.0
  MONTH TO DATE    0.0                       0.0    0.0      0.0
  SINCE SEP 1      0.0                       0.0    0.0      0.0
  SINCE JUL 1      0.0                       0.0    0.0      0.0
  SNOW DEPTH       0

DEGREE DAYS
 HEATING
  YESTERDAY        0                         5     -5        5
  MONTH TO DATE   14                        59    -45        5
  SINCE SEP 1     23                        68    -45        6
  SINCE JUL 1     23                        68    -45        6

 COOLING
  YESTERDAY        3                         2      1        0
  MONTH TO DATE  147                        72     75      164
  SINCE SEP 1    430                       372     58      634
  SINCE JAN 1   2243                      2022    221     2600
..................................................................


WIND (MPH)
  HIGHEST WIND SPEED    14   HIGHEST WIND DIRECTION    SE (140)
  HIGHEST GUST SPEED    19   HIGHEST GUST DIRECTION    SE (130)
  AVERAGE WIND SPEED     6.0


SKY COVER
  AVERAGE SKY COVER 0.5


WEATHER CONDITIONS
 THE FOLLOWING WEATHER WAS RECORDED YESTERDAY.
  NO SIGNIFICANT WEATHER WAS OBSERVED.


RELATIVE HUMIDITY (PERCENT)
 HIGHEST    86          1200 AM
 LOWEST     48           100 PM
 AVERAGE    67

..........................................................


THE BIRMINGHAM CLIMATE NORMALS FOR TODAY
                         NORMAL    RECORD    YEAR
 MAXIMUM TEMPERATURE (F)   74        89      1941
 MINIMUM TEMPERATURE (F)   51        28      1987


SUNRISE AND SUNSET
OCTOBER 22 2017.......SUNRISE   658 AM CDT   SUNSET   605 PM CDT
OCTOBER 23 2017.......SUNRISE   658 AM CDT   SUNSET   604 PM CDT


-  INDICATES NEGATIVE NUMBERS.
R  INDICATES RECORD WAS SET OR TIED.
MM INDICATES DATA IS MISSING.
T  INDICATES TRACE AMOUNT.




$$
