000
CDUS44 KBMX 220942
CLIBHM


CLIMATE REPORT
NATIONAL WEATHER SERVICE BIRMINGHAM, AL
441 AM CDT FRI AUG 22 2014


...................................

...THE BIRMINGHAM CLIMATE SUMMARY FOR AUGUST 21 2014...

CLIMATE NORMAL PERIOD 1981 TO 2010
CLIMATE RECORD PERIOD 1895 TO 2014


WEATHER ITEM   OBSERVED TIME   RECORD YEAR NORMAL DEPARTURE LAST
                VALUE   (LST)  VALUE       VALUE  FROM      YEAR
                                                  NORMAL
..................................................................
TEMPERATURE (F)
 YESTERDAY
  MAXIMUM         95    408 PM 102    1983  91      4       89
  MINIMUM         73    534 AM  55    1927  71      2       73
  AVERAGE         84                        81      3       81

PRECIPITATION (IN)
  YESTERDAY        0.00          2.69 1992   0.12  -0.12     0.00
  MONTH TO DATE    3.05                      2.74   0.31     4.23
  SINCE JUN 1      8.78                     11.92  -3.14    21.69
  SINCE JAN 1     31.64                     35.89  -4.25    52.20

DEGREE DAYS
 COOLING
  YESTERDAY       19                        16      3       16
  MONTH TO DATE  344                       336      8      277
  SINCE JUN 1   1182                      1217    -35     1114
  SINCE JAN 1   1475                      1499    -24     1379
..................................................................


WIND (MPH)
  HIGHEST WIND SPEED    13   HIGHEST WIND DIRECTION    NW (320)
  HIGHEST GUST SPEED    15   HIGHEST GUST DIRECTION     N (10)
  AVERAGE WIND SPEED     3.4


SKY COVER
  AVERAGE SKY COVER 0.3


WEATHER CONDITIONS
 THE FOLLOWING WEATHER WAS RECORDED YESTERDAY.
  NO SIGNIFICANT WEATHER WAS OBSERVED.


RELATIVE HUMIDITY (PERCENT)
 HIGHEST    82           300 AM
 LOWEST     43           200 PM
 AVERAGE    63

..........................................................


THE BIRMINGHAM CLIMATE NORMALS FOR TODAY
                         NORMAL    RECORD    YEAR
 MAXIMUM TEMPERATURE (F)   90       104      2007
 MINIMUM TEMPERATURE (F)   71        53      1956


SUNRISE AND SUNSET
AUGUST 22 2014........SUNRISE   614 AM CDT   SUNSET   725 PM CDT
AUGUST 23 2014........SUNRISE   615 AM CDT   SUNSET   724 PM CDT


-  INDICATES NEGATIVE NUMBERS.
R  INDICATES RECORD WAS SET OR TIED.
MM INDICATES DATA IS MISSING.
T  INDICATES TRACE AMOUNT.




$$
