000
CDUS44 KBMX 052133
CLIBHM


CLIMATE REPORT
NATIONAL WEATHER SERVICE BIRMINGHAM, AL
433 PM CDT THU MAY 5 2016


...................................

...THE BIRMINGHAM CLIMATE SUMMARY FOR MAY 5 2016...
VALID AS OF 0400 PM LOCAL TIME.

CLIMATE NORMAL PERIOD 1981 TO 2010
CLIMATE RECORD PERIOD 1895 TO 2016


WEATHER ITEM   OBSERVED TIME   RECORD YEAR NORMAL DEPARTURE LAST
                VALUE   (LST)  VALUE       VALUE  FROM      YEAR
                                                  NORMAL
..................................................................
TEMPERATURE (F)
 TODAY
  MAXIMUM         71    240 PM  92    1902  79     -8       83
  MINIMUM         48    526 AM  38    1957  56     -8       59
  AVERAGE         60                        68     -8       71

PRECIPITATION (IN)
  TODAY            0.00          2.56 1908   0.16  -0.16     0.00
  MONTH TO DATE    0.89                      0.81   0.08     0.00
  SINCE MAR 1     10.34                     10.42  -0.08    14.47
  SINCE JAN 1     21.08                     19.79   1.29    23.17

DEGREE DAYS
 COOLING
  TODAY            0                         4     -4        6
  MONTH TO DATE   13                        20     -7       12
  SINCE MAR 1    121                       100     21       94
  SINCE JAN 1    128                       104     24       94
..................................................................


WIND (MPH)
  HIGHEST WIND SPEED    25   HIGHEST WIND DIRECTION     W (280)
  HIGHEST GUST SPEED    35   HIGHEST GUST DIRECTION    NW (330)
  AVERAGE WIND SPEED     8.9


SKY COVER
  AVERAGE SKY COVER 0.3


WEATHER CONDITIONS
 THE FOLLOWING WEATHER WAS RECORDED TODAY.
  NO SIGNIFICANT WEATHER WAS OBSERVED.


RELATIVE HUMIDITY (PERCENT)
 HIGHEST   100           100 AM
 LOWEST     28           300 PM
 AVERAGE    64

..........................................................


THE BIRMINGHAM CLIMATE NORMALS FOR TOMORROW
                         NORMAL    RECORD    YEAR
 MAXIMUM TEMPERATURE (F)   79        92      1952
 MINIMUM TEMPERATURE (F)   57        38      1968


SUNRISE AND SUNSET
MAY  5 2016...........SUNRISE   554 AM CDT   SUNSET   733 PM CDT
MAY  6 2016...........SUNRISE   553 AM CDT   SUNSET   734 PM CDT


-  INDICATES NEGATIVE NUMBERS.
R  INDICATES RECORD WAS SET OR TIED.
MM INDICATES DATA IS MISSING.
T  INDICATES TRACE AMOUNT.




$$
