000
CDUS44 KBMX 230942
CLIBHM


CLIMATE REPORT
NATIONAL WEATHER SERVICE BIRMINGHAM, AL
442 AM CDT WED JUL 23 2014


...................................

...THE BIRMINGHAM CLIMATE SUMMARY FOR JULY 22 2014...

CLIMATE NORMAL PERIOD 1981 TO 2010
CLIMATE RECORD PERIOD 1895 TO 2014


WEATHER ITEM   OBSERVED TIME   RECORD YEAR NORMAL DEPARTURE LAST
                VALUE   (LST)  VALUE       VALUE  FROM      YEAR
                                                  NORMAL
..................................................................
TEMPERATURE (F)
 YESTERDAY
  MAXIMUM         87    206 PM 100    1993  91     -4       82
  MINIMUM         73    309 AM  55    1947  72      1       68
  AVERAGE         80                        81     -1       75

PRECIPITATION (IN)
  YESTERDAY        T             2.92 2006   0.15  -0.15     0.72
  MONTH TO DATE    0.92                      3.46  -2.54     6.69
  SINCE JUN 1      5.73                      7.84  -2.11    15.35
  SINCE JAN 1     28.59                     31.81  -3.22    45.86

DEGREE DAYS
 COOLING
  YESTERDAY       15                        16     -1       10
  MONTH TO DATE  310                       349    -39      296
  SINCE JUN 1    716                       731    -15      717
  SINCE JAN 1   1009                      1013     -4      982
..................................................................


WIND (MPH)
  HIGHEST WIND SPEED    10   HIGHEST WIND DIRECTION    SE (150)
  HIGHEST GUST SPEED    15   HIGHEST GUST DIRECTION    SE (120)
  AVERAGE WIND SPEED     3.8


SKY COVER
  AVERAGE SKY COVER 0.7


WEATHER CONDITIONS
 THE FOLLOWING WEATHER WAS RECORDED YESTERDAY.
  FOG


RELATIVE HUMIDITY (PERCENT)
 HIGHEST    93           400 AM
 LOWEST     57           200 PM
 AVERAGE    75

..........................................................


THE BIRMINGHAM CLIMATE NORMALS FOR TODAY
                         NORMAL    RECORD    YEAR
 MAXIMUM TEMPERATURE (F)   91       105      1952
 MINIMUM TEMPERATURE (F)   72        52      1947


SUNRISE AND SUNSET
JULY 23 2014..........SUNRISE   553 AM CDT   SUNSET   754 PM CDT
JULY 24 2014..........SUNRISE   554 AM CDT   SUNSET   753 PM CDT


-  INDICATES NEGATIVE NUMBERS.
R  INDICATES RECORD WAS SET OR TIED.
MM INDICATES DATA IS MISSING.
T  INDICATES TRACE AMOUNT.




$$
