000
CDUS44 KBMX 262140
CLIBHM


CLIMATE REPORT
NATIONAL WEATHER SERVICE BIRMINGHAM, AL
440 PM CDT MON JUN 26 2017


...................................

...THE BIRMINGHAM CLIMATE SUMMARY FOR JUNE 26 2017...
VALID TODAY AS OF 0400 PM LOCAL TIME.

CLIMATE NORMAL PERIOD 1981 TO 2010
CLIMATE RECORD PERIOD 1895 TO 2017


WEATHER ITEM   OBSERVED TIME   RECORD YEAR NORMAL DEPARTURE LAST
                VALUE   (LST)  VALUE       VALUE  FROM      YEAR
                                                  NORMAL
..................................................................
TEMPERATURE (F)
 TODAY
  MAXIMUM         86    234 PM 100    2016  90     -4      100
                                      1988
                                      1954
  MINIMUM         59    424 AM  50    1974  70    -11       74
  AVERAGE         73                        80     -7       87

PRECIPITATION (IN)
  TODAY            0.00          1.68 2001   0.16  -0.16      T
  MONTH TO DATE    8.37                      3.75   4.62     2.65
  SINCE JUN 1      8.37                      3.75   4.62     2.65
  SINCE JAN 1     36.03                     27.72   8.31    24.26

DEGREE DAYS
 COOLING
  TODAY            8                        15     -7       22
  MONTH TO DATE  309                       323    -14      414
  SINCE JUN 1    309                       323    -14      414
  SINCE JAN 1    771                       605    166      737
..................................................................


WIND (MPH)
  HIGHEST WIND SPEED    15   HIGHEST WIND DIRECTION     N (360)
  HIGHEST GUST SPEED    19   HIGHEST GUST DIRECTION     N (10)
  AVERAGE WIND SPEED     4.5


SKY COVER
  AVERAGE SKY COVER 0.3


WEATHER CONDITIONS
 THE FOLLOWING WEATHER WAS RECORDED TODAY.
  NO SIGNIFICANT WEATHER WAS OBSERVED.


RELATIVE HUMIDITY (PERCENT)
 HIGHEST   100          1200 AM
 LOWEST     34           100 PM
 AVERAGE    67

..........................................................


THE BIRMINGHAM CLIMATE NORMALS FOR TOMORROW
                         NORMAL    RECORD    YEAR
 MAXIMUM TEMPERATURE (F)   90       102      1954
 MINIMUM TEMPERATURE (F)   70        53      1974


SUNRISE AND SUNSET
JUNE 26 2017..........SUNRISE   539 AM CDT   SUNSET   801 PM CDT
JUNE 27 2017..........SUNRISE   539 AM CDT   SUNSET   801 PM CDT


-  INDICATES NEGATIVE NUMBERS.
R  INDICATES RECORD WAS SET OR TIED.
MM INDICATES DATA IS MISSING.
T  INDICATES TRACE AMOUNT.




$$
