000
CDUS44 KBMX 220836
CLIBHM


CLIMATE REPORT
NATIONAL WEATHER SERVICE BIRMINGHAM, AL
236 AM CST WED FEB 22 2017


...................................

...THE BIRMINGHAM CLIMATE SUMMARY FOR FEBRUARY 21 2017...

CLIMATE NORMAL PERIOD 1981 TO 2010
CLIMATE RECORD PERIOD 1895 TO 2017


WEATHER ITEM   OBSERVED TIME   RECORD YEAR NORMAL DEPARTURE LAST
                VALUE   (LST)  VALUE       VALUE  FROM      YEAR
                                                  NORMAL
..................................................................
TEMPERATURE (F)
 YESTERDAY
  MAXIMUM         67   1212 AM  78    1922  60      7       70
  MINIMUM         59   1159 PM  18    1963  39     20       60
                                      1959
  AVERAGE         63                        49     14       65

PRECIPITATION (IN)
  YESTERDAY        0.25          5.46 1961   0.16   0.09     0.03
  MONTH TO DATE    2.50                      3.34  -0.84     4.29
  SINCE DEC 1     11.60                     12.63  -1.03    18.10
  SINCE JAN 1      9.21                      8.18   1.03     7.57

SNOWFALL (IN)
  YESTERDAY        0.0                       0.0    0.0      0.0
  MONTH TO DATE    0.0                       0.1   -0.1       T
  SINCE DEC 1      0.3                       0.8   -0.5       T
  SINCE JUL 1      0.3                       0.8   -0.5       T
  SNOW DEPTH       0

DEGREE DAYS
 HEATING
  YESTERDAY        2                        16    -14        0
  MONTH TO DATE  223                       383   -160      338
  SINCE DEC 1   1096                      1630   -534     1308
  SINCE JUL 1   1328                      2088   -760     1579
..................................................................


WIND (MPH)
  HIGHEST WIND SPEED    17   HIGHEST WIND DIRECTION    SE (130)
  HIGHEST GUST SPEED    23   HIGHEST GUST DIRECTION    SE (140)
  AVERAGE WIND SPEED     8.3


SKY COVER
  AVERAGE SKY COVER 0.7


WEATHER CONDITIONS
 THE FOLLOWING WEATHER WAS RECORDED YESTERDAY.
  RAIN
  LIGHT RAIN
  FOG


RELATIVE HUMIDITY (PERCENT)
 HIGHEST    93           200 PM
 LOWEST     56          1200 AM
 AVERAGE    75

..........................................................


THE BIRMINGHAM CLIMATE NORMALS FOR TODAY
                         NORMAL    RECORD    YEAR
 MAXIMUM TEMPERATURE (F)   60        81      1897
 MINIMUM TEMPERATURE (F)   39         9      1963


SUNRISE AND SUNSET
FEBRUARY 22 2017......SUNRISE   623 AM CST   SUNSET   538 PM CST
FEBRUARY 23 2017......SUNRISE   622 AM CST   SUNSET   539 PM CST


-  INDICATES NEGATIVE NUMBERS.
R  INDICATES RECORD WAS SET OR TIED.
MM INDICATES DATA IS MISSING.
T  INDICATES TRACE AMOUNT.




$$
