000
CDUS45 KVEF 220828
CLIBIH


CLIMATE REPORT
NATIONAL WEATHER SERVICE LAS VEGAS, NV
127 AM PDT THU JUN 22 2017


...................................

...THE BISHOP CA CLIMATE SUMMARY FOR JUNE 21 2017...

CLIMATE NORMAL PERIOD 1981 TO 2010
CLIMATE RECORD PERIOD 1943 TO 2017


WEATHER ITEM   OBSERVED TIME   RECORD YEAR NORMAL DEPARTURE LAST
                VALUE   (LST)  VALUE       VALUE  FROM      YEAR
                                                  NORMAL
..................................................................
TEMPERATURE (F)
 YESTERDAY
  MAXIMUM        105    209 PM 108    1961  94     11      105
  MINIMUM         62    524 AM  40    1995  52     10       64
  AVERAGE         84                        73     11       85

PRECIPITATION (IN)
  YESTERDAY        0.00          0.03 1944   0.00   0.00     0.00
  MONTH TO DATE    0.00                      0.14  -0.14     0.50
  SINCE OCT 1      9.16                      4.64   4.52     3.88
  SINCE JAN 1      8.80                      3.02   5.78     3.07

SNOWFALL (IN)
  YESTERDAY        0.0          MM      MM   0.0    0.0      0.0
  MONTH TO DATE    0.0                       0.0    0.0      0.0
  SINCE JUN 1      0.0                       0.0    0.0      0.0
  SINCE JUL 1      8.6                       8.0    0.6      2.0
  SNOW DEPTH       0

DEGREE DAYS
 HEATING
  YESTERDAY        0                         0      0        0
  MONTH TO DATE   14                        17     -3        3
  SINCE JUN 1     14                        17     -3        3
  SINCE JUL 1   3797                      4175   -378     3757

 COOLING
  YESTERDAY       19                         8     11       20
  MONTH TO DATE  193                       128     65      208
  SINCE JUN 1    193                       128     65      208
  SINCE JAN 1    250                       196     54      255
..................................................................


WIND (MPH)
  RESULTANT WIND SPEED   3   RESULTANT WIND DIRECTION   N (350)
  HIGHEST WIND SPEED    28   HIGHEST WIND DIRECTION     N (360)
  HIGHEST GUST SPEED    35   HIGHEST GUST DIRECTION     N (10)
  AVERAGE WIND SPEED     5.5


SKY COVER
  POSSIBLE SUNSHINE  MM
  AVERAGE SKY COVER 0.0


WEATHER CONDITIONS
 THE FOLLOWING WEATHER WAS RECORDED YESTERDAY.
  HAZE


RELATIVE HUMIDITY (PERCENT)
 HIGHEST    60           400 AM
 LOWEST      6           200 PM
 AVERAGE    33

..........................................................


THE BISHOP CA CLIMATE NORMALS FOR TODAY
                         NORMAL    RECORD    YEAR
 MAXIMUM TEMPERATURE (F)   94       109      1954
 MINIMUM TEMPERATURE (F)   53        40      1944


SUNRISE AND SUNSET
JUNE 22 2017..........SUNRISE   533 AM PDT   SUNSET   818 PM PDT
JUNE 23 2017..........SUNRISE   534 AM PDT   SUNSET   818 PM PDT


-  INDICATES NEGATIVE NUMBERS.
R  INDICATES RECORD WAS SET OR TIED.
MM INDICATES DATA IS MISSING.
T  INDICATES TRACE AMOUNT.




$$
