000
CDUS45 KVEF 210834
CLIBIH


CLIMATE REPORT
NATIONAL WEATHER SERVICE LAS VEGAS, NV
134 AM PDT THU AUG 21 2014


...................................

...THE BISHOP CA CLIMATE SUMMARY FOR AUGUST 20 2014...

CLIMATE NORMAL PERIOD 1981 TO 2010
CLIMATE RECORD PERIOD 1943 TO 2014


WEATHER ITEM   OBSERVED TIME   RECORD YEAR NORMAL DEPARTURE LAST
                VALUE   (LST)  VALUE       VALUE  FROM      YEAR
                                                  NORMAL
..................................................................
TEMPERATURE (F)
 YESTERDAY
  MAXIMUM         91    312 PM 104    1950  96     -5       97
  MINIMUM         50    519 AM  37    1959  53     -3       55
  AVERAGE         71                        74     -3       76

PRECIPITATION (IN)
  YESTERDAY        0.00          0.05 1975   0.00   0.00      T
  MONTH TO DATE    0.20                      0.08   0.12     0.16
  SINCE OCT 1      2.83                      4.94  -2.11     2.34
  SINCE JAN 1      2.61                      3.32  -0.71     1.11

SNOWFALL (IN)
  YESTERDAY        0.0                       0.0    0.0      0.0
  MONTH TO DATE    0.0                       0.0    0.0      0.0
  SINCE JUN 1      0.0                       0.0    0.0      0.0
  SINCE JUL 1      0.0                       0.0    0.0      0.0
  SNOW DEPTH       0

DEGREE DAYS
 HEATING
  YESTERDAY        0                         0      0        0
  MONTH TO DATE    0                         0      0        0
  SINCE JUN 1      0                        20    -20        0
  SINCE JUL 1      0                         1     -1        0

 COOLING
  YESTERDAY        6                        10     -4       11
  MONTH TO DATE  198                       221    -23      183
  SINCE JUN 1    958                       817    141      968
  SINCE JAN 1   1043                       885    158     1054
..................................................................


WIND (MPH)
  RESULTANT WIND SPEED   8   RESULTANT WIND DIRECTION  SE (150)
  HIGHEST WIND SPEED    26   HIGHEST WIND DIRECTION    SE (150)
  HIGHEST GUST SPEED    34   HIGHEST GUST DIRECTION     S (180)
  AVERAGE WIND SPEED    11.8


SKY COVER
  POSSIBLE SUNSHINE  MM
  AVERAGE SKY COVER 0.0


WEATHER CONDITIONS
 THE FOLLOWING WEATHER WAS RECORDED YESTERDAY.
  NO SIGNIFICANT WEATHER WAS OBSERVED.


RELATIVE HUMIDITY (PERCENT)
 HIGHEST    52           500 AM
 LOWEST      9           400 PM
 AVERAGE    31

..........................................................


THE BISHOP CA CLIMATE NORMALS FOR TODAY
                         NORMAL    RECORD    YEAR
 MAXIMUM TEMPERATURE (F)   96       104      1950
 MINIMUM TEMPERATURE (F)   53        41      1968


SUNRISE AND SUNSET
AUGUST 21 2014........SUNRISE   615 AM PDT   SUNSET   738 PM PDT
AUGUST 22 2014........SUNRISE   616 AM PDT   SUNSET   736 PM PDT


-  INDICATES NEGATIVE NUMBERS.
R  INDICATES RECORD WAS SET OR TIED.
MM INDICATES DATA IS MISSING.
T  INDICATES TRACE AMOUNT.




$$
