000
CDUS45 KVEF 280833
CLIBIH


CLIMATE REPORT
NATIONAL WEATHER SERVICE LAS VEGAS, NV
1233 AM PST TUE FEB 28 2017


...................................

...THE BISHOP CA CLIMATE SUMMARY FOR FEBRUARY 27 2017...

CLIMATE NORMAL PERIOD 1981 TO 2010
CLIMATE RECORD PERIOD 1943 TO 2017


WEATHER ITEM   OBSERVED TIME   RECORD YEAR NORMAL DEPARTURE LAST
                VALUE   (LST)  VALUE       VALUE  FROM      YEAR
                                                  NORMAL
..................................................................
TEMPERATURE (F)
 YESTERDAY
  MAXIMUM         57    128 PM  81    1986  61     -4       76
  MINIMUM         27    614 AM   8    1971  29     -2       32
  AVERAGE         42                        45     -3       54

PRECIPITATION (IN)
  YESTERDAY        0.00          0.71 2014   0.03  -0.03     0.00
  MONTH TO DATE    2.21                      0.82   1.39     0.06
  SINCE OCT 1      7.80                      3.49   4.31     1.93
  SINCE JAN 1      7.44                      1.87   5.57     1.12

SNOWFALL (IN)
  YESTERDAY        0.0           1.5  1955   0.0    0.0      0.0
  MONTH TO DATE    0.0                       0.7   -0.7      0.0
  SINCE DEC 1      8.6                       7.1    1.5      2.0
  SINCE JUL 1      8.6                       7.4    1.2      2.0
  SNOW DEPTH       0

DEGREE DAYS
 HEATING
  YESTERDAY       23                        20      3       11
  MONTH TO DATE  567                       618    -51      499
  SINCE DEC 1   2231                      2286    -55     2225
  SINCE JUL 1   2974                      3187   -213     3039

 COOLING
  YESTERDAY        0                         0      0        0
  MONTH TO DATE    0                         0      0        0
  SINCE DEC 1      0                         0      0        0
  SINCE JAN 1      0                         0      0        0
..................................................................


WIND (MPH)
  RESULTANT WIND SPEED   5   RESULTANT WIND DIRECTION   N (360)
  HIGHEST WIND SPEED    18   HIGHEST WIND DIRECTION     N (340)
  HIGHEST GUST SPEED    24   HIGHEST GUST DIRECTION     N (10)
  AVERAGE WIND SPEED     7.6


SKY COVER
  POSSIBLE SUNSHINE  MM
  AVERAGE SKY COVER 0.0


WEATHER CONDITIONS
 THE FOLLOWING WEATHER WAS RECORDED YESTERDAY.
  NO SIGNIFICANT WEATHER WAS OBSERVED.


RELATIVE HUMIDITY (PERCENT)
 HIGHEST    75           400 AM
 LOWEST     16           200 PM
 AVERAGE    46

..........................................................


THE BISHOP CA CLIMATE NORMALS FOR TODAY
                         NORMAL    RECORD    YEAR
 MAXIMUM TEMPERATURE (F)   61        78      1986
 MINIMUM TEMPERATURE (F)   29        11      1951


SUNRISE AND SUNSET
FEBRUARY 28 2017......SUNRISE   626 AM PST   SUNSET   547 PM PST
MARCH  1 2017.........SUNRISE   624 AM PST   SUNSET   548 PM PST


-  INDICATES NEGATIVE NUMBERS.
R  INDICATES RECORD WAS SET OR TIED.
MM INDICATES DATA IS MISSING.
T  INDICATES TRACE AMOUNT.




$$
