512
CDUS45 KVEF 020829
CLIBIH


CLIMATE REPORT
NATIONAL WEATHER SERVICE LAS VEGAS, NV
128 AM PDT MON MAY 2 2016


...................................

...THE BISHOP CA CLIMATE SUMMARY FOR MAY 1 2016...

CLIMATE NORMAL PERIOD 1981 TO 2010
CLIMATE RECORD PERIOD 1943 TO 2016


WEATHER ITEM   OBSERVED TIME   RECORD YEAR NORMAL DEPARTURE LAST
                VALUE   (LST)  VALUE       VALUE  FROM      YEAR
                                                  NORMAL
..................................................................
TEMPERATURE (F)
 YESTERDAY
  MAXIMUM         74    146 PM  94    1981  77     -3       87
  MINIMUM         41    410 AM  28    2002  40      1       45
  AVERAGE         58                        59     -1       66

PRECIPITATION (IN)
  YESTERDAY        T             0.37 1955   0.01  -0.01     0.00
  MONTH TO DATE    T                         0.01  -0.01     0.00
  SINCE OCT 1      3.04                      4.32  -1.28     0.74
  SINCE JAN 1      2.23                      2.70  -0.47     0.28

SNOWFALL (IN)
  YESTERDAY        0.0          MM      MM   0.0    0.0      0.0
  MONTH TO DATE    0.0                       0.0    0.0      0.0
  SINCE MAR 1      T                         0.6   -0.6       T
  SINCE JUL 1      2.0                       8.0   -6.0       T
  SNOW DEPTH       0

DEGREE DAYS
 HEATING
  YESTERDAY        7                         7      0        0
  MONTH TO DATE    7                         7      0        0
  SINCE MAR 1    609                       842   -233      550
  SINCE JUL 1   3665                      4049   -384     2991

 COOLING
  YESTERDAY        0                         0      0        1
  MONTH TO DATE    0                         0      0        1
  SINCE MAR 1      0                         4     -4        5
  SINCE JAN 1      0                         4     -4        5
..................................................................


WIND (MPH)
  RESULTANT WIND SPEED   3   RESULTANT WIND DIRECTION  NW (320)
  HIGHEST WIND SPEED    22   HIGHEST WIND DIRECTION    SE (130)
  HIGHEST GUST SPEED    28   HIGHEST GUST DIRECTION    SE (130)
  AVERAGE WIND SPEED     7.8


SKY COVER
  POSSIBLE SUNSHINE  MM
  AVERAGE SKY COVER 0.3


WEATHER CONDITIONS
 THE FOLLOWING WEATHER WAS RECORDED YESTERDAY.
  LIGHT RAIN


RELATIVE HUMIDITY (PERCENT)
 HIGHEST    62           400 AM
 LOWEST     15           200 PM
 AVERAGE    39

..........................................................


THE BISHOP CA CLIMATE NORMALS FOR TODAY
                         NORMAL    RECORD    YEAR
 MAXIMUM TEMPERATURE (F)   78        96      1947
 MINIMUM TEMPERATURE (F)   41        28      1951


SUNRISE AND SUNSET
MAY  2 2016...........SUNRISE   557 AM PDT   SUNSET   745 PM PDT
MAY  3 2016...........SUNRISE   556 AM PDT   SUNSET   745 PM PDT


-  INDICATES NEGATIVE NUMBERS.
R  INDICATES RECORD WAS SET OR TIED.
MM INDICATES DATA IS MISSING.
T  INDICATES TRACE AMOUNT.




$$
