000
CDUS45 KVEF 230827
CLIBIH


CLIMATE REPORT
NATIONAL WEATHER SERVICE LAS VEGAS, NV
126 AM PDT WED APR 23 2014


...................................

...THE BISHOP CA CLIMATE SUMMARY FOR APRIL 22 2014...

CLIMATE NORMAL PERIOD 1981 TO 2010
CLIMATE RECORD PERIOD 1943 TO 2014


WEATHER ITEM   OBSERVED TIME   RECORD YEAR NORMAL DEPARTURE LAST
                VALUE   (LST)  VALUE       VALUE  FROM      YEAR
                                                  NORMAL
..................................................................
TEMPERATURE (F)
 YESTERDAY
  MAXIMUM         69    312 PM  91    2012  74     -5       87
  MINIMUM         44   1148 PM  22    1963  38      6       51
  AVERAGE         57                        56      1       69

PRECIPITATION (IN)
  YESTERDAY        0.00          0.25 1980   0.00   0.00     0.00
  MONTH TO DATE    0.07                      0.21  -0.14      T
  SINCE OCT 1      2.24                      4.26  -2.02     1.23
  SINCE JAN 1      2.02                      2.64  -0.62      T

SNOWFALL (IN)
  YESTERDAY        0.0           1.9  1980   0.0    0.0      0.0
  MONTH TO DATE    0.1                       0.0    0.1      0.0
  SINCE MAR 1      0.1                       0.9   -0.8      0.0
  SINCE JUL 1      0.6                       6.8   -6.2      2.8
  SNOW DEPTH       0

DEGREE DAYS
 HEATING
  YESTERDAY        8                         9     -1        0
  MONTH TO DATE  146                       256   -110      189
  SINCE MAR 1    581                       772   -191      555
  SINCE JUL 1   3531                      3979   -448     3762

 COOLING
  YESTERDAY        0                         0      0        4
  MONTH TO DATE    4                         0      4        6
  SINCE MAR 1      4                         0      4        6
  SINCE JAN 1      4                         0      4        6
..................................................................


WIND (MPH)
  RESULTANT WIND SPEED   6   RESULTANT WIND DIRECTION  NW (300)
  HIGHEST WIND SPEED    32   HIGHEST WIND DIRECTION     N (360)
  HIGHEST GUST SPEED    42   HIGHEST GUST DIRECTION     N (360)
  AVERAGE WIND SPEED    13.3


SKY COVER
  POSSIBLE SUNSHINE  MM
  AVERAGE SKY COVER 0.1


WEATHER CONDITIONS
 THE FOLLOWING WEATHER WAS RECORDED YESTERDAY.
  NO SIGNIFICANT WEATHER WAS OBSERVED.


RELATIVE HUMIDITY (PERCENT)
 HIGHEST    39           800 AM
 LOWEST      8          1200 PM
 AVERAGE    24

..........................................................


THE BISHOP CA CLIMATE NORMALS FOR TODAY
                         NORMAL    RECORD    YEAR
 MAXIMUM TEMPERATURE (F)   75        90      2012
 MINIMUM TEMPERATURE (F)   38        25      1968
                                             1967
                                             1960


SUNRISE AND SUNSET
APRIL 23 2014.........SUNRISE   608 AM PDT   SUNSET   736 PM PDT
APRIL 24 2014.........SUNRISE   607 AM PDT   SUNSET   737 PM PDT


-  INDICATES NEGATIVE NUMBERS.
R  INDICATES RECORD WAS SET OR TIED.
MM INDICATES DATA IS MISSING.
T  INDICATES TRACE AMOUNT.




$$
