000
CDUS45 KVEF 150829
CLIBIH


CLIMATE REPORT
NATIONAL WEATHER SERVICE LAS VEGAS, NV
1228 AM PST FRI DEC 15 2017


...................................

...THE BISHOP CA CLIMATE SUMMARY FOR DECEMBER 14 2017...

CLIMATE NORMAL PERIOD 1981 TO 2010
CLIMATE RECORD PERIOD 1943 TO 2017


WEATHER ITEM   OBSERVED TIME   RECORD YEAR NORMAL DEPARTURE LAST
                VALUE   (LST)  VALUE       VALUE  FROM      YEAR
                                                  NORMAL
..................................................................
TEMPERATURE (F)
 YESTERDAY
  MAXIMUM         69    308 PM  71    2010  53     16       58
  MINIMUM         27   1111 PM   6    1972  22      5       25
  AVERAGE         48                        37     11       42

PRECIPITATION (IN)
  YESTERDAY        0.00          0.01 2008   0.02  -0.02     0.00
                                      2003
                                      1998
  MONTH TO DATE    0.00                      0.28  -0.28      T
  SINCE OCT 1      0.16                      1.10  -0.94     0.09
  SINCE JAN 1      8.98                      4.65   4.33     3.16

SNOWFALL (IN)
  YESTERDAY        0.0           0.7  1967   0.1   -0.1      0.0
  MONTH TO DATE    0.0                       0.3   -0.3       T
  SINCE DEC 1      0.0                       0.3   -0.3       T
  SINCE JUL 1      0.0                       0.6   -0.6       T
  SNOW DEPTH       0

DEGREE DAYS
 HEATING
  YESTERDAY       17                        28    -11       23
  MONTH TO DATE  301                       373    -72      312
  SINCE DEC 1    301                       373    -72      312
  SINCE JUL 1   1101                      1274   -173     1055

 COOLING
  YESTERDAY        0                         0      0        0
  MONTH TO DATE    0                         0      0        0
  SINCE DEC 1      0                         0      0        0
  SINCE JAN 1   1407                      1104    303     1361
..................................................................


WIND (MPH)
  RESULTANT WIND SPEED   6   RESULTANT WIND DIRECTION   N (340)
  HIGHEST WIND SPEED    23   HIGHEST WIND DIRECTION     N (10)
  HIGHEST GUST SPEED    32   HIGHEST GUST DIRECTION     N (10)
  AVERAGE WIND SPEED     7.3


SKY COVER
  POSSIBLE SUNSHINE  MM
  AVERAGE SKY COVER 0.0


WEATHER CONDITIONS
 THE FOLLOWING WEATHER WAS RECORDED YESTERDAY.
  NO SIGNIFICANT WEATHER WAS OBSERVED.


RELATIVE HUMIDITY (PERCENT)
 HIGHEST    42          1100 PM
 LOWEST      5          1200 AM
 AVERAGE    24

..........................................................


THE BISHOP CA CLIMATE NORMALS FOR TODAY
                         NORMAL    RECORD    YEAR
 MAXIMUM TEMPERATURE (F)   53        73      2016
 MINIMUM TEMPERATURE (F)   22         7      1948


SUNRISE AND SUNSET
DECEMBER 15 2017......SUNRISE   701 AM PST   SUNSET   437 PM PST
DECEMBER 16 2017......SUNRISE   701 AM PST   SUNSET   437 PM PST


-  INDICATES NEGATIVE NUMBERS.
R  INDICATES RECORD WAS SET OR TIED.
MM INDICATES DATA IS MISSING.
T  INDICATES TRACE AMOUNT.




$$
