000
CDUS45 KVEF 190828
CLIBIH


CLIMATE REPORT
NATIONAL WEATHER SERVICE LAS VEGAS, NV
1226 AM PST THU JAN 19 2017


...................................

...THE BISHOP CA CLIMATE SUMMARY FOR JANUARY 18 2017...

CLIMATE NORMAL PERIOD 1981 TO 2010
CLIMATE RECORD PERIOD 1943 TO 2017


WEATHER ITEM   OBSERVED TIME   RECORD YEAR NORMAL DEPARTURE LAST
                VALUE   (LST)  VALUE       VALUE  FROM      YEAR
                                                  NORMAL
..................................................................
TEMPERATURE (F)
 YESTERDAY
  MAXIMUM         47   1256 PM  76    1971  54     -7       58
  MINIMUM         24    127 AM   6    1949  23      1       25
  AVERAGE         36                        39     -3       42

PRECIPITATION (IN)
  YESTERDAY        T             2.23 1973   0.03  -0.03     0.00
  MONTH TO DATE    3.70                      0.72   2.98     0.16
  SINCE OCT 1      4.06                      2.34   1.72     0.97
  SINCE JAN 1      3.70                      0.72   2.98     0.16

SNOWFALL (IN)
  YESTERDAY        0.0           8.0  1955   0.2   -0.2      0.0
  MONTH TO DATE    0.0                       3.7   -3.7      0.0
  SINCE DEC 1      T                         4.9   -4.9       T
  SINCE JUL 1      T                         5.2   -5.2       T
  SNOW DEPTH       0

DEGREE DAYS
 HEATING
  YESTERDAY       29                        26      3       23
  MONTH TO DATE  464                       486    -22      520
  SINCE DEC 1   1253                      1332    -79     1431
  SINCE JUL 1   1996                      2233   -237     2245

 COOLING
  YESTERDAY        0                         0      0        0
  MONTH TO DATE    0                         0      0        0
  SINCE DEC 1      0                         0      0        0
  SINCE JAN 1      0                         0      0        0
..................................................................


WIND (MPH)
  RESULTANT WIND SPEED   2   RESULTANT WIND DIRECTION  NW (320)
  HIGHEST WIND SPEED    12   HIGHEST WIND DIRECTION    SE (150)
  HIGHEST GUST SPEED    15   HIGHEST GUST DIRECTION    SE (140)
  AVERAGE WIND SPEED     3.3


SKY COVER
  POSSIBLE SUNSHINE  MM
  AVERAGE SKY COVER 0.4


WEATHER CONDITIONS
 THE FOLLOWING WEATHER WAS RECORDED YESTERDAY.
  LIGHT RAIN


RELATIVE HUMIDITY (PERCENT)
 HIGHEST    81           300 AM
 LOWEST     34           200 PM
 AVERAGE    58

..........................................................


THE BISHOP CA CLIMATE NORMALS FOR TODAY
                         NORMAL    RECORD    YEAR
 MAXIMUM TEMPERATURE (F)   54        72      1971
 MINIMUM TEMPERATURE (F)   23         1      1955


SUNRISE AND SUNSET
JANUARY 19 2017.......SUNRISE   705 AM PST   SUNSET   504 PM PST
JANUARY 20 2017.......SUNRISE   704 AM PST   SUNSET   505 PM PST


-  INDICATES NEGATIVE NUMBERS.
R  INDICATES RECORD WAS SET OR TIED.
MM INDICATES DATA IS MISSING.
T  INDICATES TRACE AMOUNT.




$$
