000
CDUS45 KVEF 200027
CLIBIH


CLIMATE REPORT
NATIONAL WEATHER SERVICE LAS VEGAS, NV
526 PM PDT SAT AUG 19 2017


...................................

...THE BISHOP CA CLIMATE SUMMARY FOR AUGUST 19 2017...
VALID TODAY AS OF 0500 PM LOCAL TIME.

CLIMATE NORMAL PERIOD 1981 TO 2010
CLIMATE RECORD PERIOD 1943 TO 2017


WEATHER ITEM   OBSERVED RECORD YEAR NORMAL DEPARTURE LAST
                VALUE   VALUE       VALUE  FROM      YEAR
                                           NORMAL
...........................................................
TEMPERATURE (F)
 TODAY
  MAXIMUM         99    106    1950  96      3       99
  MINIMUM         56     42    1990  53      3       52
  AVERAGE         78

PRECIPITATION (IN)
  TODAY            0.00   0.04 1975   0.01  -0.01     0.00
  MONTH TO DATE    0.02               0.08  -0.06     0.00
  SINCE OCT 1      9.18               4.93   4.25     3.88
  SINCE JAN 1      8.82               3.31   5.51     3.07

SNOWFALL (IN)
  TODAY            0.0   MM      MM   0.0    0.0      0.0
  MONTH TO DATE    0.0                0.0    0.0      0.0
  SINCE JUN 1      0.0                0.0    0.0      0.0
  SINCE JUL 1      0.0                0.0    0.0      0.0
  SNOW DEPTH       0

DEGREE DAYS
 HEATING
  TODAY            0                  0      0        0
  MONTH TO DATE    0                  0      0        0
  SINCE JUN 1     14                 20     -6        3
  SINCE JUL 1      0                  1     -1        0

 COOLING
  TODAY           13                 10      3       11
  MONTH TO DATE  244                211     33      228
  SINCE JUN 1   1075                807    268     1047
  SINCE JAN 1   1132                875    257     1094
...........................................................


WIND (MPH)
  RESULTANT WIND SPEED   2   RESULTANT WIND DIRECTION   S (200)
  HIGHEST WIND SPEED    20   HIGHEST WIND DIRECTION     S (170)
  HIGHEST GUST SPEED    24   HIGHEST GUST DIRECTION     S (180)
  AVERAGE WIND SPEED     7.0


SKY COVER
  POSSIBLE SUNSHINE  MM
  AVERAGE SKY COVER 0.0


WEATHER CONDITIONS
 THE FOLLOWING WEATHER WAS RECORDED TODAY.
  NO SIGNIFICANT WEATHER WAS OBSERVED.


RELATIVE HUMIDITY (PERCENT)
 HIGHEST    62           400 AM
 LOWEST      8           100 PM
 AVERAGE    35

..........................................................


THE BISHOP CA CLIMATE NORMALS FOR TOMORROW
                         NORMAL    RECORD    YEAR
 MAXIMUM TEMPERATURE (F)   96       105      2015
 MINIMUM TEMPERATURE (F)   53        37      1959


SUNRISE AND SUNSET
AUGUST 19 2017........SUNRISE   613 AM PDT   SUNSET   740 PM PDT
AUGUST 20 2017........SUNRISE   614 AM PDT   SUNSET   739 PM PDT


-  INDICATES NEGATIVE NUMBERS.
R  INDICATES RECORD WAS SET OR TIED.
MM INDICATES DATA IS MISSING.
T  INDICATES TRACE AMOUNT.




$$
