717
CDUS45 KVEF 100831
CLIBIH


CLIMATE REPORT
NATIONAL WEATHER SERVICE LAS VEGAS, NV
1231 AM PST WED FEB 10 2016


...................................

...THE BISHOP CA CLIMATE SUMMARY FOR FEBRUARY 9 2016...

CLIMATE NORMAL PERIOD 1981 TO 2010
CLIMATE RECORD PERIOD 1943 TO 2016


WEATHER ITEM   OBSERVED TIME   RECORD YEAR NORMAL DEPARTURE LAST
                VALUE   (LST)  VALUE       VALUE  FROM      YEAR
                                                  NORMAL
..................................................................
TEMPERATURE (F)
 YESTERDAY
  MAXIMUM         73    232 PM  75    2014  57     16       70
  MINIMUM         29    708 AM   6    1969  26      3       42
  AVERAGE         51                        41     10       56

PRECIPITATION (IN)
  YESTERDAY        0.00          1.80 1962   0.02  -0.02     0.00
  MONTH TO DATE    0.00                      0.25  -0.25     0.13
  SINCE OCT 1      1.87                      2.92  -1.05     0.68
  SINCE JAN 1      1.06                      1.30  -0.24     0.22

SNOWFALL (IN)
  YESTERDAY        0.0           0.7  1989   0.1   -0.1      0.0
  MONTH TO DATE    0.0                       0.4   -0.4      0.0
  SINCE DEC 1      2.0                       6.8   -4.8      0.0
  SINCE JUL 1      2.0                       7.1   -5.1      0.0
  SNOW DEPTH       0

DEGREE DAYS
 HEATING
  YESTERDAY       14                        24    -10        9
  MONTH TO DATE  229                       221      8      125
  SINCE DEC 1   1955                      1889     66     1512
  SINCE JUL 1   2769                      2790    -21     2163

 COOLING
  YESTERDAY        0                         0      0        0
  MONTH TO DATE    0                         0      0        0
  SINCE DEC 1      0                         0      0        0
  SINCE JAN 1      0                         0      0        0
..................................................................


WIND (MPH)
  RESULTANT WIND SPEED   3   RESULTANT WIND DIRECTION  NW (320)
  HIGHEST WIND SPEED    12   HIGHEST WIND DIRECTION    NW (310)
  HIGHEST GUST SPEED    12   HIGHEST GUST DIRECTION    NW (310)
  AVERAGE WIND SPEED     5.1


SKY COVER
  POSSIBLE SUNSHINE  MM
  AVERAGE SKY COVER 0.0


WEATHER CONDITIONS
 THE FOLLOWING WEATHER WAS RECORDED YESTERDAY.
  NO SIGNIFICANT WEATHER WAS OBSERVED.


RELATIVE HUMIDITY (PERCENT)
 HIGHEST    72           500 AM
 LOWEST     10           200 PM
 AVERAGE    41

..........................................................


THE BISHOP CA CLIMATE NORMALS FOR TODAY
                         NORMAL    RECORD    YEAR
 MAXIMUM TEMPERATURE (F)   57        78      1951
 MINIMUM TEMPERATURE (F)   26         9      1969


SUNRISE AND SUNSET
FEBRUARY 10 2016......SUNRISE   649 AM PST   SUNSET   527 PM PST
FEBRUARY 11 2016......SUNRISE   647 AM PST   SUNSET   528 PM PST


-  INDICATES NEGATIVE NUMBERS.
R  INDICATES RECORD WAS SET OR TIED.
MM INDICATES DATA IS MISSING.
T  INDICATES TRACE AMOUNT.




$$
