000
CDUS45 KBYZ 101032
CLIBIL


CLIMATE REPORT
NATIONAL WEATHER SERVICE BILLINGS MT
331 AM MST WED FEB 10 2016


...................................

...THE BILLINGS MT CLIMATE SUMMARY FOR FEBRUARY 9 2016...

CLIMATE NORMAL PERIOD 1981 TO 2010
CLIMATE RECORD PERIOD 1934 TO 2016


WEATHER ITEM   OBSERVED TIME   RECORD YEAR NORMAL DEPARTURE LAST
                VALUE   (LST)  VALUE       VALUE  FROM      YEAR
                                                  NORMAL
..................................................................
TEMPERATURE (F)
 YESTERDAY
  MAXIMUM         62    347 PM  70    1996  39     23       56
  MINIMUM         32    658 AM -24    1939  20     12       31
  AVERAGE         47                        29     18       44

PRECIPITATION (IN)
  YESTERDAY        0.00          0.35 1942   0.02  -0.02      T
  MONTH TO DATE    T                         0.14  -0.14     0.09
  SINCE OCT 1      3.29                      2.93   0.36     2.75
  SINCE JAN 1      0.44                      0.62  -0.18     1.18

SNOWFALL (IN)
  YESTERDAY        0.0           9.0  1944   0.1   -0.1      0.0
  MONTH TO DATE    T                         1.8   -1.8      1.7
  SINCE DEC 1     20.1                      18.4    1.7     28.8
  SINCE JUL 1     24.2                      30.1   -5.9     42.0
  SNOW DEPTH       0

DEGREE DAYS
 HEATING
  YESTERDAY       18                        36    -18       21
  MONTH TO DATE  264                       327    -63      237
  SINCE DEC 1   2447                      2695   -248     2401
  SINCE JUL 1   3835                      4323   -488     4002

 COOLING
  YESTERDAY        0                         0      0        0
  MONTH TO DATE    0                         0      0        0
  SINCE DEC 1      0                         0      0        0
  SINCE JAN 1      0                         0      0        0
..................................................................


WIND (MPH)
  HIGHEST WIND SPEED    29   HIGHEST WIND DIRECTION    SW (240)
  HIGHEST GUST SPEED    33   HIGHEST GUST DIRECTION    SW (240)
  AVERAGE WIND SPEED    17.2


SKY COVER
  POSSIBLE SUNSHINE  MM
  AVERAGE SKY COVER 0.2


WEATHER CONDITIONS
 THE FOLLOWING WEATHER WAS RECORDED YESTERDAY.
  NO SIGNIFICANT WEATHER WAS OBSERVED.


RELATIVE HUMIDITY (PERCENT)
 HIGHEST    70           200 AM
 LOWEST     23           400 PM
 AVERAGE    47

..........................................................


THE BILLINGS MT CLIMATE NORMALS FOR TODAY
                         NORMAL    RECORD    YEAR
 MAXIMUM TEMPERATURE (F)   39        72      1961
 MINIMUM TEMPERATURE (F)   20       -21      1939


SUNRISE AND SUNSET
FEBRUARY 10 2016......SUNRISE   724 AM MST   SUNSET   533 PM MST
FEBRUARY 11 2016......SUNRISE   723 AM MST   SUNSET   534 PM MST


-  INDICATES NEGATIVE NUMBERS.
R  INDICATES RECORD WAS SET OR TIED.
MM INDICATES DATA IS MISSING.
T  INDICATES TRACE AMOUNT.





&&

...THE CLIMATE SUMMARY FOR SOUTHWEST BILLINGS FOR 09 FEBRUARY 2016...

HIGH TEMPERATURE........................64
LOW TEMPERATURE.........................33

PRECIPITATION...........................0.00
MONTHLY PRECIPITATION TOTAL.............T
YEARLY PRECIPITATION TOTAL..............0.35

SNOWFALL................................0.0
MONTHLY SNOWFALL TOTAL..................T
TOTAL SNOWFALL SINCE JULY 1.............23.8

SNOW DEPTH AT MIDNIGHT..................0

$$
