000
CDUS45 KBYZ 272323
CLIBIL


CLIMATE REPORT
NATIONAL WEATHER SERVICE BILLINGS MT
422 PM MST SAT DEC 27 2014


...................................

...THE BILLINGS MT CLIMATE SUMMARY FOR DECEMBER 27 2014...
VALID TODAY AS OF 0400 PM LOCAL TIME.

CLIMATE NORMAL PERIOD 1981 TO 2010
CLIMATE RECORD PERIOD 1934 TO 2014


WEATHER ITEM   OBSERVED TIME   RECORD YEAR NORMAL DEPARTURE LAST
                VALUE   (LST)  VALUE       VALUE  FROM      YEAR
                                                  NORMAL
..................................................................
TEMPERATURE (F)
 TODAY
  MAXIMUM         24    359 PM  68    1980  35    -11       50
  MINIMUM         14   1211 AM -11    1941  17     -3       36
  AVERAGE         19                        26     -7       43

PRECIPITATION (IN)
  TODAY            0.00          0.18 1981   0.02  -0.02     0.00
  MONTH TO DATE    0.54                      0.44   0.10     1.89
  SINCE OCT 1      1.44                      2.25  -0.81     4.80
  SINCE JAN 1     13.90                     13.60   0.30    16.61

SNOWFALL (IN)
  TODAY            0.0           2.0  1946   0.3   -0.3      0.0
  MONTH TO DATE    5.4                       7.0   -1.6     23.2
  SINCE DEC 1      5.4                       7.0   -1.6     23.2
  SINCE JUL 1     18.6                      18.7   -0.1     34.3
  SNOW DEPTH       2

DEGREE DAYS
 HEATING
  TODAY           46                        39      7       22
  MONTH TO DATE  852                      1033   -181     1194
  SINCE DEC 1    852                      1033   -181     1194
  SINCE JUL 1   2453                      2661   -208     2795

 COOLING
  TODAY            0                         0      0        0
  MONTH TO DATE    0                         0      0        0
  SINCE DEC 1      0                         0      0        0
  SINCE JAN 1    618                       636    -18      840
..................................................................


WIND (MPH)
  HIGHEST WIND SPEED    24   HIGHEST WIND DIRECTION    SW (240)
  HIGHEST GUST SPEED    27   HIGHEST GUST DIRECTION    SW (240)
  AVERAGE WIND SPEED    15.5


SKY COVER
  POSSIBLE SUNSHINE  MM
  AVERAGE SKY COVER 0.5


WEATHER CONDITIONS
 THE FOLLOWING WEATHER WAS RECORDED TODAY.
  NO SIGNIFICANT WEATHER WAS OBSERVED.


RELATIVE HUMIDITY (PERCENT)
 HIGHEST    80          1200 AM
 LOWEST     62           300 PM
 AVERAGE    71

..........................................................


THE BILLINGS MT CLIMATE NORMALS FOR TOMORROW
                         NORMAL    RECORD    YEAR
 MAXIMUM TEMPERATURE (F)   35        59      1956
 MINIMUM TEMPERATURE (F)   17       -22      1990


SUNRISE AND SUNSET
DECEMBER 27 2014......SUNRISE   755 AM MST   SUNSET   436 PM MST
DECEMBER 28 2014......SUNRISE   755 AM MST   SUNSET   437 PM MST


-  INDICATES NEGATIVE NUMBERS.
R  INDICATES RECORD WAS SET OR TIED.
MM INDICATES DATA IS MISSING.
T  INDICATES TRACE AMOUNT.




$$
