000
CDUS45 KBYZ 271033
CLIBIL


CLIMATE REPORT
NATIONAL WEATHER SERVICE BILLINGS MT
332 AM MST FRI FEB 27 2015


...................................

...THE BILLINGS MT CLIMATE SUMMARY FOR FEBRUARY 26 2015...

CLIMATE NORMAL PERIOD 1981 TO 2010
CLIMATE RECORD PERIOD 1934 TO 2015


WEATHER ITEM   OBSERVED TIME   RECORD YEAR NORMAL DEPARTURE LAST
                VALUE   (LST)  VALUE       VALUE  FROM      YEAR
                                                  NORMAL
..................................................................
TEMPERATURE (F)
 YESTERDAY
  MAXIMUM         15    357 PM  67    1950  43    -28       22
  MINIMUM          4   1159 PM -14    1962  22    -18        5
  AVERAGE         10                        33    -23       14

PRECIPITATION (IN)
  YESTERDAY        0.02          0.23 1995   0.02   0.00     0.00
  MONTH TO DATE    0.21                      0.44  -0.23     1.54
  SINCE OCT 1      2.87                      3.23  -0.36     7.45
  SINCE JAN 1      1.30                      0.92   0.38     2.56

SNOWFALL (IN)
  YESTERDAY        0.6           5.6  1995   0.3    0.3      0.0
  MONTH TO DATE    3.8                       5.7   -1.9     28.4
  SINCE DEC 1     30.9                      22.3    8.6     70.5
  SINCE JUL 1     44.1                      34.0   10.1     81.6
  SNOW DEPTH       1

DEGREE DAYS
 HEATING
  YESTERDAY       55                        32     23       51
  MONTH TO DATE  782                       905   -123     1191
  SINCE DEC 1   2946                      3273   -327     3577
  SINCE JUL 1   4547                      4901   -354     5178

 COOLING
  YESTERDAY        0                         0      0        0
  MONTH TO DATE    0                         0      0        0
  SINCE DEC 1      0                         0      0        0
  SINCE JAN 1      0                         0      0        0
..................................................................


WIND (MPH)
  HIGHEST WIND SPEED    15   HIGHEST WIND DIRECTION     E (80)
  HIGHEST GUST SPEED    18   HIGHEST GUST DIRECTION     E (70)
  AVERAGE WIND SPEED     8.8


SKY COVER
  POSSIBLE SUNSHINE  MM
  AVERAGE SKY COVER 0.6


WEATHER CONDITIONS
 THE FOLLOWING WEATHER WAS RECORDED YESTERDAY.
  LIGHT SNOW
  FOG


RELATIVE HUMIDITY (PERCENT)
 HIGHEST    91           300 AM
 LOWEST     58           300 PM
 AVERAGE    75

..........................................................


THE BILLINGS MT CLIMATE NORMALS FOR TODAY
                         NORMAL    RECORD    YEAR
 MAXIMUM TEMPERATURE (F)   44        70      1992
 MINIMUM TEMPERATURE (F)   23       -15      1962


SUNRISE AND SUNSET
FEBRUARY 27 2015......SUNRISE   657 AM MST   SUNSET   558 PM MST
FEBRUARY 28 2015......SUNRISE   655 AM MST   SUNSET   559 PM MST


-  INDICATES NEGATIVE NUMBERS.
R  INDICATES RECORD WAS SET OR TIED.
MM INDICATES DATA IS MISSING.
T  INDICATES TRACE AMOUNT.





&&

...THE CLIMATE SUMMARY FOR SOUTHWEST BILLINGS FOR 26 FEBRUARY 2015...

HIGH TEMPERATURE........................17
LOW TEMPERATURE......................... 2

PRECIPITATION...........................0.02
MONTHLY PRECIPITATION TOTAL.............0.16
YEARLY PRECIPITATION TOTAL..............1.17

SNOWFALL................................0.3
MONTHLY SNOWFALL TOTAL..................1.7
TOTAL SNOWFALL SINCE JULY 1.............45.8

SNOW DEPTH AT MIDNIGHT..................T

$$
