000
CDUS45 KBYZ 282233
CLIBIL


CLIMATE REPORT
NATIONAL WEATHER SERVICE BILLINGS MT
432 PM MDT SUN AUG 28 2016


...................................

...THE BILLINGS MT CLIMATE SUMMARY FOR AUGUST 28 2016...
VALID TODAY AS OF 0400 PM LOCAL TIME.

CLIMATE NORMAL PERIOD 1981 TO 2010
CLIMATE RECORD PERIOD 1934 TO 2016


WEATHER ITEM   OBSERVED TIME   RECORD YEAR NORMAL DEPARTURE LAST
                VALUE   (LST)  VALUE       VALUE  FROM      YEAR
                                                  NORMAL
..................................................................
TEMPERATURE (F)
 TODAY
  MAXIMUM         89    259 PM  99    2012  82      7       89
                                      1983
  MINIMUM         59    637 AM  42    1960  54      5       63
  AVERAGE         74                        68      6       76

PRECIPITATION (IN)
  TODAY            0.00          0.26 1964   0.03  -0.03     0.00
  MONTH TO DATE    1.67                      0.67   0.00     0.91
  SINCE OCT 1     10.60                     12.28  -1.68    11.41
  SINCE JAN 1      7.75                      9.97  -2.22     9.84

SNOWFALL (IN)
  TODAY            0.0           0.0  2002   0.0    0.0      0.0
                                      2000
  MONTH TO DATE    0.0                       0.0    0.0      0.0
  SINCE JUN 1      T                         0.0    0.0       T
  SINCE JUL 1      0.0                       0.0    0.0       T
  SNOW DEPTH       0

DEGREE DAYS
 HEATING
  TODAY            0                         2     -2        0
  MONTH TO DATE   24                        14     10       42
  SINCE JUN 1     39                       125    -86       61
  SINCE JUL 1     28                        29     -1       43

 COOLING
  TODAY            9                         5      4       11
  MONTH TO DATE  169                       209    -40      210
  SINCE JUN 1    640                       550     90      624
  SINCE JAN 1    651                       567     84      627
..................................................................


WIND (MPH)
  HIGHEST WIND SPEED    18   HIGHEST WIND DIRECTION    SW (230)
  HIGHEST GUST SPEED    21   HIGHEST GUST DIRECTION    SW (230)
  AVERAGE WIND SPEED    10.9


SKY COVER
  POSSIBLE SUNSHINE  MM
  AVERAGE SKY COVER 0.3


WEATHER CONDITIONS
 THE FOLLOWING WEATHER WAS RECORDED TODAY.
  NO SIGNIFICANT WEATHER WAS OBSERVED.


RELATIVE HUMIDITY (PERCENT)
 HIGHEST    39           400 AM
 LOWEST     14           300 PM
 AVERAGE    27

..........................................................


THE BILLINGS MT CLIMATE NORMALS FOR TOMORROW
                         NORMAL    RECORD    YEAR
 MAXIMUM TEMPERATURE (F)   82        97      2012
                                             2005
 MINIMUM TEMPERATURE (F)   54        44      1992
                                             1965


SUNRISE AND SUNSET
AUGUST 28 2016........SUNRISE   631 AM MDT   SUNSET   759 PM MDT
AUGUST 29 2016........SUNRISE   632 AM MDT   SUNSET   757 PM MDT


-  INDICATES NEGATIVE NUMBERS.
R  INDICATES RECORD WAS SET OR TIED.
MM INDICATES DATA IS MISSING.
T  INDICATES TRACE AMOUNT.




$$
