000
CDUS43 KBIS 310727
CLIBIS


CLIMATE REPORT
NATIONAL WEATHER SERVICE BISMARCK ND
227 AM CDT THU JUL 31 2014


...................................

...THE BISMARCK ND CLIMATE SUMMARY FOR JULY 30 2014...

CLIMATE NORMAL PERIOD 1981 TO 2010
CLIMATE RECORD PERIOD 1875 TO 2014


WEATHER ITEM   OBSERVED TIME   RECORD YEAR NORMAL DEPARTURE LAST
                VALUE   (LST)  VALUE       VALUE  FROM      YEAR
                                                  NORMAL
..................................................................
TEMPERATURE (F)
 YESTERDAY
  MAXIMUM         84    437 PM 112    2006  86     -2       74
  MINIMUM         53    457 AM  35    1971  58     -5       50
  AVERAGE         69                        72     -3       62

PRECIPITATION (IN)
  YESTERDAY        0.00          1.15 1931   0.09  -0.09     0.12
  MONTH TO DATE    0.73                      2.81  -2.08     1.49
  SINCE JUN 1      3.75                      5.98  -2.23     4.20
  SINCE JAN 1      7.94                     11.45  -3.51    14.80

SNOWFALL (IN)
  YESTERDAY        0.0           0.0  2002   0.0    0.0      0.0
                                      2001
  MONTH TO DATE    0.0                       0.0    0.0      0.0
  SINCE JUN 1      0.0                       0.0    0.0      0.0
  SINCE JUL 1      0.0                       0.0    0.0      0.0
  SNOW DEPTH       0

DEGREE DAYS
 HEATING
  YESTERDAY        0                         0      0        3
  MONTH TO DATE   28                        13     15       22
  SINCE JUN 1    122                       106     16      108
  SINCE JUL 1     28                        13     15       22

 COOLING
  YESTERDAY        4                         7     -3        0
  MONTH TO DATE  141                       193    -52      181
  SINCE JUN 1    194                       276    -82      265
  SINCE JAN 1    245                       293    -48      277
..................................................................


WIND (MPH)
  HIGHEST WIND SPEED    12   HIGHEST WIND DIRECTION     E (70)
  HIGHEST GUST SPEED    15   HIGHEST GUST DIRECTION     E (70)
  AVERAGE WIND SPEED     3.7


SKY COVER
  POSSIBLE SUNSHINE  MM
  AVERAGE SKY COVER 0.3


WEATHER CONDITIONS
 THE FOLLOWING WEATHER WAS RECORDED YESTERDAY.
  HAZE


RELATIVE HUMIDITY (PERCENT)
 HIGHEST    90           700 AM
 LOWEST     32           100 AM
 AVERAGE    61

..........................................................


THE BISMARCK ND CLIMATE NORMALS FOR TODAY
                         NORMAL    RECORD    YEAR
 MAXIMUM TEMPERATURE (F)   86       104      1946
 MINIMUM TEMPERATURE (F)   58        43      1905


SUNRISE AND SUNSET
JULY 31 2014..........SUNRISE   622 AM CDT   SUNSET   916 PM CDT
AUGUST  1 2014........SUNRISE   623 AM CDT   SUNSET   915 PM CDT


-  INDICATES NEGATIVE NUMBERS.
R  INDICATES RECORD WAS SET OR TIED.
MM INDICATES DATA IS MISSING.
T  INDICATES TRACE AMOUNT.




$$
