000
CDUS43 KBIS 260723
CLIBIS


CLIMATE REPORT
NATIONAL WEATHER SERVICE BISMARCK ND
222 AM CDT MON JUN 26 2017


...................................

...THE BISMARCK ND CLIMATE SUMMARY FOR JUNE 25 2017...

CLIMATE NORMAL PERIOD 1981 TO 2010
CLIMATE RECORD PERIOD 1875 TO 2017


WEATHER ITEM   OBSERVED TIME   RECORD YEAR NORMAL DEPARTURE LAST
                VALUE   (LST)  VALUE       VALUE  FROM      YEAR
                                                  NORMAL
..................................................................
TEMPERATURE (F)
 YESTERDAY
  MAXIMUM         74    421 PM 100    1936  80     -6       82
  MINIMUM         41    359 AM  40    1897  54    -13       63
  AVERAGE         58                        67     -9       73

PRECIPITATION (IN)
  YESTERDAY        0.07          1.05 1906   0.11  -0.04     0.00
  MONTH TO DATE    1.27                      2.66  -1.39     3.70
  SINCE JUN 1      1.27                      2.66  -1.39     3.70
  SINCE JAN 1      4.40                      8.13  -3.73    10.88

DEGREE DAYS
 HEATING
  YESTERDAY        7                         2      5        0
  MONTH TO DATE   23                        86    -63       24
  SINCE JUN 1     23                        86    -63       24
  SINCE JUL 1   7908                      8551   -643     6981

 COOLING
  YESTERDAY        0                         4     -4        8
  MONTH TO DATE  108                        61     47      113
  SINCE JUN 1    108                        61     47      113
  SINCE JAN 1    122                        78     44      123
..................................................................


WIND (MPH)
  HIGHEST WIND SPEED    21   HIGHEST WIND DIRECTION     N (10)
  HIGHEST GUST SPEED    27   HIGHEST GUST DIRECTION     N (340)
  AVERAGE WIND SPEED     5.8


SKY COVER
  POSSIBLE SUNSHINE  MM
  AVERAGE SKY COVER 0.4


WEATHER CONDITIONS
 THE FOLLOWING WEATHER WAS RECORDED YESTERDAY.
  LIGHT RAIN
  FOG


RELATIVE HUMIDITY (PERCENT)
 HIGHEST    89           100 AM
 LOWEST     35           600 PM
 AVERAGE    62

..........................................................


THE BISMARCK ND CLIMATE NORMALS FOR TODAY
                         NORMAL    RECORD    YEAR
 MAXIMUM TEMPERATURE (F)   81        98      1961
 MINIMUM TEMPERATURE (F)   55        42      2004
                                             1958
                                             1889


SUNRISE AND SUNSET
JUNE 26 2017..........SUNRISE   551 AM CDT   SUNSET   941 PM CDT
JUNE 27 2017..........SUNRISE   551 AM CDT   SUNSET   941 PM CDT


-  INDICATES NEGATIVE NUMBERS.
R  INDICATES RECORD WAS SET OR TIED.
MM INDICATES DATA IS MISSING.
T  INDICATES TRACE AMOUNT.




$$
