000
CDUS43 KBIS 030030
CLIBIS


CLIMATE REPORT
NATIONAL WEATHER SERVICE BISMARCK ND
725 PM CDT TUE JUN 2 2015


...................................

...THE BISMARCK ND CLIMATE SUMMARY FOR JUNE 2 2015...
VALID TODAY AS OF 0700 PM LOCAL TIME.

CLIMATE NORMAL PERIOD 1981 TO 2010
CLIMATE RECORD PERIOD 1875 TO 2015


WEATHER ITEM   OBSERVED TIME   RECORD YEAR NORMAL DEPARTURE LAST
                VALUE   (LST)  VALUE       VALUE  FROM      YEAR
                                                  NORMAL
..................................................................
TEMPERATURE (F)
 TODAY
  MAXIMUM         78    355 PM  92    1948  73      5       62
  MINIMUM         60    633 AM  30    1969  48     12       51
  AVERAGE         69                        61      8       57

PRECIPITATION (IN)
  TODAY            0.56          1.62 1943   0.10   0.46      T
  MONTH TO DATE    0.56                      0.20   0.36     0.01
  SINCE JUN 1      0.56                      0.20   0.36     0.01
  SINCE JAN 1      7.83                      5.67   2.16     4.20

SNOWFALL (IN)
  TODAY            0.0           0.0  2002   0.0    0.0      0.0
                                      2001
  MONTH TO DATE    0.0                       0.0    0.0      0.0
  SINCE JUN 1      0.0                       0.0    0.0      0.0
  SINCE JUL 1     24.1                      51.2  -27.1     40.5
  SNOW DEPTH       0

DEGREE DAYS
 HEATING
  TODAY            0                         5     -5        8
  MONTH TO DATE    0                        11    -11        8
  SINCE JUN 1      0                        11    -11        8
  SINCE JUL 1   8171                      8476   -305     9064

 COOLING
  TODAY            4                         1      3        0
  MONTH TO DATE    6                         2      4        2
  SINCE JUN 1      6                         2      4        2
  SINCE JAN 1     12                        19     -7       53
..................................................................


WIND (MPH)
  RESULTANT WIND SPEED   5   RESULTANT WIND DIRECTION  NE (60)
  HIGHEST WIND SPEED    28   HIGHEST WIND DIRECTION     N (350)
  HIGHEST GUST SPEED    35   HIGHEST GUST DIRECTION     N (350)
  AVERAGE WIND SPEED     6.8


SKY COVER
  POSSIBLE SUNSHINE  MM
  AVERAGE SKY COVER 0.7


WEATHER CONDITIONS
 THE FOLLOWING WEATHER WAS RECORDED TODAY.
  THUNDERSTORM
  RAIN
  LIGHT RAIN
  FOG


RELATIVE HUMIDITY (PERCENT)
 HIGHEST    93           900 AM
 LOWEST     62           400 PM
 AVERAGE    78

..........................................................


THE BISMARCK ND CLIMATE NORMALS FOR TOMORROW
                         NORMAL    RECORD    YEAR
 MAXIMUM TEMPERATURE (F)   74        96      1968
 MINIMUM TEMPERATURE (F)   49        32      1998
                                             1875


SUNRISE AND SUNSET
JUNE  2 2015..........SUNRISE   552 AM CDT   SUNSET   930 PM CDT
JUNE  3 2015..........SUNRISE   552 AM CDT   SUNSET   931 PM CDT


-  INDICATES NEGATIVE NUMBERS.
R  INDICATES RECORD WAS SET OR TIED.
MM INDICATES DATA IS MISSING.
T  INDICATES TRACE AMOUNT.




$$
