000
CDUS43 KBIS 080044
CLIBIS


CLIMATE REPORT
NATIONAL WEATHER SERVICE BISMARCK ND
743 PM CDT TUE JUL 7 2015


...................................

...THE BISMARCK ND CLIMATE SUMMARY FOR JULY 7 2015...
VALID TODAY AS OF 0700 PM LOCAL TIME.

CLIMATE NORMAL PERIOD 1981 TO 2010
CLIMATE RECORD PERIOD 1875 TO 2015


WEATHER ITEM   OBSERVED TIME   RECORD YEAR NORMAL DEPARTURE LAST
                VALUE   (LST)  VALUE       VALUE  FROM      YEAR
                                                  NORMAL
..................................................................
TEMPERATURE (F)
 TODAY
  MAXIMUM         76    410 PM 106    1936  83     -7       74
  MINIMUM         45    528 AM  40    1922  57    -12       59
  AVERAGE         61                        70     -9       67

PRECIPITATION (IN)
  TODAY            0.00          1.47 1969   0.10  -0.10     0.13
  MONTH TO DATE    0.56                      0.69  -0.13     0.42
  SINCE JUN 1      5.54                      3.86   1.68     3.44
  SINCE JAN 1     12.81                      9.33   3.48     7.63

SNOWFALL (IN)
  TODAY            0.0           0.0  2002   0.0    0.0      0.0
                                      2001
  MONTH TO DATE    0.0                       0.0    0.0      0.0
  SINCE JUN 1      0.0                       0.0    0.0      0.0
  SINCE JUL 1      0.0                       0.0    0.0      0.0
  SNOW DEPTH       0

DEGREE DAYS
 HEATING
  TODAY            4                         1      3        0
  MONTH TO DATE    7                         7      0       12
  SINCE JUN 1     50                       100    -50      106
  SINCE JUL 1      7                         7      0       12

 COOLING
  TODAY            0                         6     -6        2
  MONTH TO DATE   39                        37      2       34
  SINCE JUN 1    133                       120     13       87
  SINCE JAN 1    139                       137      2      138
..................................................................


WIND (MPH)
  RESULTANT WIND SPEED   7   RESULTANT WIND DIRECTION  SE (150)
  HIGHEST WIND SPEED    20   HIGHEST WIND DIRECTION    SE (150)
  HIGHEST GUST SPEED    23   HIGHEST GUST DIRECTION    SE (140)
  AVERAGE WIND SPEED     8.1


SKY COVER
  POSSIBLE SUNSHINE  MM
  AVERAGE SKY COVER 0.2


WEATHER CONDITIONS
 THE FOLLOWING WEATHER WAS RECORDED TODAY.
  FOG


RELATIVE HUMIDITY (PERCENT)
 HIGHEST    93           100 AM
 LOWEST     50           300 PM
 AVERAGE    72

..........................................................


THE BISMARCK ND CLIMATE NORMALS FOR TOMORROW
                         NORMAL    RECORD    YEAR
 MAXIMUM TEMPERATURE (F)   84       106      1936
 MINIMUM TEMPERATURE (F)   57        42      1971


SUNRISE AND SUNSET
JULY  7 2015..........SUNRISE   557 AM CDT   SUNSET   939 PM CDT
JULY  8 2015..........SUNRISE   558 AM CDT   SUNSET   938 PM CDT


-  INDICATES NEGATIVE NUMBERS.
R  INDICATES RECORD WAS SET OR TIED.
MM INDICATES DATA IS MISSING.
T  INDICATES TRACE AMOUNT.




$$
