000
CDUS43 KBIS 240024
CLIBIS


CLIMATE REPORT
NATIONAL WEATHER SERVICE BISMARCK ND
623 PM CST THU NOV 23 2017


...................................

...THE BISMARCK ND CLIMATE SUMMARY FOR NOVEMBER 23 2017...
VALID TODAY AS OF 0600 PM LOCAL TIME.

CLIMATE NORMAL PERIOD 1981 TO 2010
CLIMATE RECORD PERIOD 1875 TO 2017


WEATHER ITEM   OBSERVED TIME   RECORD YEAR NORMAL DEPARTURE LAST
                VALUE   (LST)  VALUE       VALUE  FROM      YEAR
                                                  NORMAL
..................................................................
TEMPERATURE (F)
 TODAY
  MAXIMUM         74R   338 PM  62    2011  35     39       36
  MINIMUM         23    232 AM -21    1985  15      8       32
  AVERAGE         49                        25     24       34

PRECIPITATION (IN)
  TODAY            0.00          0.51 1996   0.02  -0.02     0.00
  MONTH TO DATE    0.16                      0.59  -0.43     0.00
  SINCE SEP 1      1.73                      3.43  -1.70     1.46
  SINCE JAN 1     13.37                     17.24  -3.87    20.00

SNOWFALL (IN)
  TODAY            0.0           8.9  1996
  MONTH TO DATE    1.3
  SINCE SEP 1      1.3
  SINCE JUL 1      1.3

DEGREE DAYS
 HEATING
  TODAY           16                        40    -24       31
  MONTH TO DATE  824                       780     44      518
  SINCE SEP 1   1563                      1637    -74     1210
  SINCE JUL 1   1575                      1692   -117     1243

 COOLING
  TODAY            0                         0      0        0
  MONTH TO DATE    0                         0      0        0
  SINCE SEP 1     49                        39     10       31
  SINCE JAN 1    615                       520     95      548
..................................................................


WIND (MPH)
  RESULTANT WIND SPEED   2   RESULTANT WIND DIRECTION  SW (220)
  HIGHEST WIND SPEED    17   HIGHEST WIND DIRECTION     W (250)
  HIGHEST GUST SPEED    23   HIGHEST GUST DIRECTION     W (250)
  AVERAGE WIND SPEED     4.6


SKY COVER
  POSSIBLE SUNSHINE  MM
  AVERAGE SKY COVER 0.0


WEATHER CONDITIONS
 THE FOLLOWING WEATHER WAS RECORDED TODAY.
  NO SIGNIFICANT WEATHER WAS OBSERVED.


RELATIVE HUMIDITY (PERCENT)
 HIGHEST    92           900 AM
 LOWEST     31           300 PM
 AVERAGE    62

..........................................................


THE BISMARCK ND CLIMATE NORMALS FOR TOMORROW
                         NORMAL    RECORD    YEAR
 MAXIMUM TEMPERATURE (F)   35        63      1942
                                             1909
 MINIMUM TEMPERATURE (F)   15       -26      1985


SUNRISE AND SUNSET
NOVEMBER 23 2017......SUNRISE   757 AM CST   SUNSET   501 PM CST
NOVEMBER 24 2017......SUNRISE   759 AM CST   SUNSET   501 PM CST


-  INDICATES NEGATIVE NUMBERS.
R  INDICATES RECORD WAS SET OR TIED.
MM INDICATES DATA IS MISSING.
T  INDICATES TRACE AMOUNT.




$$
