000
CDUS43 KBIS 300805
CLIBIS


CLIMATE REPORT
NATIONAL WEATHER SERVICE BISMARCK ND
304 AM CDT THU OCT 30 2014


...................................

...THE BISMARCK ND CLIMATE SUMMARY FOR OCTOBER 29 2014...

CLIMATE NORMAL PERIOD 1981 TO 2010
CLIMATE RECORD PERIOD 1875 TO 2014


WEATHER ITEM   OBSERVED TIME   RECORD YEAR NORMAL DEPARTURE LAST
                VALUE   (LST)  VALUE       VALUE  FROM      YEAR
                                                  NORMAL
..................................................................
TEMPERATURE (F)
 YESTERDAY
  MAXIMUM         51    353 PM  80    1950  50      1       35
  MINIMUM         23    747 AM  -3    1925  27     -4       25
  AVERAGE         37                        39     -2       30

PRECIPITATION (IN)
  YESTERDAY        0.04          0.57 1991   0.03   0.01     0.00
  MONTH TO DATE    0.15                      1.18  -1.03     4.73
  SINCE SEP 1      0.52                      2.77  -2.25     9.09
  SINCE JAN 1     13.21                     16.58  -3.37    25.40

SNOWFALL (IN)
  YESTERDAY        0.0           8.6  1991   0.2   -0.2      0.0
  MONTH TO DATE    0.0                       1.9   -1.9      1.0
  SINCE SEP 1      0.0                       2.1   -2.1      1.0
  SINCE JUL 1      0.0                       2.1   -2.1      1.0
  SNOW DEPTH       0

DEGREE DAYS
 HEATING
  YESTERDAY       28                        26      2       35
  MONTH TO DATE  452                       571   -119      649
  SINCE SEP 1    640                       802   -162      752
  SINCE JUL 1    702                       857   -155      780

 COOLING
  YESTERDAY        0                         0      0        0
  MONTH TO DATE    0                         0      0        0
  SINCE SEP 1     51                        38     13       75
  SINCE JAN 1    457                       519    -62      555
..................................................................


WIND (MPH)
  HIGHEST WIND SPEED    17   HIGHEST WIND DIRECTION     S (160)
  HIGHEST GUST SPEED    21   HIGHEST GUST DIRECTION     S (170)
  AVERAGE WIND SPEED     6.0


SKY COVER
  POSSIBLE SUNSHINE  MM
  AVERAGE SKY COVER 0.5


WEATHER CONDITIONS
 THE FOLLOWING WEATHER WAS RECORDED YESTERDAY.
  LIGHT RAIN
  FOG


RELATIVE HUMIDITY (PERCENT)
 HIGHEST   100          1000 PM
 LOWEST     46           100 PM
 AVERAGE    73

..........................................................


THE BISMARCK ND CLIMATE NORMALS FOR TODAY
                         NORMAL    RECORD    YEAR
 MAXIMUM TEMPERATURE (F)   50        84      1950
 MINIMUM TEMPERATURE (F)   27       -10      1991


SUNRISE AND SUNSET
OCTOBER 30 2014.......SUNRISE   822 AM CDT   SUNSET   630 PM CDT
OCTOBER 31 2014.......SUNRISE   824 AM CDT   SUNSET   629 PM CDT


-  INDICATES NEGATIVE NUMBERS.
R  INDICATES RECORD WAS SET OR TIED.
MM INDICATES DATA IS MISSING.
T  INDICATES TRACE AMOUNT.




$$
