000
CDUS43 KBIS 200729
CLIBIS


CLIMATE REPORT
NATIONAL WEATHER SERVICE BISMARCK ND
229 AM CDT WED SEP 20 2017


...................................

...THE BISMARCK ND CLIMATE SUMMARY FOR SEPTEMBER 19 2017...

CLIMATE NORMAL PERIOD 1981 TO 2010
CLIMATE RECORD PERIOD 1875 TO 2017


WEATHER ITEM   OBSERVED TIME   RECORD YEAR NORMAL DEPARTURE LAST
                VALUE   (LST)  VALUE       VALUE  FROM      YEAR
                                                  NORMAL
..................................................................
TEMPERATURE (F)
 YESTERDAY
  MAXIMUM         76    240 PM  94    1972  71      5       77
                                      1941
                                      1895
  MINIMUM         51   1159 PM  22    1896  44      7       45
  AVERAGE         64                        57      7       61

PRECIPITATION (IN)
  YESTERDAY        0.03          1.21 1996   0.05  -0.02     0.00
  MONTH TO DATE    0.75                      1.07  -0.32     1.02
  SINCE SEP 1      0.75                      1.07  -0.32     1.02
  SINCE JAN 1     12.39                     14.88  -2.49    19.56

DEGREE DAYS
 HEATING
  YESTERDAY        1                         9     -8        4
  MONTH TO DATE   72                       109    -37       99
  SINCE SEP 1     72                       109    -37       99
  SINCE JUL 1     84                       164    -80      132

 COOLING
  YESTERDAY        0                         1     -1        0
  MONTH TO DATE   47                        34     13       27
  SINCE SEP 1     47                        34     13       27
  SINCE JAN 1    613                       515     98      544
..................................................................


WIND (MPH)
  HIGHEST WIND SPEED    30   HIGHEST WIND DIRECTION    SE (140)
  HIGHEST GUST SPEED    37   HIGHEST GUST DIRECTION    SE (140)
  AVERAGE WIND SPEED    13.9


SKY COVER
  POSSIBLE SUNSHINE  MM
  AVERAGE SKY COVER 0.4


WEATHER CONDITIONS
 THE FOLLOWING WEATHER WAS RECORDED YESTERDAY.
  THUNDERSTORM
  LIGHT RAIN


RELATIVE HUMIDITY (PERCENT)
 HIGHEST    93           500 AM
 LOWEST     37          1200 PM
 AVERAGE    65

..........................................................


THE BISMARCK ND CLIMATE NORMALS FOR TODAY
                         NORMAL    RECORD    YEAR
 MAXIMUM TEMPERATURE (F)   70        97      1898
 MINIMUM TEMPERATURE (F)   43        25      1982


SUNRISE AND SUNSET
SEPTEMBER 20 2017.....SUNRISE   728 AM CDT   SUNSET   744 PM CDT
SEPTEMBER 21 2017.....SUNRISE   729 AM CDT   SUNSET   742 PM CDT


-  INDICATES NEGATIVE NUMBERS.
R  INDICATES RECORD WAS SET OR TIED.
MM INDICATES DATA IS MISSING.
T  INDICATES TRACE AMOUNT.




$$
