900
CDUS43 KBIS 190805
CLIBIS


CLIMATE REPORT
NATIONAL WEATHER SERVICE BISMARCK ND
205 AM CST MON FEB 19 2018


...................................

...THE BISMARCK ND CLIMATE SUMMARY FOR FEBRUARY 18 2018...

CLIMATE NORMAL PERIOD 1981 TO 2010
CLIMATE RECORD PERIOD 1875 TO 2018


WEATHER ITEM   OBSERVED TIME   RECORD YEAR NORMAL DEPARTURE LAST
                VALUE   (LST)  VALUE       VALUE  FROM      YEAR
                                                  NORMAL
..................................................................
TEMPERATURE (F)
 YESTERDAY
  MAXIMUM         17    228 AM  62    1954  29    -12       39
  MINIMUM          8   1159 PM -37    1910   9     -1       23
  AVERAGE         13                        19     -6       31

PRECIPITATION (IN)
  YESTERDAY        0.01          0.36 1952   0.02  -0.01     0.00
  MONTH TO DATE    0.22                      0.28  -0.06     0.17
  SINCE DEC 1      1.06                      1.20  -0.14     2.86
  SINCE JAN 1      0.64                      0.71  -0.07     0.81

SNOWFALL (IN)
  YESTERDAY        0.2           5.4  1949   0.3   -0.1      0.0
  MONTH TO DATE    3.8                       4.8   -1.0      2.7
  SINCE DEC 1     15.6                      23.0   -7.4     42.4
  SINCE JUL 1     16.9                      34.2  -17.3     61.4

DEGREE DAYS
 HEATING
  YESTERDAY       52                        46      6       34
  MONTH TO DATE 1056                       874    182      812
  SINCE DEC 1   4059                      4006     53     4155
  SINCE JUL 1   5798                      5992   -194     5635

 COOLING
  YESTERDAY        0                         0      0        0
  MONTH TO DATE    0                         0      0        0
  SINCE DEC 1      0                         0      0        0
  SINCE JAN 1      0                         0      0        0
..................................................................


WIND (MPH)
  HIGHEST WIND SPEED    23   HIGHEST WIND DIRECTION    NE (60)
  HIGHEST GUST SPEED    29   HIGHEST GUST DIRECTION     N (20)
  AVERAGE WIND SPEED    14.3


SKY COVER
  POSSIBLE SUNSHINE  MM
  AVERAGE SKY COVER 1.0


WEATHER CONDITIONS
 THE FOLLOWING WEATHER WAS RECORDED YESTERDAY.
  LIGHT SNOW
  FOG
  HAZE


RELATIVE HUMIDITY (PERCENT)
 HIGHEST    92           900 AM
 LOWEST     66           700 PM
 AVERAGE    79

..........................................................


THE BISMARCK ND CLIMATE NORMALS FOR TODAY
                         NORMAL    RECORD    YEAR
 MAXIMUM TEMPERATURE (F)   29        60      2016
 MINIMUM TEMPERATURE (F)    9       -43      1929


SUNRISE AND SUNSET
FEBRUARY 19 2018......SUNRISE   740 AM CST   SUNSET   614 PM CST
FEBRUARY 20 2018......SUNRISE   739 AM CST   SUNSET   616 PM CST


-  INDICATES NEGATIVE NUMBERS.
R  INDICATES RECORD WAS SET OR TIED.
MM INDICATES DATA IS MISSING.
T  INDICATES TRACE AMOUNT.




$$
