000
CDUS43 KBIS 290728
CLIBIS


CLIMATE REPORT
NATIONAL WEATHER SERVICE BISMARCK ND
227 AM CDT SUN MAY 29 2016


...................................

...THE BISMARCK ND CLIMATE SUMMARY FOR MAY 28 2016...

CLIMATE NORMAL PERIOD 1981 TO 2010
CLIMATE RECORD PERIOD 1875 TO 2016


WEATHER ITEM   OBSERVED TIME   RECORD YEAR NORMAL DEPARTURE LAST
                VALUE   (LST)  VALUE       VALUE  FROM      YEAR
                                                  NORMAL
..................................................................
TEMPERATURE (F)
 YESTERDAY
  MAXIMUM         72    431 PM 102    1934  72      0       80
  MINIMUM         50    301 AM  23    1947  47      3       57
  AVERAGE         61                        59      2       69

PRECIPITATION (IN)
  YESTERDAY        0.18          0.97 1985   0.08   0.10      T
  MONTH TO DATE    1.21                      2.12  -0.91     5.25
  SINCE MAR 1      5.79                      4.25   1.54     6.07
  SINCE JAN 1      6.43                      5.19   1.24     7.21

SNOWFALL (IN)
  YESTERDAY        0.0           0.0  2002   0.0    0.0      0.0
                                      2001
  MONTH TO DATE    T                         0.4   -0.4      0.2
  SINCE MAR 1      3.5                      13.7  -10.2      1.2
  SINCE JUL 1     24.1                      51.2  -27.1     24.1
  SNOW DEPTH       0

DEGREE DAYS
 HEATING
  YESTERDAY        4                         7     -3        0
  MONTH TO DATE  234                       292    -58      297
  SINCE MAR 1   1627                      2016   -389     1766
  SINCE JUL 1   6947                      8447  -1500     8127

 COOLING
  YESTERDAY        0                         1     -1        4
  MONTH TO DATE   10                        10      0        6
  SINCE MAR 1     10                        11     -1        6
  SINCE JAN 1     10                        11     -1        6
..................................................................


WIND (MPH)
  HIGHEST WIND SPEED    24   HIGHEST WIND DIRECTION     W (280)
  HIGHEST GUST SPEED    31   HIGHEST GUST DIRECTION     W (270)
  AVERAGE WIND SPEED     5.7


SKY COVER
  POSSIBLE SUNSHINE  MM
  AVERAGE SKY COVER 0.7


WEATHER CONDITIONS
 THE FOLLOWING WEATHER WAS RECORDED YESTERDAY.
  THUNDERSTORM
  HEAVY RAIN
  RAIN
  LIGHT RAIN
  FOG
  HAZE


RELATIVE HUMIDITY (PERCENT)
 HIGHEST   100           400 AM
 LOWEST     53           500 PM
 AVERAGE    77

..........................................................


THE BISMARCK ND CLIMATE NORMALS FOR TODAY
                         NORMAL    RECORD    YEAR
 MAXIMUM TEMPERATURE (F)   72        97      1934
 MINIMUM TEMPERATURE (F)   47        25      1947


SUNRISE AND SUNSET
MAY 29 2016...........SUNRISE   554 AM CDT   SUNSET   927 PM CDT
MAY 30 2016...........SUNRISE   554 AM CDT   SUNSET   928 PM CDT


-  INDICATES NEGATIVE NUMBERS.
R  INDICATES RECORD WAS SET OR TIED.
MM INDICATES DATA IS MISSING.
T  INDICATES TRACE AMOUNT.




$$
