000
CDUS43 KGRR 231336
CLIBIV


CLIMATE REPORT
NATIONAL WEATHER SERVICE GRAND RAPIDS, MI
934 AM EDT TUE SEP 23 2014


...................................

...THE HOLLAND/TULIP CITY MI CLIMATE SUMMARY FOR SEPTEMBER 23 2014...
VALID AS OF 0900 AM LOCAL TIME.

CLIMATE NORMAL PERIOD 1981 TO 2010
CLIMATE RECORD PERIOD 1996 TO 2014


WEATHER ITEM   OBSERVED TIME   RECORD YEAR NORMAL DEPARTURE LAST
                VALUE   (LST)  VALUE       VALUE  FROM      YEAR
                                                  NORMAL
..................................................................
TEMPERATURE (F)
 TODAY
  MAXIMUM         53    759 AM  MM      MM  71    -18       66
  MINIMUM         47    713 AM  MM      MM  50     -3       39
  AVERAGE         50                        60    -10       53

PRECIPITATION (IN)
  TODAY            0.00         MM      MM   0.15  -0.15     0.00
  MONTH TO DATE    3.86                      2.76   1.10     0.88
  SINCE SEP 1      3.86                      2.76   1.10     0.88
  SINCE JAN 1     24.89                     25.97  -1.08    28.89

DEGREE DAYS
 HEATING
  TODAY           15                         6      9       12
  MONTH TO DATE  126                        67     59       83
  SINCE SEP 1    126                        67     59       83
  SINCE JUL 1    162                        82     80      102

 COOLING
  TODAY            0                         1     -1        0
  MONTH TO DATE   51                        56     -5       87
  SINCE SEP 1     51                        56     -5       87
  SINCE JAN 1    568                       674   -106      794
..................................................................


WIND (MPH)
  HIGHEST WIND SPEED     7   HIGHEST WIND DIRECTION     S (190)
  HIGHEST GUST SPEED     7   HIGHEST GUST DIRECTION     S (190)



WEATHER CONDITIONS
 THE FOLLOWING WEATHER WAS RECORDED TODAY.
  NO SIGNIFICANT WEATHER WAS OBSERVED.


..........................................................




SUNRISE AND SUNSET
SEPTEMBER 23 2014.....SUNRISE   733 AM EDT   SUNSET   740 PM EDT
SEPTEMBER 24 2014.....SUNRISE   734 AM EDT   SUNSET   738 PM EDT


-  INDICATES NEGATIVE NUMBERS.
R  INDICATES RECORD WAS SET OR TIED.
MM INDICATES DATA IS MISSING.
T  INDICATES TRACE AMOUNT.




$$

JAM
