000
CDUS43 KGRR 282129
CLIBIV


CLIMATE REPORT
NATIONAL WEATHER SERVICE GRAND RAPIDS, MI
529 PM EDT SUN AUG 28 2016


...................................

...THE HOLLAND/TULIP CITY MI CLIMATE SUMMARY FOR AUGUST 28 2016...
VALID TODAY AS OF 0500 PM LOCAL TIME.

CLIMATE NORMAL PERIOD 1981 TO 2010
CLIMATE RECORD PERIOD 1996 TO 2016


WEATHER ITEM   OBSERVED TIME   NORMAL DEPARTURE LAST
                VALUE   (LST)  VALUE  FROM      YEAR
                                      NORMAL
......................................................
TEMPERATURE (F)
 TODAY
  MAXIMUM         83    214 PM  80      3       76
  MINIMUM         71    702 AM  59     12       53
  AVERAGE         77            69      8       65

PRECIPITATION (IN)
  TODAY            0.00          0.12  -0.12     0.02
  MONTH TO DATE    5.09          3.22   1.87     2.59
  SINCE JUN 1      8.75         10.27  -1.52     6.32
  SINCE JAN 1     21.88         22.86  -0.98    17.13

DEGREE DAYS
 HEATING
  TODAY            0             1     -1        0
  MONTH TO DATE    0             1     -1       12
  SINCE JUN 1     43            55    -12       46
  SINCE JUL 1      7             7      0       22

 COOLING
  TODAY           12             5      7        0
  MONTH TO DATE  221           179     42      149
  SINCE JUN 1    597           560     37      416
  SINCE JAN 1    656           602     54      465
......................................................


WIND (MPH)
  RESULTANT WIND SPEED   4   RESULTANT WIND DIRECTION   W (290)
  HIGHEST WIND SPEED     9   HIGHEST WIND DIRECTION    NW (300)
  HIGHEST GUST SPEED    12   HIGHEST GUST DIRECTION    NW (300)
  AVERAGE WIND SPEED     4.6


SKY COVER
  AVERAGE SKY COVER 0.2


WEATHER CONDITIONS
 THE FOLLOWING WEATHER WAS RECORDED TODAY.
  NO SIGNIFICANT WEATHER WAS OBSERVED.


RELATIVE HUMIDITY (PERCENT)
 HIGHEST    94           100 AM
 LOWEST     55           300 PM
 AVERAGE    75

..........................................................


THE HOLLAND/TULIP CITY MI CLIMATE NORMALS FOR TOMORROW
                         NORMAL
 MAXIMUM TEMPERATURE (F)   79
 MINIMUM TEMPERATURE (F)   59


SUNRISE AND SUNSET
AUGUST 28 2016........SUNRISE   705 AM EDT   SUNSET   825 PM EDT
AUGUST 29 2016........SUNRISE   707 AM EDT   SUNSET   823 PM EDT


-  INDICATES NEGATIVE NUMBERS.
R  INDICATES RECORD WAS SET OR TIED.
MM INDICATES DATA IS MISSING.
T  INDICATES TRACE AMOUNT.




$$
