000
CDUS43 KGRR 180520
CLIBIV


CLIMATE REPORT
NATIONAL WEATHER SERVICE GRAND RAPIDS, MI
119 AM EDT FRI AUG 18 2017


...................................

...THE HOLLAND/TULIP CITY MI CLIMATE SUMMARY FOR AUGUST 17 2017...

CLIMATE NORMAL PERIOD 1981 TO 2010
CLIMATE RECORD PERIOD 1996 TO 2017


WEATHER ITEM   OBSERVED TIME   NORMAL DEPARTURE LAST
                VALUE   (LST)  VALUE  FROM      YEAR
                                      NORMAL
......................................................
TEMPERATURE (F)
 YESTERDAY
  MAXIMUM         80    340 PM  81     -1       81
  MINIMUM         72   1159 PM  61     11       65
  AVERAGE         76            71      5       73

PRECIPITATION (IN)
  YESTERDAY        0.78          0.13   0.65     0.01
  MONTH TO DATE    2.56          1.82   0.74     3.25
  SINCE JUN 1      9.14          8.87   0.27     6.91
  SINCE JAN 1     24.31         21.46   2.85    20.04

DEGREE DAYS
 HEATING
  YESTERDAY        0             0      0        0
  MONTH TO DATE    3             0      3        0
  SINCE JUN 1     24            54    -30       43
  SINCE JUL 1      4             6     -2        7

 COOLING
  YESTERDAY       11             6      5        8
  MONTH TO DATE   71           118    -47      153
  SINCE JUN 1    423           499    -76      529
  SINCE JAN 1    454           541    -87      588
......................................................


WIND (MPH)
  RESULTANT WIND SPEED  12   RESULTANT WIND DIRECTION  SW (220)
  HIGHEST WIND SPEED    23   HIGHEST WIND DIRECTION    SW (220)
  HIGHEST GUST SPEED    30   HIGHEST GUST DIRECTION    SW (240)
  AVERAGE WIND SPEED    12.8


SKY COVER
  AVERAGE SKY COVER 0.8


WEATHER CONDITIONS
 THE FOLLOWING WEATHER WAS RECORDED YESTERDAY.
  THUNDERSTORM
  RAIN
  LIGHT RAIN
  FOG


RELATIVE HUMIDITY (PERCENT)
 HIGHEST    93           600 AM
 LOWEST     64           800 PM
 AVERAGE    79

..........................................................


THE HOLLAND/TULIP CITY MI CLIMATE NORMALS FOR TODAY
                         NORMAL
 MAXIMUM TEMPERATURE (F)   81
 MINIMUM TEMPERATURE (F)   61


SUNRISE AND SUNSET
AUGUST 18 2017........SUNRISE   654 AM EDT   SUNSET   842 PM EDT
AUGUST 19 2017........SUNRISE   656 AM EDT   SUNSET   840 PM EDT


-  INDICATES NEGATIVE NUMBERS.
R  INDICATES RECORD WAS SET OR TIED.
MM INDICATES DATA IS MISSING.
T  INDICATES TRACE AMOUNT.




$$
