000
CDUS43 KGRR 140550
CLIBIV


CLIMATE REPORT
NATIONAL WEATHER SERVICE GRAND RAPIDS, MI
1249 AM EST THU DEC 14 2017


...................................

...THE HOLLAND/TULIP CITY MI CLIMATE SUMMARY FOR DECEMBER 13 2017...

CLIMATE NORMAL PERIOD 1981 TO 2010
CLIMATE RECORD PERIOD 1996 TO 2017


WEATHER ITEM   OBSERVED TIME   NORMAL DEPARTURE LAST
                VALUE   (LST)  VALUE  FROM      YEAR
                                      NORMAL
......................................................
TEMPERATURE (F)
 YESTERDAY
  MAXIMUM         26    234 PM  37    -11       30
  MINIMUM         16    350 AM  27    -11       18
  AVERAGE         21            32    -11       24

PRECIPITATION (IN)
  YESTERDAY        0.12          0.08   0.04     0.05
  MONTH TO DATE    0.67          1.21  -0.54     1.10
  SINCE DEC 1      0.67          1.21  -0.54     1.10
  SINCE JAN 1     39.63         35.37   4.26    30.97

DEGREE DAYS
 HEATING
  YESTERDAY       44            33     11       41
  MONTH TO DATE  402           407     -5      429
  SINCE DEC 1    402           407     -5      429
  SINCE JUL 1   1569          1630    -61     1327

 COOLING
  YESTERDAY        0             0      0        0
  MONTH TO DATE    0             0      0        0
  SINCE DEC 1      0             0      0        0
  SINCE JAN 1    613           693    -80      785
......................................................


WIND (MPH)
  RESULTANT WIND SPEED   7   RESULTANT WIND DIRECTION   E (110)
  HIGHEST WIND SPEED    20   HIGHEST WIND DIRECTION    SE (130)
  HIGHEST GUST SPEED    25   HIGHEST GUST DIRECTION    SE (120)
  AVERAGE WIND SPEED    11.3


SKY COVER
  AVERAGE SKY COVER 0.9


WEATHER CONDITIONS
 THE FOLLOWING WEATHER WAS RECORDED YESTERDAY.
  HEAVY SNOW
  SNOW
  LIGHT SNOW
  FOG
  FOG W/VISIBILITY <= 1/4 MILE


RELATIVE HUMIDITY (PERCENT)
 HIGHEST    91           900 PM
 LOWEST     62           100 PM
 AVERAGE    77

..........................................................


THE HOLLAND/TULIP CITY MI CLIMATE NORMALS FOR TODAY
                         NORMAL
 MAXIMUM TEMPERATURE (F)   37
 MINIMUM TEMPERATURE (F)   27


SUNRISE AND SUNSET
DECEMBER 14 2017......SUNRISE   808 AM EST   SUNSET   511 PM EST
DECEMBER 15 2017......SUNRISE   809 AM EST   SUNSET   511 PM EST


-  INDICATES NEGATIVE NUMBERS.
R  INDICATES RECORD WAS SET OR TIED.
MM INDICATES DATA IS MISSING.
T  INDICATES TRACE AMOUNT.




$$
