000
CDUS43 KGRR 200517
CLIBIV


CLIMATE REPORT
NATIONAL WEATHER SERVICE GRAND RAPIDS, MI
1216 AM EST TUE FEB 20 2018


...................................

...THE HOLLAND/TULIP CITY MI CLIMATE SUMMARY FOR FEBRUARY 19 2018...

CLIMATE NORMAL PERIOD 1981 TO 2010
CLIMATE RECORD PERIOD 1996 TO 2018


WEATHER ITEM   OBSERVED TIME   NORMAL DEPARTURE LAST
                VALUE   (LST)  VALUE  FROM      YEAR
                                      NORMAL
......................................................
TEMPERATURE (F)
 YESTERDAY
  MAXIMUM         61   1158 PM  36     25       57
  MINIMUM         37   1215 AM  22     15       33
  AVERAGE         49            29     20       45

PRECIPITATION (IN)
  YESTERDAY        0.31          0.08   0.23     0.00
  MONTH TO DATE    1.16          1.11   0.05     0.45
  SINCE DEC 1      4.17          5.50  -1.33     4.92
  SINCE JAN 1      2.96          3.20  -0.24     3.17

DEGREE DAYS
 HEATING
  YESTERDAY       16            36    -20       20
  MONTH TO DATE  762           716     46      609
  SINCE DEC 1   3127          2967    160     2780
  SINCE JUL 1   4294          4190    104     3678

 COOLING
  YESTERDAY        0             0      0        0
  MONTH TO DATE    0             0      0        0
  SINCE DEC 1      0             0      0        0
  SINCE JAN 1      0             0      0        0
......................................................


WIND (MPH)
  RESULTANT WIND SPEED   8   RESULTANT WIND DIRECTION   S (180)
  HIGHEST WIND SPEED    28   HIGHEST WIND DIRECTION    SW (220)
  HIGHEST GUST SPEED    41   HIGHEST GUST DIRECTION    SW (230)
  AVERAGE WIND SPEED    11.3


SKY COVER
  AVERAGE SKY COVER 0.9


WEATHER CONDITIONS
 THE FOLLOWING WEATHER WAS RECORDED YESTERDAY.
  RAIN
  LIGHT RAIN
  FOG


RELATIVE HUMIDITY (PERCENT)
 HIGHEST    96           500 PM
 LOWEST     70          1200 AM
 AVERAGE    83

..........................................................


THE HOLLAND/TULIP CITY MI CLIMATE NORMALS FOR TODAY
                         NORMAL
 MAXIMUM TEMPERATURE (F)   36
 MINIMUM TEMPERATURE (F)   23


SUNRISE AND SUNSET
FEBRUARY 20 2018......SUNRISE   735 AM EST   SUNSET   623 PM EST
FEBRUARY 21 2018......SUNRISE   733 AM EST   SUNSET   624 PM EST


-  INDICATES NEGATIVE NUMBERS.
R  INDICATES RECORD WAS SET OR TIED.
MM INDICATES DATA IS MISSING.
T  INDICATES TRACE AMOUNT.




$$
