000
CDUS43 KGRR 250530
CLIBIV


CLIMATE REPORT
NATIONAL WEATHER SERVICE GRAND RAPIDS, MI
130 AM EDT SAT OCT 25 2014


...................................

...THE HOLLAND/TULIP CITY MI CLIMATE SUMMARY FOR OCTOBER 24 2014...

CLIMATE NORMAL PERIOD 1981 TO 2010
CLIMATE RECORD PERIOD 1996 TO 2014


WEATHER ITEM   OBSERVED TIME   NORMAL DEPARTURE LAST
                VALUE   (LST)  VALUE  FROM      YEAR
                                      NORMAL
......................................................
TEMPERATURE (F)
 YESTERDAY
  MAXIMUM         61   1241 PM  59      2       41
  MINIMUM         47    947 PM  41      6       33
  AVERAGE         54            50      4       37

PRECIPITATION (IN)
  YESTERDAY        0.00          0.13  -0.13     0.52
  MONTH TO DATE    3.38          2.73   0.65     3.53
  SINCE SEP 1      7.32          6.63   0.69     4.71
  SINCE JAN 1     28.35         29.84  -1.49    32.72

DEGREE DAYS
 HEATING
  YESTERDAY       11            15     -4       28
  MONTH TO DATE  294           280     14      244
  SINCE SEP 1    429           395     34      357
  SINCE JUL 1    465           410     55      376

 COOLING
  YESTERDAY        0             0      0        0
  MONTH TO DATE    1            10     -9       14
  SINCE SEP 1     53            74    -21      104
  SINCE JAN 1    570           692   -122      811
......................................................


WIND (MPH)
  RESULTANT WIND SPEED   3   RESULTANT WIND DIRECTION  SW (230)
  HIGHEST WIND SPEED    13   HIGHEST WIND DIRECTION     W (250)
  HIGHEST GUST SPEED    17   HIGHEST GUST DIRECTION     W (250)
  AVERAGE WIND SPEED     4.1


SKY COVER
  AVERAGE SKY COVER 0.7


WEATHER CONDITIONS
 THE FOLLOWING WEATHER WAS RECORDED YESTERDAY.
  FOG


RELATIVE HUMIDITY (PERCENT)
 HIGHEST    93           800 PM
 LOWEST     67           500 PM
 AVERAGE    80

..........................................................


THE HOLLAND/TULIP CITY MI CLIMATE NORMALS FOR TODAY
                         NORMAL
 MAXIMUM TEMPERATURE (F)   58
 MINIMUM TEMPERATURE (F)   41


SUNRISE AND SUNSET
OCTOBER 25 2014.......SUNRISE   810 AM EDT   SUNSET   647 PM EDT
OCTOBER 26 2014.......SUNRISE   811 AM EDT   SUNSET   645 PM EDT


-  INDICATES NEGATIVE NUMBERS.
R  INDICATES RECORD WAS SET OR TIED.
MM INDICATES DATA IS MISSING.
T  INDICATES TRACE AMOUNT.




$$
