000
CDUS43 KGRR 110555
CLIBIV


CLIMATE REPORT
NATIONAL WEATHER SERVICE GRAND RAPIDS, MI
1255 AM EST SUN DEC 11 2016


...................................

...THE HOLLAND/TULIP CITY MI CLIMATE SUMMARY FOR DECEMBER 10 2016...

CLIMATE NORMAL PERIOD 1981 TO 2010
CLIMATE RECORD PERIOD 1996 TO 2016


WEATHER ITEM   OBSERVED TIME   NORMAL DEPARTURE LAST
                VALUE   (LST)  VALUE  FROM      YEAR
                                      NORMAL
......................................................
TEMPERATURE (F)
 YESTERDAY
  MAXIMUM         27    722 PM  38    -11       60
  MINIMUM         22   1159 PM  28     -6       38
  AVERAGE         25            33     -8       49

PRECIPITATION (IN)
  YESTERDAY        0.07          0.09  -0.02     0.00
  MONTH TO DATE    1.05          0.97   0.08      T
  SINCE DEC 1      1.05          0.97   0.08      T
  SINCE JAN 1     30.92         35.13  -4.21    24.01

DEGREE DAYS
 HEATING
  YESTERDAY       40            32      8       16
  MONTH TO DATE  316           308      8      251
  SINCE DEC 1    316           308      8      251
  SINCE JUL 1   1214          1531   -317     1281

 COOLING
  YESTERDAY        0             0      0        0
  MONTH TO DATE    0             0      0        0
  SINCE DEC 1      0             0      0        0
  SINCE JAN 1    785           693     92      601
......................................................


WIND (MPH)
  RESULTANT WIND SPEED   8   RESULTANT WIND DIRECTION   W (270)
  HIGHEST WIND SPEED    16   HIGHEST WIND DIRECTION     W (260)
  HIGHEST GUST SPEED    23   HIGHEST GUST DIRECTION     W (250)
  AVERAGE WIND SPEED     9.4


SKY COVER
  AVERAGE SKY COVER 0.9


WEATHER CONDITIONS
 THE FOLLOWING WEATHER WAS RECORDED YESTERDAY.
  LIGHT SNOW
  FOG


RELATIVE HUMIDITY (PERCENT)
 HIGHEST    92          1000 PM
 LOWEST     63           200 AM
 AVERAGE    78

..........................................................


THE HOLLAND/TULIP CITY MI CLIMATE NORMALS FOR TODAY
                         NORMAL
 MAXIMUM TEMPERATURE (F)   38
 MINIMUM TEMPERATURE (F)   27


SUNRISE AND SUNSET
DECEMBER 11 2016......SUNRISE   806 AM EST   SUNSET   511 PM EST
DECEMBER 12 2016......SUNRISE   806 AM EST   SUNSET   511 PM EST


-  INDICATES NEGATIVE NUMBERS.
R  INDICATES RECORD WAS SET OR TIED.
MM INDICATES DATA IS MISSING.
T  INDICATES TRACE AMOUNT.




$$
