000
CDUS46 KBOI 270933
CLIBKE


CLIMATE REPORT
NATIONAL WEATHER SERVICE BOISE ID
332 AM MDT FRI MAY 27 2016


...................................

...THE BAKER OR CLIMATE SUMMARY FOR MAY 26 2016...

CLIMATE NORMAL PERIOD 1981 TO 2010
CLIMATE RECORD PERIOD 1948 TO 2016


WEATHER ITEM   OBSERVED TIME   RECORD YEAR NORMAL DEPARTURE LAST
                VALUE   (LST)  VALUE       VALUE  FROM      YEAR
                                                  NORMAL
..................................................................
TEMPERATURE (F)
 YESTERDAY
  MAXIMUM         67    237 PM  91    1966  68     -1       71
  MINIMUM         40    227 AM  30    1964  39      1       35
  AVERAGE         54                        54      0       53

PRECIPITATION (IN)
  YESTERDAY        0.00          0.40 2013   0.05  -0.05      T
                                      1971
                                      1946
  MONTH TO DATE    1.07                      1.21  -0.14     1.87
  SINCE OCT 1      4.88                      6.77  -1.89     6.31
  SINCE JAN 1      2.34                      4.26  -1.92     4.11

DEGREE DAYS
 HEATING
  YESTERDAY       11                        12     -1       12
  MONTH TO DATE  316                       380    -64      312
  SINCE MAR 1   1581                      1873   -292     1678
  SINCE JUL 1   6625                      7393   -768     6354

 COOLING
  YESTERDAY        0                         0      0        0
  MONTH TO DATE    0                         0      0        0
  SINCE MAR 1      0                         0      0        0
  SINCE JAN 1      0                         0      0        0
..................................................................


WIND (MPH)
  RESULTANT WIND SPEED   8   RESULTANT WIND DIRECTION  NW (310)
  HIGHEST WIND SPEED    20   HIGHEST WIND DIRECTION     N (340)
  HIGHEST GUST SPEED    25   HIGHEST GUST DIRECTION    NW (320)
  AVERAGE WIND SPEED     9.0


SKY COVER
  AVERAGE SKY COVER 0.0


WEATHER CONDITIONS
 THE FOLLOWING WEATHER WAS RECORDED YESTERDAY.
  NO SIGNIFICANT WEATHER WAS OBSERVED.


RELATIVE HUMIDITY (PERCENT)
 HIGHEST    83           100 AM
 LOWEST     43           300 PM
 AVERAGE    63

..........................................................


THE BAKER OR CLIMATE NORMALS FOR TODAY
                         NORMAL    RECORD    YEAR
 MAXIMUM TEMPERATURE (F)   69        89      1983
 MINIMUM TEMPERATURE (F)   39        30      1973


SUNRISE AND SUNSET
MAY 27 2016...........SUNRISE   511 AM PDT   SUNSET   826 PM PDT
MAY 28 2016...........SUNRISE   510 AM PDT   SUNSET   827 PM PDT


-  INDICATES NEGATIVE NUMBERS.
R  INDICATES RECORD WAS SET OR TIED.
MM INDICATES DATA IS MISSING.
T  INDICATES TRACE AMOUNT.




$$
