000
CDUS46 KBOI 290931
CLIBKE


CLIMATE REPORT
NATIONAL WEATHER SERVICE BOISE ID
331 AM MDT MON MAY 29 2017


...................................

...THE BAKER OR CLIMATE SUMMARY FOR MAY 28 2017...

CLIMATE NORMAL PERIOD 1981 TO 2010
CLIMATE RECORD PERIOD 1928 TO 2017


WEATHER ITEM   OBSERVED TIME   RECORD YEAR NORMAL DEPARTURE LAST
                VALUE   (LST)  VALUE       VALUE  FROM      YEAR
                                                  NORMAL
..................................................................
TEMPERATURE (F)
 YESTERDAY
  MAXIMUM         82    503 PM  92    1983  69     13       69
  MINIMUM         36    346 AM  27    1954  39     -3       32
  AVERAGE         59                        54      5       51

PRECIPITATION (IN)
  YESTERDAY        0.00          1.26 2008   0.05  -0.05     0.00
  MONTH TO DATE    0.33                      1.32  -0.99     1.07
  SINCE OCT 1      6.48                      6.88  -0.40     4.88
  SINCE JAN 1      3.74                      4.37  -0.63     2.34

DEGREE DAYS
 HEATING
  YESTERDAY        6                        11     -5       14
  MONTH TO DATE  424                       402     22      346
  SINCE MAR 1   1844                      1895    -51     1611
  SINCE JUL 1   7672                      7415    257     6655

 COOLING
  YESTERDAY        0                         0      0        0
  MONTH TO DATE    0                         0      0        0
  SINCE MAR 1      0                         0      0        0
  SINCE JAN 1      0                         0      0        0
..................................................................


WIND (MPH)
  RESULTANT WIND SPEED   1   RESULTANT WIND DIRECTION  SE (120)
  HIGHEST WIND SPEED    12   HIGHEST WIND DIRECTION     E (70)
  HIGHEST GUST SPEED    16   HIGHEST GUST DIRECTION     E (110)
  AVERAGE WIND SPEED     2.2


SKY COVER
  AVERAGE SKY COVER 0.0


WEATHER CONDITIONS
 THE FOLLOWING WEATHER WAS RECORDED YESTERDAY.
  NO SIGNIFICANT WEATHER WAS OBSERVED.


RELATIVE HUMIDITY (PERCENT)
 HIGHEST   100           200 AM
 LOWEST     17           300 PM
 AVERAGE    59

..........................................................


THE BAKER OR CLIMATE NORMALS FOR TODAY
                         NORMAL    RECORD    YEAR
 MAXIMUM TEMPERATURE (F)   69        92      1986
 MINIMUM TEMPERATURE (F)   39        28      2014


SUNRISE AND SUNSET
MAY 29 2017...........SUNRISE   510 AM PDT   SUNSET   828 PM PDT
MAY 30 2017...........SUNRISE   509 AM PDT   SUNSET   829 PM PDT


-  INDICATES NEGATIVE NUMBERS.
R  INDICATES RECORD WAS SET OR TIED.
MM INDICATES DATA IS MISSING.
T  INDICATES TRACE AMOUNT.




$$
