625
CDUS46 KBOI 190931
CLIBKE


CLIMATE REPORT
NATIONAL WEATHER SERVICE BOISE ID
331 AM MDT TUE SEP 19 2017


...................................

...THE BAKER OR CLIMATE SUMMARY FOR SEPTEMBER 18 2017...

CLIMATE NORMAL PERIOD 1981 TO 2010
CLIMATE RECORD PERIOD 1928 TO 2017


WEATHER ITEM   OBSERVED TIME   RECORD YEAR NORMAL DEPARTURE LAST
                VALUE   (LST)  VALUE       VALUE  FROM      YEAR
                                                  NORMAL
..................................................................
TEMPERATURE (F)
 YESTERDAY
  MAXIMUM         62    744 AM  95    1981  74    -12       75
  MINIMUM         35   1112 PM  19    1965  36     -1       49
  AVERAGE         49                        55     -6       62

PRECIPITATION (IN)
  YESTERDAY        0.03          0.39 1980   0.02   0.01      T
  MONTH TO DATE    0.03                      0.35  -0.32     0.05
  SINCE OCT 1      8.35                      9.93  -1.58     6.22
  SINCE JAN 1      5.61                      7.42  -1.81     3.68

DEGREE DAYS
 HEATING
  YESTERDAY       16                        10      6        3
  MONTH TO DATE   60                       137    -77      199
  SINCE SEP 1     60                       137    -77      199
  SINCE JUL 1     72                       288   -216      345

 COOLING
  YESTERDAY        0                         0      0        0
  MONTH TO DATE   53                         7     46        0
  SINCE SEP 1     53                         7     46        0
  SINCE JAN 1    357                       167    190      132
..................................................................


WIND (MPH)
  RESULTANT WIND SPEED   2   RESULTANT WIND DIRECTION  SW (210)
  HIGHEST WIND SPEED    26   HIGHEST WIND DIRECTION    NW (330)
  HIGHEST GUST SPEED    32   HIGHEST GUST DIRECTION    NW (330)
  AVERAGE WIND SPEED     7.6


SKY COVER
  AVERAGE SKY COVER 0.3


WEATHER CONDITIONS
 THE FOLLOWING WEATHER WAS RECORDED YESTERDAY.
  THUNDERSTORM
  LIGHT RAIN


RELATIVE HUMIDITY (PERCENT)
 HIGHEST    92          1000 PM
 LOWEST     46           500 AM
 AVERAGE    69

..........................................................


THE BAKER OR CLIMATE NORMALS FOR TODAY
                         NORMAL    RECORD    YEAR
 MAXIMUM TEMPERATURE (F)   73        90      1979
 MINIMUM TEMPERATURE (F)   35        19      1947


SUNRISE AND SUNSET
SEPTEMBER 19 2017.....SUNRISE   635 AM PDT   SUNSET   654 PM PDT
SEPTEMBER 20 2017.....SUNRISE   636 AM PDT   SUNSET   652 PM PDT


-  INDICATES NEGATIVE NUMBERS.
R  INDICATES RECORD WAS SET OR TIED.
MM INDICATES DATA IS MISSING.
T  INDICATES TRACE AMOUNT.




$$
