000
CDUS46 KBOI 200933
CLIBKE


CLIMATE REPORT
NATIONAL WEATHER SERVICE BOISE ID
232 AM MST FRI JAN 20 2017


...................................

...THE BAKER OR CLIMATE SUMMARY FOR JANUARY 19 2017...

CLIMATE NORMAL PERIOD 1981 TO 2010
CLIMATE RECORD PERIOD 1948 TO 2017


WEATHER ITEM   OBSERVED TIME   RECORD YEAR NORMAL DEPARTURE LAST
                VALUE   (LST)  VALUE       VALUE  FROM      YEAR
                                                  NORMAL
..................................................................
TEMPERATURE (F)
 YESTERDAY
  MAXIMUM         34    151 PM  50    1971  34      0       37
  MINIMUM         19   1100 PM -10    1949  17      2       32
  AVERAGE         27                        25      2       35

PRECIPITATION (IN)
  YESTERDAY        0.02          0.45 1962   0.03  -0.01     0.04
  MONTH TO DATE    0.47                      0.53  -0.06     0.21
  SINCE OCT 1      3.21                      3.04   0.17     2.75
  SINCE JAN 1      0.47                      0.53  -0.06     0.21

DEGREE DAYS
 HEATING
  YESTERDAY       38                        40     -2       30
  MONTH TO DATE 1073                       769    304      734
  SINCE DEC 1   2626                      2017    609     1880
  SINCE JUL 1   4400                      4054    346     3731

 COOLING
  YESTERDAY        0                         0      0        0
  MONTH TO DATE    0                         0      0        0
  SINCE DEC 1      0                         0      0        0
  SINCE JAN 1      0                         0      0        0
..................................................................


WIND (MPH)
  RESULTANT WIND SPEED   2   RESULTANT WIND DIRECTION  SE (130)
  HIGHEST WIND SPEED    18   HIGHEST WIND DIRECTION    SE (120)
  HIGHEST GUST SPEED    24   HIGHEST GUST DIRECTION    SE (120)
  AVERAGE WIND SPEED     2.8


SKY COVER
  AVERAGE SKY COVER 1.0


WEATHER CONDITIONS
 THE FOLLOWING WEATHER WAS RECORDED YESTERDAY.
  LIGHT SNOW
  FOG
  FOG W/VISIBILITY <= 1/4 MILE
  HAZE


RELATIVE HUMIDITY (PERCENT)
 HIGHEST   100           900 AM
 LOWEST     85           200 AM
 AVERAGE    93

..........................................................


THE BAKER OR CLIMATE NORMALS FOR TODAY
                         NORMAL    RECORD    YEAR
 MAXIMUM TEMPERATURE (F)   34        53      1953
 MINIMUM TEMPERATURE (F)   17       -16      1949


SUNRISE AND SUNSET
JANUARY 20 2017.......SUNRISE   722 AM PST   SUNSET   443 PM PST
JANUARY 21 2017.......SUNRISE   721 AM PST   SUNSET   445 PM PST


-  INDICATES NEGATIVE NUMBERS.
R  INDICATES RECORD WAS SET OR TIED.
MM INDICATES DATA IS MISSING.
T  INDICATES TRACE AMOUNT.




$$
