000
CDUS46 KBOI 050932
CLIBKE


CLIMATE REPORT
NATIONAL WEATHER SERVICE BOISE ID
231 AM MST MON DEC 5 2016


...................................

...THE BAKER OR CLIMATE SUMMARY FOR DECEMBER 4 2016...

CLIMATE NORMAL PERIOD 1981 TO 2010
CLIMATE RECORD PERIOD 1948 TO 2016


WEATHER ITEM   OBSERVED TIME   RECORD YEAR NORMAL DEPARTURE LAST
                VALUE   (LST)  VALUE       VALUE  FROM      YEAR
                                                  NORMAL
..................................................................
TEMPERATURE (F)
 YESTERDAY
  MAXIMUM         33    354 PM  58    1975  36     -3       38
  MINIMUM         22   1121 PM  -7    1948  17      5       26
  AVERAGE         28                        26      2       32

PRECIPITATION (IN)
  YESTERDAY        0.07          0.62 1978   0.03   0.04     0.12
  MONTH TO DATE    0.07                      0.13  -0.06     0.13
  SINCE OCT 1      1.88                      1.66   0.22     1.33
  SINCE JAN 1      5.58                      9.28  -3.70     9.29

DEGREE DAYS
 HEATING
  YESTERDAY       37                        38     -1       33
  MONTH TO DATE  145                       152     -7      148
  SINCE DEC 1    145                       152     -7      148
  SINCE JUL 1   1919                      2189   -270     1999

 COOLING
  YESTERDAY        0                         0      0        0
  MONTH TO DATE    0                         0      0        0
  SINCE DEC 1      0                         0      0        0
  SINCE JAN 1    132                       169    -37      225
..................................................................


WIND (MPH)
  RESULTANT WIND SPEED   6   RESULTANT WIND DIRECTION  NW (330)
  HIGHEST WIND SPEED    25   HIGHEST WIND DIRECTION    NW (310)
  HIGHEST GUST SPEED    35   HIGHEST GUST DIRECTION    NW (300)
  AVERAGE WIND SPEED     8.4


SKY COVER
  AVERAGE SKY COVER 0.7


WEATHER CONDITIONS
 THE FOLLOWING WEATHER WAS RECORDED YESTERDAY.
  LIGHT SNOW
  FOG


RELATIVE HUMIDITY (PERCENT)
 HIGHEST   100           300 AM
 LOWEST     61           400 PM
 AVERAGE    81

..........................................................


THE BAKER OR CLIMATE NORMALS FOR TODAY
                         NORMAL    RECORD    YEAR
 MAXIMUM TEMPERATURE (F)   35        54      1987
 MINIMUM TEMPERATURE (F)   17       -10      1992


SUNRISE AND SUNSET
DECEMBER  5 2016......SUNRISE   714 AM PST   SUNSET   410 PM PST
DECEMBER  6 2016......SUNRISE   715 AM PST   SUNSET   410 PM PST


-  INDICATES NEGATIVE NUMBERS.
R  INDICATES RECORD WAS SET OR TIED.
MM INDICATES DATA IS MISSING.
T  INDICATES TRACE AMOUNT.




$$
