217
CDUS46 KBOI 230932
CLIBKE


CLIMATE REPORT
NATIONAL WEATHER SERVICE BOISE ID
232 AM MST THU FEB 23 2017


...................................

...THE BAKER OR CLIMATE SUMMARY FOR FEBRUARY 22 2017...

CLIMATE NORMAL PERIOD 1981 TO 2010
CLIMATE RECORD PERIOD 1948 TO 2017


WEATHER ITEM   OBSERVED TIME   RECORD YEAR NORMAL DEPARTURE LAST
                VALUE   (LST)  VALUE       VALUE  FROM      YEAR
                                                  NORMAL
..................................................................
TEMPERATURE (F)
 YESTERDAY
  MAXIMUM         37    139 PM  63    1995  42     -5       45
  MINIMUM         29   1159 PM -10    1952  20      9       22
  AVERAGE         33                        31      2       34

PRECIPITATION (IN)
  YESTERDAY        0.01          0.29 1956   0.02  -0.01     0.00
  MONTH TO DATE    0.89                      0.45   0.44     0.21
  SINCE OCT 1      4.31                      3.76   0.55     3.14
  SINCE JAN 1      1.57                      1.25   0.32     0.60

DEGREE DAYS
 HEATING
  YESTERDAY       32                        34     -2       31
  MONTH TO DATE  676                       800   -124      700
  SINCE DEC 1   3830                      3286    544     2995
  SINCE JUL 1   5604                      5323    281     4846

 COOLING
  YESTERDAY        0                         0      0        0
  MONTH TO DATE    0                         0      0        0
  SINCE DEC 1      0                         0      0        0
  SINCE JAN 1      0                         0      0        0
..................................................................


WIND (MPH)
  RESULTANT WIND SPEED  12   RESULTANT WIND DIRECTION  NW (320)
  HIGHEST WIND SPEED    25   HIGHEST WIND DIRECTION    NW (310)
  HIGHEST GUST SPEED    33   HIGHEST GUST DIRECTION    NW (300)
  AVERAGE WIND SPEED    12.5


SKY COVER
  AVERAGE SKY COVER 0.9


WEATHER CONDITIONS
 THE FOLLOWING WEATHER WAS RECORDED YESTERDAY.
  LIGHT SNOW
  FOG


RELATIVE HUMIDITY (PERCENT)
 HIGHEST    92           200 AM
 LOWEST     59           300 PM
 AVERAGE    76

..........................................................


THE BAKER OR CLIMATE NORMALS FOR TODAY
                         NORMAL    RECORD    YEAR
 MAXIMUM TEMPERATURE (F)   43        66      1995
 MINIMUM TEMPERATURE (F)   20         7      1975


SUNRISE AND SUNSET
FEBRUARY 23 2017......SUNRISE   639 AM PST   SUNSET   531 PM PST
FEBRUARY 24 2017......SUNRISE   637 AM PST   SUNSET   533 PM PST


-  INDICATES NEGATIVE NUMBERS.
R  INDICATES RECORD WAS SET OR TIED.
MM INDICATES DATA IS MISSING.
T  INDICATES TRACE AMOUNT.




$$
