071
CDUS46 KBOI 210931
CLIBKE


CLIMATE REPORT
NATIONAL WEATHER SERVICE BOISE ID
231 AM MST TUE NOV 21 2017


...................................

...THE BAKER OR CLIMATE SUMMARY FOR NOVEMBER 20 2017...

CLIMATE NORMAL PERIOD 1981 TO 2010
CLIMATE RECORD PERIOD 1928 TO 2017


WEATHER ITEM   OBSERVED TIME   RECORD YEAR NORMAL DEPARTURE LAST
                VALUE   (LST)  VALUE       VALUE  FROM      YEAR
                                                  NORMAL
..................................................................
TEMPERATURE (F)
 YESTERDAY
  MAXIMUM         50    250 PM  59    1966  41      9       49
  MINIMUM         38   1159 PM   4    1977  21     17       29
  AVERAGE         44                        31     13       39

PRECIPITATION (IN)
  YESTERDAY        0.08          0.30 1955   0.03   0.05     0.07
  MONTH TO DATE    0.34                      0.59  -0.25     0.40
  SINCE OCT 1      0.90                      1.22  -0.32     1.73
  SINCE JAN 1      6.64                      8.84  -2.20     5.43

DEGREE DAYS
 HEATING
  YESTERDAY       21                        34    -13       26
  MONTH TO DATE  517                       600    -83      440
  SINCE SEP 1   1375                      1528   -153     1323
  SINCE JUL 1   1387                      1679   -292     1469

 COOLING
  YESTERDAY        0                         0      0        0
  MONTH TO DATE    0                         0      0        0
  SINCE SEP 1     53                         9     44        0
  SINCE JAN 1    357                       169    188      132
..................................................................


WIND (MPH)
  RESULTANT WIND SPEED   8   RESULTANT WIND DIRECTION   E (110)
  HIGHEST WIND SPEED    24   HIGHEST WIND DIRECTION     E (100)
  HIGHEST GUST SPEED    30   HIGHEST GUST DIRECTION     E (100)
  AVERAGE WIND SPEED    10.1


SKY COVER
  AVERAGE SKY COVER 1.0


WEATHER CONDITIONS
 THE FOLLOWING WEATHER WAS RECORDED YESTERDAY.
  LIGHT RAIN
  FOG
  FOG W/VISIBILITY <= 1/4 MILE


RELATIVE HUMIDITY (PERCENT)
 HIGHEST    89           600 PM
 LOWEST     45           400 AM
 AVERAGE    67

..........................................................


THE BAKER OR CLIMATE NORMALS FOR TODAY
                         NORMAL    RECORD    YEAR
 MAXIMUM TEMPERATURE (F)   41        60      2006
                                             1974
                                             1936
 MINIMUM TEMPERATURE (F)   21        -3      1985


SUNRISE AND SUNSET
NOVEMBER 21 2017......SUNRISE   657 AM PST   SUNSET   417 PM PST
NOVEMBER 22 2017......SUNRISE   658 AM PST   SUNSET   416 PM PST


-  INDICATES NEGATIVE NUMBERS.
R  INDICATES RECORD WAS SET OR TIED.
MM INDICATES DATA IS MISSING.
T  INDICATES TRACE AMOUNT.




$$
