000
CDUS46 KBOI 220932
CLIBKE


CLIMATE REPORT
NATIONAL WEATHER SERVICE BOISE ID
332 AM MDT FRI AUG 22 2014


...................................

...THE BAKER OR CLIMATE SUMMARY FOR AUGUST 21 2014...

CLIMATE NORMAL PERIOD 1981 TO 2010
CLIMATE RECORD PERIOD 1948 TO 2014


WEATHER ITEM   OBSERVED TIME   RECORD YEAR NORMAL DEPARTURE LAST
                VALUE   (LST)  VALUE       VALUE  FROM      YEAR
                                                  NORMAL
..................................................................
TEMPERATURE (F)
 YESTERDAY
  MAXIMUM         79    323 PM  98    2005  83     -4       89
  MINIMUM         36    520 AM  35    1966  44     -8       39
  AVERAGE         58                        64     -6       64

PRECIPITATION (IN)
  YESTERDAY        0.00          0.58 1959   0.02  -0.02     0.00
  MONTH TO DATE    0.50                      0.46   0.04     0.39
  SINCE OCT 1      6.59                      9.33  -2.74     8.25
  SINCE JAN 1      5.42                      6.82  -1.40     6.07

DEGREE DAYS
 HEATING
  YESTERDAY        7                         3      4        1
  MONTH TO DATE   16                        41    -25       10
  SINCE JUN 1    262                       337    -75      227
  SINCE JUL 1     29                       111    -82       31

 COOLING
  YESTERDAY        0                         2     -2        0
  MONTH TO DATE   68                        55     13       74
  SINCE JUN 1    233                       146     87      203
  SINCE JAN 1    233                       148     85      207
..................................................................


WIND (MPH)
  RESULTANT WIND SPEED   2   RESULTANT WIND DIRECTION   W (280)
  HIGHEST WIND SPEED    14   HIGHEST WIND DIRECTION    NW (310)
  HIGHEST GUST SPEED    17   HIGHEST GUST DIRECTION    NW (310)
  AVERAGE WIND SPEED     4.6


SKY COVER
  AVERAGE SKY COVER 0.0


WEATHER CONDITIONS
 THE FOLLOWING WEATHER WAS RECORDED YESTERDAY.
  NO SIGNIFICANT WEATHER WAS OBSERVED.


RELATIVE HUMIDITY (PERCENT)
 HIGHEST    86           600 AM
 LOWEST     21           400 PM
 AVERAGE    54

..........................................................


THE BAKER OR CLIMATE NORMALS FOR TODAY
                         NORMAL    RECORD    YEAR
 MAXIMUM TEMPERATURE (F)   83        98      1969
 MINIMUM TEMPERATURE (F)   44        33      2008


SUNRISE AND SUNSET
AUGUST 22 2014........SUNRISE   602 AM PDT   SUNSET   746 PM PDT
AUGUST 23 2014........SUNRISE   603 AM PDT   SUNSET   744 PM PDT


-  INDICATES NEGATIVE NUMBERS.
R  INDICATES RECORD WAS SET OR TIED.
MM INDICATES DATA IS MISSING.
T  INDICATES TRACE AMOUNT.




$$
