000
CDUS46 KBOI 280936
CLIBKE


CLIMATE REPORT
NATIONAL WEATHER SERVICE BOISE ID
335 AM MDT THU JUL 28 2016


...................................

...THE BAKER OR CLIMATE SUMMARY FOR JULY 27 2016...

CLIMATE NORMAL PERIOD 1981 TO 2010
CLIMATE RECORD PERIOD 1948 TO 2016


WEATHER ITEM   OBSERVED TIME   RECORD YEAR NORMAL DEPARTURE LAST
                VALUE   (LST)  VALUE       VALUE  FROM      YEAR
                                                  NORMAL
..................................................................
TEMPERATURE (F)
 YESTERDAY
  MAXIMUM         93    324 PM 102    1999  87      6       70
  MINIMUM         50    503 AM  39    2005  47      3       41
  AVERAGE         72                        67      5       56

PRECIPITATION (IN)
  YESTERDAY        0.00          0.24 1956   0.02  -0.02     0.00
  MONTH TO DATE    0.80                      0.58   0.22     2.72
  SINCE OCT 1      6.05                      8.80  -2.75     9.46
  SINCE JAN 1      3.51                      6.29  -2.78     7.26

DEGREE DAYS
 HEATING
  YESTERDAY        0                         1     -1        9
  MONTH TO DATE   83                        63     20       29
  SINCE JUN 1    275                       289    -14      113
  SINCE JUL 1     83                        63     20       29

 COOLING
  YESTERDAY        7                         3      4        0
  MONTH TO DATE   23                        62    -39       71
  SINCE JUN 1     69                        78     -9      139
  SINCE JAN 1     69                        80    -11      140
..................................................................


WIND (MPH)
  RESULTANT WIND SPEED   5   RESULTANT WIND DIRECTION  NW (300)
  HIGHEST WIND SPEED    17   HIGHEST WIND DIRECTION    NW (310)
  HIGHEST GUST SPEED    20   HIGHEST GUST DIRECTION    NW (320)
  AVERAGE WIND SPEED     6.8


SKY COVER
  AVERAGE SKY COVER 0.0


WEATHER CONDITIONS
 THE FOLLOWING WEATHER WAS RECORDED YESTERDAY.
  NO SIGNIFICANT WEATHER WAS OBSERVED.


RELATIVE HUMIDITY (PERCENT)
 HIGHEST    77           400 AM
 LOWEST     18           100 PM
 AVERAGE    48

..........................................................


THE BAKER OR CLIMATE NORMALS FOR TODAY
                         NORMAL    RECORD    YEAR
 MAXIMUM TEMPERATURE (F)   87       100      1999
 MINIMUM TEMPERATURE (F)   47        33      2015


SUNRISE AND SUNSET
JULY 28 2016..........SUNRISE   533 AM PDT   SUNSET   822 PM PDT
JULY 29 2016..........SUNRISE   534 AM PDT   SUNSET   820 PM PDT


-  INDICATES NEGATIVE NUMBERS.
R  INDICATES RECORD WAS SET OR TIED.
MM INDICATES DATA IS MISSING.
T  INDICATES TRACE AMOUNT.




$$
