000
CDUS46 KBOI 250932
CLIBKE


CLIMATE REPORT
NATIONAL WEATHER SERVICE BOISE ID
331 AM MDT SAT OCT 25 2014


...................................

...THE BAKER OR CLIMATE SUMMARY FOR OCTOBER 24 2014...

CLIMATE NORMAL PERIOD 1981 TO 2010
CLIMATE RECORD PERIOD 1948 TO 2014


WEATHER ITEM   OBSERVED TIME   RECORD YEAR NORMAL DEPARTURE LAST
                VALUE   (LST)  VALUE       VALUE  FROM      YEAR
                                                  NORMAL
..................................................................
TEMPERATURE (F)
 YESTERDAY
  MAXIMUM         53    345 PM  73    1965  57     -4       67
  MINIMUM         36   1159 PM  12    2002  27      9       21
  AVERAGE         45                        42      3       44

PRECIPITATION (IN)
  YESTERDAY        0.07          0.49 2010   0.03   0.04     0.00
  MONTH TO DATE    0.19                      0.46  -0.27     0.03
  SINCE OCT 1      0.19                      0.46  -0.27     0.03
  SINCE JAN 1      6.19                      8.08  -1.89     7.80

DEGREE DAYS
 HEATING
  YESTERDAY       20                        23     -3       21
  MONTH TO DATE  354                       462   -108      534
  SINCE SEP 1    564                       753   -189      773
  SINCE JUL 1    641                       904   -263      805

 COOLING
  YESTERDAY        0                         0      0        0
  MONTH TO DATE    0                         0      0        0
  SINCE SEP 1     15                         9      6       28
  SINCE JAN 1    250                       169     81      258
..................................................................


WIND (MPH)
  RESULTANT WIND SPEED   3   RESULTANT WIND DIRECTION   E (90)
  HIGHEST WIND SPEED    15   HIGHEST WIND DIRECTION     E (90)
  HIGHEST GUST SPEED    19   HIGHEST GUST DIRECTION     E (70)
  AVERAGE WIND SPEED     5.0


SKY COVER
  AVERAGE SKY COVER 0.7


WEATHER CONDITIONS
 THE FOLLOWING WEATHER WAS RECORDED YESTERDAY.
  LIGHT RAIN
  FOG
  FOG W/VISIBILITY <= 1/4 MILE


RELATIVE HUMIDITY (PERCENT)
 HIGHEST   100           800 PM
 LOWEST     80          1100 AM
 AVERAGE    90

..........................................................


THE BAKER OR CLIMATE NORMALS FOR TODAY
                         NORMAL    RECORD    YEAR
 MAXIMUM TEMPERATURE (F)   56        73      2005
 MINIMUM TEMPERATURE (F)   26        14      1997


SUNRISE AND SUNSET
OCTOBER 25 2014.......SUNRISE   720 AM PDT   SUNSET   550 PM PDT
OCTOBER 26 2014.......SUNRISE   721 AM PDT   SUNSET   548 PM PDT


-  INDICATES NEGATIVE NUMBERS.
R  INDICATES RECORD WAS SET OR TIED.
MM INDICATES DATA IS MISSING.
T  INDICATES TRACE AMOUNT.




$$
