000
CDUS46 KBOI 290949
CLIBKE


CLIMATE REPORT
NATIONAL WEATHER SERVICE BOISE ID
249 AM MST MON DEC 29 2014


...................................

...THE BAKER OR CLIMATE SUMMARY FOR DECEMBER 28 2014...

CLIMATE NORMAL PERIOD 1981 TO 2010
CLIMATE RECORD PERIOD 1948 TO 2014


WEATHER ITEM   OBSERVED TIME   RECORD YEAR NORMAL DEPARTURE LAST
                VALUE   (LST)  VALUE       VALUE  FROM      YEAR
                                                  NORMAL
..................................................................
TEMPERATURE (F)
 YESTERDAY
  MAXIMUM         31    215 PM  52    2011  33     -2       37
  MINIMUM         13    146 AM -14    1978  15     -2        5
  AVERAGE         22                        24     -2       21

PRECIPITATION (IN)
  YESTERDAY        0.01          0.49 2008   0.03  -0.02     0.00
  MONTH TO DATE    1.46                      0.89   0.57     0.58
  SINCE OCT 1      2.18                      2.42  -0.24     1.12
  SINCE JAN 1      8.18                     10.04  -1.86     8.89

DEGREE DAYS
 HEATING
  YESTERDAY       43                        41      2       44
  MONTH TO DATE  861                      1123   -262     1270
  SINCE DEC 1    861                      1123   -262     1270
  SINCE JUL 1   2664                      3160   -496     3195

 COOLING
  YESTERDAY        0                         0      0        0
  MONTH TO DATE    0                         0      0        0
  SINCE DEC 1      0                         0      0        0
  SINCE JAN 1    250                       169     81      258
..................................................................


WIND (MPH)
  RESULTANT WIND SPEED   1   RESULTANT WIND DIRECTION  SW (210)
  HIGHEST WIND SPEED    13   HIGHEST WIND DIRECTION    NE (40)
  HIGHEST GUST SPEED    13   HIGHEST GUST DIRECTION    NE (40)
  AVERAGE WIND SPEED     2.9


SKY COVER
  AVERAGE SKY COVER 0.8


WEATHER CONDITIONS
 THE FOLLOWING WEATHER WAS RECORDED YESTERDAY.
  LIGHT SNOW
  FOG
  FOG W/VISIBILITY <= 1/4 MILE
  HAZE


RELATIVE HUMIDITY (PERCENT)
 HIGHEST   100           800 PM
 LOWEST     74          1000 AM
 AVERAGE    87

..........................................................


THE BAKER OR CLIMATE NORMALS FOR TODAY
                         NORMAL    RECORD    YEAR
 MAXIMUM TEMPERATURE (F)   33        50      1996
 MINIMUM TEMPERATURE (F)   15       -22      1990


SUNRISE AND SUNSET
DECEMBER 29 2014......SUNRISE   729 AM PST   SUNSET   418 PM PST
DECEMBER 30 2014......SUNRISE   729 AM PST   SUNSET   419 PM PST


-  INDICATES NEGATIVE NUMBERS.
R  INDICATES RECORD WAS SET OR TIED.
MM INDICATES DATA IS MISSING.
T  INDICATES TRACE AMOUNT.




$$
