000
CDUS46 KBOI 250934
CLIBKE


CLIMATE REPORT
NATIONAL WEATHER SERVICE BOISE ID
234 AM MST SUN JAN 25 2015


...................................

...THE BAKER OR CLIMATE SUMMARY FOR JANUARY 24 2015...

CLIMATE NORMAL PERIOD 1981 TO 2010
CLIMATE RECORD PERIOD 1948 TO 2015


WEATHER ITEM   OBSERVED TIME   RECORD YEAR NORMAL DEPARTURE LAST
                VALUE   (LST)  VALUE       VALUE  FROM      YEAR
                                                  NORMAL
..................................................................
TEMPERATURE (F)
 YESTERDAY
  MAXIMUM         41    305 PM  51    1959  35      6       28
  MINIMUM         26   1159 PM -24    1949  17      9       20
  AVERAGE         34                        26      8       24

PRECIPITATION (IN)
  YESTERDAY        0.00          0.34 1964   0.03  -0.03     0.00
  MONTH TO DATE    0.39                      0.65  -0.26     0.32
  SINCE OCT 1      2.59                      3.16  -0.57     1.49
  SINCE JAN 1      0.39                      0.65  -0.26     0.32

DEGREE DAYS
 HEATING
  YESTERDAY       31                        39     -8       41
  MONTH TO DATE  901                       967    -66      937
  SINCE DEC 1   1923                      2215   -292     2338
  SINCE JUL 1   3726                      4252   -526     4263

 COOLING
  YESTERDAY        0                         0      0        0
  MONTH TO DATE    0                         0      0        0
  SINCE DEC 1      0                         0      0        0
  SINCE JAN 1      0                         0      0        0
..................................................................


WIND (MPH)
  RESULTANT WIND SPEED   2   RESULTANT WIND DIRECTION  NE (60)
  HIGHEST WIND SPEED    12   HIGHEST WIND DIRECTION    NE (50)
  HIGHEST GUST SPEED    14   HIGHEST GUST DIRECTION    NE (40)
  AVERAGE WIND SPEED     3.1


SKY COVER
  AVERAGE SKY COVER 0.6


WEATHER CONDITIONS
 THE FOLLOWING WEATHER WAS RECORDED YESTERDAY.
  FOG


RELATIVE HUMIDITY (PERCENT)
 HIGHEST   100           600 AM
 LOWEST     73           100 PM
 AVERAGE    87

..........................................................


THE BAKER OR CLIMATE NORMALS FOR TODAY
                         NORMAL    RECORD    YEAR
 MAXIMUM TEMPERATURE (F)   35        53      1992
 MINIMUM TEMPERATURE (F)   17       -26      1949


SUNRISE AND SUNSET
JANUARY 25 2015.......SUNRISE   718 AM PST   SUNSET   449 PM PST
JANUARY 26 2015.......SUNRISE   717 AM PST   SUNSET   451 PM PST


-  INDICATES NEGATIVE NUMBERS.
R  INDICATES RECORD WAS SET OR TIED.
MM INDICATES DATA IS MISSING.
T  INDICATES TRACE AMOUNT.




$$
