000
CDUS46 KBOI 050932
CLIBKE


CLIMATE REPORT
NATIONAL WEATHER SERVICE BOISE ID
331 AM MDT WED AUG 5 2015


...................................

...THE BAKER OR CLIMATE SUMMARY FOR AUGUST 4 2015...

CLIMATE NORMAL PERIOD 1981 TO 2010
CLIMATE RECORD PERIOD 1948 TO 2015


WEATHER ITEM   OBSERVED TIME   RECORD YEAR NORMAL DEPARTURE LAST
                VALUE   (LST)  VALUE       VALUE  FROM      YEAR
                                                  NORMAL
..................................................................
TEMPERATURE (F)
 YESTERDAY
  MAXIMUM         88    333 PM 106    1961  87      1       89
  MINIMUM         49    441 AM  38    1980  47      2       55
  AVERAGE         69                        67      2       72

PRECIPITATION (IN)
  YESTERDAY        0.00          0.14 1968   0.02  -0.02     0.00
  MONTH TO DATE    T                         0.08  -0.08     0.01
  SINCE OCT 1      9.46                      8.95   0.51     6.10
  SINCE JAN 1      7.26                      6.44   0.82     4.93

DEGREE DAYS
 HEATING
  YESTERDAY        0                         1     -1        0
  MONTH TO DATE    0                         4     -4        0
  SINCE JUN 1    124                       300   -176      246
  SINCE JUL 1     40                        74    -34       13

 COOLING
  YESTERDAY        4                         3      1        7
  MONTH TO DATE   21                        12      9       29
  SINCE JUN 1    172                       103     69      194
  SINCE JAN 1    173                       105     68      194
..................................................................


WIND (MPH)
  RESULTANT WIND SPEED   1   RESULTANT WIND DIRECTION   N (10)
  HIGHEST WIND SPEED    13   HIGHEST WIND DIRECTION    NW (310)
  HIGHEST GUST SPEED    15   HIGHEST GUST DIRECTION    NW (310)
  AVERAGE WIND SPEED     3.3


SKY COVER
  AVERAGE SKY COVER 0.1


WEATHER CONDITIONS
 THE FOLLOWING WEATHER WAS RECORDED YESTERDAY.
  NO SIGNIFICANT WEATHER WAS OBSERVED.


RELATIVE HUMIDITY (PERCENT)
 HIGHEST    86           500 AM
 LOWEST     23           200 PM
 AVERAGE    55

..........................................................


THE BAKER OR CLIMATE NORMALS FOR TODAY
                         NORMAL    RECORD    YEAR
 MAXIMUM TEMPERATURE (F)   87       103      1998
 MINIMUM TEMPERATURE (F)   47        38      1948


SUNRISE AND SUNSET
AUGUST  5 2015........SUNRISE   541 AM PDT   SUNSET   812 PM PDT
AUGUST  6 2015........SUNRISE   543 AM PDT   SUNSET   811 PM PDT


-  INDICATES NEGATIVE NUMBERS.
R  INDICATES RECORD WAS SET OR TIED.
MM INDICATES DATA IS MISSING.
T  INDICATES TRACE AMOUNT.




$$
