000
CDUS41 KRLX 300912
CLIBKW


CLIMATE REPORT
NATIONAL WEATHER SERVICE CHARLESTON WV
319 AM EST FRI JAN 30 2015


...................................

...THE BECKLEY WV CLIMATE SUMMARY FOR JANUARY 29 2015...

CLIMATE NORMAL PERIOD 1981 TO 2010
CLIMATE RECORD PERIOD 1963 TO 2015


WEATHER ITEM   OBSERVED TIME   RECORD YEAR NORMAL DEPARTURE LAST
                VALUE   (LST)  VALUE       VALUE  FROM      YEAR
                                                  NORMAL
..................................................................
TEMPERATURE (F)
 YESTERDAY
  MAXIMUM         48    436 PM  73    1914  40      8       16
  MINIMUM         25   1228 AM  -8    2014  23      2       -8
                                      1977
                                      1936
  AVERAGE         37                        32      5        4

PRECIPITATION (IN)
  YESTERDAY        0.13          1.04 1990   0.09   0.04      T
  MONTH TO DATE    2.09                      2.63  -0.54     1.94
  SINCE JAN 1      2.09                      2.63  -0.54     1.94

SNOWFALL (IN)
  YESTERDAY        0.0
  MONTH TO DATE    7.8
  SINCE SEP 1     12.2
  SNOW DEPTH       0

DEGREE DAYS
 HEATING
  YESTERDAY       28                        33     -5       61
  MONTH TO DATE  994                       984     10     1158
  SINCE DEC 1   1846                      1937    -91     2014
  SINCE JUL 1   3087                      3077     10     3196

 COOLING
  YESTERDAY        0                         0      0        0
  MONTH TO DATE    0                         0      0        0
  SINCE DEC 1      0                         0      0        0
  SINCE JAN 1      0                         0      0        0
..................................................................


WIND (MPH)
  HIGHEST WIND SPEED    22   HIGHEST WIND DIRECTION    SW (210)
  HIGHEST GUST SPEED    27   HIGHEST GUST DIRECTION    SW (210)
  AVERAGE WIND SPEED    12.1


SKY COVER
  POSSIBLE SUNSHINE  MM
  AVERAGE SKY COVER 0.5


WEATHER CONDITIONS
 THE FOLLOWING WEATHER WAS RECORDED YESTERDAY.
  RAIN
  LIGHT RAIN
  FOG


RELATIVE HUMIDITY (PERCENT)
 HIGHEST    85          1100 PM
 LOWEST     40          1000 AM
 AVERAGE    63

..........................................................


THE BECKLEY WV CLIMATE NORMALS FOR TODAY
                         NORMAL    RECORD    YEAR
 MAXIMUM TEMPERATURE (F)   40        74      1916
 MINIMUM TEMPERATURE (F)   23       -14      1897


SUNRISE AND SUNSET
JANUARY 30 2015.......SUNRISE   730 AM EST   SUNSET   546 PM EST
JANUARY 31 2015.......SUNRISE   729 AM EST   SUNSET   547 PM EST


-  INDICATES NEGATIVE NUMBERS.
R  INDICATES RECORD WAS SET OR TIED.
MM INDICATES DATA IS MISSING.
T  INDICATES TRACE AMOUNT.




$$
