000
CDUS41 KRLX 260716
CLIBKW


CLIMATE REPORT
NATIONAL WEATHER SERVICE CHARLESTON WV
316 AM EDT MON SEP 26 2016


...................................

...THE BECKLEY WV CLIMATE SUMMARY FOR SEPTEMBER 25 2016...

CLIMATE NORMAL PERIOD 1981 TO 2010
CLIMATE RECORD PERIOD 1963 TO 2016


WEATHER ITEM   OBSERVED TIME   RECORD YEAR NORMAL DEPARTURE LAST
                VALUE   (LST)  VALUE       VALUE  FROM      YEAR
                                                  NORMAL
..................................................................
TEMPERATURE (F)
 YESTERDAY
  MAXIMUM         83    146 PM  90    1933  70     13       64
  MINIMUM         58    542 AM  30    1949  50      8       54
                                      1942
  AVERAGE         71                        60     11       59

PRECIPITATION (IN)
  YESTERDAY        0.00          1.13 1988   0.09  -0.09     0.41
  MONTH TO DATE    1.58                      2.53  -0.95     2.03
  SINCE JAN 1     36.71                     32.19   4.52    39.10

SNOWFALL (IN)
  YESTERDAY        0.0
  MONTH TO DATE    0.0
  SINCE SEP 1      0.0
  SNOW DEPTH       0

DEGREE DAYS
 HEATING
  YESTERDAY        0                         6     -6        6
  MONTH TO DATE    6                        78    -72       47
  SINCE SEP 1      6                        78    -72       47
  SINCE JUL 1      6                        99    -93       59

 COOLING
  YESTERDAY        6                         1      5        0
  MONTH TO DATE  124                        54     70       88
  SINCE SEP 1    124                        54     70       88
  SINCE JAN 1    825                       547    278      746
..................................................................


WIND (MPH)
  HIGHEST WIND SPEED    10   HIGHEST WIND DIRECTION    NW (320)
  HIGHEST GUST SPEED    15   HIGHEST GUST DIRECTION     W (290)
  AVERAGE WIND SPEED     3.5


SKY COVER
  POSSIBLE SUNSHINE  MM
  AVERAGE SKY COVER 0.1


WEATHER CONDITIONS
 THE FOLLOWING WEATHER WAS RECORDED YESTERDAY.
  FOG


RELATIVE HUMIDITY (PERCENT)
 HIGHEST    97           400 AM
 LOWEST     47           200 PM
 AVERAGE    72

..........................................................


THE BECKLEY WV CLIMATE NORMALS FOR TODAY
                         NORMAL    RECORD    YEAR
 MAXIMUM TEMPERATURE (F)   69        87      1933
 MINIMUM TEMPERATURE (F)   50        30      1950


SUNRISE AND SUNSET
SEPTEMBER 26 2016.....SUNRISE   716 AM EDT   SUNSET   714 PM EDT
SEPTEMBER 27 2016.....SUNRISE   717 AM EDT   SUNSET   713 PM EDT


-  INDICATES NEGATIVE NUMBERS.
R  INDICATES RECORD WAS SET OR TIED.
MM INDICATES DATA IS MISSING.
T  INDICATES TRACE AMOUNT.




$$
