000
CDUS41 KRLX 302116
CLIBKW


CLIMATE REPORT
NATIONAL WEATHER SERVICE CHARLESTON WV
516 PM EDT MON MAY 30 2016


...................................

...THE BECKLEY WV CLIMATE SUMMARY FOR MAY 30 2016...
VALID TODAY AS OF 0500 PM LOCAL TIME.

CLIMATE NORMAL PERIOD 1981 TO 2010
CLIMATE RECORD PERIOD 1963 TO 2016


WEATHER ITEM   OBSERVED TIME   RECORD YEAR NORMAL DEPARTURE LAST
                VALUE   (LST)  VALUE       VALUE  FROM      YEAR
                                                  NORMAL
..................................................................
TEMPERATURE (F)
 TODAY
  MAXIMUM         80    347 PM  87    2011  73      7       82
                                      2006
                                      1931
  MINIMUM         58    540 AM  33    1984  53      5       63
                                      1949
                                      1932
  AVERAGE         69                        63      6       73

PRECIPITATION (IN)
  TODAY            0.00          1.26 2004   0.15  -0.15     0.00
  MONTH TO DATE    6.59                      4.51   2.08     1.13
  SINCE MAR 1     11.25                     11.44  -0.19    13.28
  SINCE JAN 1     17.11                     17.01   0.10    19.93

DEGREE DAYS
 HEATING
  TODAY            0                         4     -4        0
  MONTH TO DATE  200                       190     10       88
  SINCE MAR 1   1004                      1298   -294     1111
  SINCE JUL 1   4379                      5299   -920     5444

 COOLING
  TODAY            4                         2      2        8
  MONTH TO DATE   29                        27      2       95
  SINCE MAR 1     37                        37      0       98
  SINCE JAN 1     37                        37      0       98
..................................................................


WIND (MPH)
  HIGHEST WIND SPEED    15   HIGHEST WIND DIRECTION     N (340)
  HIGHEST GUST SPEED    20   HIGHEST GUST DIRECTION     N (360)
  AVERAGE WIND SPEED     4.9


SKY COVER
  POSSIBLE SUNSHINE  MM
  AVERAGE SKY COVER 0.2


WEATHER CONDITIONS
 THE FOLLOWING WEATHER WAS RECORDED TODAY.
  NO SIGNIFICANT WEATHER WAS OBSERVED.


RELATIVE HUMIDITY (PERCENT)
 HIGHEST    90           700 AM
 LOWEST     48           300 PM
 AVERAGE    69

..........................................................


THE BECKLEY WV CLIMATE NORMALS FOR TOMORROW
                         NORMAL    RECORD    YEAR
 MAXIMUM TEMPERATURE (F)   73        88      1897
 MINIMUM TEMPERATURE (F)   54        34      1961


SUNRISE AND SUNSET
MAY 30 2016...........SUNRISE   605 AM EDT   SUNSET   840 PM EDT
MAY 31 2016...........SUNRISE   604 AM EDT   SUNSET   840 PM EDT


-  INDICATES NEGATIVE NUMBERS.
R  INDICATES RECORD WAS SET OR TIED.
MM INDICATES DATA IS MISSING.
T  INDICATES TRACE AMOUNT.




$$
