000
CDUS41 KRLX 280717
CLIBKW


CLIMATE REPORT
NATIONAL WEATHER SERVICE CHARLESTON WV
316 AM EDT SUN AUG 28 2016


...................................

...THE BECKLEY WV CLIMATE SUMMARY FOR AUGUST 27 2016...

CLIMATE NORMAL PERIOD 1981 TO 2010
CLIMATE RECORD PERIOD 1963 TO 2016


WEATHER ITEM   OBSERVED TIME   RECORD YEAR NORMAL DEPARTURE LAST
                VALUE   (LST)  VALUE       VALUE  FROM      YEAR
                                                  NORMAL
..................................................................
TEMPERATURE (F)
 YESTERDAY
  MAXIMUM         88    416 PM  93    1948  78     10       74
  MINIMUM         66    557 AM  38    1923  59      7       50
  AVERAGE         77                        69      8       62

PRECIPITATION (IN)
  YESTERDAY        0.00          0.70 1951   0.09  -0.09     0.00
  MONTH TO DATE    4.12                      3.13   0.99     2.65
  SINCE JAN 1     34.99                     29.32   5.67    37.07

SNOWFALL (IN)
  YESTERDAY        0.0
  MONTH TO DATE    0.0
  SINCE SEP 1     45.5
  SNOW DEPTH       0

DEGREE DAYS
 HEATING
  YESTERDAY        0                         1     -1        3
  MONTH TO DATE    0                         3     -3       12
  SINCE JUN 1     16                        50    -34       22
  SINCE JUL 1      0                        11    -11       12

 COOLING
  YESTERDAY       12                         4      8        0
  MONTH TO DATE  230                       147     83      135
  SINCE JUN 1    620                       439    181      532
  SINCE JAN 1    661                       480    181      638
..................................................................


WIND (MPH)
  HIGHEST WIND SPEED    15   HIGHEST WIND DIRECTION    SE (120)
  HIGHEST GUST SPEED    21   HIGHEST GUST DIRECTION    SE (150)
  AVERAGE WIND SPEED     5.8


SKY COVER
  POSSIBLE SUNSHINE  MM
  AVERAGE SKY COVER 0.0


WEATHER CONDITIONS
 THE FOLLOWING WEATHER WAS RECORDED YESTERDAY.
  NO SIGNIFICANT WEATHER WAS OBSERVED.


RELATIVE HUMIDITY (PERCENT)
 HIGHEST    97          1200 AM
 LOWEST     51           200 PM
 AVERAGE    74

..........................................................


THE BECKLEY WV CLIMATE NORMALS FOR TODAY
                         NORMAL    RECORD    YEAR
 MAXIMUM TEMPERATURE (F)   78        94      1948
 MINIMUM TEMPERATURE (F)   59        39      1923


SUNRISE AND SUNSET
AUGUST 28 2016........SUNRISE   652 AM EDT   SUNSET   759 PM EDT
AUGUST 29 2016........SUNRISE   652 AM EDT   SUNSET   757 PM EDT


-  INDICATES NEGATIVE NUMBERS.
R  INDICATES RECORD WAS SET OR TIED.
MM INDICATES DATA IS MISSING.
T  INDICATES TRACE AMOUNT.




$$
