000
CDUS41 KRLX 260726
CLIBKW


CLIMATE REPORT
NATIONAL WEATHER SERVICE CHARLESTON WV
324 AM EDT TUE SEP 26 2017


...................................

...THE BECKLEY WV CLIMATE SUMMARY FOR SEPTEMBER 25 2017...

CLIMATE NORMAL PERIOD 1981 TO 2010
CLIMATE RECORD PERIOD 1963 TO 2017


WEATHER ITEM   OBSERVED TIME   RECORD YEAR NORMAL DEPARTURE LAST
                VALUE   (LST)  VALUE       VALUE  FROM      YEAR
                                                  NORMAL
..................................................................
TEMPERATURE (F)
 YESTERDAY
  MAXIMUM         78    503 PM  90    1933  70      8       83
  MINIMUM         59    601 AM  30    1949  50      9       58
                                      1942
  AVERAGE         69                        60      9       71

PRECIPITATION (IN)
  YESTERDAY        0.00          1.13 1988   0.09  -0.09     0.00
  MONTH TO DATE    1.85                      2.53  -0.68     1.58
  SINCE JAN 1     35.19                     32.19   3.00    36.71

SNOWFALL (IN)
  YESTERDAY        0.0           0.0  2016   0.0    0.0      0.0
  MONTH TO DATE    0.0                       0.0    0.0      0.0
  SINCE SEP 1      0.0                       0.0    0.0      0.0
  SNOW DEPTH       0

DEGREE DAYS
 HEATING
  YESTERDAY        0                         6     -6        0
  MONTH TO DATE   77                        78     -1        6
  SINCE SEP 1     77                        78     -1        6
  SINCE JUL 1     94                        99     -5        6

 COOLING
  YESTERDAY        4                         1      3        6
  MONTH TO DATE   39                        54    -15      124
  SINCE SEP 1     39                        54    -15      124
  SINCE JAN 1    552                       547      5      825
..................................................................


WIND (MPH)
  HIGHEST WIND SPEED    12   HIGHEST WIND DIRECTION    SE (140)
  HIGHEST GUST SPEED    16   HIGHEST GUST DIRECTION     S (160)
  AVERAGE WIND SPEED     2.9


SKY COVER
  POSSIBLE SUNSHINE  MM
  AVERAGE SKY COVER 0.0


WEATHER CONDITIONS
 THE FOLLOWING WEATHER WAS RECORDED YESTERDAY.
  NO SIGNIFICANT WEATHER WAS OBSERVED.


RELATIVE HUMIDITY (PERCENT)
 HIGHEST    90           700 AM
 LOWEST     48           200 PM
 AVERAGE    69

..........................................................


THE BECKLEY WV CLIMATE NORMALS FOR TODAY
                         NORMAL    RECORD    YEAR
 MAXIMUM TEMPERATURE (F)   69        87      1933
 MINIMUM TEMPERATURE (F)   50        30      1950


SUNRISE AND SUNSET
SEPTEMBER 26 2017.....SUNRISE   716 AM EDT   SUNSET   715 PM EDT
SEPTEMBER 27 2017.....SUNRISE   717 AM EDT   SUNSET   713 PM EDT


-  INDICATES NEGATIVE NUMBERS.
R  INDICATES RECORD WAS SET OR TIED.
MM INDICATES DATA IS MISSING.
T  INDICATES TRACE AMOUNT.




$$
