000
CDUS41 KRLX 300811
CLIBKW


CLIMATE REPORT
NATIONAL WEATHER SERVICE CHARLESTON WV
358 AM EDT SAT AUG 30 2014


...................................

...THE BECKLEY WV CLIMATE SUMMARY FOR AUGUST 29 2014...

CLIMATE NORMAL PERIOD 1981 TO 2010
CLIMATE RECORD PERIOD 1963 TO 2014


WEATHER ITEM   OBSERVED TIME   RECORD YEAR NORMAL DEPARTURE LAST
                VALUE   (LST)  VALUE       VALUE  FROM      YEAR
                                                  NORMAL
..................................................................
TEMPERATURE (F)
 YESTERDAY
  MAXIMUM         82    244 PM  94    1953  78      4       83
  MINIMUM         60    515 AM  36    1986  59      1       68
                                      1965
  AVERAGE         71                        68      3       76

PRECIPITATION (IN)
  YESTERDAY        0.00          0.73 1911   0.09  -0.09      T
  MONTH TO DATE    4.02                      3.30   0.72     4.83
  SINCE JAN 1     24.41                     29.49  -5.08    29.65

SNOWFALL (IN)
  YESTERDAY        0.0
  MONTH TO DATE    0.0
  SINCE SEP 1     76.3
  SNOW DEPTH       0

DEGREE DAYS
 HEATING
  YESTERDAY        0                         1     -1        0
  MONTH TO DATE    7                         5      2       15
  SINCE JUN 1     41                        52    -11       27
  SINCE JUL 1     29                        13     16       20

 COOLING
  YESTERDAY        6                         4      2       11
  MONTH TO DATE  107                       155    -48      128
  SINCE JUN 1    429                       447    -18      458
  SINCE JAN 1    504                       488     16      525
..................................................................


WIND (MPH)
  HIGHEST WIND SPEED    14   HIGHEST WIND DIRECTION     S (160)
  HIGHEST GUST SPEED    21   HIGHEST GUST DIRECTION    SE (140)
  AVERAGE WIND SPEED     6.7


SKY COVER
  POSSIBLE SUNSHINE  MM
  AVERAGE SKY COVER 0.1


WEATHER CONDITIONS
 THE FOLLOWING WEATHER WAS RECORDED YESTERDAY.
  NO SIGNIFICANT WEATHER WAS OBSERVED.


RELATIVE HUMIDITY (PERCENT)
 HIGHEST    90           300 AM
 LOWEST     58           200 PM
 AVERAGE    74

..........................................................


THE BECKLEY WV CLIMATE NORMALS FOR TODAY
                         NORMAL    RECORD    YEAR
 MAXIMUM TEMPERATURE (F)   78        95      1953
 MINIMUM TEMPERATURE (F)   59        39      1965


SUNRISE AND SUNSET
AUGUST 30 2014........SUNRISE   653 AM EDT   SUNSET   757 PM EDT
AUGUST 31 2014........SUNRISE   654 AM EDT   SUNSET   755 PM EDT


-  INDICATES NEGATIVE NUMBERS.
R  INDICATES RECORD WAS SET OR TIED.
MM INDICATES DATA IS MISSING.
T  INDICATES TRACE AMOUNT.




$$
