000
CDUS41 KRNK 212219
CLIBLF


CLIMATE REPORT
NATIONAL WEATHER SERVICE BLACKSBURG VA
516 PM EST FRI NOV 21 2014


...................................

...THE BLUEFIELD WV CLIMATE SUMMARY FOR NOVEMBER 21 2014...
VALID TODAY AS OF 0500 PM LOCAL TIME.

CLIMATE NORMAL PERIOD 1981 TO 2010
CLIMATE RECORD PERIOD 1959 TO 2014


WEATHER ITEM   OBSERVED TIME   RECORD YEAR NORMAL DEPARTURE LAST
                VALUE   (LST)  VALUE       VALUE  FROM      YEAR
                                                  NORMAL
..................................................................
TEMPERATURE (F)
 TODAY
  MAXIMUM         37    400 PM  69    1999  53    -16       62
  MINIMUM         20        MM  14    1964  37    -17       37
  AVERAGE         29                        45    -16

PRECIPITATION (IN)
  TODAY            0.00          1.27 1991   0.09  -0.09     0.00
  MONTH TO DATE    1.34                      1.84  -0.50     0.97
  SINCE SEP 1      9.12                      7.48   1.64     4.59
  SINCE JAN 1     33.74                     35.87  -2.13    34.81

SNOWFALL (IN)
  TODAY            0.0
  MONTH TO DATE    1.6
  SINCE SEP 1      1.6
  SINCE JUL 1      1.6
  SNOW DEPTH       0

DEGREE DAYS
 HEATING
  TODAY           36                        20     16
  MONTH TO DATE  534                       344    190
  SINCE SEP 1    875                       702    173
  SINCE JUL 1    885                       708    177

 COOLING
  TODAY            0                         0      0
  MONTH TO DATE    0                         0      0
  SINCE SEP 1    114                       117     -3
  SINCE JAN 1    827                       851    -24
..................................................................


WIND (MPH)
  HIGHEST WIND SPEED    16   HIGHEST WIND DIRECTION     W (290)
  HIGHEST GUST SPEED    25   HIGHEST GUST DIRECTION     W (290)
  AVERAGE WIND SPEED    11.2


SKY COVER
  POSSIBLE SUNSHINE  MM
  AVERAGE SKY COVER 0.2


WEATHER CONDITIONS
 THE FOLLOWING WEATHER WAS RECORDED TODAY.
  NO SIGNIFICANT WEATHER WAS OBSERVED.


RELATIVE HUMIDITY (PERCENT)
 HIGHEST    73           700 AM
 LOWEST     26           300 PM
 AVERAGE    50

..........................................................


THE BLUEFIELD WV CLIMATE NORMALS FOR TOMORROW
                         NORMAL    RECORD    YEAR
 MAXIMUM TEMPERATURE (F)   53        70      1979
 MINIMUM TEMPERATURE (F)   37         8      1964


SUNRISE AND SUNSET
NOVEMBER 21 2014......SUNRISE   710 AM EST   SUNSET   511 PM EST
NOVEMBER 22 2014......SUNRISE   711 AM EST   SUNSET   510 PM EST


-  INDICATES NEGATIVE NUMBERS.
R  INDICATES RECORD WAS SET OR TIED.
MM INDICATES DATA IS MISSING.
T  INDICATES TRACE AMOUNT.

REMARKS:
DUE TO A POWER FAILURE CAUSING A MISSING LOW TEMPERATURE ON
MAY 30...THE SEASONAL TOTAL AND DEPARTURE FROM NORMAL FOR CDD
WILL BE CALCULATED WITHOUT DATA FROM THAT DATE.

$$
