000
CDUS41 KRNK 192106
CLIBLF


CLIMATE REPORT
NATIONAL WEATHER SERVICE BLACKSBURG VA
504 PM EDT TUE SEP 19 2017


...................................

...THE BLUEFIELD WV CLIMATE SUMMARY FOR SEPTEMBER 19 2017...
VALID TODAY AS OF 0500 PM LOCAL TIME.

CLIMATE NORMAL PERIOD 1981 TO 2010
CLIMATE RECORD PERIOD 1959 TO 2017


WEATHER ITEM   OBSERVED TIME   RECORD YEAR NORMAL DEPARTURE LAST
                VALUE   (LST)  VALUE       VALUE  FROM      YEAR
                                                  NORMAL
..................................................................
TEMPERATURE (F)
 TODAY
  MAXIMUM         77    246 PM  87    2005  74      3       75
  MINIMUM         57    557 AM  40    1973  56      1       62
  AVERAGE         67                        65      2       69

PRECIPITATION (IN)
  TODAY            0.00          0.73 1986   0.10  -0.10     0.48
  MONTH TO DATE    0.84                      1.97  -1.13     0.69
  SINCE SEP 1      0.84                      1.97  -1.13     0.69
  SINCE JAN 1     32.90                     30.36   2.54    27.58

SNOWFALL (IN)
  TODAY            0.0                                       0.0
  MONTH TO DATE    0.0                                       0.0
  SINCE SEP 1      0.0                                       0.0
  SINCE JUL 1      0.0                                       0.0
  SNOW DEPTH       0

DEGREE DAYS
 HEATING
  TODAY            0                         3     -3        0
  MONTH TO DATE  102                        26     76        8
  SINCE SEP 1    102                        26     76        8
  SINCE JUL 1    128                        32     96        8

 COOLING
  TODAY            2                         3     -1        4
  MONTH TO DATE    6                        78    -72       88
  SINCE SEP 1      6                        78    -72       88
  SINCE JAN 1    430                       812   -382      696
..................................................................


WIND (MPH)
  HIGHEST WIND SPEED    13   HIGHEST WIND DIRECTION     W (270)
  HIGHEST GUST SPEED    16   HIGHEST GUST DIRECTION     W (270)
  AVERAGE WIND SPEED     2.2


SKY COVER
  AVERAGE SKY COVER 0.3


WEATHER CONDITIONS
 THE FOLLOWING WEATHER WAS RECORDED TODAY.
  FOG


RELATIVE HUMIDITY (PERCENT)
 HIGHEST   100           700 AM
 LOWEST     50          1200 PM
 AVERAGE    75

..........................................................


THE BLUEFIELD WV CLIMATE NORMALS FOR TOMORROW
                         NORMAL    RECORD    YEAR
 MAXIMUM TEMPERATURE (F)   73        86      1998
 MINIMUM TEMPERATURE (F)   56        40      1991


SUNRISE AND SUNSET
SEPTEMBER 19 2017.....SUNRISE   710 AM EDT   SUNSET   726 PM EDT
SEPTEMBER 20 2017.....SUNRISE   711 AM EDT   SUNSET   724 PM EDT


-  INDICATES NEGATIVE NUMBERS.
R  INDICATES RECORD WAS SET OR TIED.
MM INDICATES DATA IS MISSING.
T  INDICATES TRACE AMOUNT.




$$
