000
CDUS41 KRNK 170921
CLIBLF


CLIMATE REPORT
NATIONAL WEATHER SERVICE BLACKSBURG VA
516 AM EDT THU APR 17 2014


...................................

...THE BLUEFIELD WV CLIMATE SUMMARY FOR APRIL 16 2014...

CLIMATE NORMAL PERIOD 1981 TO 2010
CLIMATE RECORD PERIOD 1959 TO 2014


WEATHER ITEM   OBSERVED TIME   RECORD YEAR NORMAL DEPARTURE LAST
                VALUE   (LST)  VALUE       VALUE  FROM      YEAR
                                                  NORMAL
..................................................................
TEMPERATURE (F)
 YESTERDAY
  MAXIMUM         53    329 PM  81    2012  65    -12       80
                                      2002
  MINIMUM         23R   616 AM  23    1962  46    -23       56
  AVERAGE         38                        55    -17

PRECIPITATION (IN)
  YESTERDAY        0.00          1.08 1987   0.11  -0.11     0.00
  MONTH TO DATE    1.58                      1.71  -0.13     2.53
  SINCE MAR 1      3.54                      5.22  -1.68     5.95
  SINCE JAN 1      7.67                     10.88  -3.21    13.62

SNOWFALL (IN)
  YESTERDAY        0.0
  MONTH TO DATE    0.4
  SINCE MAR 1      9.4
  SINCE JUL 1     47.0
  SNOW DEPTH       0

DEGREE DAYS
 HEATING
  YESTERDAY       27                        10     17
  MONTH TO DATE  141                       202    -61
  SINCE MAR 1    843                       818     25
  SINCE JUL 1   4478                      4311    167

 COOLING
  YESTERDAY        0                         1     -1
  MONTH TO DATE   15                        14      1
  SINCE MAR 1     15                        18     -3
  SINCE JAN 1     15                        18     -3
..................................................................


WIND (MPH)
  HIGHEST WIND SPEED    15   HIGHEST WIND DIRECTION    SE (140)
  HIGHEST GUST SPEED    27   HIGHEST GUST DIRECTION    SE (150)
  AVERAGE WIND SPEED     6.3


SKY COVER
  POSSIBLE SUNSHINE  MM
  AVERAGE SKY COVER 0.1


WEATHER CONDITIONS
 THE FOLLOWING WEATHER WAS RECORDED YESTERDAY.
  NO SIGNIFICANT WEATHER WAS OBSERVED.


RELATIVE HUMIDITY (PERCENT)
 HIGHEST    65           600 AM
 LOWEST     24           400 PM
 AVERAGE    45

..........................................................


THE BLUEFIELD WV CLIMATE NORMALS FOR TODAY
                         NORMAL    RECORD    YEAR
 MAXIMUM TEMPERATURE (F)   66        83      1976
 MINIMUM TEMPERATURE (F)   46        25      2001


SUNRISE AND SUNSET
APRIL 17 2014.........SUNRISE   648 AM EDT   SUNSET   802 PM EDT
APRIL 18 2014.........SUNRISE   646 AM EDT   SUNSET   803 PM EDT


-  INDICATES NEGATIVE NUMBERS.
R  INDICATES RECORD WAS SET OR TIED.
MM INDICATES DATA IS MISSING.
T  INDICATES TRACE AMOUNT.



$$
