000
CDUS41 KRNK 290618
CLIBLF


CLIMATE REPORT
NATIONAL WEATHER SERVICE BLACKSBURG VA
214 AM EDT MON AUG 29 2016


...................................

...THE BLUEFIELD WV CLIMATE SUMMARY FOR AUGUST 28 2016...

CLIMATE NORMAL PERIOD 1981 TO 2010
CLIMATE RECORD PERIOD 1959 TO 2016


WEATHER ITEM   OBSERVED TIME   RECORD YEAR NORMAL DEPARTURE LAST
                VALUE   (LST)  VALUE       VALUE  FROM      YEAR
                                                  NORMAL
..................................................................
TEMPERATURE (F)
 YESTERDAY
  MAXIMUM         82    341 PM  89    2007  80      2       82
  MINIMUM         65   1159 PM  44    1986  63      2       59
  AVERAGE         74                        71      3       71

PRECIPITATION (IN)
  YESTERDAY        0.00          2.15 1964   0.10  -0.10     0.00
  MONTH TO DATE    3.18                      2.98   0.20     2.39
  SINCE JUN 1     12.13                     11.29   0.84    10.76
  SINCE JAN 1     26.89                     28.11  -1.22    26.55

SNOWFALL (IN)
  YESTERDAY        0.0                                       0.0
  MONTH TO DATE    0.0                                       0.0
  SINCE JUN 1      0.0                                       0.0
  SINCE JUL 1      0.0                                       0.0
  SNOW DEPTH       0

DEGREE DAYS
 HEATING
  YESTERDAY        0                         0      0        0
  MONTH TO DATE    0                         0      0        1
  SINCE JUN 1     16                        24     -8        4
  SINCE JUL 1      0                         2     -2        1

 COOLING
  YESTERDAY        9                         6      3        6
  MONTH TO DATE  196                       212    -16      202
  SINCE JUN 1    554                       626    -72      722
  SINCE JAN 1    581                       717   -136      879
..................................................................


WIND (MPH)
  HIGHEST WIND SPEED    10   HIGHEST WIND DIRECTION     E (100)
  HIGHEST GUST SPEED    18   HIGHEST GUST DIRECTION     E (90)
  AVERAGE WIND SPEED     4.3


SKY COVER
  AVERAGE SKY COVER 0.1


WEATHER CONDITIONS
 THE FOLLOWING WEATHER WAS RECORDED YESTERDAY.
  NO SIGNIFICANT WEATHER WAS OBSERVED.


RELATIVE HUMIDITY (PERCENT)
 HIGHEST    84           100 AM
 LOWEST     62           100 PM
 AVERAGE    73

..........................................................


THE BLUEFIELD WV CLIMATE NORMALS FOR TODAY
                         NORMAL    RECORD    YEAR
 MAXIMUM TEMPERATURE (F)   80        91      1991
 MINIMUM TEMPERATURE (F)   62        39      1986


SUNRISE AND SUNSET
AUGUST 29 2016........SUNRISE   653 AM EDT   SUNSET   757 PM EDT
AUGUST 30 2016........SUNRISE   654 AM EDT   SUNSET   756 PM EDT


-  INDICATES NEGATIVE NUMBERS.
R  INDICATES RECORD WAS SET OR TIED.
MM INDICATES DATA IS MISSING.
T  INDICATES TRACE AMOUNT.




$$
