000
CDUS46 KSEW 270830
CLIBLI


CLIMATE REPORT
NATIONAL WEATHER SERVICE SEATTLE WA
1230 AM PST SAT DEC 27 2014


...................................

...THE BELLINGHAM WA AIRPORT CLIMATE SUMMARY FOR DECEMBER 26 2014...

CLIMATE NORMAL PERIOD 1981 TO 2010
CLIMATE RECORD PERIOD 1949 TO 2014


WEATHER ITEM   OBSERVED TIME   RECORD YEAR NORMAL DEPARTURE LAST
                VALUE   (LST)  VALUE       VALUE  FROM      YEAR
                                                  NORMAL
..................................................................
TEMPERATURE (F)
 YESTERDAY
  MAXIMUM         41    334 PM  63    1980  44     -3       47
  MINIMUM         33   1209 AM  12    1971  32      1       32
  AVERAGE         37                        38     -1       40

PRECIPITATION (IN)
  YESTERDAY        0.02          1.34 1980   0.13  -0.11     0.09
  MONTH TO DATE    4.44                      3.63   0.81     2.65
  SINCE OCT 1     14.38                     13.11   1.27     9.82
  SINCE JAN 1     36.47                     35.24   1.23    30.32

DEGREE DAYS
 HEATING
  YESTERDAY       28                        27      1       25
  MONTH TO DATE  543                       692   -149      773
  SINCE DEC 1    543                       692   -149      773

 COOLING
  YESTERDAY        0                         0      0        0
  MONTH TO DATE    0                         0      0        0
  SINCE DEC 1      0                         0      0        0
  SINCE JAN 1    117                        42     75       95
..................................................................


WIND (MPH)
  RESULTANT WIND SPEED   1   RESULTANT WIND DIRECTION   N (10)
  HIGHEST WIND SPEED     7   HIGHEST WIND DIRECTION    NE (30)
  HIGHEST GUST SPEED     8   HIGHEST GUST DIRECTION    NE (40)
  AVERAGE WIND SPEED     1.0


SKY COVER
  AVERAGE SKY COVER 1.0


WEATHER CONDITIONS
 THE FOLLOWING WEATHER WAS RECORDED YESTERDAY.
  LIGHT RAIN
  FOG


RELATIVE HUMIDITY (PERCENT)
 HIGHEST    92           200 AM
 LOWEST     85           200 PM
 AVERAGE    89

..........................................................


THE BELLINGHAM WA AIRPORT CLIMATE NORMALS FOR TODAY
                         NORMAL    RECORD    YEAR
 MAXIMUM TEMPERATURE (F)   44        57      1994
 MINIMUM TEMPERATURE (F)   32         7      1968


SUNRISE AND SUNSET
DECEMBER 27 2014......SUNRISE   803 AM PST   SUNSET   420 PM PST
DECEMBER 28 2014......SUNRISE   803 AM PST   SUNSET   421 PM PST


-  INDICATES NEGATIVE NUMBERS.
R  INDICATES RECORD WAS SET OR TIED.
MM INDICATES DATA IS MISSING.
T  INDICATES TRACE AMOUNT.




$$
