000
CDUS46 KSEW 280826
CLIBLI


CLIMATE REPORT
NATIONAL WEATHER SERVICE SEATTLE WA
126 AM PDT TUE JUL 28 2015


...................................

...THE BELLINGHAM WA AIRPORT CLIMATE SUMMARY FOR JULY 27 2015...

CLIMATE NORMAL PERIOD 1981 TO 2010
CLIMATE RECORD PERIOD 1949 TO 2015


WEATHER ITEM   OBSERVED TIME   RECORD YEAR NORMAL DEPARTURE LAST
                VALUE   (LST)  VALUE       VALUE  FROM      YEAR
                                                  NORMAL
..................................................................
TEMPERATURE (F)
 YESTERDAY
  MAXIMUM         73    405 PM  90    1958  72      1       79
  MINIMUM         54    113 AM  48    1966  54      0       52
                                      1954
                                      1953
  AVERAGE         64                        63      1       66

PRECIPITATION (IN)
  YESTERDAY        0.00          0.60 2001   0.03  -0.03     0.00
  MONTH TO DATE    0.67                      1.06  -0.39     1.13
  SINCE OCT 1     30.30                     32.70  -2.40    29.40
  SINCE JAN 1     15.57                     19.00  -3.43    19.09

DEGREE DAYS
 HEATING
  YESTERDAY        1                         2     -1        0
  MONTH TO DATE   13                        77    -64       35
  SINCE JUN 1     82                       278   -196      171

 COOLING
  YESTERDAY        0                         0      0        1
  MONTH TO DATE   70                         0     70       41
  SINCE JUN 1    118                         4    114       42
  SINCE JAN 1    118                         4    114       43
..................................................................


WIND (MPH)
  RESULTANT WIND SPEED   4   RESULTANT WIND DIRECTION   S (180)
  HIGHEST WIND SPEED    12   HIGHEST WIND DIRECTION     S (170)
  HIGHEST GUST SPEED    15   HIGHEST GUST DIRECTION     S (170)
  AVERAGE WIND SPEED     4.6


SKY COVER
  AVERAGE SKY COVER 0.4


WEATHER CONDITIONS
 THE FOLLOWING WEATHER WAS RECORDED YESTERDAY.
  NO SIGNIFICANT WEATHER WAS OBSERVED.


RELATIVE HUMIDITY (PERCENT)
 HIGHEST    93           100 AM
 LOWEST     44           500 PM
 AVERAGE    69

..........................................................


THE BELLINGHAM WA AIRPORT CLIMATE NORMALS FOR TODAY
                         NORMAL    RECORD    YEAR
 MAXIMUM TEMPERATURE (F)   73        90      2009
 MINIMUM TEMPERATURE (F)   54        41      1954


SUNRISE AND SUNSET
JULY 28 2015..........SUNRISE   538 AM PDT   SUNSET   854 PM PDT
JULY 29 2015..........SUNRISE   540 AM PDT   SUNSET   853 PM PDT


-  INDICATES NEGATIVE NUMBERS.
R  INDICATES RECORD WAS SET OR TIED.
MM INDICATES DATA IS MISSING.
T  INDICATES TRACE AMOUNT.




$$
