000
CDUS46 KSEW 020827
CLIBLI


CLIMATE REPORT
NATIONAL WEATHER SERVICE SEATTLE WA
127 AM PDT TUE JUN 2 2015


...................................

...THE BELLINGHAM WA AIRPORT CLIMATE SUMMARY FOR JUNE 1 2015...

CLIMATE NORMAL PERIOD 1981 TO 2010
CLIMATE RECORD PERIOD 1949 TO 2015


WEATHER ITEM   OBSERVED TIME   RECORD YEAR NORMAL DEPARTURE LAST
                VALUE   (LST)  VALUE       VALUE  FROM      YEAR
                                                  NORMAL
..................................................................
TEMPERATURE (F)
 YESTERDAY
  MAXIMUM         62    930 AM  89    1970  65     -3       69
  MINIMUM         55    223 AM  41    1999  49      6       52
                                      1951
  AVERAGE         59                        57      2       61

PRECIPITATION (IN)
  YESTERDAY        0.04          1.33 1968   0.08  -0.04     0.00
  MONTH TO DATE    0.04                      0.08  -0.04     0.00
  SINCE OCT 1     29.41                     29.86  -0.45    27.19
  SINCE JAN 1     14.68                     16.16  -1.48    16.88

DEGREE DAYS
 HEATING
  YESTERDAY        6                         8     -2        4
  MONTH TO DATE    6                         8     -2        4
  SINCE JUN 1      6                         8     -2        4

 COOLING
  YESTERDAY        0                         0      0        0
  MONTH TO DATE    0                         0      0        0
  SINCE JUN 1      0                         0      0        0
  SINCE JAN 1      0                         0      0        1
..................................................................


WIND (MPH)
  RESULTANT WIND SPEED   9   RESULTANT WIND DIRECTION   S (170)
  HIGHEST WIND SPEED    18   HIGHEST WIND DIRECTION     S (170)
  HIGHEST GUST SPEED    25   HIGHEST GUST DIRECTION     S (160)
  AVERAGE WIND SPEED     9.2


SKY COVER
  AVERAGE SKY COVER 0.6


WEATHER CONDITIONS
 THE FOLLOWING WEATHER WAS RECORDED YESTERDAY.
  LIGHT RAIN
  FOG


RELATIVE HUMIDITY (PERCENT)
 HIGHEST    93           200 AM
 LOWEST     72           700 AM
 AVERAGE    83

..........................................................


THE BELLINGHAM WA AIRPORT CLIMATE NORMALS FOR TODAY
                         NORMAL    RECORD    YEAR
 MAXIMUM TEMPERATURE (F)   65        89      1970
 MINIMUM TEMPERATURE (F)   49        37      1999
                                             1954


SUNRISE AND SUNSET
JUNE  2 2015..........SUNRISE   511 AM PDT   SUNSET   906 PM PDT
JUNE  3 2015..........SUNRISE   510 AM PDT   SUNSET   907 PM PDT


-  INDICATES NEGATIVE NUMBERS.
R  INDICATES RECORD WAS SET OR TIED.
MM INDICATES DATA IS MISSING.
T  INDICATES TRACE AMOUNT.




$$
