000
CDUS46 KSEW 220834
CLIBLI


CLIMATE REPORT
NATIONAL WEATHER SERVICE SEATTLE WA
134 AM PDT WED OCT 22 2014


...................................

...THE BELLINGHAM WA AIRPORT CLIMATE SUMMARY FOR OCTOBER 21 2014...

CLIMATE NORMAL PERIOD 1981 TO 2010
CLIMATE RECORD PERIOD 1949 TO 2014


WEATHER ITEM   OBSERVED TIME   RECORD YEAR NORMAL DEPARTURE LAST
                VALUE   (LST)  VALUE       VALUE  FROM      YEAR
                                                  NORMAL
..................................................................
TEMPERATURE (F)
 YESTERDAY
  MAXIMUM         63    230 PM  68    1998  56      7       53
                                      1965
  MINIMUM         55    656 AM  28    1949  41     14       45
  AVERAGE         59                        49     10       49

PRECIPITATION (IN)
  YESTERDAY        0.04          1.20 1963   0.14  -0.10     0.00
  MONTH TO DATE    2.78                      2.16   0.62     1.75
  SINCE OCT 1      2.78                      2.16   0.62     1.75
  SINCE JAN 1     24.87                     24.29   0.58    22.25

DEGREE DAYS
 HEATING
  YESTERDAY        6                        16    -10       16
  MONTH TO DATE  138                       296   -158      322
  SINCE SEP 1    247                       530   -283      471

 COOLING
  YESTERDAY        0                         0      0        0
  MONTH TO DATE    0                         0      0        0
  SINCE SEP 1      2                         2      0        6
  SINCE JAN 1    117                        42     75       95
..................................................................


WIND (MPH)
  RESULTANT WIND SPEED  17   RESULTANT WIND DIRECTION  SE (150)
  HIGHEST WIND SPEED    36   HIGHEST WIND DIRECTION    SE (140)
  HIGHEST GUST SPEED    49   HIGHEST GUST DIRECTION    SE (140)
  AVERAGE WIND SPEED    16.5


SKY COVER
  AVERAGE SKY COVER 0.7


WEATHER CONDITIONS
 THE FOLLOWING WEATHER WAS RECORDED YESTERDAY.
  LIGHT RAIN


RELATIVE HUMIDITY (PERCENT)
 HIGHEST    83           100 AM
 LOWEST     52           900 PM
 AVERAGE    68

..........................................................


THE BELLINGHAM WA AIRPORT CLIMATE NORMALS FOR TODAY
                         NORMAL    RECORD    YEAR
 MAXIMUM TEMPERATURE (F)   56        68      1977
                                             1965
 MINIMUM TEMPERATURE (F)   41        29      1984


SUNRISE AND SUNSET
OCTOBER 22 2014.......SUNRISE   741 AM PDT   SUNSET   607 PM PDT
OCTOBER 23 2014.......SUNRISE   743 AM PDT   SUNSET   605 PM PDT


-  INDICATES NEGATIVE NUMBERS.
R  INDICATES RECORD WAS SET OR TIED.
MM INDICATES DATA IS MISSING.
T  INDICATES TRACE AMOUNT.




$$
