000
CDUS46 KSEW 030832
CLIBLI


CLIMATE REPORT
NATIONAL WEATHER SERVICE SEATTLE WA
1231 AM PST SAT DEC 3 2016


...................................

...THE BELLINGHAM WA AIRPORT CLIMATE SUMMARY FOR DECEMBER 2 2016...

CLIMATE NORMAL PERIOD 1981 TO 2010
CLIMATE RECORD PERIOD 1949 TO 2016


WEATHER ITEM   OBSERVED TIME   RECORD YEAR NORMAL DEPARTURE LAST
                VALUE   (LST)  VALUE       VALUE  FROM      YEAR
                                                  NORMAL
..................................................................
TEMPERATURE (F)
 YESTERDAY
  MAXIMUM         49    318 PM  60    2015  46      3       60
  MINIMUM         43    121 AM  21    1954  33     10       41
  AVERAGE         46                        40      6       51

PRECIPITATION (IN)
  YESTERDAY        0.28          1.80 1975   0.17   0.11     0.03
  MONTH TO DATE    0.30                      0.34  -0.04     0.36
  SINCE OCT 1     15.46                      9.82   5.64     8.33
  SINCE JAN 1     34.87                     31.95   2.92    27.91

DEGREE DAYS
 HEATING
  YESTERDAY       19                        25     -6       14
  MONTH TO DATE   44                        50     -6       35
  SINCE DEC 1     44                        50     -6       35

 COOLING
  YESTERDAY        0                         0      0        0
  MONTH TO DATE    0                         0      0        0
  SINCE DEC 1      0                         0      0        0
  SINCE JAN 1    101                        42     59      193
..................................................................


WIND (MPH)
  RESULTANT WIND SPEED  14   RESULTANT WIND DIRECTION  SE (150)
  HIGHEST WIND SPEED    31   HIGHEST WIND DIRECTION    SE (150)
  HIGHEST GUST SPEED    47   HIGHEST GUST DIRECTION    SE (140)
  AVERAGE WIND SPEED    14.8


SKY COVER
  AVERAGE SKY COVER 0.8


WEATHER CONDITIONS
 THE FOLLOWING WEATHER WAS RECORDED YESTERDAY.
  LIGHT RAIN
  FOG


RELATIVE HUMIDITY (PERCENT)
 HIGHEST   100           500 PM
 LOWEST     80          1100 AM
 AVERAGE    90

..........................................................


THE BELLINGHAM WA AIRPORT CLIMATE NORMALS FOR TODAY
                         NORMAL    RECORD    YEAR
 MAXIMUM TEMPERATURE (F)   46        62      2015
 MINIMUM TEMPERATURE (F)   33        20      1994


SUNRISE AND SUNSET
DECEMBER  3 2016......SUNRISE   745 AM PST   SUNSET   415 PM PST
DECEMBER  4 2016......SUNRISE   746 AM PST   SUNSET   415 PM PST


-  INDICATES NEGATIVE NUMBERS.
R  INDICATES RECORD WAS SET OR TIED.
MM INDICATES DATA IS MISSING.
T  INDICATES TRACE AMOUNT.




$$
