000
CDUS46 KSEW 240122
CLIBLI


CLIMATE REPORT
NATIONAL WEATHER SERVICE SEATTLE WA
522 PM PST FRI FEB 23 2018


...................................

...THE BELLINGHAM WA AIRPORT CLIMATE SUMMARY FOR FEBRUARY 23 2018...
VALID TODAY AS OF 0500 PM LOCAL TIME.

CLIMATE NORMAL PERIOD 1981 TO 2010
CLIMATE RECORD PERIOD 1949 TO 2018


WEATHER ITEM   OBSERVED TIME   RECORD YEAR NORMAL DEPARTURE LAST
                VALUE   (LST)  VALUE       VALUE  FROM      YEAR
                                                  NORMAL
..................................................................
TEMPERATURE (F)
 TODAY
  MAXIMUM         35    443 PM  62    1983  49    -14       44
  MINIMUM         19R   332 AM  22    1952  34    -15       29
  AVERAGE         27                        41    -14       37

PRECIPITATION (IN)
  TODAY            T             1.55 1986   0.11  -0.11     0.00
  MONTH TO DATE    3.82                      2.51   1.31     3.70
  SINCE OCT 1     26.44                     20.88   5.56    24.49
  SINCE JAN 1      8.82                      7.18   1.64     5.37

DEGREE DAYS
 HEATING
  TODAY           38                        24     14       28
  MONTH TO DATE  594                       563     31      592
  SINCE DEC 1   2139                      2197    -58     2449

 COOLING
  TODAY            0                         0      0        0
  MONTH TO DATE    0                         0      0        0
  SINCE DEC 1      0                         0      0        0
  SINCE JAN 1      0                         0      0        0
..................................................................


WIND (MPH)
  RESULTANT WIND SPEED   7   RESULTANT WIND DIRECTION  SE (140)
  HIGHEST WIND SPEED    23   HIGHEST WIND DIRECTION    SE (140)
  HIGHEST GUST SPEED    29   HIGHEST GUST DIRECTION    SE (140)
  AVERAGE WIND SPEED     7.1


SKY COVER
  AVERAGE SKY COVER 0.7


WEATHER CONDITIONS
 THE FOLLOWING WEATHER WAS RECORDED TODAY.
  LIGHT SNOW
  FOG


RELATIVE HUMIDITY (PERCENT)
 HIGHEST    92          1200 PM
 LOWEST     51           900 AM
 AVERAGE    72

..........................................................


THE BELLINGHAM WA AIRPORT CLIMATE NORMALS FOR TOMORROW
                         NORMAL    RECORD    YEAR
 MAXIMUM TEMPERATURE (F)   49        61      1986
 MINIMUM TEMPERATURE (F)   34        20      2011


SUNRISE AND SUNSET
FEBRUARY 23 2018......SUNRISE   703 AM PST   SUNSET   544 PM PST
FEBRUARY 24 2018......SUNRISE   701 AM PST   SUNSET   546 PM PST


-  INDICATES NEGATIVE NUMBERS.
R  INDICATES RECORD WAS SET OR TIED.
MM INDICATES DATA IS MISSING.
T  INDICATES TRACE AMOUNT.




$$
