000
CDUS46 KSEW 310830
CLIBLI


CLIMATE REPORT
NATIONAL WEATHER SERVICE SEATTLE WA
130 AM PDT MON AUG 31 2015


...................................

...THE BELLINGHAM WA AIRPORT CLIMATE SUMMARY FOR AUGUST 30 2015...

CLIMATE NORMAL PERIOD 1981 TO 2010
CLIMATE RECORD PERIOD 1949 TO 2015


WEATHER ITEM   OBSERVED TIME   RECORD YEAR NORMAL DEPARTURE LAST
                VALUE   (LST)  VALUE       VALUE  FROM      YEAR
                                                  NORMAL
..................................................................
TEMPERATURE (F)
 YESTERDAY
  MAXIMUM         69        MM  85    1987  70     -1       67
  MINIMUM         57        MM  42    1965  51      6       59
  AVERAGE         63                        61      2       63

PRECIPITATION (IN)
  YESTERDAY        0.26          0.71 1991   0.05   0.21      T
  MONTH TO DATE    1.08                      1.18  -0.10     0.67
  SINCE OCT 1     31.38                     34.00  -2.62    30.07
  SINCE JAN 1     16.65                     20.30  -3.65    19.76

DEGREE DAYS
 HEATING
  YESTERDAY        2                         4     -2        2
  MONTH TO DATE   23                        76    -53       14
  SINCE JUN 1    105                       378   -273      185

 COOLING
  YESTERDAY        0                         0      0        0
  MONTH TO DATE   55                         0     55       62
  SINCE JUN 1    193                        23    170      114
  SINCE JAN 1    193                        23    170      115
..................................................................


WIND (MPH)
  RESULTANT WIND SPEED  11   RESULTANT WIND DIRECTION   S (170)
  HIGHEST WIND SPEED    15   HIGHEST WIND DIRECTION     S (160)
  HIGHEST GUST SPEED    23   HIGHEST GUST DIRECTION     S (170)
  AVERAGE WIND SPEED    11.1


SKY COVER
  AVERAGE SKY COVER 0.6


WEATHER CONDITIONS
 THE FOLLOWING WEATHER WAS RECORDED YESTERDAY.
  LIGHT RAIN


RELATIVE HUMIDITY (PERCENT)
 HIGHEST    93           300 AM
 LOWEST     57           300 PM
 AVERAGE    75

..........................................................


THE BELLINGHAM WA AIRPORT CLIMATE NORMALS FOR TODAY
                         NORMAL    RECORD    YEAR
 MAXIMUM TEMPERATURE (F)   70        86      1987
 MINIMUM TEMPERATURE (F)   51        42      1969
                                             1966


SUNRISE AND SUNSET
AUGUST 31 2015........SUNRISE   625 AM PDT   SUNSET   755 PM PDT
SEPTEMBER  1 2015.....SUNRISE   627 AM PDT   SUNSET   752 PM PDT


-  INDICATES NEGATIVE NUMBERS.
R  INDICATES RECORD WAS SET OR TIED.
MM INDICATES DATA IS MISSING.
T  INDICATES TRACE AMOUNT.




$$
