000
CDUS46 KSEW 070119
CLIBLI


CLIMATE REPORT
NATIONAL WEATHER SERVICE SEATTLE WA
519 PM PST FRI MAR 6 2015


...................................

...THE BELLINGHAM WA AIRPORT CLIMATE SUMMARY FOR MARCH 6 2015...
VALID TODAY AS OF 0500 PM LOCAL TIME.

CLIMATE NORMAL PERIOD 1981 TO 2010
CLIMATE RECORD PERIOD 1949 TO 2015


WEATHER ITEM   OBSERVED TIME   RECORD YEAR NORMAL DEPARTURE LAST
                VALUE   (LST)  VALUE       VALUE  FROM      YEAR
                                                  NORMAL
..................................................................
TEMPERATURE (F)
 TODAY
  MAXIMUM         57    225 PM  68    2007  51      6       55
  MINIMUM         32    501 AM  18    1951  35     -3       48
  AVERAGE         45                        43      2       52

PRECIPITATION (IN)
  TODAY            0.00          0.68 1977   0.11  -0.11     0.44
  MONTH TO DATE    T                         0.64  -0.64     2.29
  SINCE OCT 1     22.70                     22.03   0.67    18.18
  SINCE JAN 1      7.97                      8.33  -0.36     7.87

DEGREE DAYS
 HEATING
  TODAY           20                        22     -2       13
  MONTH TO DATE  144                       136      8      144
  SINCE MAR 1    144                       136      8      144

 COOLING
  TODAY            0                         0      0        0
  MONTH TO DATE    0                         0      0        0
  SINCE MAR 1      0                         0      0        0
  SINCE JAN 1      0                         0      0        0
..................................................................


WIND (MPH)
  RESULTANT WIND SPEED   1   RESULTANT WIND DIRECTION  NW (320)
  HIGHEST WIND SPEED     9   HIGHEST WIND DIRECTION     W (270)
  HIGHEST GUST SPEED    18   HIGHEST GUST DIRECTION     N (20)
  AVERAGE WIND SPEED     2.2


SKY COVER
  AVERAGE SKY COVER 0.0


WEATHER CONDITIONS
 THE FOLLOWING WEATHER WAS RECORDED TODAY.
  NO SIGNIFICANT WEATHER WAS OBSERVED.


RELATIVE HUMIDITY (PERCENT)
 HIGHEST    96           300 AM
 LOWEST     47           100 PM
 AVERAGE    72

..........................................................


THE BELLINGHAM WA AIRPORT CLIMATE NORMALS FOR TOMORROW
                         NORMAL    RECORD    YEAR
 MAXIMUM TEMPERATURE (F)   51        62      2001
                                             1978
 MINIMUM TEMPERATURE (F)   35        15      1951


SUNRISE AND SUNSET
MARCH  6 2015.........SUNRISE   642 AM PST   SUNSET   601 PM PST
MARCH  7 2015.........SUNRISE   640 AM PST   SUNSET   603 PM PST


-  INDICATES NEGATIVE NUMBERS.
R  INDICATES RECORD WAS SET OR TIED.
MM INDICATES DATA IS MISSING.
T  INDICATES TRACE AMOUNT.




$$
