000
CDUS46 KSEW 280119
CLIBLI


CLIMATE REPORT
NATIONAL WEATHER SERVICE SEATTLE WA
619 PM PDT THU JUL 27 2017


...................................

...THE BELLINGHAM WA AIRPORT CLIMATE SUMMARY FOR JULY 27 2017...
VALID TODAY AS OF 0600 PM LOCAL TIME.

CLIMATE NORMAL PERIOD 1981 TO 2010
CLIMATE RECORD PERIOD 1949 TO 2017


WEATHER ITEM   OBSERVED TIME   RECORD YEAR NORMAL DEPARTURE LAST
                VALUE   (LST)  VALUE       VALUE  FROM      YEAR
                                                  NORMAL
..................................................................
TEMPERATURE (F)
 TODAY
  MAXIMUM         66    315 PM  90    1958  72     -6       79
  MINIMUM         57    517 AM  48    1966  54      3       57
                                      1954
                                      1953
  AVERAGE         62                        63     -1       68

PRECIPITATION (IN)
  TODAY            0.00          0.60 2001   0.03  -0.03     0.00
  MONTH TO DATE    0.08                      1.06  -0.98     0.65
  SINCE OCT 1     35.94                     32.70   3.24    31.64
  SINCE JAN 1     16.82                     19.00  -2.18    17.57

DEGREE DAYS
 HEATING
  TODAY            3                         2      1        0
  MONTH TO DATE   45                        77    -32       40
  SINCE JUN 1    182                       278    -96      186

 COOLING
  TODAY            0                         0      0        3
  MONTH TO DATE   12                         0     12       18
  SINCE JUN 1     22                         4     18       35
  SINCE JAN 1     24                         4     20       36
..................................................................


WIND (MPH)
  RESULTANT WIND SPEED  12   RESULTANT WIND DIRECTION   S (160)
  HIGHEST WIND SPEED    20   HIGHEST WIND DIRECTION    SE (150)
  HIGHEST GUST SPEED    28   HIGHEST GUST DIRECTION     S (160)
  AVERAGE WIND SPEED    12.5


SKY COVER
  AVERAGE SKY COVER 0.3


WEATHER CONDITIONS
 THE FOLLOWING WEATHER WAS RECORDED TODAY.
  NO SIGNIFICANT WEATHER WAS OBSERVED.


RELATIVE HUMIDITY (PERCENT)
 HIGHEST    86           200 AM
 LOWEST     67          1200 PM
 AVERAGE    77

..........................................................


THE BELLINGHAM WA AIRPORT CLIMATE NORMALS FOR TOMORROW
                         NORMAL    RECORD    YEAR
 MAXIMUM TEMPERATURE (F)   73        90      2009
 MINIMUM TEMPERATURE (F)   54        41      1954


SUNRISE AND SUNSET
JULY 27 2017..........SUNRISE   538 AM PDT   SUNSET   855 PM PDT
JULY 28 2017..........SUNRISE   539 AM PDT   SUNSET   853 PM PDT


-  INDICATES NEGATIVE NUMBERS.
R  INDICATES RECORD WAS SET OR TIED.
MM INDICATES DATA IS MISSING.
T  INDICATES TRACE AMOUNT.




$$
