000
CDUS46 KSEW 250841
CLIBLI


CLIMATE REPORT
NATIONAL WEATHER SERVICE SEATTLE WA
140 AM PDT THU MAY 25 2017


...................................

...THE BELLINGHAM WA AIRPORT CLIMATE SUMMARY FOR MAY 24 2017...

CLIMATE NORMAL PERIOD 1981 TO 2010
CLIMATE RECORD PERIOD 1949 TO 2017


WEATHER ITEM   OBSERVED TIME   RECORD YEAR NORMAL DEPARTURE LAST
                VALUE   (LST)  VALUE       VALUE  FROM      YEAR
                                                  NORMAL
..................................................................
TEMPERATURE (F)
 YESTERDAY
  MAXIMUM         61    300 PM  83    1992  64     -3       65
  MINIMUM         45   1159 PM  36    1950  47     -2       54
  AVERAGE         53                        55     -2       60

PRECIPITATION (IN)
  YESTERDAY        0.01          0.73 1974   0.08  -0.07     0.00
  MONTH TO DATE    0.31                      1.91  -1.60     0.42
  SINCE OCT 1     34.01                     29.21   4.80    29.43
  SINCE JAN 1     14.89                     15.51  -0.62    15.36

DEGREE DAYS
 HEATING
  YESTERDAY       12                        10      2        5
  MONTH TO DATE  256                       282    -26      170
  SINCE MAR 1   1284                      1423   -139      990

 COOLING
  YESTERDAY        0                         0      0        0
  MONTH TO DATE    0                         0      0        1
  SINCE MAR 1      0                         0      0        1
  SINCE JAN 1      0                         0      0        1
..................................................................


WIND (MPH)
  RESULTANT WIND SPEED   6   RESULTANT WIND DIRECTION   S (170)
  HIGHEST WIND SPEED    14   HIGHEST WIND DIRECTION     S (170)
  HIGHEST GUST SPEED    20   HIGHEST GUST DIRECTION     S (170)
  AVERAGE WIND SPEED     6.0


SKY COVER
  AVERAGE SKY COVER 0.5


WEATHER CONDITIONS
 THE FOLLOWING WEATHER WAS RECORDED YESTERDAY.
  LIGHT RAIN


RELATIVE HUMIDITY (PERCENT)
 HIGHEST    93          1100 PM
 LOWEST     53           400 PM
 AVERAGE    73

..........................................................


THE BELLINGHAM WA AIRPORT CLIMATE NORMALS FOR TODAY
                         NORMAL    RECORD    YEAR
 MAXIMUM TEMPERATURE (F)   64        80      1979
 MINIMUM TEMPERATURE (F)   47        35      1972


SUNRISE AND SUNSET
MAY 25 2017...........SUNRISE   517 AM PDT   SUNSET   858 PM PDT
MAY 26 2017...........SUNRISE   516 AM PDT   SUNSET   859 PM PDT


-  INDICATES NEGATIVE NUMBERS.
R  INDICATES RECORD WAS SET OR TIED.
MM INDICATES DATA IS MISSING.
T  INDICATES TRACE AMOUNT.




$$
