000
CDUS46 KSEW 190835
CLIBLI


CLIMATE REPORT
NATIONAL WEATHER SERVICE SEATTLE WA
135 AM PDT SAT APR 19 2014


...................................

...THE BELLINGHAM WA AIRPORT CLIMATE SUMMARY FOR APRIL 18 2014...

CLIMATE NORMAL PERIOD 1981 TO 2010
CLIMATE RECORD PERIOD 1949 TO 2014


WEATHER ITEM   OBSERVED TIME   RECORD YEAR NORMAL DEPARTURE LAST
                VALUE   (LST)  VALUE       VALUE  FROM      YEAR
                                                  NORMAL
..................................................................
TEMPERATURE (F)
 YESTERDAY
  MAXIMUM         55    425 PM  74    1962  57     -2       50
  MINIMUM         42   1159 PM  30    1966  40      2       44
                                      1964
                                      1955
  AVERAGE         49                        49      0       47

PRECIPITATION (IN)
  YESTERDAY        0.00          0.47 2013   0.09  -0.09     0.47
  MONTH TO DATE    1.50                      1.72  -0.22     2.99
  SINCE OCT 1     22.78                     26.33  -3.55    11.25
  SINCE JAN 1     12.47                     12.63  -0.16     9.47

DEGREE DAYS
 HEATING
  YESTERDAY       16                        16      0       18
  MONTH TO DATE  262                       313    -51      305
  SINCE MAR 1    855                       956   -101      923

 COOLING
  YESTERDAY        0                         0      0        0
  MONTH TO DATE    0                         0      0        0
  SINCE MAR 1      0                         0      0        0
  SINCE JAN 1      0                         0      0        0
..................................................................


WIND (MPH)
  RESULTANT WIND SPEED   5   RESULTANT WIND DIRECTION   S (160)
  HIGHEST WIND SPEED    17   HIGHEST WIND DIRECTION    SE (150)
  HIGHEST GUST SPEED    22   HIGHEST GUST DIRECTION    SE (150)
  AVERAGE WIND SPEED     6.0


SKY COVER
  AVERAGE SKY COVER 0.4


WEATHER CONDITIONS
 THE FOLLOWING WEATHER WAS RECORDED YESTERDAY.
  NO SIGNIFICANT WEATHER WAS OBSERVED.


RELATIVE HUMIDITY (PERCENT)
 HIGHEST    83           900 PM
 LOWEST     50           300 PM
 AVERAGE    67

..........................................................


THE BELLINGHAM WA AIRPORT CLIMATE NORMALS FOR TODAY
                         NORMAL    RECORD    YEAR
 MAXIMUM TEMPERATURE (F)   57        73      2010
 MINIMUM TEMPERATURE (F)   40        28      1951


SUNRISE AND SUNSET
APRIL 19 2014.........SUNRISE   611 AM PDT   SUNSET   808 PM PDT
APRIL 20 2014.........SUNRISE   609 AM PDT   SUNSET   809 PM PDT


-  INDICATES NEGATIVE NUMBERS.
R  INDICATES RECORD WAS SET OR TIED.
MM INDICATES DATA IS MISSING.
T  INDICATES TRACE AMOUNT.




$$
