000
CDUS43 KIND 010538
CLIBMG


CLIMATE REPORT
NATIONAL WEATHER SERVICE INDIANAPOLIS IN
1237 AM EST SUN MAR 1 2015


...................................

...THE BLOOMINGTON IN CLIMATE SUMMARY FOR FEBRUARY 28 2015...

CLIMATE NORMAL PERIOD 1981 TO 2010
CLIMATE RECORD PERIOD 9999 TO 9999


WEATHER ITEM   OBSERVED TIME   NORMAL DEPARTURE LAST
                VALUE   (LST)  VALUE  FROM      YEAR
                                      NORMAL
......................................................
TEMPERATURE (F)
 YESTERDAY
  MAXIMUM         29    458 PM  47    -18       39
  MINIMUM          1    119 AM  26    -25       10
  AVERAGE         15            37    -22       25

PRECIPITATION (IN)
  YESTERDAY        0.10          0.08   0.02     0.00
  MONTH TO DATE    1.36          2.76  -1.40     2.33
  SINCE DEC 1      7.44          9.61  -2.17    11.39
  SINCE JAN 1      3.57          6.07  -2.50     4.65

DEGREE DAYS
 HEATING
  YESTERDAY       50            28     22       40
  MONTH TO DATE 1240           893    347     1120
  SINCE DEC 1   3295          3012    283     3422
  SINCE JUL 1   4571          4068    503     4562

 COOLING
  YESTERDAY        0             0      0        0
  MONTH TO DATE    0             0      0        0
  SINCE DEC 1      0             0      0        0
  SINCE JAN 1      0             0      0        0
......................................................


WIND (MPH)
  HIGHEST WIND SPEED    13   HIGHEST WIND DIRECTION    SE (130)
  HIGHEST GUST SPEED    17   HIGHEST GUST DIRECTION    SE (130)
  AVERAGE WIND SPEED     6.5


SKY COVER
  AVERAGE SKY COVER 0.8


WEATHER CONDITIONS
 THE FOLLOWING WEATHER WAS RECORDED YESTERDAY.
  SNOW
  LIGHT SNOW
  FOG
  HAZE


RELATIVE HUMIDITY (PERCENT)
 HIGHEST    96          1000 PM
 LOWEST     35           300 PM
 AVERAGE    66

..........................................................


THE BLOOMINGTON IN CLIMATE NORMALS FOR TODAY
                         NORMAL
 MAXIMUM TEMPERATURE (F)   48
 MINIMUM TEMPERATURE (F)   27


SUNRISE AND SUNSET
MARCH  1 2015.........SUNRISE   719 AM EST   SUNSET   639 PM EST
MARCH  2 2015.........SUNRISE   718 AM EST   SUNSET   640 PM EST


-  INDICATES NEGATIVE NUMBERS.
R  INDICATES RECORD WAS SET OR TIED.
MM INDICATES DATA IS MISSING.
T  INDICATES TRACE AMOUNT.




$$
