993
CDUS43 KIND 300533
CLIBMG


CLIMATE REPORT
NATIONAL WEATHER SERVICE INDIANAPOLIS IN
133 AM EDT SAT JUL 30 2016


...................................

...THE BLOOMINGTON IN CLIMATE SUMMARY FOR JULY 29 2016...

CLIMATE NORMAL PERIOD 1981 TO 2010
CLIMATE RECORD PERIOD 9999 TO 9999


WEATHER ITEM   OBSERVED TIME   NORMAL DEPARTURE LAST
                VALUE   (LST)  VALUE  FROM      YEAR
                                      NORMAL
......................................................
TEMPERATURE (F)
 YESTERDAY
  MAXIMUM         84    302 PM  84      0       91
  MINIMUM         66    328 AM  63      3       71
  AVERAGE         75            74      1       81

PRECIPITATION (IN)
  YESTERDAY        0.02          0.10  -0.08     0.06
  MONTH TO DATE    6.35          4.70   1.65     6.15
  SINCE JUN 1      9.98          9.59   0.39    16.72
  SINCE JAN 1     28.58         29.48  -0.90    31.28

DEGREE DAYS
 HEATING
  YESTERDAY        0             0      0        0
  MONTH TO DATE    3             0      3        0
  SINCE JUN 1      4            15    -11       17
  SINCE JUL 1      3             0      3        0

 COOLING
  YESTERDAY       10             9      1       16
  MONTH TO DATE  312           261     51      276
  SINCE JUN 1    600           469    131      525
  SINCE JAN 1    690           551    139      652
......................................................


WIND (MPH)
  HIGHEST WIND SPEED    13   HIGHEST WIND DIRECTION     W (290)
  HIGHEST GUST SPEED    20   HIGHEST GUST DIRECTION     W (260)
  AVERAGE WIND SPEED     2.3


SKY COVER
  AVERAGE SKY COVER 0.2


WEATHER CONDITIONS
 THE FOLLOWING WEATHER WAS RECORDED YESTERDAY.
  LIGHT RAIN
  FOG


RELATIVE HUMIDITY (PERCENT)
 HIGHEST    93           100 AM
 LOWEST     65           300 PM
 AVERAGE    79

..........................................................


THE BLOOMINGTON IN CLIMATE NORMALS FOR TODAY
                         NORMAL
 MAXIMUM TEMPERATURE (F)   84
 MINIMUM TEMPERATURE (F)   63


SUNRISE AND SUNSET
JULY 30 2016..........SUNRISE   646 AM EDT   SUNSET   900 PM EDT
JULY 31 2016..........SUNRISE   646 AM EDT   SUNSET   859 PM EDT


-  INDICATES NEGATIVE NUMBERS.
R  INDICATES RECORD WAS SET OR TIED.
MM INDICATES DATA IS MISSING.
T  INDICATES TRACE AMOUNT.




$$
