060
CDUS43 KIND 210531
CLIBMG


CLIMATE REPORT
NATIONAL WEATHER SERVICE INDIANAPOLIS IN
130 AM EDT SAT OCT 21 2017


...................................

...THE BLOOMINGTON IN CLIMATE SUMMARY FOR OCTOBER 20 2017...

CLIMATE NORMAL PERIOD 1981 TO 2010
CLIMATE RECORD PERIOD 9999 TO 9999


WEATHER ITEM   OBSERVED TIME   NORMAL DEPARTURE LAST
                VALUE   (LST)  VALUE  FROM      YEAR
                                      NORMAL
......................................................
TEMPERATURE (F)
 YESTERDAY
  MAXIMUM         77    354 PM  66     11       61
  MINIMUM         45    555 AM  41      4       53
  AVERAGE         61            54      7       57

PRECIPITATION (IN)
  YESTERDAY        0.00          0.12  -0.12     1.66
  MONTH TO DATE    2.41          2.32   0.09     3.47
  SINCE SEP 1      3.27          5.67  -2.40     8.60
  SINCE JAN 1     32.83         38.86  -6.03    44.52

DEGREE DAYS
 HEATING
  YESTERDAY        4            12     -8        8
  MONTH TO DATE   67           186   -119       66
  SINCE SEP 1    116           264   -148       82
  SINCE JUL 1    119           271   -152       85

 COOLING
  YESTERDAY        0             0      0        0
  MONTH TO DATE   47            11     36       50
  SINCE SEP 1    197           107     90      238
  SINCE JAN 1   1085           924    161     1313
......................................................


WIND (MPH)
  HIGHEST WIND SPEED    13   HIGHEST WIND DIRECTION    SW (220)
  HIGHEST GUST SPEED    18   HIGHEST GUST DIRECTION     S (200)
  AVERAGE WIND SPEED     3.1


SKY COVER
  AVERAGE SKY COVER 0.0


WEATHER CONDITIONS
 THE FOLLOWING WEATHER WAS RECORDED YESTERDAY.
  FOG


RELATIVE HUMIDITY (PERCENT)
 HIGHEST    93           300 AM
 LOWEST     33           400 PM
 AVERAGE    63

..........................................................


THE BLOOMINGTON IN CLIMATE NORMALS FOR TODAY
                         NORMAL
 MAXIMUM TEMPERATURE (F)   66
 MINIMUM TEMPERATURE (F)   41


SUNRISE AND SUNSET
OCTOBER 21 2017.......SUNRISE   803 AM EDT   SUNSET   659 PM EDT
OCTOBER 22 2017.......SUNRISE   804 AM EDT   SUNSET   658 PM EDT


-  INDICATES NEGATIVE NUMBERS.
R  INDICATES RECORD WAS SET OR TIED.
MM INDICATES DATA IS MISSING.
T  INDICATES TRACE AMOUNT.




$$
