000
CDUS43 KIND 230531
CLIBMG


CLIMATE REPORT
NATIONAL WEATHER SERVICE INDIANAPOLIS IN
131 AM EDT WED AUG 23 2017


...................................

...THE BLOOMINGTON IN CLIMATE SUMMARY FOR AUGUST 22 2017...

CLIMATE NORMAL PERIOD 1981 TO 2010
CLIMATE RECORD PERIOD 9999 TO 9999


WEATHER ITEM   OBSERVED TIME   NORMAL DEPARTURE LAST
                VALUE   (LST)  VALUE  FROM      YEAR
                                      NORMAL
......................................................
TEMPERATURE (F)
 YESTERDAY
  MAXIMUM         82    404 PM  85     -3       80
  MINIMUM         66   1159 PM  61      5       54
  AVERAGE         74            73      1       67

PRECIPITATION (IN)
  YESTERDAY        0.26          0.12   0.14     0.00
  MONTH TO DATE    0.46          2.37  -1.91     6.60
  SINCE JUN 1      7.48         12.15  -4.67    16.58
  SINCE JAN 1     29.28         32.04  -2.76    35.18

DEGREE DAYS
 HEATING
  YESTERDAY        0             0      0        0
  MONTH TO DATE    3             0      3        0
  SINCE JUN 1     11            17     -6        4
  SINCE JUL 1      3             2      1        3

 COOLING
  YESTERDAY        9             8      1        2
  MONTH TO DATE  165           191    -26      247
  SINCE JUN 1    724           675     49      867
  SINCE JAN 1    855           757     98      957
......................................................


WIND (MPH)
  HIGHEST WIND SPEED    16   HIGHEST WIND DIRECTION     W (270)
  HIGHEST GUST SPEED    24   HIGHEST GUST DIRECTION    SW (240)
  AVERAGE WIND SPEED     5.9


SKY COVER
  AVERAGE SKY COVER 0.4


WEATHER CONDITIONS
 THE FOLLOWING WEATHER WAS RECORDED YESTERDAY.
  THUNDERSTORM
  RAIN
  FOG


RELATIVE HUMIDITY (PERCENT)
 HIGHEST    87           400 AM
 LOWEST     58           600 PM
 AVERAGE    73

..........................................................


THE BLOOMINGTON IN CLIMATE NORMALS FOR TODAY
                         NORMAL
 MAXIMUM TEMPERATURE (F)   85
 MINIMUM TEMPERATURE (F)   61


SUNRISE AND SUNSET
AUGUST 23 2017........SUNRISE   707 AM EDT   SUNSET   830 PM EDT
AUGUST 24 2017........SUNRISE   708 AM EDT   SUNSET   829 PM EDT


-  INDICATES NEGATIVE NUMBERS.
R  INDICATES RECORD WAS SET OR TIED.
MM INDICATES DATA IS MISSING.
T  INDICATES TRACE AMOUNT.




$$
