000
CDUS43 KIND 020535
CLIBMG


CLIMATE REPORT
NATIONAL WEATHER SERVICE INDIANAPOLIS IN
134 AM EDT SAT AUG 2 2014


...................................

...THE BLOOMINGTON IN CLIMATE SUMMARY FOR AUGUST 1 2014...

CLIMATE NORMAL PERIOD 1981 TO 2010
CLIMATE RECORD PERIOD 9999 TO 9999


WEATHER ITEM   OBSERVED TIME   NORMAL DEPARTURE LAST
                VALUE   (LST)  VALUE  FROM      YEAR
                                      NORMAL
......................................................
TEMPERATURE (F)
 YESTERDAY
  MAXIMUM         83    343 PM  84     -1       82
  MINIMUM         58    638 AM  63     -5       60
  AVERAGE         71            74     -3       71

PRECIPITATION (IN)
  YESTERDAY        T             0.12  -0.12     0.00
  MONTH TO DATE    T             0.12  -0.12     0.00
  SINCE JUN 1      8.92          9.90  -0.98     9.83
  SINCE JAN 1     27.52         29.79  -2.27    28.84

DEGREE DAYS
 HEATING
  YESTERDAY        0             0      0        0
  MONTH TO DATE    0             0      0        0
  SINCE JUN 1      8            17     -9       11
  SINCE JUL 1      5             2      3        4

 COOLING
  YESTERDAY        6             9     -3        6
  MONTH TO DATE    6             9     -3        6
  SINCE JUN 1    435           493    -58      475
  SINCE JAN 1    561           575    -14      594
......................................................


WIND (MPH)
  HIGHEST WIND SPEED    23   HIGHEST WIND DIRECTION     N (20)
  HIGHEST GUST SPEED    34   HIGHEST GUST DIRECTION     N (20)
  AVERAGE WIND SPEED     2.3


SKY COVER
  AVERAGE SKY COVER 0.1


WEATHER CONDITIONS
 THE FOLLOWING WEATHER WAS RECORDED YESTERDAY.
  THUNDERSTORM
  HEAVY RAIN
  RAIN
  LIGHT RAIN
  FOG
  FOG W/VISIBILITY <= 1/4 MILE


RELATIVE HUMIDITY (PERCENT)
 HIGHEST   100           500 AM
 LOWEST     46           400 PM
 AVERAGE    73

..........................................................


THE BLOOMINGTON IN CLIMATE NORMALS FOR TODAY
                         NORMAL
 MAXIMUM TEMPERATURE (F)   84
 MINIMUM TEMPERATURE (F)   63


SUNRISE AND SUNSET
AUGUST  2 2014........SUNRISE   648 AM EDT   SUNSET   857 PM EDT
AUGUST  3 2014........SUNRISE   649 AM EDT   SUNSET   856 PM EDT


-  INDICATES NEGATIVE NUMBERS.
R  INDICATES RECORD WAS SET OR TIED.
MM INDICATES DATA IS MISSING.
T  INDICATES TRACE AMOUNT.




$$
