000
CDUS43 KIND 290531
CLIBMG


CLIMATE REPORT
NATIONAL WEATHER SERVICE INDIANAPOLIS IN
131 AM EDT FRI APR 29 2016


...................................

...THE BLOOMINGTON IN CLIMATE SUMMARY FOR APRIL 28 2016...

CLIMATE NORMAL PERIOD 1981 TO 2010
CLIMATE RECORD PERIOD 9999 TO 9999


WEATHER ITEM   OBSERVED TIME   NORMAL DEPARTURE LAST
                VALUE   (LST)  VALUE  FROM      YEAR
                                      NORMAL
......................................................
TEMPERATURE (F)
 YESTERDAY
  MAXIMUM         74    149 PM  69      5       65
  MINIMUM         57   1159 PM  46     11       35
  AVERAGE         66            57      9       50

PRECIPITATION (IN)
  YESTERDAY        0.25          0.16   0.09     0.00
  MONTH TO DATE    4.93          4.35   0.58     4.80
  SINCE MAR 1      9.49          8.23   1.26     9.44
  SINCE JAN 1     14.70         14.30   0.40    13.01

DEGREE DAYS
 HEATING
  YESTERDAY        0             8     -8       15
  MONTH TO DATE  324           341    -17      272
  SINCE MAR 1    793          1029   -236     1016
  SINCE JUL 1   4113          5097   -984     5587

 COOLING
  YESTERDAY        1             1      0        0
  MONTH TO DATE   14            20     -6        6
  SINCE MAR 1     14            23     -9        6
  SINCE JAN 1     14            23     -9        6
......................................................


WIND (MPH)
  HIGHEST WIND SPEED    20   HIGHEST WIND DIRECTION     W (270)
  HIGHEST GUST SPEED    36   HIGHEST GUST DIRECTION    SW (220)
  AVERAGE WIND SPEED     8.3


SKY COVER
  AVERAGE SKY COVER 0.5


WEATHER CONDITIONS
 THE FOLLOWING WEATHER WAS RECORDED YESTERDAY.
  THUNDERSTORM
  HEAVY RAIN
  LIGHT RAIN
  FOG
  HAZE


RELATIVE HUMIDITY (PERCENT)
 HIGHEST    97           400 AM
 LOWEST     44           500 PM
 AVERAGE    71

..........................................................


THE BLOOMINGTON IN CLIMATE NORMALS FOR TODAY
                         NORMAL
 MAXIMUM TEMPERATURE (F)   69
 MINIMUM TEMPERATURE (F)   46


SUNRISE AND SUNSET
APRIL 29 2016.........SUNRISE   650 AM EDT   SUNSET   838 PM EDT
APRIL 30 2016.........SUNRISE   649 AM EDT   SUNSET   839 PM EDT


-  INDICATES NEGATIVE NUMBERS.
R  INDICATES RECORD WAS SET OR TIED.
MM INDICATES DATA IS MISSING.
T  INDICATES TRACE AMOUNT.




$$
