000
CDUS43 KIND 210533
CLIBMG


CLIMATE REPORT
NATIONAL WEATHER SERVICE INDIANAPOLIS IN
133 AM EDT THU AUG 21 2014


...................................

...THE BLOOMINGTON IN CLIMATE SUMMARY FOR AUGUST 20 2014...

CLIMATE NORMAL PERIOD 1981 TO 2010
CLIMATE RECORD PERIOD 9999 TO 9999


WEATHER ITEM   OBSERVED TIME   NORMAL DEPARTURE LAST
                VALUE   (LST)  VALUE  FROM      YEAR
                                      NORMAL
......................................................
TEMPERATURE (F)
 YESTERDAY
  MAXIMUM         83   1158 AM  85     -2       87
  MINIMUM         68    428 AM  61      7       59
  AVERAGE         76            73      3       73

PRECIPITATION (IN)
  YESTERDAY        0.53          0.12   0.41     0.01
  MONTH TO DATE    1.87          2.13  -0.26     0.26
  SINCE JUN 1     10.79         11.91  -1.12    10.09
  SINCE JAN 1     29.39         31.80  -2.41    29.10

DEGREE DAYS
 HEATING
  YESTERDAY        0             0      0        0
  MONTH TO DATE    1             0      1       10
  SINCE JUN 1      9            17     -8       21
  SINCE JUL 1      6             2      4       14

 COOLING
  YESTERDAY       11             8      3        8
  MONTH TO DATE  125           175    -50      117
  SINCE JUN 1    554           659   -105      586
  SINCE JAN 1    680           741    -61      705
......................................................


WIND (MPH)
  HIGHEST WIND SPEED    18   HIGHEST WIND DIRECTION    SW (220)
  HIGHEST GUST SPEED    24   HIGHEST GUST DIRECTION     W (280)
  AVERAGE WIND SPEED     3.7


SKY COVER
  AVERAGE SKY COVER 0.4


WEATHER CONDITIONS
 THE FOLLOWING WEATHER WAS RECORDED YESTERDAY.
  THUNDERSTORM
  HEAVY RAIN
  LIGHT RAIN
  FOG
  FOG W/VISIBILITY <= 1/4 MILE


RELATIVE HUMIDITY (PERCENT)
 HIGHEST    93           300 AM
 LOWEST     67           500 PM
 AVERAGE    80

..........................................................


THE BLOOMINGTON IN CLIMATE NORMALS FOR TODAY
                         NORMAL
 MAXIMUM TEMPERATURE (F)   85
 MINIMUM TEMPERATURE (F)   61


SUNRISE AND SUNSET
AUGUST 21 2014........SUNRISE   705 AM EDT   SUNSET   833 PM EDT
AUGUST 22 2014........SUNRISE   706 AM EDT   SUNSET   832 PM EDT


-  INDICATES NEGATIVE NUMBERS.
R  INDICATES RECORD WAS SET OR TIED.
MM INDICATES DATA IS MISSING.
T  INDICATES TRACE AMOUNT.




$$
