000
CDUS44 KOHX 260815
CLIBNA

MEMCLIOHX 000
TTAA00 KOHX 260810


CLIMATE REPORT
NATIONAL WEATHER SERVICE NASHVILLE TN
310 AM CDT SUN OCT 26 2014


...................................

...THE NASHVILLE CLIMATE SUMMARY FOR OCTOBER 25 2014...

CLIMATE NORMAL PERIOD 1981 TO 2010
CLIMATE RECORD PERIOD 1871 TO 2014


WEATHER ITEM   OBSERVED TIME   RECORD YEAR NORMAL DEPARTURE
                VALUE   (LST)  VALUE       VALUE  FROM
                                                  NORMAL
...............................................................
TEMPERATURE (F)
 YESTERDAY
  MAXIMUM         81    150 PM  84    1973  69     12
  MINIMUM         44    525 AM  29    1965  46     -2
  AVERAGE         63                        57      6

PRECIPITATION (IN)
  YESTERDAY        0.00          1.90 1977   0.10  -0.10
  MONTH TO DATE    7.60                      2.41   5.19
  SINCE SEP 1      7.81                      5.82   1.99
  SINCE JAN 1     43.21                     38.07   5.14

SNOWFALL (IN)
  YESTERDAY        0.0           0.0  2002   0.0    0.0
                                      2001
                                      2000
  MONTH TO DATE    0.0                       0.0    0.0
  SINCE SEP 1      0.0                       0.0    0.0
  SINCE JUL 1      0.0                       0.0    0.0
  SNOW DEPTH       0

DEGREE DAYS
 HEATING
  YESTERDAY        2                               -6
  MONTH TO DATE  111                              -25
  SINCE SEP 1    114                              -46
  SINCE JUL 1    114                              -46

 COOLING
  YESTERDAY        0                               -1
  MONTH TO DATE   53                               10
  SINCE SEP 1    305                               42
  SINCE JAN 1   1794                              157
...............................................................


WIND (MPH)
  HIGHEST WIND SPEED    12   HIGHEST WIND DIRECTION     W (280)
  HIGHEST GUST SPEED    17   HIGHEST GUST DIRECTION     W (250)
  AVERAGE WIND SPEED     3.5




RELATIVE HUMIDITY (PERCENT)
 HIGHEST   100
 LOWEST     50
 AVERAGE    75

..........................................................


THE NASHVILLE CLIMATE NORMALS FOR TODAY
                         NORMAL    RECORD    YEAR
 MAXIMUM TEMPERATURE (F)   68        86      1919
 MINIMUM TEMPERATURE (F)   46        27      1968


SUNRISE AND SUNSET
OCTOBER 26 2014.......SUNRISE   704 AM CDT   SUNSET   557 PM CDT
OCTOBER 27 2014.......SUNRISE   705 AM CDT   SUNSET   556 PM CDT


-  INDICATES NEGATIVE NUMBERS.
R  INDICATES RECORD WAS SET OR TIED.
MM INDICATES DATA IS MISSING.
T  INDICATES TRACE AMOUNT.




$$
