000
CDUS44 KOHX 281218
CLIBNA

CLIMATE REPORT
NATIONAL WEATHER SERVICE NASHVILLE TN
730 AM CDT FRI AUG 28 2015


...................................

...THE NASHVILLE CLIMATE SUMMARY FOR AUGUST 27 2015...

CLIMATE NORMAL PERIOD 1981 TO 2010
CLIMATE RECORD PERIOD 1871 TO 2015


WEATHER ITEM   OBSERVED TIME   RECORD YEAR NORMAL DEPARTURE
                VALUE   (LST)  VALUE       VALUE  FROM
                                                  NORMAL
...............................................................
TEMPERATURE (F)
 YESTERDAY
  MAXIMUM         84    352 PM 104    1943  88     -4
  MINIMUM         58    511 AM  51    1945  67     -9
  AVERAGE         71                        78     -7

PRECIPITATION (IN)
  YESTERDAY        0.00          1.90 1914   0.10  -0.10
  MONTH TO DATE    2.89                      2.79   0.10
  SINCE JUN 1     13.34                     10.57   2.77
  SINCE JAN 1     34.34                     31.87   2.47

SNOWFALL (IN)
  YESTERDAY        0.0           0.0  2002   0.0    0.0
                                      2001
                                      2000
  MONTH TO DATE    0.0                       0.0    0.0
  SINCE JUN 1      0.0                       0.0    0.0
  SINCE JUL 1      0.0                       0.0    0.0
  SNOW DEPTH       0

DEGREE DAYS
 HEATING
  YESTERDAY        0                                0
  MONTH TO DATE    0                                0
  SINCE JUN 1      0                               -3
  SINCE JUL 1      0                                0

 COOLING
  YESTERDAY        6                               -7
  MONTH TO DATE  339                              -33
  SINCE JUN 1   1231                               89
  SINCE JAN 1   1487                              166
...............................................................


WIND (MPH)
  HIGHEST WIND SPEED    20   HIGHEST WIND DIRECTION    NE (50)
  HIGHEST GUST SPEED    25   HIGHEST GUST DIRECTION    NE (50)
  AVERAGE WIND SPEED     6.1




RELATIVE HUMIDITY (PERCENT)
 HIGHEST    84
 LOWEST     31
 AVERAGE    58

..........................................................
LOW SINCE MIDNIGHT......................................62
PRECIPITATION SINCE MIDNIGHT..........................0.00

THE NASHVILLE CLIMATE NORMALS FOR TODAY
                         NORMAL    RECORD    YEAR
 MAXIMUM TEMPERATURE (F)   88       103      1990
 MINIMUM TEMPERATURE (F)   67        52      1968


SUNRISE AND SUNSET
AUGUST 28 2015........SUNRISE   615 AM CDT   SUNSET   720 PM CDT
AUGUST 29 2015........SUNRISE   616 AM CDT   SUNSET   719 PM CDT


-  INDICATES NEGATIVE NUMBERS.
R  INDICATES RECORD WAS SET OR TIED.
MM INDICATES DATA IS MISSING.
T  INDICATES TRACE AMOUNT.




$$
