000
CDUS44 KOHX 180633
CLIBNA


CLIMATE REPORT
NATIONAL WEATHER SERVICE NASHVILLE TN
132 AM CDT THU SEP 18 2014


...................................

...THE NASHVILLE CLIMATE SUMMARY FOR SEPTEMBER 17 2014...

CLIMATE NORMAL PERIOD 1981 TO 2010
CLIMATE RECORD PERIOD 1871 TO 2014


WEATHER ITEM   OBSERVED TIME   RECORD YEAR NORMAL DEPARTURE
                VALUE   (LST)  VALUE       VALUE  FROM
                                                  NORMAL
...............................................................
TEMPERATURE (F)
 YESTERDAY
  MAXIMUM         74    215 PM  99    1896  82     -8
  MINIMUM         55    429 AM  45    1961  60     -5
                                      1916
  AVERAGE         65                        71     -6

PRECIPITATION (IN)
  YESTERDAY        0.00          2.93 1877   0.11  -0.11
  MONTH TO DATE    0.21                      1.87  -1.66
  SINCE SEP 1      0.21                      1.87  -1.66
  SINCE JAN 1     35.61                     34.12   1.49

SNOWFALL (IN)
  YESTERDAY        0.0           0.0  2002   0.0    0.0
                                      2001
                                      2000
  MONTH TO DATE    0.0                       0.0    0.0
  SINCE SEP 1      0.0                       0.0    0.0
  SINCE JUL 1      0.0                       0.0    0.0
  SNOW DEPTH       0

DEGREE DAYS
 HEATING
  YESTERDAY        0                               -1
  MONTH TO DATE    2                                0
  SINCE SEP 1      2                                0
  SINCE JUL 1      2                                0

 COOLING
  YESTERDAY        0                               -7
  MONTH TO DATE  167                               10
  SINCE SEP 1    167                               10
  SINCE JAN 1   1656                              125
...............................................................


WIND (MPH)
  HIGHEST WIND SPEED     9   HIGHEST WIND DIRECTION     E (110)
  HIGHEST GUST SPEED    14   HIGHEST GUST DIRECTION    NW (330)
  AVERAGE WIND SPEED     3.4




RELATIVE HUMIDITY (PERCENT)
 HIGHEST   100
 LOWEST     53
 AVERAGE    77

..........................................................


THE NASHVILLE CLIMATE NORMALS FOR TODAY
                         NORMAL    RECORD    YEAR
 MAXIMUM TEMPERATURE (F)   82        99      1953
 MINIMUM TEMPERATURE (F)   60        43      1937
                                             1903


SUNRISE AND SUNSET
SEPTEMBER 18 2014.....SUNRISE   631 AM CDT   SUNSET   650 PM CDT
SEPTEMBER 19 2014.....SUNRISE   632 AM CDT   SUNSET   648 PM CDT


-  INDICATES NEGATIVE NUMBERS.
R  INDICATES RECORD WAS SET OR TIED.
MM INDICATES DATA IS MISSING.
T  INDICATES TRACE AMOUNT.




$$
