000
CDUS44 KOHX 241234
CLIBNA

CLIMATE REPORT
NATIONAL WEATHER SERVICE NASHVILLE TN
735 AM CDT SUN MAY 24 2015


...................................

...THE NASHVILLE CLIMATE SUMMARY FOR MAY 23 2015...

CLIMATE NORMAL PERIOD 1981 TO 2010
CLIMATE RECORD PERIOD 1871 TO 2015


WEATHER ITEM   OBSERVED TIME   RECORD YEAR NORMAL DEPARTURE
                VALUE   (LST)  VALUE       VALUE  FROM
                                                  NORMAL
...............................................................
TEMPERATURE (F)
 YESTERDAY
  MAXIMUM         82    503 PM  91    2010  80      2
                                      1970
                                      1921
  MINIMUM         51    205 AM  42    1917  59     -8
  AVERAGE         67                        69     -2

PRECIPITATION (IN)
  YESTERDAY        0.00          1.97 1987   0.16  -0.16
  MONTH TO DATE    1.28                      4.20  -2.92
  SINCE MAR 1     11.90                     12.31  -0.41
  SINCE JAN 1     18.72                     20.00  -1.28

SNOWFALL (IN)
  YESTERDAY        0.0           0.0  2002   0.0    0.0
                                      2001
  MONTH TO DATE    0.0                       0.0    0.0
  SINCE MAR 1      2.9                       0.9    2.0
  SINCE JUL 1      6.1                       6.3   -0.2
  SNOW DEPTH       0

DEGREE DAYS
 HEATING
  YESTERDAY        0                               -1
  MONTH TO DATE   24                              -26
  SINCE MAR 1    588                             -152
  SINCE JUL 1   3778                              100

 COOLING
  YESTERDAY        2                               -3
  MONTH TO DATE  140                               58
  SINCE MAR 1    182                               55
  SINCE JAN 1    182                               55
...............................................................


WIND (MPH)
  HIGHEST WIND SPEED    13   HIGHEST WIND DIRECTION     S (190)
  HIGHEST GUST SPEED    16   HIGHEST GUST DIRECTION     S (170)
  AVERAGE WIND SPEED     3.3




RELATIVE HUMIDITY (PERCENT)
 HIGHEST    96
 LOWEST     35
 AVERAGE    66

..........................................................
LOW SINCE MIDNIGHT......................................60


THE NASHVILLE CLIMATE NORMALS FOR TODAY
                         NORMAL    RECORD    YEAR
 MAXIMUM TEMPERATURE (F)   80        93      1996
 MINIMUM TEMPERATURE (F)   59        44      1931
                                             1892


SUNRISE AND SUNSET
MAY 24 2015...........SUNRISE   535 AM CDT   SUNSET   753 PM CDT
MAY 25 2015...........SUNRISE   534 AM CDT   SUNSET   753 PM CDT


-  INDICATES NEGATIVE NUMBERS.
R  INDICATES RECORD WAS SET OR TIED.
MM INDICATES DATA IS MISSING.
T  INDICATES TRACE AMOUNT.




$$
