000
CDUS44 KOHX 172209
CLIBNA

MEMCLIOHX 000
TTAA00 KOHX 172209


CLIMATE REPORT
NATIONAL WEATHER SERVICE NASHVILLE TN
408 PM CST WED DEC 17 2014


...................................

...THE NASHVILLE CLIMATE SUMMARY FOR DECEMBER 17 2014...
VALID AS OF 0400 PM LOCAL TIME.

CLIMATE NORMAL PERIOD 1981 TO 2010
CLIMATE RECORD PERIOD 1871 TO 2014


WEATHER ITEM   OBSERVED TIME   RECORD YEAR NORMAL DEPARTURE
                VALUE   (LST)  VALUE       VALUE  FROM
                                                  NORMAL
...............................................................
TEMPERATURE (F)
 TODAY
  MAXIMUM         42   1223 AM  75    1924  49     -7
  MINIMUM         37   1200 PM   9    1972  31      6
  AVERAGE         40                        40      0

PRECIPITATION (IN)
  TODAY            0.01          2.72 1915   0.13  -0.12
  MONTH TO DATE    1.49                      2.55  -1.06
  SINCE DEC 1      1.49                      2.55  -1.06
  SINCE JAN 1     48.87                     45.56   3.31

SNOWFALL (IN)
  TODAY            0.0           2.3  1930   0.0    0.0
  MONTH TO DATE    0.0                       0.2   -0.2
  SINCE DEC 1      0.0                       0.2   -0.2
  SINCE JUL 1      0.2                       0.2    0.0
  SNOW DEPTH       0

DEGREE DAYS
 HEATING
  TODAY           25                                0
  MONTH TO DATE  349                              -46
  SINCE DEC 1    349                              -46
  SINCE JUL 1   1123                               54

 COOLING
  TODAY            0                                0
  MONTH TO DATE    0                                0
  SINCE DEC 1      0                                0
  SINCE JAN 1   1803                              158
...............................................................


WIND (MPH)
  HIGHEST WIND SPEED    12   HIGHEST WIND DIRECTION    NW (310)
  HIGHEST GUST SPEED    16   HIGHEST GUST DIRECTION    NW (320)
  AVERAGE WIND SPEED     5.7




RELATIVE HUMIDITY (PERCENT)
 HIGHEST    92
 LOWEST     64

..........................................................


THE NASHVILLE CLIMATE NORMALS FOR TOMORROW
                         NORMAL    RECORD    YEAR
 MAXIMUM TEMPERATURE (F)   49        72      2006
 MINIMUM TEMPERATURE (F)   31         4      1884


SUNRISE AND SUNSET
DECEMBER 17 2014......SUNRISE   652 AM CST   SUNSET   434 PM CST
DECEMBER 18 2014......SUNRISE   652 AM CST   SUNSET   435 PM CST


-  INDICATES NEGATIVE NUMBERS.
R  INDICATES RECORD WAS SET OR TIED.
MM INDICATES DATA IS MISSING.
T  INDICATES TRACE AMOUNT.




$$
