631
CDUS44 KOHX 250042
CLIBNA


CLIMATE REPORT
NATIONAL WEATHER SERVICE NASHVILLE TN
742 PM CDT SAT JUN 24 2017


...................................

...THE NASHVILLE CLIMATE SUMMARY FOR JUNE 24 2017...
VALID TODAY AS OF 0400 PM LOCAL TIME.

CLIMATE NORMAL PERIOD 1981 TO 2010
CLIMATE RECORD PERIOD 1871 TO 2017


WEATHER ITEM   OBSERVED TIME   RECORD YEAR NORMAL DEPARTURE
                VALUE   (LST)  VALUE       VALUE  FROM
                                                  NORMAL
...............................................................
TEMPERATURE (F)
 TODAY
  MAXIMUM         86   1242 PM 102    1988  88     -2
                                      1952
  MINIMUM         71    540 AM  48    1972  68      3
  AVERAGE         79                        78      1

PRECIPITATION (IN)
  TODAY            0.00          1.99 2016   0.12  -0.12
  MONTH TO DATE    3.97                      3.38   0.59
  SINCE JAN 1     24.23                     24.68  -0.45

SNOWFALL (IN)
  TODAY            0.0           0.0  2002
                                      2001
  MONTH TO DATE    0.0
  SINCE JUN 1      0.0
  SINCE JUL 1      2.2

DEGREE DAYS
 HEATING
  TODAY            0                                0
  MONTH TO DATE    0                                0
  SINCE JUN 1      0                                0
  SINCE JUL 1   2450                            -1235

 COOLING
  TODAY           14                                1
  MONTH TO DATE  279                               34
  SINCE JUN 1    279                               34
  SINCE JAN 1    598                              174
...............................................................


WIND (MPH)
  HIGHEST WIND SPEED    16   HIGHEST WIND DIRECTION    NW (320)
  HIGHEST GUST SPEED    22   HIGHEST GUST DIRECTION    NW (320)
  AVERAGE WIND SPEED     8.1




RELATIVE HUMIDITY (PERCENT)
 HIGHEST    84
 LOWEST     43
 AVERAGE    64

..........................................................


THE NASHVILLE CLIMATE NORMALS FOR TOMORROW
                         NORMAL    RECORD    YEAR
 MAXIMUM TEMPERATURE (F)   88       101      1988
                                             1952
 MINIMUM TEMPERATURE (F)   68        53      1979
                                             1974


SUNRISE AND SUNSET
JUNE 24 2017..........SUNRISE   531 AM CDT   SUNSET   808 PM CDT
JUNE 25 2017..........SUNRISE   531 AM CDT   SUNSET   808 PM CDT


-  INDICATES NEGATIVE NUMBERS.
R  INDICATES RECORD WAS SET OR TIED.
MM INDICATES DATA IS MISSING.
T  INDICATES TRACE AMOUNT.




$$
