000
CDUS44 KOHX 230751
CLIBNA


CLIMATE REPORT
NATIONAL WEATHER SERVICE NASHVILLE TN
250 AM CDT MON OCT 23 2017


...................................

...THE NASHVILLE CLIMATE SUMMARY FOR OCTOBER 22 2017...

CLIMATE NORMAL PERIOD 1981 TO 2010
CLIMATE RECORD PERIOD 1871 TO 2017


WEATHER ITEM   OBSERVED TIME   RECORD YEAR NORMAL DEPARTURE
                VALUE   (LST)  VALUE       VALUE  FROM
                                                  NORMAL
...............................................................
TEMPERATURE (F)
 YESTERDAY
  MAXIMUM         81   1200 PM  88    1947  70     11
  MINIMUM         62    325 AM  26    1987  47     15
  AVERAGE         72                        58     14

PRECIPITATION (IN)
  YESTERDAY        0.01          2.22 1890   0.09  -0.08
  MONTH TO DATE    0.68                      2.11  -1.43
  SINCE JAN 1     41.10                     37.77   3.33

SNOWFALL (IN)
  YESTERDAY        0.0           0.0  2002
                                      2001
                                      2000
  MONTH TO DATE    0.0
  SINCE SEP 1      0.0
  SINCE JUL 1      0.0

DEGREE DAYS
 HEATING
  YESTERDAY        0                               -8
  MONTH TO DATE   41                              -71
  SINCE SEP 1     53                              -83
  SINCE JUL 1     53                              -83

 COOLING
  YESTERDAY        7                                6
  MONTH TO DATE   97                               57
  SINCE SEP 1    320                               60
  SINCE JAN 1   1900                              266
...............................................................


WIND (MPH)
  HIGHEST WIND SPEED    28   HIGHEST WIND DIRECTION     S (180)
  HIGHEST GUST SPEED    36   HIGHEST GUST DIRECTION     S (170)
  AVERAGE WIND SPEED    13.3




RELATIVE HUMIDITY (PERCENT)
 HIGHEST    73
 LOWEST     52

..........................................................


THE NASHVILLE CLIMATE NORMALS FOR TODAY
                         NORMAL    RECORD    YEAR
 MAXIMUM TEMPERATURE (F)   69        87      1939
 MINIMUM TEMPERATURE (F)   47        30      1952


SUNRISE AND SUNSET
OCTOBER 23 2017.......SUNRISE   701 AM CDT   SUNSET   600 PM CDT
OCTOBER 24 2017.......SUNRISE   702 AM CDT   SUNSET   559 PM CDT


-  INDICATES NEGATIVE NUMBERS.
R  INDICATES RECORD WAS SET OR TIED.
MM INDICATES DATA IS MISSING.
T  INDICATES TRACE AMOUNT.




$$
