000
CDUS44 KOHX 300639
CLIBNA

CLIMATE REPORT
NATIONAL WEATHER SERVICE NASHVILLE TN
135 AM CDT TUE JUN 30 2015


...................................

...THE NASHVILLE CLIMATE SUMMARY FOR JUNE 29 2015...

CLIMATE NORMAL PERIOD 1981 TO 2010
CLIMATE RECORD PERIOD 1871 TO 2015


WEATHER ITEM   OBSERVED TIME   RECORD YEAR NORMAL DEPARTURE
                VALUE   (LST)  VALUE       VALUE  FROM
                                                  NORMAL
...............................................................
TEMPERATURE (F)
 YESTERDAY
  MAXIMUM         86    434 PM 109    2012  89     -3
  MINIMUM         65    153 AM  54    1974  68     -3
  AVERAGE         76                        78     -2

PRECIPITATION (IN)
  YESTERDAY        0.40          4.22 1928   0.13   0.27
  MONTH TO DATE    3.38                      4.01  -0.63
  SINCE JUN 1      3.38                      4.01  -0.63
  SINCE JAN 1     24.38                     25.31  -0.93

SNOWFALL (IN)
  YESTERDAY        0.0           0.0  2002   0.0    0.0
                                      2001
  MONTH TO DATE    0.0                       0.0    0.0
  SINCE JUN 1      0.0                       0.0    0.0
  SINCE JUL 1      6.1                       6.3   -0.2
  SNOW DEPTH       0

DEGREE DAYS
 HEATING
  YESTERDAY        0                                0
  MONTH TO DATE    0                                0
  SINCE JUN 1      0                                0
  SINCE JUL 1   3778                               93

 COOLING
  YESTERDAY       11                               -3
  MONTH TO DATE  380                               69
  SINCE JUN 1    380                               69
  SINCE JAN 1    636                              146
...............................................................


WIND (MPH)
  HIGHEST WIND SPEED    22   HIGHEST WIND DIRECTION    NW (320)
  HIGHEST GUST SPEED    28   HIGHEST GUST DIRECTION    NW (310)
  AVERAGE WIND SPEED     8.4




RELATIVE HUMIDITY (PERCENT)
 HIGHEST    93
 LOWEST     55
 AVERAGE    74

..........................................................


THE NASHVILLE CLIMATE NORMALS FOR TODAY
                         NORMAL    RECORD    YEAR
 MAXIMUM TEMPERATURE (F)   89       107      2012
 MINIMUM TEMPERATURE (F)   69        53      1923


SUNRISE AND SUNSET
JUNE 30 2015..........SUNRISE   533 AM CDT   SUNSET   808 PM CDT
JULY  1 2015..........SUNRISE   533 AM CDT   SUNSET   808 PM CDT


-  INDICATES NEGATIVE NUMBERS.
R  INDICATES RECORD WAS SET OR TIED.
MM INDICATES DATA IS MISSING.
T  INDICATES TRACE AMOUNT.

$$
BOYD
