000
CDUS44 KOHX 280706
CLIBNA


CLIMATE REPORT
NATIONAL WEATHER SERVICE NASHVILLE TN
106 AM CST TUE FEB 28 2017


...................................

...THE NASHVILLE CLIMATE SUMMARY FOR FEBRUARY 27 2017...

CLIMATE NORMAL PERIOD 1981 TO 2010
CLIMATE RECORD PERIOD 1871 TO 2017


WEATHER ITEM   OBSERVED TIME   RECORD YEAR NORMAL DEPARTURE
                VALUE   (LST)  VALUE       VALUE  FROM
                                                  NORMAL
...............................................................
TEMPERATURE (F)
 YESTERDAY
  MAXIMUM         63    352 PM  78    1981  55      8
  MINIMUM         45    416 AM   6    1934  35     10
  AVERAGE         54                        45      9

PRECIPITATION (IN)
  YESTERDAY        0.01          2.01 1890   0.14  -0.13
  MONTH TO DATE    1.43                      3.80  -2.37
  SINCE JAN 1      4.77                      7.55  -2.78

SNOWFALL (IN)
  YESTERDAY        0.0           4.4  1989
  MONTH TO DATE    0.0
  SINCE DEC 1      0.7
  SINCE JUL 1      0.7

DEGREE DAYS
 HEATING
  YESTERDAY       11                               -9
  MONTH TO DATE  380                             -253
  SINCE DEC 1   1609                             -635
  SINCE JUL 1   1963                             -955

 COOLING
  YESTERDAY        0                                0
  MONTH TO DATE    7                                7
  SINCE DEC 1     11                               10
  SINCE JAN 1      7                                7
...............................................................


WIND (MPH)
  HIGHEST WIND SPEED    23   HIGHEST WIND DIRECTION     S (190)
  HIGHEST GUST SPEED    29   HIGHEST GUST DIRECTION     S (180)
  AVERAGE WIND SPEED     9.0




RELATIVE HUMIDITY (PERCENT)
 HIGHEST    83
 LOWEST     42

..........................................................


THE NASHVILLE CLIMATE NORMALS FOR TODAY
                         NORMAL    RECORD    YEAR
 MAXIMUM TEMPERATURE (F)   56        78      1918
 MINIMUM TEMPERATURE (F)   35        11      1888


SUNRISE AND SUNSET
FEBRUARY 28 2017......SUNRISE   618 AM CST   SUNSET   541 PM CST
MARCH  1 2017.........SUNRISE   617 AM CST   SUNSET   542 PM CST


-  INDICATES NEGATIVE NUMBERS.
R  INDICATES RECORD WAS SET OR TIED.
MM INDICATES DATA IS MISSING.
T  INDICATES TRACE AMOUNT.




$$
