000
CDUS44 KOHX 281537 AAA
CLIBNA

CLIMATE REPORT
NATIONAL WEATHER SERVICE NASHVILLE TN
937 AM CST WED JAN 28 2015

.....................................

UPDATED FOR MORNING CLIMATE AT BOTTOM

.....................................

...THE NASHVILLE CLIMATE SUMMARY FOR JANUARY 27 2015...

CLIMATE NORMAL PERIOD 1981 TO 2010
CLIMATE RECORD PERIOD 1871 TO 2015


WEATHER ITEM   OBSERVED TIME   RECORD YEAR NORMAL DEPARTURE
                VALUE   (LST)  VALUE       VALUE  FROM
                                                  NORMAL
...............................................................
TEMPERATURE (F)
 YESTERDAY
  MAXIMUM         42   1100 AM  72    1944  48     -6
  MINIMUM         32    543 AM  -3    1936  29      3
  AVERAGE         37                        38     -1

PRECIPITATION (IN)
  YESTERDAY        0.00          2.88 1918   0.12  -0.12
  MONTH TO DATE    2.22                      3.23  -1.01
  SINCE DEC 1      5.43                      7.47  -2.04
  SINCE JAN 1      2.22                      3.23  -1.01

SNOWFALL (IN)
  YESTERDAY        0.0           3.2  1969   0.1   -0.1
  MONTH TO DATE    0.9                       2.2   -1.3
  SINCE DEC 1      0.9                       2.7   -1.8
  SINCE JUL 1      1.1                       2.7   -1.6
  SNOW DEPTH       0

DEGREE DAYS
 HEATING
  YESTERDAY       28                                1
  MONTH TO DATE  749                                6
  SINCE DEC 1   1420                              -86
  SINCE JUL 1   2194                               14

 COOLING
  YESTERDAY        0                                0
  MONTH TO DATE    0                                0
  SINCE DEC 1      0                               -1
  SINCE JAN 1      0                                0
...............................................................


WIND (MPH)
  HIGHEST WIND SPEED    15   HIGHEST WIND DIRECTION     N (360)
  HIGHEST GUST SPEED    21   HIGHEST GUST DIRECTION    NE (40)
  AVERAGE WIND SPEED     7.1




RELATIVE HUMIDITY (PERCENT)
 HIGHEST    89
 LOWEST     64
 AVERAGE    77

..........................................................


THE NASHVILLE CLIMATE NORMALS FOR TODAY
                         NORMAL    RECORD    YEAR
 MAXIMUM TEMPERATURE (F)   48        75      1975
 MINIMUM TEMPERATURE (F)   29        -4      1963


SUNRISE AND SUNSET
JANUARY 28 2015.......SUNRISE   651 AM CST   SUNSET   509 PM CST
JANUARY 29 2015.......SUNRISE   650 AM CST   SUNSET   510 PM CST


-  INDICATES NEGATIVE NUMBERS.
R  INDICATES RECORD WAS SET OR TIED.
MM INDICATES DATA IS MISSING.
T  INDICATES TRACE AMOUNT.

&&

THE LOW TEMPERATURE SINCE MIDNIGHT HAS BEEN 30 DEGREES.
NO PRECIPITATION HAS OCCURRED SINCE MIDNIGHT.

$$
