000
CDUS44 KOHX 040715
CLIBNA

CLIMATE REPORT
NATIONAL WEATHER SERVICE NASHVILLE TN
215 AM CDT TUE AUG 4 2015


...................................

...THE NASHVILLE CLIMATE SUMMARY FOR AUGUST 3 2015...

CLIMATE NORMAL PERIOD 1981 TO 2010
CLIMATE RECORD PERIOD 1871 TO 2015


WEATHER ITEM   OBSERVED TIME   RECORD YEAR NORMAL DEPARTURE
                VALUE   (LST)  VALUE       VALUE  FROM
                                                  NORMAL
...............................................................
TEMPERATURE (F)
 YESTERDAY
  MAXIMUM         96    349 PM 102    2011  90      6
  MINIMUM         65    533 AM  57    1976  69     -4
  AVERAGE         81                        79      2

PRECIPITATION (IN)
  YESTERDAY        0.00          1.44 1884   0.11  -0.11
  MONTH TO DATE    0.00                      0.32  -0.32
  SINCE JUN 1     10.45                      8.10   2.35
  SINCE JAN 1     31.45                     29.40   2.05

SNOWFALL (IN)
  YESTERDAY        0.0          MM      MM   0.0    0.0
  MONTH TO DATE    0.0                       0.0    0.0
  SINCE JUN 1      0.0                       0.0    0.0
  SINCE JUL 1      0.0                       0.0    0.0
  SNOW DEPTH       0

DEGREE DAYS
 HEATING
  YESTERDAY        0                                0
  MONTH TO DATE    0                                0
  SINCE JUN 1      0                               -3
  SINCE JUL 1      0                                0

 COOLING
  YESTERDAY       16                                2
  MONTH TO DATE   43                                1
  SINCE JUN 1    935                              123
  SINCE JAN 1   1191                              200
...............................................................


WIND (MPH)
  HIGHEST WIND SPEED    12   HIGHEST WIND DIRECTION    NW (330)
  HIGHEST GUST SPEED    21   HIGHEST GUST DIRECTION     W (290)
  AVERAGE WIND SPEED     3.7




RELATIVE HUMIDITY (PERCENT)
 HIGHEST   100
 LOWEST     MM
 AVERAGE    MM

..........................................................


THE NASHVILLE CLIMATE NORMALS FOR TODAY
                         NORMAL    RECORD    YEAR
 MAXIMUM TEMPERATURE (F)   90       102      1947
 MINIMUM TEMPERATURE (F)   69        55      1976


SUNRISE AND SUNSET
AUGUST  4 2015........SUNRISE   556 AM CDT   SUNSET   749 PM CDT
AUGUST  5 2015........SUNRISE   557 AM CDT   SUNSET   748 PM CDT


-  INDICATES NEGATIVE NUMBERS.
R  INDICATES RECORD WAS SET OR TIED.
MM INDICATES DATA IS MISSING.
T  INDICATES TRACE AMOUNT.




$$
