000
CDUS45 KBOI 160934
CLIBNO


CLIMATE REPORT
NATIONAL WEATHER SERVICE BOISE ID
334 AM MDT TUE SEP 16 2014


...................................

...THE BURNS OR CLIMATE SUMMARY FOR SEPTEMBER 15 2014...

CLIMATE NORMAL PERIOD 1981 TO 2010
CLIMATE RECORD PERIOD 1939 TO 2014


WEATHER ITEM   OBSERVED TIME   RECORD YEAR NORMAL DEPARTURE LAST
                VALUE   (LST)  VALUE       VALUE  FROM      YEAR
                                                  NORMAL
..................................................................
TEMPERATURE (F)
 YESTERDAY
  MAXIMUM         89   1257 PM  91    1995  76     13       86
  MINIMUM         43    538 AM  24    1944  37      6       44
  AVERAGE         66                        56     10       65

PRECIPITATION (IN)
  YESTERDAY        0.00          0.29 1996   0.02  -0.02     0.06
  MONTH TO DATE    0.00                      0.21  -0.21     0.63
  SINCE OCT 1      6.96                     10.69  -3.73     8.45
  SINCE JAN 1      5.99                      7.19  -1.20     4.55

DEGREE DAYS
 HEATING
  YESTERDAY        0                         9     -9        0
  MONTH TO DATE  109                       104      5       26
  SINCE SEP 1    109                       104      5       26
  SINCE JUL 1    174                       241    -67       62

 COOLING
  YESTERDAY        1                         0      1        0
  MONTH TO DATE    1                         7     -6       21
  SINCE SEP 1      1                         7     -6       21
  SINCE JAN 1    314                       213    101      372
..................................................................


WIND (MPH)
  HIGHEST WIND SPEED    24   HIGHEST WIND DIRECTION     E (110)
  HIGHEST GUST SPEED    31   HIGHEST GUST DIRECTION    SE (120)
  AVERAGE WIND SPEED     6.6


SKY COVER
  POSSIBLE SUNSHINE  MM
  AVERAGE SKY COVER 0.1


WEATHER CONDITIONS
 THE FOLLOWING WEATHER WAS RECORDED YESTERDAY.
  HAZE


RELATIVE HUMIDITY (PERCENT)
 HIGHEST    61          1100 PM
 LOWEST     15          1200 PM
 AVERAGE    38

..........................................................


THE BURNS OR CLIMATE NORMALS FOR TODAY
                         NORMAL    RECORD    YEAR
 MAXIMUM TEMPERATURE (F)   76        91      1981
                                             1951
 MINIMUM TEMPERATURE (F)   36        24      1987


SUNRISE AND SUNSET
SEPTEMBER 16 2014.....SUNRISE   636 AM PDT   SUNSET   704 PM PDT
SEPTEMBER 17 2014.....SUNRISE   637 AM PDT   SUNSET   702 PM PDT


-  INDICATES NEGATIVE NUMBERS.
R  INDICATES RECORD WAS SET OR TIED.
MM INDICATES DATA IS MISSING.
T  INDICATES TRACE AMOUNT.




$$
