000
CDUS45 KBOI 210930
CLIBNO


CLIMATE REPORT
NATIONAL WEATHER SERVICE BOISE ID
330 AM MDT THU AUG 21 2014


...................................

...THE BURNS OR CLIMATE SUMMARY FOR AUGUST 20 2014...

CLIMATE NORMAL PERIOD 1981 TO 2010
CLIMATE RECORD PERIOD 1939 TO 2014


WEATHER ITEM   OBSERVED TIME   RECORD YEAR NORMAL DEPARTURE LAST
                VALUE   (LST)  VALUE       VALUE  FROM      YEAR
                                                  NORMAL
..................................................................
TEMPERATURE (F)
 YESTERDAY
  MAXIMUM         83    356 PM 100    2009  84     -1       91
                                      1946
  MINIMUM         51   1141 PM  35    1974  44      7       56
  AVERAGE         67                        64      3       74

PRECIPITATION (IN)
  YESTERDAY        0.00          0.16 1979   0.01  -0.01     0.00
  MONTH TO DATE    0.19                      0.23  -0.04     0.50
  SINCE OCT 1      6.94                     10.35  -3.41     7.81
  SINCE JAN 1      5.97                      6.85  -0.88     3.91

DEGREE DAYS
 HEATING
  YESTERDAY        0                         3     -3        0
  MONTH TO DATE   12                        36    -24       16
  SINCE JUN 1    209                       312   -103      208
  SINCE JUL 1     24                        94    -70       20

 COOLING
  YESTERDAY        2                         2      0        9
  MONTH TO DATE   94                        60     34       65
  SINCE JUN 1    308                       189    119      339
  SINCE JAN 1    308                       192    116      340
..................................................................


WIND (MPH)
  HIGHEST WIND SPEED    18   HIGHEST WIND DIRECTION     W (290)
  HIGHEST GUST SPEED    27   HIGHEST GUST DIRECTION     S (190)
  AVERAGE WIND SPEED     8.8


SKY COVER
  POSSIBLE SUNSHINE  MM
  AVERAGE SKY COVER 0.1


WEATHER CONDITIONS
 THE FOLLOWING WEATHER WAS RECORDED YESTERDAY.
  NO SIGNIFICANT WEATHER WAS OBSERVED.


RELATIVE HUMIDITY (PERCENT)
 HIGHEST    62           300 AM
 LOWEST     23           100 PM
 AVERAGE    43

..........................................................


THE BURNS OR CLIMATE NORMALS FOR TODAY
                         NORMAL    RECORD    YEAR
 MAXIMUM TEMPERATURE (F)   84        94      2011
                                             2009
                                             2005
 MINIMUM TEMPERATURE (F)   44        34      2000


SUNRISE AND SUNSET
AUGUST 21 2014........SUNRISE   607 AM PDT   SUNSET   750 PM PDT
AUGUST 22 2014........SUNRISE   608 AM PDT   SUNSET   748 PM PDT


-  INDICATES NEGATIVE NUMBERS.
R  INDICATES RECORD WAS SET OR TIED.
MM INDICATES DATA IS MISSING.
T  INDICATES TRACE AMOUNT.




$$
