000
CDUS45 KBOI 170935
CLIBNO


CLIMATE REPORT
NATIONAL WEATHER SERVICE BOISE ID
335 AM MDT TUE OCT 17 2017


...................................

...THE BURNS OR CLIMATE SUMMARY FOR OCTOBER 16 2017...

CLIMATE NORMAL PERIOD 1981 TO 2010
CLIMATE RECORD PERIOD 1938 TO 2017


WEATHER ITEM   OBSERVED TIME   RECORD YEAR NORMAL DEPARTURE LAST
                VALUE   (LST)  VALUE       VALUE  FROM      YEAR
                                                  NORMAL
..................................................................
TEMPERATURE (F)
 YESTERDAY
  MAXIMUM         65    329 PM  82    2015  62      3       53
  MINIMUM         18    558 AM  13    1999  27     -9       36
  AVERAGE         42                        45     -3       45

PRECIPITATION (IN)
  YESTERDAY        0.00          0.29 2007   0.02  -0.02     0.02
  MONTH TO DATE    0.21                      0.33  -0.12     0.64
  SINCE OCT 1      0.21                      0.33  -0.12     0.64
  SINCE JAN 1      8.85                      7.75   1.10     5.16

DEGREE DAYS
 HEATING
  YESTERDAY       23                        20      3       20
  MONTH TO DATE  428                       283    145      304
  SINCE SEP 1    727                       565    162      610
  SINCE JUL 1    742                       702     40      726

 COOLING
  YESTERDAY        0                         0      0        0
  MONTH TO DATE    0                         0      0        0
  SINCE SEP 1     50                         9     41        0
  SINCE JAN 1    343                       215    128      226
..................................................................


WIND (MPH)
  HIGHEST WIND SPEED     7   HIGHEST WIND DIRECTION     W (280)
  HIGHEST GUST SPEED    11   HIGHEST GUST DIRECTION    SE (130)
  AVERAGE WIND SPEED     3.0


SKY COVER
  POSSIBLE SUNSHINE  MM
  AVERAGE SKY COVER 0.0


WEATHER CONDITIONS
 THE FOLLOWING WEATHER WAS RECORDED YESTERDAY.
  NO SIGNIFICANT WEATHER WAS OBSERVED.


RELATIVE HUMIDITY (PERCENT)
 HIGHEST   100           100 AM
 LOWEST     22           300 PM
 AVERAGE    61

..........................................................


THE BURNS OR CLIMATE NORMALS FOR TODAY
                         NORMAL    RECORD    YEAR
 MAXIMUM TEMPERATURE (F)   61        80      1973
 MINIMUM TEMPERATURE (F)   27        12      1998
                                             1996


SUNRISE AND SUNSET
OCTOBER 17 2017.......SUNRISE   713 AM PDT   SUNSET   609 PM PDT
OCTOBER 18 2017.......SUNRISE   714 AM PDT   SUNSET   607 PM PDT


-  INDICATES NEGATIVE NUMBERS.
R  INDICATES RECORD WAS SET OR TIED.
MM INDICATES DATA IS MISSING.
T  INDICATES TRACE AMOUNT.




$$
