000
CDUS45 KBOI 260932
CLIBNO


CLIMATE REPORT
NATIONAL WEATHER SERVICE BOISE ID
331 AM MDT WED APR 26 2017


...................................

...THE BURNS OR CLIMATE SUMMARY FOR APRIL 25 2017...

CLIMATE NORMAL PERIOD 1981 TO 2010
CLIMATE RECORD PERIOD 1938 TO 2017


WEATHER ITEM   OBSERVED TIME   RECORD YEAR NORMAL DEPARTURE LAST
                VALUE   (LST)  VALUE       VALUE  FROM      YEAR
                                                  NORMAL
..................................................................
TEMPERATURE (F)
 YESTERDAY
  MAXIMUM         51    239 PM  86    1946  60     -9       54
  MINIMUM         29    517 AM  19    2013  31     -2       35
                                      1944
  AVERAGE         40                        45     -5       45

PRECIPITATION (IN)
  YESTERDAY        0.01          0.64 1978   0.03  -0.02     0.00
  MONTH TO DATE    1.01                      0.78   0.23     0.11
  SINCE OCT 1     11.22                      7.58   3.64     8.03
  SINCE JAN 1      7.71                      4.08   3.63     3.16

DEGREE DAYS
 HEATING
  YESTERDAY       25                        20      5       20
  MONTH TO DATE  580                       560     20      383
  SINCE MAR 1   1375                      1417    -42     1125
  SINCE JUL 1   7249                      6945    304     6286

 COOLING
  YESTERDAY        0                         0      0        0
  MONTH TO DATE    0                         0      0        0
  SINCE MAR 1      0                         0      0        0
  SINCE JAN 1      0                         0      0        0
..................................................................


WIND (MPH)
  HIGHEST WIND SPEED    23   HIGHEST WIND DIRECTION     S (200)
  HIGHEST GUST SPEED    27   HIGHEST GUST DIRECTION     S (200)
  AVERAGE WIND SPEED     8.1


SKY COVER
  POSSIBLE SUNSHINE  MM
  AVERAGE SKY COVER 0.5


WEATHER CONDITIONS
 THE FOLLOWING WEATHER WAS RECORDED YESTERDAY.
  LIGHT RAIN


RELATIVE HUMIDITY (PERCENT)
 HIGHEST    93           900 PM
 LOWEST     39           200 PM
 AVERAGE    66

..........................................................


THE BURNS OR CLIMATE NORMALS FOR TODAY
                         NORMAL    RECORD    YEAR
 MAXIMUM TEMPERATURE (F)   60        82      1987
 MINIMUM TEMPERATURE (F)   31        18      2015
                                             2008


SUNRISE AND SUNSET
APRIL 26 2017.........SUNRISE   555 AM PDT   SUNSET   753 PM PDT
APRIL 27 2017.........SUNRISE   554 AM PDT   SUNSET   754 PM PDT


-  INDICATES NEGATIVE NUMBERS.
R  INDICATES RECORD WAS SET OR TIED.
MM INDICATES DATA IS MISSING.
T  INDICATES TRACE AMOUNT.




$$
