489
CDUS45 KBOI 240931
CLIBNO


CLIMATE REPORT
NATIONAL WEATHER SERVICE BOISE ID
331 AM MDT FRI MAR 24 2017


...................................

...THE BURNS OR CLIMATE SUMMARY FOR MARCH 23 2017...

CLIMATE NORMAL PERIOD 1981 TO 2010
CLIMATE RECORD PERIOD 1938 TO 2017


WEATHER ITEM   OBSERVED TIME   RECORD YEAR NORMAL DEPARTURE LAST
                VALUE   (LST)  VALUE       VALUE  FROM      YEAR
                                                  NORMAL
..................................................................
TEMPERATURE (F)
 YESTERDAY
  MAXIMUM         52    400 PM  75    1940  52      0       54
  MINIMUM         28    555 AM  13    2013  27      1       27
  AVERAGE         40                        39      1       41

PRECIPITATION (IN)
  YESTERDAY        0.00          0.47 1948   0.03  -0.03     0.00
  MONTH TO DATE    0.99                      0.83   0.16     1.32
  SINCE OCT 1      9.50                      6.54   2.96     7.91
  SINCE JAN 1      5.99                      3.04   2.95     3.04

DEGREE DAYS
 HEATING
  YESTERDAY       25                        26     -1       24
  MONTH TO DATE  595                       658    -63      542
  SINCE MAR 1    595                       658    -63      542
  SINCE JUL 1   6469                      6186    283     5703

 COOLING
  YESTERDAY        0                         0      0        0
  MONTH TO DATE    0                         0      0        0
  SINCE MAR 1      0                         0      0        0
  SINCE JAN 1      0                         0      0        0
..................................................................


WIND (MPH)
  HIGHEST WIND SPEED    15   HIGHEST WIND DIRECTION    SW (220)
  HIGHEST GUST SPEED    20   HIGHEST GUST DIRECTION     S (200)
  AVERAGE WIND SPEED     7.4


SKY COVER
  POSSIBLE SUNSHINE  MM
  AVERAGE SKY COVER 0.0


WEATHER CONDITIONS
 THE FOLLOWING WEATHER WAS RECORDED YESTERDAY.
  NO SIGNIFICANT WEATHER WAS OBSERVED.


RELATIVE HUMIDITY (PERCENT)
 HIGHEST    92           200 AM
 LOWEST     30           500 PM
 AVERAGE    61

..........................................................


THE BURNS OR CLIMATE NORMALS FOR TODAY
                         NORMAL    RECORD    YEAR
 MAXIMUM TEMPERATURE (F)   52        72      1939
 MINIMUM TEMPERATURE (F)   27        13      2013


SUNRISE AND SUNSET
MARCH 24 2017.........SUNRISE   651 AM PDT   SUNSET   713 PM PDT
MARCH 25 2017.........SUNRISE   649 AM PDT   SUNSET   715 PM PDT


-  INDICATES NEGATIVE NUMBERS.
R  INDICATES RECORD WAS SET OR TIED.
MM INDICATES DATA IS MISSING.
T  INDICATES TRACE AMOUNT.




$$
