000
CDUS45 KBOI 210122
CLIBOI


CLIMATE REPORT
NATIONAL WEATHER SERVICE BOISE ID
722 PM MDT SUN APR 20 2014


...................................

...THE BOISE ID CLIMATE SUMMARY FOR APRIL 20 2014...
VALID TODAY AS OF 0600 PM LOCAL TIME.

CLIMATE NORMAL PERIOD 1981 TO 2010
CLIMATE RECORD PERIOD 1878 TO 2014


WEATHER ITEM   OBSERVED TIME   RECORD YEAR NORMAL DEPARTURE LAST
                VALUE   (LST)  VALUE       VALUE  FROM      YEAR
                                                  NORMAL
..................................................................
TEMPERATURE (F)
 TODAY
  MAXIMUM         64    507 PM  89    1994  63      1       61
  MINIMUM         42    659 AM  20    1985  40      2       42
  AVERAGE         53                        52      1       52

PRECIPITATION (IN)
  TODAY            0.00          1.04 1904   0.04  -0.04     0.01
  MONTH TO DATE    0.77                      0.81  -0.04     0.95
  SINCE OCT 1      9.03                      8.08   0.95     5.80
  SINCE JAN 1      6.12                      4.43   1.69     3.15

DEGREE DAYS
 HEATING
  TODAY           12                        13     -1       13
  MONTH TO DATE  271                       308    -37      322
  SINCE MAR 1    859                       944    -85      932
  SINCE JUL 1   5199                      5103     96     5029

 COOLING
  TODAY            0                         0      0        0
  MONTH TO DATE    0                         0      0        0
  SINCE MAR 1      0                         0      0        0
  SINCE JAN 1      0                         0      0        0
..................................................................


WIND (MPH)
  HIGHEST WIND SPEED    30   HIGHEST WIND DIRECTION    NW (320)
  HIGHEST GUST SPEED    38   HIGHEST GUST DIRECTION    NW (320)
  AVERAGE WIND SPEED    11.3



WEATHER CONDITIONS
 THE FOLLOWING WEATHER WAS RECORDED TODAY.
  NO SIGNIFICANT WEATHER WAS OBSERVED.


RELATIVE HUMIDITY (PERCENT)
 HIGHEST    62           600 AM
 LOWEST     17           300 PM
 AVERAGE    40

..........................................................


THE BOISE ID CLIMATE NORMALS FOR TOMORROW
                         NORMAL    RECORD    YEAR
 MAXIMUM TEMPERATURE (F)   64        87      1934
 MINIMUM TEMPERATURE (F)   40        23      1968


SUNRISE AND SUNSET
APRIL 20 2014.........SUNRISE   654 AM MDT   SUNSET   834 PM MDT
APRIL 21 2014.........SUNRISE   652 AM MDT   SUNSET   835 PM MDT


-  INDICATES NEGATIVE NUMBERS.
R  INDICATES RECORD WAS SET OR TIED.
MM INDICATES DATA IS MISSING.
T  INDICATES TRACE AMOUNT.




$$
