000
CDUS45 KBOI 240932
CLIBOI


CLIMATE REPORT
NATIONAL WEATHER SERVICE BOISE ID
231 AM MST TUE JAN 24 2017


...................................

...THE BOISE ID CLIMATE SUMMARY FOR JANUARY 23 2017...

CLIMATE NORMAL PERIOD 1981 TO 2010
CLIMATE RECORD PERIOD 1875 TO 2017


WEATHER ITEM   OBSERVED TIME   RECORD YEAR NORMAL DEPARTURE LAST
                VALUE   (LST)  VALUE       VALUE  FROM      YEAR
                                                  NORMAL
..................................................................
TEMPERATURE (F)
 YESTERDAY
  MAXIMUM         32    429 PM  59    1919  39     -7       50
  MINIMUM         26    125 AM -17    1930  26      0       37
  AVERAGE         29                        32     -3       44

PRECIPITATION (IN)
  YESTERDAY        0.10          0.51 1982   0.04   0.06     0.01
  MONTH TO DATE    2.96                      0.97   1.99     0.49
  SINCE OCT 1      6.46                      4.62   1.84     4.83
  SINCE JAN 1      2.96                      0.97   1.99     0.49

SNOWFALL (IN)
  YESTERDAY        3.0           4.2  1982   0.1    2.9      0.0
  MONTH TO DATE   21.5                       4.0   17.5      2.2
  SINCE OCT 1     35.5                      13.7   21.8     10.2
  SINCE JUL 1     35.5                      13.7   21.8     10.2
  SNOW DEPTH       4

DEGREE DAYS
 HEATING
  YESTERDAY       36                        33      3       21
  MONTH TO DATE  995                       787    208      734
  SINCE DEC 1   2279                      1848    431     1757
  SINCE JUL 1   3184                      3102     82     2829

 COOLING
  YESTERDAY        0                         0      0        0
  MONTH TO DATE    0                         0      0        0
  SINCE DEC 1      0                         0      0        0
  SINCE JAN 1      0                         0      0        0
..................................................................


WIND (MPH)
  HIGHEST WIND SPEED    16   HIGHEST WIND DIRECTION    NW (300)
  HIGHEST GUST SPEED    20   HIGHEST GUST DIRECTION     W (290)
  AVERAGE WIND SPEED     8.3


SKY COVER
  POSSIBLE SUNSHINE  MM
  AVERAGE SKY COVER 0.9


WEATHER CONDITIONS
 THE FOLLOWING WEATHER WAS RECORDED YESTERDAY.
  SNOW
  LIGHT SNOW
  FOG
  FOG W/VISIBILITY <= 1/4 MILE


RELATIVE HUMIDITY (PERCENT)
 HIGHEST   100           900 AM
 LOWEST     78           300 PM
 AVERAGE    89

..........................................................


THE BOISE ID CLIMATE NORMALS FOR TODAY
                         NORMAL    RECORD    YEAR
 MAXIMUM TEMPERATURE (F)   39        57      1959
                                             1903
 MINIMUM TEMPERATURE (F)   26        -6      1949


SUNRISE AND SUNSET
JANUARY 24 2017.......SUNRISE   809 AM MST   SUNSET   546 PM MST
JANUARY 25 2017.......SUNRISE   808 AM MST   SUNSET   547 PM MST


-  INDICATES NEGATIVE NUMBERS.
R  INDICATES RECORD WAS SET OR TIED.
MM INDICATES DATA IS MISSING.
T  INDICATES TRACE AMOUNT.




$$
