000
CDUS45 KBOI 010127
CLIBOI


CLIMATE REPORT
NATIONAL WEATHER SERVICE BOISE ID
727 PM MDT TUE JUN 30 2015


...................................

...THE BOISE ID CLIMATE SUMMARY FOR JUNE 30 2015...
VALID TODAY AS OF 0600 PM LOCAL TIME.

CLIMATE NORMAL PERIOD 1981 TO 2010
CLIMATE RECORD PERIOD 1878 TO 2015


WEATHER ITEM   OBSERVED TIME   RECORD YEAR NORMAL DEPARTURE LAST
                VALUE   (LST)  VALUE       VALUE  FROM      YEAR
                                                  NORMAL
..................................................................
TEMPERATURE (F)
 TODAY
  MAXIMUM        102    522 PM 104    2013  87     15       84
  MINIMUM         74    612 AM  38    1988  57     17       50
  AVERAGE         88                        72     16       67

PRECIPITATION (IN)
  TODAY            0.00          0.84 1938   0.01  -0.01     0.00
  MONTH TO DATE    0.17                      0.69  -0.52     0.27
  SINCE OCT 1     10.87                     10.58   0.29    11.28
  SINCE JAN 1      4.96                      6.93  -1.97     8.37

DEGREE DAYS
 HEATING
  TODAY            0                         1     -1        0
  MONTH TO DATE    2                        64    -62       36
  SINCE JUN 1      2                        64    -62       36
  SINCE JUL 1   4588                      5514   -926     5545

 COOLING
  TODAY           23                         8     15        2
  MONTH TO DATE  338                       139    199      112
  SINCE JUN 1    338                       139    199      112
  SINCE JAN 1    373                       183    190      136
..................................................................


WIND (MPH)
  HIGHEST WIND SPEED    17   HIGHEST WIND DIRECTION    NW (330)
  HIGHEST GUST SPEED    23   HIGHEST GUST DIRECTION    NW (300)
  AVERAGE WIND SPEED     6.9



WEATHER CONDITIONS
 THE FOLLOWING WEATHER WAS RECORDED TODAY.
  NO SIGNIFICANT WEATHER WAS OBSERVED.


RELATIVE HUMIDITY (PERCENT)
 HIGHEST    54           500 AM
 LOWEST     12           400 PM
 AVERAGE    33

..........................................................


THE BOISE ID CLIMATE NORMALS FOR TOMORROW
                         NORMAL    RECORD    YEAR
 MAXIMUM TEMPERATURE (F)   87       110      2013
 MINIMUM TEMPERATURE (F)   57        40      1935


SUNRISE AND SUNSET
JUNE 30 2015..........SUNRISE   607 AM MDT   SUNSET   930 PM MDT
JULY  1 2015..........SUNRISE   607 AM MDT   SUNSET   930 PM MDT


-  INDICATES NEGATIVE NUMBERS.
R  INDICATES RECORD WAS SET OR TIED.
MM INDICATES DATA IS MISSING.
T  INDICATES TRACE AMOUNT.




$$
