000
CDUS45 KBOI 250121
CLIBOI


CLIMATE REPORT
NATIONAL WEATHER SERVICE BOISE ID
721 PM MDT THU APR 24 2014


...................................

...THE BOISE ID CLIMATE SUMMARY FOR APRIL 24 2014...
VALID TODAY AS OF 0600 PM LOCAL TIME.

CLIMATE NORMAL PERIOD 1981 TO 2010
CLIMATE RECORD PERIOD 1878 TO 2014


WEATHER ITEM   OBSERVED TIME   RECORD YEAR NORMAL DEPARTURE LAST
                VALUE   (LST)  VALUE       VALUE  FROM      YEAR
                                                  NORMAL
..................................................................
TEMPERATURE (F)
 TODAY
  MAXIMUM         62    405 PM  91    1977  65     -3       64
                                      1910
  MINIMUM         44    742 AM  22    1950  41      3       31
  AVERAGE         53                        53      0       48

PRECIPITATION (IN)
  TODAY            0.17          0.95 1980   0.04   0.13     0.00
  MONTH TO DATE    1.30                      0.98   0.32     0.95
  SINCE OCT 1      9.56                      8.25   1.31     5.80
  SINCE JAN 1      6.65                      4.60   2.05     3.15

DEGREE DAYS
 HEATING
  TODAY           12                        13     -1       17
  MONTH TO DATE  325                       360    -35      395
  SINCE MAR 1    913                       996    -83     1005
  SINCE JUL 1   5253                      5155     98     5102

 COOLING
  TODAY            0                         0      0        0
  MONTH TO DATE    0                         0      0        0
  SINCE MAR 1      0                         0      0        0
  SINCE JAN 1      0                         0      0        0
..................................................................


WIND (MPH)
  HIGHEST WIND SPEED    22   HIGHEST WIND DIRECTION     S (180)
  HIGHEST GUST SPEED    25   HIGHEST GUST DIRECTION     S (180)
  AVERAGE WIND SPEED     7.1



WEATHER CONDITIONS
 THE FOLLOWING WEATHER WAS RECORDED TODAY.
  THUNDERSTORM
  LIGHT RAIN


RELATIVE HUMIDITY (PERCENT)
 HIGHEST    83           700 AM
 LOWEST     46           400 PM
 AVERAGE    65

..........................................................


THE BOISE ID CLIMATE NORMALS FOR TOMORROW
                         NORMAL    RECORD    YEAR
 MAXIMUM TEMPERATURE (F)   65        92      1946
 MINIMUM TEMPERATURE (F)   41        26      1961
                                             1921


SUNRISE AND SUNSET
APRIL 24 2014.........SUNRISE   648 AM MDT   SUNSET   839 PM MDT
APRIL 25 2014.........SUNRISE   646 AM MDT   SUNSET   840 PM MDT


-  INDICATES NEGATIVE NUMBERS.
R  INDICATES RECORD WAS SET OR TIED.
MM INDICATES DATA IS MISSING.
T  INDICATES TRACE AMOUNT.




$$
