000
CDUS45 KBOI 300121
CLIBOI


CLIMATE REPORT
NATIONAL WEATHER SERVICE BOISE ID
720 PM MDT FRI AUG 29 2014


...................................

...THE BOISE ID CLIMATE SUMMARY FOR AUGUST 29 2014...
VALID TODAY AS OF 0600 PM LOCAL TIME.

CLIMATE NORMAL PERIOD 1981 TO 2010
CLIMATE RECORD PERIOD 1878 TO 2014


WEATHER ITEM   OBSERVED TIME   RECORD YEAR NORMAL DEPARTURE LAST
                VALUE   (LST)  VALUE       VALUE  FROM      YEAR
                                                  NORMAL
..................................................................
TEMPERATURE (F)
 TODAY
  MAXIMUM         91    440 PM  98    1998  86      5       96
                                      1915
                                      1890
  MINIMUM         61    557 AM  37    1980  57      4       72
  AVERAGE         76                        71      5       84

PRECIPITATION (IN)
  TODAY            0.00          0.46 1896   0.01  -0.01      T
  MONTH TO DATE    0.11                      0.22  -0.11     0.45
  SINCE OCT 1     11.47                     11.13   0.34     7.56
  SINCE JAN 1      8.56                      7.48   1.08     4.91

DEGREE DAYS
 HEATING
  TODAY            0                         1     -1        0
  MONTH TO DATE    0                         4     -4        0
  SINCE JUN 1     36                        76    -40       35
  SINCE JUL 1      0                        12    -12        0

 COOLING
  TODAY           11                         7      4       19
  MONTH TO DATE  339                       293     46      395
  SINCE JUN 1    955                       774    181     1102
  SINCE JAN 1    979                       818    161     1149
..................................................................


WIND (MPH)
  HIGHEST WIND SPEED    12   HIGHEST WIND DIRECTION     N (340)
  HIGHEST GUST SPEED    16   HIGHEST GUST DIRECTION     N (350)
  AVERAGE WIND SPEED     4.2



WEATHER CONDITIONS
 THE FOLLOWING WEATHER WAS RECORDED TODAY.
  NO SIGNIFICANT WEATHER WAS OBSERVED.


RELATIVE HUMIDITY (PERCENT)
 HIGHEST    52           400 AM
 LOWEST     17           200 PM
 AVERAGE    35

..........................................................


THE BOISE ID CLIMATE NORMALS FOR TOMORROW
                         NORMAL    RECORD    YEAR
 MAXIMUM TEMPERATURE (F)   85       105      1955
 MINIMUM TEMPERATURE (F)   56        37      1965


SUNRISE AND SUNSET
AUGUST 29 2014........SUNRISE   705 AM MDT   SUNSET   825 PM MDT
AUGUST 30 2014........SUNRISE   706 AM MDT   SUNSET   824 PM MDT


-  INDICATES NEGATIVE NUMBERS.
R  INDICATES RECORD WAS SET OR TIED.
MM INDICATES DATA IS MISSING.
T  INDICATES TRACE AMOUNT.




$$
