000
CDUS45 KBOI 280934
CLIBOI


CLIMATE REPORT
NATIONAL WEATHER SERVICE BOISE ID
333 AM MDT SAT MAR 28 2015


...................................

...THE BOISE ID CLIMATE SUMMARY FOR MARCH 27 2015...

CLIMATE NORMAL PERIOD 1981 TO 2010
CLIMATE RECORD PERIOD 1878 TO 2015


WEATHER ITEM   OBSERVED TIME   RECORD YEAR NORMAL DEPARTURE LAST
                VALUE   (LST)  VALUE       VALUE  FROM      YEAR
                                                  NORMAL
..................................................................
TEMPERATURE (F)
 YESTERDAY
  MAXIMUM         77    457 PM  78    1877  58     19       45
  MINIMUM         45    704 AM  14    1944  37      8       38
  AVERAGE         61                        47     14       42

PRECIPITATION (IN)
  YESTERDAY        0.00          1.08 1896   0.05  -0.05     0.11
  MONTH TO DATE    0.50                      1.21  -0.71     1.78
  SINCE OCT 1      8.59                      7.09   1.50     7.70
  SINCE JAN 1      2.68                      3.44  -0.76     4.79

SNOWFALL (IN)
  YESTERDAY        0.0           2.0  1920   0.0    0.0      0.0
  MONTH TO DATE    T                         1.2   -1.2       T
  SINCE OCT 1     13.3                      18.8   -5.5     14.4
  SINCE JUL 1     13.3                      18.8   -5.5     14.4
  SNOW DEPTH       0

DEGREE DAYS
 HEATING
  YESTERDAY        4                        18    -14       23
  MONTH TO DATE  425                       566   -141      514
  SINCE MAR 1    425                       566   -141      514
  SINCE JUL 1   4020                      4725   -705     4854

 COOLING
  YESTERDAY        0                         0      0        0
  MONTH TO DATE    0                         0      0        0
  SINCE MAR 1      0                         0      0        0
  SINCE JAN 1      0                         0      0        0
..................................................................


WIND (MPH)
  HIGHEST WIND SPEED    17   HIGHEST WIND DIRECTION    SE (120)
  HIGHEST GUST SPEED    22   HIGHEST GUST DIRECTION    SE (130)
  AVERAGE WIND SPEED     6.8


SKY COVER
  POSSIBLE SUNSHINE  MM
  AVERAGE SKY COVER 0.0


WEATHER CONDITIONS
 THE FOLLOWING WEATHER WAS RECORDED YESTERDAY.
  NO SIGNIFICANT WEATHER WAS OBSERVED.


RELATIVE HUMIDITY (PERCENT)
 HIGHEST    77          1200 AM
 LOWEST     26           500 PM
 AVERAGE    52

..........................................................


THE BOISE ID CLIMATE NORMALS FOR TODAY
                         NORMAL    RECORD    YEAR
 MAXIMUM TEMPERATURE (F)   58        76      1943
 MINIMUM TEMPERATURE (F)   37        17      1944


SUNRISE AND SUNSET
MARCH 28 2015.........SUNRISE   734 AM MDT   SUNSET   807 PM MDT
MARCH 29 2015.........SUNRISE   732 AM MDT   SUNSET   808 PM MDT


-  INDICATES NEGATIVE NUMBERS.
R  INDICATES RECORD WAS SET OR TIED.
MM INDICATES DATA IS MISSING.
T  INDICATES TRACE AMOUNT.




$$
