000
CDUS45 KBOI 260121
CLIBOI


CLIMATE REPORT
NATIONAL WEATHER SERVICE BOISE ID
721 PM MDT SUN JUN 25 2017


...................................

...THE BOISE ID CLIMATE SUMMARY FOR JUNE 25 2017...
VALID TODAY AS OF 0600 PM LOCAL TIME.

CLIMATE NORMAL PERIOD 1981 TO 2010
CLIMATE RECORD PERIOD 1875 TO 2017


WEATHER ITEM   OBSERVED TIME   RECORD YEAR NORMAL DEPARTURE LAST
                VALUE   (LST)  VALUE       VALUE  FROM      YEAR
                                                  NORMAL
..................................................................
TEMPERATURE (F)
 TODAY
  MAXIMUM         97    558 PM 102    1962  85     12       81
  MINIMUM         59    445 AM  38    1966  56      3       47
  AVERAGE         78                        70      8       64

PRECIPITATION (IN)
  TODAY            0.00          0.60 1998   0.02  -0.02     0.00
  MONTH TO DATE    1.27                      0.62   0.65     0.18
  SINCE OCT 1     14.56                     10.51   4.05     9.04
  SINCE JAN 1     11.06                      6.86   4.20     4.70

DEGREE DAYS
 HEATING
  TODAY            0                         1     -1        1
  MONTH TO DATE   45                        59    -14       37
  SINCE JUN 1     45                        59    -14       37
  SINCE JUL 1   5499                      5509    -10     4713

 COOLING
  TODAY           13                         6      7        0
  MONTH TO DATE  123                       102     21      165
  SINCE JUN 1    123                       102     21      165
  SINCE JAN 1    185                       146     39      196
..................................................................


WIND (MPH)
  HIGHEST WIND SPEED    14   HIGHEST WIND DIRECTION    SE (140)
  HIGHEST GUST SPEED    18   HIGHEST GUST DIRECTION    SE (140)
  AVERAGE WIND SPEED     7.3



WEATHER CONDITIONS
 THE FOLLOWING WEATHER WAS RECORDED TODAY.
  NO SIGNIFICANT WEATHER WAS OBSERVED.


RELATIVE HUMIDITY (PERCENT)
 HIGHEST    46           200 AM
 LOWEST      9           500 PM
 AVERAGE    28

..........................................................


THE BOISE ID CLIMATE NORMALS FOR TOMORROW
                         NORMAL    RECORD    YEAR
 MAXIMUM TEMPERATURE (F)   85       105      1926
 MINIMUM TEMPERATURE (F)   56        34      1976


SUNRISE AND SUNSET
JUNE 25 2017..........SUNRISE   605 AM MDT   SUNSET   930 PM MDT
JUNE 26 2017..........SUNRISE   605 AM MDT   SUNSET   930 PM MDT


-  INDICATES NEGATIVE NUMBERS.
R  INDICATES RECORD WAS SET OR TIED.
MM INDICATES DATA IS MISSING.
T  INDICATES TRACE AMOUNT.




$$
