000
CDUS45 KBOI 100933
CLIBOI


CLIMATE REPORT
NATIONAL WEATHER SERVICE BOISE ID
232 AM MST SAT DEC 10 2016


...................................

...THE BOISE ID CLIMATE SUMMARY FOR DECEMBER 9 2016...

CLIMATE NORMAL PERIOD 1981 TO 2010
CLIMATE RECORD PERIOD 1875 TO 2016


WEATHER ITEM   OBSERVED TIME   RECORD YEAR NORMAL DEPARTURE LAST
                VALUE   (LST)  VALUE       VALUE  FROM      YEAR
                                                  NORMAL
..................................................................
TEMPERATURE (F)
 YESTERDAY
  MAXIMUM         31   1159 PM  60    1875  38     -7       56
  MINIMUM         25    506 AM -21    1972  25      0       39
  AVERAGE         28                        32     -4       48

PRECIPITATION (IN)
  YESTERDAY        0.25          0.62 1909   0.05   0.20     0.01
  MONTH TO DATE    0.52                      0.45   0.07     0.56
  SINCE OCT 1      2.03                      2.55  -0.52     3.19
  SINCE JAN 1      7.21                     10.63  -3.42     9.81

SNOWFALL (IN)
  YESTERDAY        T             2.6  1947   0.2   -0.2      0.0
  MONTH TO DATE    1.5                       1.7   -0.2       T
  SINCE OCT 1      1.5                       4.4   -2.9      3.7
  SINCE JUL 1      1.5                       4.4   -2.9      3.7
  SNOW DEPTH       1

DEGREE DAYS
 HEATING
  YESTERDAY       37                        34      3       17
  MONTH TO DATE  327                       292     35      246
  SINCE DEC 1    327                       292     35      246
  SINCE JUL 1   1232                      1546   -314     1318

 COOLING
  YESTERDAY        0                         0      0        0
  MONTH TO DATE    0                         0      0        0
  SINCE DEC 1      0                         0      0        0
  SINCE JAN 1   1001                       942     59     1280
..................................................................


WIND (MPH)
  HIGHEST WIND SPEED    13   HIGHEST WIND DIRECTION    NW (330)
  HIGHEST GUST SPEED    15   HIGHEST GUST DIRECTION    NW (320)
  AVERAGE WIND SPEED     3.2


SKY COVER
  POSSIBLE SUNSHINE  MM
  AVERAGE SKY COVER 1.0


WEATHER CONDITIONS
 THE FOLLOWING WEATHER WAS RECORDED YESTERDAY.
  FREEZING RAIN
  LT FREEZING RAIN
  FOG


RELATIVE HUMIDITY (PERCENT)
 HIGHEST   100          1000 PM
 LOWEST     84           500 AM
 AVERAGE    92

..........................................................


THE BOISE ID CLIMATE NORMALS FOR TODAY
                         NORMAL    RECORD    YEAR
 MAXIMUM TEMPERATURE (F)   38        70      1939
 MINIMUM TEMPERATURE (F)   25       -23      1972


SUNRISE AND SUNSET
DECEMBER 10 2016......SUNRISE   808 AM MST   SUNSET   508 PM MST
DECEMBER 11 2016......SUNRISE   808 AM MST   SUNSET   508 PM MST


-  INDICATES NEGATIVE NUMBERS.
R  INDICATES RECORD WAS SET OR TIED.
MM INDICATES DATA IS MISSING.
T  INDICATES TRACE AMOUNT.




$$
