000
CDUS41 KBOX 250546
CLIBOS


CLIMATE REPORT
NATIONAL WEATHER SERVICE TAUNTON MA
135 AM EDT WED MAY 25 2016


...................................

...THE BOSTON MA CLIMATE SUMMARY FOR MAY 24 2016...

CLIMATE NORMAL PERIOD 1981 TO 2010
CLIMATE RECORD PERIOD 1872 TO 2016


WEATHER ITEM   OBSERVED TIME   RECORD YEAR NORMAL DEPARTURE LAST
                VALUE   (LST)  VALUE       VALUE  FROM      YEAR
                                                  NORMAL
..................................................................
TEMPERATURE (F)
 YESTERDAY
  MAXIMUM         59    132 AM  93    1964  69    -10       83
  MINIMUM         52    800 AM  36    1882  52      0       51
  AVERAGE         56                        60     -4       67

PRECIPITATION (IN)
  YESTERDAY        0.26          1.73 1951   0.13   0.13     0.00
  MONTH TO DATE    1.70                      2.60  -0.90     0.31
  SINCE MAR 1      7.77                     10.66  -2.89     5.64
  SINCE JAN 1     15.21                     17.27  -2.06    12.58

SNOWFALL (IN)
  YESTERDAY        0.0           0.0  2002   0.0    0.0      0.0
                                      2001
                                      2000
  MONTH TO DATE    0.0                       0.1   -0.1      0.0
  SINCE MAR 1     10.7                       9.8    0.9      8.6
  SINCE JUL 1     36.1                      43.9   -7.8    110.6
  SNOW DEPTH      MM

DEGREE DAYS
 HEATING
  YESTERDAY        9                         6      3        0
  MONTH TO DATE  233                       211     22      134
  SINCE MAR 1   1456                      1550    -94     1613
  SINCE JUL 1   4786                      5592   -806     5928

 COOLING
  YESTERDAY        0                         1     -1        2
  MONTH TO DATE    3                        11     -8       17
  SINCE MAR 1      6                        14     -8       17
  SINCE JAN 1      6                        14     -8       17
..................................................................


WIND (MPH)
  RESULTANT WIND SPEED   9   RESULTANT WIND DIRECTION  NE (30)
  HIGHEST WIND SPEED    20   HIGHEST WIND DIRECTION    NE (60)
  HIGHEST GUST SPEED    25   HIGHEST GUST DIRECTION    NE (50)
  AVERAGE WIND SPEED    10.3


SKY COVER
  POSSIBLE SUNSHINE  MM
  AVERAGE SKY COVER 1.0


WEATHER CONDITIONS
 THE FOLLOWING WEATHER WAS RECORDED YESTERDAY.
  HEAVY RAIN
  LIGHT RAIN
  FOG


RELATIVE HUMIDITY (PERCENT)
 HIGHEST    93          1000 AM
 LOWEST     72          1200 AM
 AVERAGE    83

..........................................................


THE BOSTON MA CLIMATE NORMALS FOR TODAY
                         NORMAL    RECORD    YEAR
 MAXIMUM TEMPERATURE (F)   69        92      2007
 MINIMUM TEMPERATURE (F)   53        40      1967


SUNRISE AND SUNSET
MAY 25 2016...........SUNRISE   514 AM EDT   SUNSET   809 PM EDT
MAY 26 2016...........SUNRISE   513 AM EDT   SUNSET   810 PM EDT


-  INDICATES NEGATIVE NUMBERS.
R  INDICATES RECORD WAS SET OR TIED.
MM INDICATES DATA IS MISSING.
T  INDICATES TRACE AMOUNT.




$$
