000
CDUS41 KBOX 270536
CLIBOS


CLIMATE REPORT
NATIONAL WEATHER SERVICE TAUNTON MA
136 AM EDT WED MAY 27 2015


...................................

...THE BOSTON MA CLIMATE SUMMARY FOR MAY 26 2015...

CLIMATE NORMAL PERIOD 1981 TO 2010
CLIMATE RECORD PERIOD 1872 TO 2015


WEATHER ITEM   OBSERVED TIME   RECORD YEAR NORMAL DEPARTURE LAST
                VALUE   (LST)  VALUE       VALUE  FROM      YEAR
                                                  NORMAL
..................................................................
TEMPERATURE (F)
 YESTERDAY
  MAXIMUM         87    345 PM  97    1880  69     18       79
  MINIMUM         64    522 AM  39    1882  53     11       55
  AVERAGE         76                        61     15       67

PRECIPITATION (IN)
  YESTERDAY        0.00          1.36 1967   0.13  -0.13     0.01
  MONTH TO DATE    0.31                      2.86  -2.55     2.19
  SINCE MAR 1      5.64                     10.92  -5.28     9.91
  SINCE JAN 1     12.58                     17.53  -4.95    17.28

SNOWFALL (IN)
  YESTERDAY        0.0           0.0  2001   0.0    0.0      0.0
                                      2000
  MONTH TO DATE    0.0                       0.1   -0.1      0.0
  SINCE MAR 1      8.6                       9.8   -1.2      2.5
  SINCE JUL 1    110.6                      43.9   66.7     58.9
  SNOW DEPTH      MM

DEGREE DAYS
 HEATING
  YESTERDAY        0                         5     -5        0
  MONTH TO DATE  134                       222    -88      158
  SINCE MAR 1   1613                      1561     52     1629
  SINCE JUL 1   5928                      5603    325     5777

 COOLING
  YESTERDAY       11                         1     10        2
  MONTH TO DATE   33                        13     20       21
  SINCE MAR 1     33                        16     17       22
  SINCE JAN 1     33                        16     17       22
..................................................................


WIND (MPH)
  RESULTANT WIND SPEED  16   RESULTANT WIND DIRECTION  SW (220)
  HIGHEST WIND SPEED    23   HIGHEST WIND DIRECTION    SW (230)
  HIGHEST GUST SPEED    28   HIGHEST GUST DIRECTION    SW (230)
  AVERAGE WIND SPEED    16.3


SKY COVER
  POSSIBLE SUNSHINE  MM
  AVERAGE SKY COVER 0.7


WEATHER CONDITIONS
 THE FOLLOWING WEATHER WAS RECORDED YESTERDAY.
  NO SIGNIFICANT WEATHER WAS OBSERVED.


RELATIVE HUMIDITY (PERCENT)
 HIGHEST    73           200 AM
 LOWEST     44           100 PM
 AVERAGE    59

..........................................................


THE BOSTON MA CLIMATE NORMALS FOR TODAY
                         NORMAL    RECORD    YEAR
 MAXIMUM TEMPERATURE (F)   70        96      1880
 MINIMUM TEMPERATURE (F)   53        39      1915


SUNRISE AND SUNSET
MAY 27 2015...........SUNRISE   513 AM EDT   SUNSET   810 PM EDT
MAY 28 2015...........SUNRISE   512 AM EDT   SUNSET   811 PM EDT


-  INDICATES NEGATIVE NUMBERS.
R  INDICATES RECORD WAS SET OR TIED.
MM INDICATES DATA IS MISSING.
T  INDICATES TRACE AMOUNT.




$$
