000
CDUS41 KBOX 290549
CLIBOS


CLIMATE REPORT
NATIONAL WEATHER SERVICE TAUNTON MA
139 AM EDT TUE JUL 29 2014


...................................

...THE BOSTON MA CLIMATE SUMMARY FOR JULY 28 2014...

CLIMATE NORMAL PERIOD 1981 TO 2010
CLIMATE RECORD PERIOD 1872 TO 2014


WEATHER ITEM   OBSERVED TIME   RECORD YEAR NORMAL DEPARTURE LAST
                VALUE   (LST)  VALUE       VALUE  FROM      YEAR
                                                  NORMAL
..................................................................
TEMPERATURE (F)
 YESTERDAY
  MAXIMUM         84    240 PM  99    1949  82      2       75
  MINIMUM         65    819 AM  54    1884  66     -1       67
  AVERAGE         75                        74      1       71

PRECIPITATION (IN)
  YESTERDAY        0.11          3.49 1911   0.13  -0.02     0.01
  MONTH TO DATE    4.57                      3.05   1.52     3.28
  SINCE JUN 1      7.19                      6.73   0.46    13.78
  SINCE JAN 1     25.14                     24.89   0.25    28.03

SNOWFALL (IN)
  YESTERDAY        0.0           0.0  2002   0.0    0.0      0.0
                                      2001
                                      2000
  MONTH TO DATE    0.0                       0.0    0.0      0.0
  SINCE JUN 1      0.0                       0.0    0.0      0.0
  SINCE JUL 1      0.0                       0.0    0.0      0.0
  SNOW DEPTH      MM

DEGREE DAYS
 HEATING
  YESTERDAY        0                         0      0        0
  MONTH TO DATE    0                         0      0        2
  SINCE JUN 1     28                        55    -27       27
  SINCE JUL 1      0                         0      0        2

 COOLING
  YESTERDAY       10                         9      1        6
  MONTH TO DATE  271                       241     30      355
  SINCE JUN 1    409                       377     32      526
  SINCE JAN 1    431                       407     24      564
..................................................................


WIND (MPH)
  RESULTANT WIND SPEED   9   RESULTANT WIND DIRECTION   S (200)
  HIGHEST WIND SPEED    23   HIGHEST WIND DIRECTION    SW (220)
  HIGHEST GUST SPEED    29   HIGHEST GUST DIRECTION    SW (240)
  AVERAGE WIND SPEED    10.5


SKY COVER
  POSSIBLE SUNSHINE  MM
  AVERAGE SKY COVER 0.7


WEATHER CONDITIONS
 THE FOLLOWING WEATHER WAS RECORDED YESTERDAY.
  THUNDERSTORM
  HEAVY RAIN
  RAIN
  LIGHT RAIN
  FOG


RELATIVE HUMIDITY (PERCENT)
 HIGHEST   100           300 AM
 LOWEST     54           700 PM
 AVERAGE    77

..........................................................


THE BOSTON MA CLIMATE NORMALS FOR TODAY
                         NORMAL    RECORD    YEAR
 MAXIMUM TEMPERATURE (F)   82        97      1933
                                             1931
 MINIMUM TEMPERATURE (F)   66        55      1880


SUNRISE AND SUNSET
JULY 29 2014..........SUNRISE   534 AM EDT   SUNSET   807 PM EDT
JULY 30 2014..........SUNRISE   535 AM EDT   SUNSET   806 PM EDT


-  INDICATES NEGATIVE NUMBERS.
R  INDICATES RECORD WAS SET OR TIED.
MM INDICATES DATA IS MISSING.
T  INDICATES TRACE AMOUNT.




$$
