000
CDUS41 KBOX 280600
CLIBOS


CLIMATE REPORT
NATIONAL WEATHER SERVICE TAUNTON MA
157 AM EDT SAT MAR 28 2015


...................................

...THE BOSTON MA CLIMATE SUMMARY FOR MARCH 27 2015...

CLIMATE NORMAL PERIOD 1981 TO 2010
CLIMATE RECORD PERIOD 1872 TO 2015


WEATHER ITEM   OBSERVED TIME   RECORD YEAR NORMAL DEPARTURE LAST
                VALUE   (LST)  VALUE       VALUE  FROM      YEAR
                                                  NORMAL
..................................................................
TEMPERATURE (F)
 YESTERDAY
  MAXIMUM         44   1217 AM  79    1998  49     -5       46
  MINIMUM         37   1111 PM  16    1873  34      3       21
  AVERAGE         41                        41      0       34

PRECIPITATION (IN)
  YESTERDAY        0.21          1.13 1913   0.15   0.06     0.00
  MONTH TO DATE    2.93                      3.76  -0.83     0.82
  SINCE MAR 1      2.93                      3.76  -0.83     0.82
  SINCE JAN 1      9.87                     10.37  -0.50     8.19

SNOWFALL (IN)
  YESTERDAY        0.0           2.6  1959   0.2   -0.2      0.0
  MONTH TO DATE    8.3                       7.2    1.1      2.2
  SINCE MAR 1      8.3                       7.2    1.1      2.2
  SINCE JUL 1    110.3                      41.3   69.0     58.6
  SNOW DEPTH      MM

DEGREE DAYS
 HEATING
  YESTERDAY       24                        24      0       31
  MONTH TO DATE  868                       738    130      882
  SINCE MAR 1    868                       738    130      882
  SINCE JUL 1   5183                      4780    403     5030

 COOLING
  YESTERDAY        0                         0      0        0
  MONTH TO DATE    0                         0      0        0
  SINCE MAR 1      0                         0      0        0
  SINCE JAN 1      0                         0      0        0
..................................................................


WIND (MPH)
  RESULTANT WIND SPEED   3   RESULTANT WIND DIRECTION   N (10)
  HIGHEST WIND SPEED    13   HIGHEST WIND DIRECTION    NE (30)
  HIGHEST GUST SPEED    15   HIGHEST GUST DIRECTION     N (350)
  AVERAGE WIND SPEED     5.3


SKY COVER
  POSSIBLE SUNSHINE  MM
  AVERAGE SKY COVER 0.9


WEATHER CONDITIONS
 THE FOLLOWING WEATHER WAS RECORDED YESTERDAY.
  LIGHT RAIN
  FOG


RELATIVE HUMIDITY (PERCENT)
 HIGHEST    96           200 AM
 LOWEST     79           400 PM
 AVERAGE    88

..........................................................


THE BOSTON MA CLIMATE NORMALS FOR TODAY
                         NORMAL    RECORD    YEAR
 MAXIMUM TEMPERATURE (F)   49        85      1998
 MINIMUM TEMPERATURE (F)   35        11      1923


SUNRISE AND SUNSET
MARCH 28 2015.........SUNRISE   634 AM EDT   SUNSET   705 PM EDT
MARCH 29 2015.........SUNRISE   632 AM EDT   SUNSET   706 PM EDT


-  INDICATES NEGATIVE NUMBERS.
R  INDICATES RECORD WAS SET OR TIED.
MM INDICATES DATA IS MISSING.
T  INDICATES TRACE AMOUNT.




$$
