000
CDUS41 KBOX 190543
CLIBOS


CLIMATE REPORT
NATIONAL WEATHER SERVICE TAUNTON MA
1238 AM EST FRI DEC 19 2014


...................................

...THE BOSTON MA CLIMATE SUMMARY FOR DECEMBER 18 2014...

CLIMATE NORMAL PERIOD 1981 TO 2010
CLIMATE RECORD PERIOD 1872 TO 2014


WEATHER ITEM   OBSERVED TIME   RECORD YEAR NORMAL DEPARTURE LAST
                VALUE   (LST)  VALUE       VALUE  FROM      YEAR
                                                  NORMAL
..................................................................
TEMPERATURE (F)
 YESTERDAY
  MAXIMUM         44    222 PM  61    1990  40      4       36
                                      1928
                                      1915
  MINIMUM         36    838 AM  -6    1919  27      9       19
  AVERAGE         40                        34      6       28

PRECIPITATION (IN)
  YESTERDAY        0.01          1.44 1951   0.12  -0.11      T
  MONTH TO DATE    5.55                      2.29   3.26     2.56
  SINCE DEC 1      5.55                      2.29   3.26     2.56
  SINCE JAN 1     44.24                     42.28   1.96    38.30

SNOWFALL (IN)
  YESTERDAY        0.0           4.0  1904   0.4   -0.4       T
  MONTH TO DATE    0.3                       4.4   -4.1     11.4
  SINCE DEC 1      0.3                       4.4   -4.1     11.4
  SINCE JUL 1      2.9                       5.7   -2.8     11.4
  SNOW DEPTH      MM

DEGREE DAYS
 HEATING
  YESTERDAY       25                        31     -6       37
  MONTH TO DATE  478                       507    -29      581
  SINCE DEC 1    478                       507    -29      581
  SINCE JUL 1   1491                      1562    -71     1597

 COOLING
  YESTERDAY        0                         0      0        0
  MONTH TO DATE    0                         0      0        0
  SINCE DEC 1      0                         0      0        0
  SINCE JAN 1    769                       747     22      920
..................................................................


WIND (MPH)
  RESULTANT WIND SPEED  13   RESULTANT WIND DIRECTION   W (280)
  HIGHEST WIND SPEED    23   HIGHEST WIND DIRECTION     W (290)
  HIGHEST GUST SPEED    30   HIGHEST GUST DIRECTION     W (280)
  AVERAGE WIND SPEED    13.7


SKY COVER
  POSSIBLE SUNSHINE  MM
  AVERAGE SKY COVER 0.9


WEATHER CONDITIONS
 THE FOLLOWING WEATHER WAS RECORDED YESTERDAY.
  LIGHT RAIN


RELATIVE HUMIDITY (PERCENT)
 HIGHEST    89           800 AM
 LOWEST     57           100 PM
 AVERAGE    73

..........................................................


THE BOSTON MA CLIMATE NORMALS FOR TODAY
                         NORMAL    RECORD    YEAR
 MAXIMUM TEMPERATURE (F)   40        64      1899
 MINIMUM TEMPERATURE (F)   27       -10      1875


SUNRISE AND SUNSET
DECEMBER 19 2014......SUNRISE   709 AM EST   SUNSET   414 PM EST
DECEMBER 20 2014......SUNRISE   709 AM EST   SUNSET   414 PM EST


-  INDICATES NEGATIVE NUMBERS.
R  INDICATES RECORD WAS SET OR TIED.
MM INDICATES DATA IS MISSING.
T  INDICATES TRACE AMOUNT.




$$
