271
CDUS41 KBOX 240542
CLIBOS


CLIMATE REPORT
NATIONAL WEATHER SERVICE TAUNTON MA
1236 AM EST TUE JAN 24 2017


...................................

...THE BOSTON MA CLIMATE SUMMARY FOR JANUARY 23 2017...

CLIMATE NORMAL PERIOD 1981 TO 2010
CLIMATE RECORD PERIOD 1872 TO 2017


WEATHER ITEM   OBSERVED TIME   RECORD YEAR NORMAL DEPARTURE LAST
                VALUE   (LST)  VALUE       VALUE  FROM      YEAR
                                                  NORMAL
..................................................................
TEMPERATURE (F)
 YESTERDAY
  MAXIMUM         40   1255 AM  68    1906  36      4       32
  MINIMUM         35    346 PM  -6    1882  22     13       20
  AVERAGE         38                        29      9       26

PRECIPITATION (IN)
  YESTERDAY        0.31          1.48 1966   0.11   0.20     0.37
  MONTH TO DATE    3.03                      2.52   0.51     3.27
  SINCE DEC 1      6.28                      6.30  -0.02     7.55
  SINCE JAN 1      3.03                      2.52   0.51     3.27

SNOWFALL (IN)
  YESTERDAY        T            13.4  2005   0.3   -0.3      6.1
  MONTH TO DATE    8.3                       9.7   -1.4      9.5
  SINCE DEC 1     14.2                      18.7   -4.5     10.4
  SINCE JUL 1     14.2                      20.0   -5.8     10.4
  SNOW DEPTH       0

DEGREE DAYS
 HEATING
  YESTERDAY       27                        36     -9       39
  MONTH TO DATE  689                       824   -135      773
  SINCE DEC 1   1605                      1763   -158     1376
  SINCE JUL 1   2520                      2818   -298     2231

 COOLING
  YESTERDAY        0                         0      0        0
  MONTH TO DATE    0                         0      0        0
  SINCE DEC 1      0                         0      0        0
  SINCE JAN 1      0                         0      0        0
..................................................................


WIND (MPH)
  RESULTANT WIND SPEED  26   RESULTANT WIND DIRECTION  NE (60)
  HIGHEST WIND SPEED    38   HIGHEST WIND DIRECTION    NE (50)
  HIGHEST GUST SPEED    46   HIGHEST GUST DIRECTION    NE (40)
  AVERAGE WIND SPEED    25.3


SKY COVER
  POSSIBLE SUNSHINE  MM
  AVERAGE SKY COVER 1.0


WEATHER CONDITIONS
 THE FOLLOWING WEATHER WAS RECORDED YESTERDAY.
  RAIN
  LIGHT RAIN
  SNOW
  LIGHT SNOW
  FOG


RELATIVE HUMIDITY (PERCENT)
 HIGHEST   100          1100 PM
 LOWEST     76           400 AM
 AVERAGE    88

..........................................................


THE BOSTON MA CLIMATE NORMALS FOR TODAY
                         NORMAL    RECORD    YEAR
 MAXIMUM TEMPERATURE (F)   36        62      1999
 MINIMUM TEMPERATURE (F)   22       -13      1882


SUNRISE AND SUNSET
JANUARY 24 2017.......SUNRISE   705 AM EST   SUNSET   448 PM EST
JANUARY 25 2017.......SUNRISE   704 AM EST   SUNSET   449 PM EST


-  INDICATES NEGATIVE NUMBERS.
R  INDICATES RECORD WAS SET OR TIED.
MM INDICATES DATA IS MISSING.
T  INDICATES TRACE AMOUNT.




$$
