000
CDUS41 KBOX 190608
CLIBOS


CLIMATE REPORT
NATIONAL WEATHER SERVICE TAUNTON MA
202 AM EDT SAT AUG 19 2017


...................................

...THE BOSTON MA CLIMATE SUMMARY FOR AUGUST 18 2017...

CLIMATE NORMAL PERIOD 1981 TO 2010
CLIMATE RECORD PERIOD 1872 TO 2017


WEATHER ITEM   OBSERVED TIME   RECORD YEAR NORMAL DEPARTURE LAST
                VALUE   (LST)  VALUE       VALUE  FROM      YEAR
                                                  NORMAL
..................................................................
TEMPERATURE (F)
 YESTERDAY
  MAXIMUM         81    134 PM  95    2009  80      1       90
                                      2002
  MINIMUM         65    408 AM  53    1918  65      0       69
  AVERAGE         73                        72      1       80

PRECIPITATION (IN)
  YESTERDAY        0.24          4.88 1955   0.11   0.13      T
  MONTH TO DATE    1.46                      2.06  -0.60     0.82
  SINCE JUN 1     10.34                      9.17   1.17     3.02
  SINCE JAN 1     31.17                     27.33   3.84    19.36

SNOWFALL (IN)
  YESTERDAY        0.0           0.0  2002   0.0    0.0      0.0
                                      2001
                                      2000
  MONTH TO DATE    0.0                       0.0    0.0      0.0
  SINCE JUN 1      0.0                       0.0    0.0      0.0
  SINCE JUL 1      0.0                       0.0    0.0      0.0
  SNOW DEPTH      MM

DEGREE DAYS
 HEATING
  YESTERDAY        0                         0      0        0
  MONTH TO DATE    0                         0      0        0
  SINCE JUN 1     60                        61     -1       24
  SINCE JUL 1     10                         6      4        7

 COOLING
  YESTERDAY        8                         7      1       15
  MONTH TO DATE  147                       146      1      229
  SINCE JUN 1    588                       548     40      716
  SINCE JAN 1    648                       578     70      761
..................................................................


WIND (MPH)
  RESULTANT WIND SPEED  10   RESULTANT WIND DIRECTION   S (180)
  HIGHEST WIND SPEED    23   HIGHEST WIND DIRECTION     S (190)
  HIGHEST GUST SPEED    28   HIGHEST GUST DIRECTION     S (200)
  AVERAGE WIND SPEED    10.7


SKY COVER
  POSSIBLE SUNSHINE  MM
  AVERAGE SKY COVER 0.8


WEATHER CONDITIONS
 THE FOLLOWING WEATHER WAS RECORDED YESTERDAY.
  LIGHT RAIN
  FOG


RELATIVE HUMIDITY (PERCENT)
 HIGHEST   100           900 PM
 LOWEST     67           200 PM
 AVERAGE    84

..........................................................


THE BOSTON MA CLIMATE NORMALS FOR TODAY
                         NORMAL    RECORD    YEAR
 MAXIMUM TEMPERATURE (F)   79        92      1983
                                             1966
                                             1906
 MINIMUM TEMPERATURE (F)   65        51      1882


SUNRISE AND SUNSET
AUGUST 19 2017........SUNRISE   556 AM EDT   SUNSET   739 PM EDT
AUGUST 20 2017........SUNRISE   557 AM EDT   SUNSET   737 PM EDT


-  INDICATES NEGATIVE NUMBERS.
R  INDICATES RECORD WAS SET OR TIED.
MM INDICATES DATA IS MISSING.
T  INDICATES TRACE AMOUNT.




$$
