000
CDUS45 KRIW 280030
CLIBPI


CLIMATE REPORT
NATIONAL WEATHER SERVICE RIVERTON WY
629 PM MDT SAT MAY 27 2017


...................................

...THE BIG PINEY WY CLIMATE SUMMARY FOR MAY 27 2017...
VALID TODAY AS OF 0500 PM LOCAL TIME.

CLIMATE NORMAL PERIOD 1981 TO 2010
CLIMATE RECORD PERIOD 1976 TO 2017


WEATHER ITEM   OBSERVED TIME   RECORD YEAR NORMAL DEPARTURE LAST
                VALUE   (LST)  VALUE       VALUE  FROM      YEAR
                                                  NORMAL
..................................................................
TEMPERATURE (F)
 TODAY
  MAXIMUM         61        MM  82    2003  65     -4       60
  MINIMUM         29    400 AM  25    2011  33     -4       33
                                      1983
  AVERAGE         45

PRECIPITATION (IN)
  TODAY            0.00          0.23 1987   0.03  -0.03     0.11
  MONTH TO DATE    1.10                      0.73   0.37     3.96
  SINCE MAR 1      3.72                      1.70   2.02     5.85
  SINCE JAN 1      5.46                      2.36   3.10     6.02

DEGREE DAYS
 HEATING
  TODAY           20                        16      4       18
  MONTH TO DATE  517                       535    -18      541
  SINCE MAR 1   2480                      2543    -63     2349
  SINCE JUL 1   9910                     10066   -156     9203

 COOLING
  TODAY            0                         0      0        0
  MONTH TO DATE    0                         0      0        0
  SINCE MAR 1      0                         0      0        0
  SINCE JAN 1      0                         0      0        0
..................................................................


WIND (MPH)
  HIGHEST WIND SPEED    20   HIGHEST WIND DIRECTION     N (350)
  HIGHEST GUST SPEED    25   HIGHEST GUST DIRECTION     N (350)
  AVERAGE WIND SPEED     9.9


SKY COVER
  POSSIBLE SUNSHINE  MM
  AVERAGE SKY COVER 0.3


WEATHER CONDITIONS
 THE FOLLOWING WEATHER WAS RECORDED TODAY.
  NO SIGNIFICANT WEATHER WAS OBSERVED.


RELATIVE HUMIDITY (PERCENT)
 HIGHEST    92           100 AM
 LOWEST     27          1200 PM
 AVERAGE    60

..........................................................


THE BIG PINEY WY CLIMATE NORMALS FOR TOMORROW
                         NORMAL    RECORD    YEAR
 MAXIMUM TEMPERATURE (F)   66        86      2003
 MINIMUM TEMPERATURE (F)   33        18      1977


SUNRISE AND SUNSET
MAY 27 2017...........SUNRISE   548 AM MDT   SUNSET   848 PM MDT
MAY 28 2017...........SUNRISE   547 AM MDT   SUNSET   848 PM MDT


-  INDICATES NEGATIVE NUMBERS.
R  INDICATES RECORD WAS SET OR TIED.
MM INDICATES DATA IS MISSING.
T  INDICATES TRACE AMOUNT.




$$
