000
CDUS45 KRIW 220742
CLIBPI


CLIMATE REPORT
NATIONAL WEATHER SERVICE RIVERTON WY
127 AM MDT SAT JUL 22 2017


...................................

...THE BIG PINEY WY CLIMATE SUMMARY FOR JULY 21 2017...

CLIMATE NORMAL PERIOD 1981 TO 2010
CLIMATE RECORD PERIOD 1976 TO 2017


WEATHER ITEM   OBSERVED TIME   RECORD YEAR NORMAL DEPARTURE LAST
                VALUE   (LST)  VALUE       VALUE  FROM      YEAR
                                                  NORMAL
..................................................................
TEMPERATURE (F)
 YESTERDAY
  MAXIMUM         84    337 PM  93    2005  82      2       92
  MINIMUM         49   1153 PM  31    1987  44      5       41
  AVERAGE         67                        63      4       67

PRECIPITATION (IN)
  YESTERDAY        0.37R         0.31 2010   0.03   0.34      T
  MONTH TO DATE    0.74                      0.43   0.31     0.12
  SINCE JUN 1      0.88                      1.22  -0.34     0.85
  SINCE JAN 1      6.34                      3.69   2.65     6.90

DEGREE DAYS
 HEATING
  YESTERDAY        0                         3     -3        0
  MONTH TO DATE   17                        85    -68       97
  SINCE JUN 1    288                       390   -102      275
  SINCE JUL 1     17                        85    -68       97

 COOLING
  YESTERDAY        2                         1      1        2
  MONTH TO DATE   23                        13     10        6
  SINCE JUN 1     24                        15      9        7
  SINCE JAN 1     24                        15      9        7
..................................................................


WIND (MPH)
  HIGHEST WIND SPEED    20   HIGHEST WIND DIRECTION    NW (310)
  HIGHEST GUST SPEED    24   HIGHEST GUST DIRECTION    NW (310)
  AVERAGE WIND SPEED     5.8


SKY COVER
  POSSIBLE SUNSHINE  MM
  AVERAGE SKY COVER 0.3


WEATHER CONDITIONS
 THE FOLLOWING WEATHER WAS RECORDED YESTERDAY.
  THUNDERSTORM
  HEAVY RAIN
  LIGHT RAIN
  FOG


RELATIVE HUMIDITY (PERCENT)
 HIGHEST   100           100 AM
 LOWEST     16           500 PM
 AVERAGE    58

..........................................................


THE BIG PINEY WY CLIMATE NORMALS FOR TODAY
                         NORMAL    RECORD    YEAR
 MAXIMUM TEMPERATURE (F)   82        91      2006
                                             2003
 MINIMUM TEMPERATURE (F)   44        31      1978


SUNRISE AND SUNSET
JULY 22 2017..........SUNRISE   603 AM MDT   SUNSET   850 PM MDT
JULY 23 2017..........SUNRISE   604 AM MDT   SUNSET   849 PM MDT


-  INDICATES NEGATIVE NUMBERS.
R  INDICATES RECORD WAS SET OR TIED.
MM INDICATES DATA IS MISSING.
T  INDICATES TRACE AMOUNT.




$$
