000
CDUS45 KRIW 280733
CLIBPI


CLIMATE REPORT
NATIONAL WEATHER SERVICE RIVERTON WY
1233 AM MST WED JAN 28 2015


...................................

...THE BIG PINEY WY CLIMATE SUMMARY FOR JANUARY 27 2015...

CLIMATE NORMAL PERIOD 1981 TO 2010
CLIMATE RECORD PERIOD 1976 TO 2015


WEATHER ITEM   OBSERVED TIME   RECORD YEAR NORMAL DEPARTURE LAST
                VALUE   (LST)  VALUE       VALUE  FROM      YEAR
                                                  NORMAL
..................................................................
TEMPERATURE (F)
 YESTERDAY
  MAXIMUM         39    241 PM  44    1988  26     13       32
                                      1987
  MINIMUM         10    650 AM -29    2009  -2     12        2
  AVERAGE         25                        11     14       17

PRECIPITATION (IN)
  YESTERDAY        0.00          0.11 1996   0.01  -0.01      T
  MONTH TO DATE    0.01                      0.28  -0.27     0.01
  SINCE DEC 1      0.13                      0.58  -0.45     0.20
  SINCE JAN 1      0.01                      0.28  -0.27     0.01

DEGREE DAYS
 HEATING
  YESTERDAY       40                        54    -14       48
  MONTH TO DATE 1277                      1458   -181     1275
  SINCE DEC 1   2661                      3082   -421     2929
  SINCE JUL 1   4889                      5897  -1008     5394

 COOLING
  YESTERDAY        0                         0      0        0
  MONTH TO DATE    0                         0      0        0
  SINCE DEC 1      0                         0      0        0
  SINCE JAN 1      0                         0      0        0
..................................................................


WIND (MPH)
  HIGHEST WIND SPEED    10   HIGHEST WIND DIRECTION     E (70)
  HIGHEST GUST SPEED    11   HIGHEST GUST DIRECTION     W (290)
  AVERAGE WIND SPEED     3.4


SKY COVER
  POSSIBLE SUNSHINE  MM
  AVERAGE SKY COVER 0.2


WEATHER CONDITIONS
 THE FOLLOWING WEATHER WAS RECORDED YESTERDAY.
  NO SIGNIFICANT WEATHER WAS OBSERVED.


RELATIVE HUMIDITY (PERCENT)
 HIGHEST    92           100 AM
 LOWEST     54           200 PM
 AVERAGE    73

..........................................................


THE BIG PINEY WY CLIMATE NORMALS FOR TODAY
                         NORMAL    RECORD    YEAR
 MAXIMUM TEMPERATURE (F)   26        39      1981
 MINIMUM TEMPERATURE (F)   -2       -23      1985


SUNRISE AND SUNSET
JANUARY 28 2015.......SUNRISE   739 AM MST   SUNSET   529 PM MST
JANUARY 29 2015.......SUNRISE   738 AM MST   SUNSET   530 PM MST


-  INDICATES NEGATIVE NUMBERS.
R  INDICATES RECORD WAS SET OR TIED.
MM INDICATES DATA IS MISSING.
T  INDICATES TRACE AMOUNT.




$$
