000
CDUS45 KRIW 260736
CLIBPI


CLIMATE REPORT
NATIONAL WEATHER SERVICE RIVERTON WY
136 AM MDT TUE MAY 26 2015


...................................

...THE BIG PINEY WY CLIMATE SUMMARY FOR MAY 25 2015...

CLIMATE NORMAL PERIOD 1981 TO 2010
CLIMATE RECORD PERIOD 1976 TO 2015


WEATHER ITEM   OBSERVED TIME   RECORD YEAR NORMAL DEPARTURE LAST
                VALUE   (LST)  VALUE       VALUE  FROM      YEAR
                                                  NORMAL
..................................................................
TEMPERATURE (F)
 YESTERDAY
  MAXIMUM         54    628 PM  78    2006  65    -11       73
                                      2001
  MINIMUM         38   1159 PM  21    2004  33      5       37
                                      1990
                                      1989
  AVERAGE         46                        48     -2       55

PRECIPITATION (IN)
  YESTERDAY        0.17          0.40 1984   0.02   0.15     0.00
  MONTH TO DATE    2.05                      0.67   1.38     0.73
  SINCE MAR 1      2.67                      1.64   1.03     1.10
  SINCE JAN 1      2.73                      2.30   0.43     1.14

DEGREE DAYS
 HEATING
  YESTERDAY       19                        17      2       10
  MONTH TO DATE  487                       503    -16      456
  SINCE MAR 1   2197                      2511   -314     2374
  SINCE JUL 1   8297                     10034  -1737     9318

 COOLING
  YESTERDAY        0                         0      0        0
  MONTH TO DATE    0                         0      0        0
  SINCE MAR 1      0                         0      0        0
  SINCE JAN 1      0                         0      0        0
..................................................................


WIND (MPH)
  HIGHEST WIND SPEED    26   HIGHEST WIND DIRECTION    NW (300)
  HIGHEST GUST SPEED    32   HIGHEST GUST DIRECTION    NW (300)
  AVERAGE WIND SPEED     5.0


SKY COVER
  POSSIBLE SUNSHINE  MM
  AVERAGE SKY COVER 0.7


WEATHER CONDITIONS
 THE FOLLOWING WEATHER WAS RECORDED YESTERDAY.
  HEAVY RAIN
  RAIN
  LIGHT RAIN
  FOG


RELATIVE HUMIDITY (PERCENT)
 HIGHEST    93           200 AM
 LOWEST     54           600 PM
 AVERAGE    74

..........................................................


THE BIG PINEY WY CLIMATE NORMALS FOR TODAY
                         NORMAL    RECORD    YEAR
 MAXIMUM TEMPERATURE (F)   65        80      2003
 MINIMUM TEMPERATURE (F)   33        23      1977


SUNRISE AND SUNSET
MAY 26 2015...........SUNRISE   549 AM MDT   SUNSET   846 PM MDT
MAY 27 2015...........SUNRISE   548 AM MDT   SUNSET   847 PM MDT


-  INDICATES NEGATIVE NUMBERS.
R  INDICATES RECORD WAS SET OR TIED.
MM INDICATES DATA IS MISSING.
T  INDICATES TRACE AMOUNT.




$$
