000
CDUS45 KRIW 240748
CLIBPI


CLIMATE REPORT
NATIONAL WEATHER SERVICE RIVERTON WY
129 AM MDT FRI MAR 24 2017


...................................

...THE BIG PINEY WY CLIMATE SUMMARY FOR MARCH 23 2017...

CLIMATE NORMAL PERIOD 1981 TO 2010
CLIMATE RECORD PERIOD 1976 TO 2017


WEATHER ITEM   OBSERVED TIME   RECORD YEAR NORMAL DEPARTURE LAST
                VALUE   (LST)  VALUE       VALUE  FROM      YEAR
                                                  NORMAL
..................................................................
TEMPERATURE (F)
 YESTERDAY
  MAXIMUM         36    627 PM  67    2012  45     -9       42
  MINIMUM         30   1159 PM   1    2013  16     14       24
  AVERAGE         33                        30      3       33

PRECIPITATION (IN)
  YESTERDAY        0.57R         0.50 2005   0.01   0.56     0.00
  MONTH TO DATE    1.01                      0.29   0.72     0.36
  SINCE MAR 1      1.01                      0.29   0.72     0.36
  SINCE JAN 1      2.75                      0.95   1.80     0.53

DEGREE DAYS
 HEATING
  YESTERDAY       32                        35     -3       32
  MONTH TO DATE  881                       907    -26      800
  SINCE MAR 1    881                       907    -26      800
  SINCE JUL 1   8311                      8430   -119     7654

 COOLING
  YESTERDAY        0                         0      0        0
  MONTH TO DATE    0                         0      0        0
  SINCE MAR 1      0                         0      0        0
  SINCE JAN 1      0                         0      0        0
..................................................................


WIND (MPH)
  HIGHEST WIND SPEED    22   HIGHEST WIND DIRECTION     N (350)
  HIGHEST GUST SPEED    31   HIGHEST GUST DIRECTION    SE (120)
  AVERAGE WIND SPEED     9.4


SKY COVER
  POSSIBLE SUNSHINE  MM
  AVERAGE SKY COVER 0.6


WEATHER CONDITIONS
 THE FOLLOWING WEATHER WAS RECORDED YESTERDAY.
  LIGHT RAIN
  LIGHT SNOW
  FOG


RELATIVE HUMIDITY (PERCENT)
 HIGHEST   100           500 AM
 LOWEST     78          1100 PM
 AVERAGE    89

..........................................................


THE BIG PINEY WY CLIMATE NORMALS FOR TODAY
                         NORMAL    RECORD    YEAR
 MAXIMUM TEMPERATURE (F)   45        63      2012
 MINIMUM TEMPERATURE (F)   17        -3      2013


SUNRISE AND SUNSET
MARCH 24 2017.........SUNRISE   716 AM MDT   SUNSET   738 PM MDT
MARCH 25 2017.........SUNRISE   714 AM MDT   SUNSET   739 PM MDT


-  INDICATES NEGATIVE NUMBERS.
R  INDICATES RECORD WAS SET OR TIED.
MM INDICATES DATA IS MISSING.
T  INDICATES TRACE AMOUNT.




$$
