000
CDUS45 KRIW 300734
CLIBPI


CLIMATE REPORT
NATIONAL WEATHER SERVICE RIVERTON WY
131 AM MDT TUE JUN 30 2015


...................................

...THE BIG PINEY WY CLIMATE SUMMARY FOR JUNE 29 2015...

CLIMATE NORMAL PERIOD 1981 TO 2010
CLIMATE RECORD PERIOD 1976 TO 2015


WEATHER ITEM   OBSERVED TIME   RECORD YEAR NORMAL DEPARTURE LAST
                VALUE   (LST)  VALUE       VALUE  FROM      YEAR
                                                  NORMAL
..................................................................
TEMPERATURE (F)
 YESTERDAY
  MAXIMUM         88    312 PM  90    2007  77     11       77
  MINIMUM         49    511 AM  31    1999  41      8       33
  AVERAGE         69                        59     10       55

PRECIPITATION (IN)
  YESTERDAY        0.00          0.31 2004   0.02  -0.02     0.00
  MONTH TO DATE    0.23                      0.77  -0.54     0.18
  SINCE JUN 1      0.23                      0.77  -0.54     0.18
  SINCE JAN 1      3.21                      3.24  -0.03     1.33

DEGREE DAYS
 HEATING
  YESTERDAY        0                         6     -6       10
  MONTH TO DATE  135                       298   -163      341
  SINCE JUN 1    135                       298   -163      341
  SINCE JUL 1   8524                     10424  -1900     9700

 COOLING
  YESTERDAY        4                         0      4        0
  MONTH TO DATE   15                         0     15        0
  SINCE JUN 1     15                         0     15        0
  SINCE JAN 1     15                         0     15        0
..................................................................


WIND (MPH)
  HIGHEST WIND SPEED    23   HIGHEST WIND DIRECTION     N (10)
  HIGHEST GUST SPEED    31   HIGHEST GUST DIRECTION     N (10)
  AVERAGE WIND SPEED     5.8


SKY COVER
  POSSIBLE SUNSHINE  MM
  AVERAGE SKY COVER 0.0


WEATHER CONDITIONS
 THE FOLLOWING WEATHER WAS RECORDED YESTERDAY.
  NO SIGNIFICANT WEATHER WAS OBSERVED.


RELATIVE HUMIDITY (PERCENT)
 HIGHEST    71           300 AM
 LOWEST     18           300 PM
 AVERAGE    45

..........................................................


THE BIG PINEY WY CLIMATE NORMALS FOR TODAY
                         NORMAL    RECORD    YEAR
 MAXIMUM TEMPERATURE (F)   77        92      2013
 MINIMUM TEMPERATURE (F)   41        30      1993


SUNRISE AND SUNSET
JUNE 30 2015..........SUNRISE   546 AM MDT   SUNSET   902 PM MDT
JULY  1 2015..........SUNRISE   547 AM MDT   SUNSET   902 PM MDT


-  INDICATES NEGATIVE NUMBERS.
R  INDICATES RECORD WAS SET OR TIED.
MM INDICATES DATA IS MISSING.
T  INDICATES TRACE AMOUNT.




$$
