000
CDUS45 KRIW 160735
CLIBPI


CLIMATE REPORT
NATIONAL WEATHER SERVICE RIVERTON WY
1234 AM MST SAT DEC 16 2017


...................................

...THE BIG PINEY WY CLIMATE SUMMARY FOR DECEMBER 15 2017...

CLIMATE NORMAL PERIOD 1981 TO 2010
CLIMATE RECORD PERIOD 1976 TO 2017


WEATHER ITEM   OBSERVED TIME   RECORD YEAR NORMAL DEPARTURE LAST
                VALUE   (LST)  VALUE       VALUE  FROM      YEAR
                                                  NORMAL
..................................................................
TEMPERATURE (F)
 YESTERDAY
  MAXIMUM         39    334 PM  45    1998  26     13       40
  MINIMUM          5    210 AM -20    2007   0      5       10
  AVERAGE         22                        12     10       25

PRECIPITATION (IN)
  YESTERDAY        0.00          1.05 1983   0.01  -0.01      T
  MONTH TO DATE    T                         0.13  -0.13     0.28
  SINCE DEC 1      T                         0.13  -0.13     0.28
  SINCE JAN 1      9.08                      6.31   2.77    12.32

DEGREE DAYS
 HEATING
  YESTERDAY       43                        53    -10       40
  MONTH TO DATE  577                       767   -190      801
  SINCE DEC 1    577                       767   -190      801
  SINCE JUL 1   3133                      3582   -449     3250

 COOLING
  YESTERDAY        0                         0      0        0
  MONTH TO DATE    0                         0      0        0
  SINCE DEC 1      0                         0      0        0
  SINCE JAN 1     27                        35     -8       23
..................................................................


WIND (MPH)
  HIGHEST WIND SPEED    10   HIGHEST WIND DIRECTION     N (20)
  HIGHEST GUST SPEED    11   HIGHEST GUST DIRECTION     N (20)
  AVERAGE WIND SPEED     3.5


SKY COVER
  POSSIBLE SUNSHINE  MM
  AVERAGE SKY COVER 0.0


WEATHER CONDITIONS
 THE FOLLOWING WEATHER WAS RECORDED YESTERDAY.
  NO SIGNIFICANT WEATHER WAS OBSERVED.


RELATIVE HUMIDITY (PERCENT)
 HIGHEST    88           300 AM
 LOWEST     35           300 PM
 AVERAGE    62

..........................................................


THE BIG PINEY WY CLIMATE NORMALS FOR TODAY
                         NORMAL    RECORD    YEAR
 MAXIMUM TEMPERATURE (F)   26        47      1998
 MINIMUM TEMPERATURE (F)    0       -15      1992


SUNRISE AND SUNSET
DECEMBER 16 2017......SUNRISE   744 AM MST   SUNSET   448 PM MST
DECEMBER 17 2017......SUNRISE   745 AM MST   SUNSET   449 PM MST


-  INDICATES NEGATIVE NUMBERS.
R  INDICATES RECORD WAS SET OR TIED.
MM INDICATES DATA IS MISSING.
T  INDICATES TRACE AMOUNT.




$$
