901
CDUS44 KLCH 220811
CLIBPT


CLIMATE REPORT
NATIONAL WEATHER SERVICE LAKE CHARLES, LA
311 AM CDT FRI MAY 22 2015


...................................

...THE BEAUMONT PORT ARTHUR CLIMATE SUMMARY FOR MAY 21 2015...

CLIMATE NORMAL PERIOD 1981 TO 2010
CLIMATE RECORD PERIOD 1901 TO 2015


WEATHER ITEM   OBSERVED TIME   RECORD YEAR NORMAL DEPARTURE LAST
                VALUE   (LST)  VALUE       VALUE  FROM      YEAR
                                                  NORMAL
..................................................................
TEMPERATURE (F)
 YESTERDAY
  MAXIMUM         88   1051 AM  97    2005  86      2       87
  MINIMUM         70   1159 PM  55    1981  68      2       67
  AVERAGE         79                        77      2       77

PRECIPITATION (IN)
  YESTERDAY        1.61          2.00 1947   0.16   1.45     0.00
  MONTH TO DATE    2.36                      3.52  -1.16     0.37
  SINCE MAR 1     21.59                     10.26  11.33     4.68
  SINCE JAN 1     28.57                     19.10   9.47    11.40

SNOWFALL (IN)
  YESTERDAY        0.0           0.0    MM   0.0    0.0      0.0
  MONTH TO DATE    0.0                       0.0    0.0      0.0
  SINCE MAR 1      T                         0.0    0.0      0.0
  SINCE JUL 1      T                         T      0.0      0.3
  SNOW DEPTH       0

DEGREE DAYS
 HEATING
  YESTERDAY        0                         0      0        0
  MONTH TO DATE    0                         0      0        7
  SINCE MAR 1    105                       187    -82      248
  SINCE JUL 1   1362                      1400    -38     1717

 COOLING
  YESTERDAY       14                        12      2       12
  MONTH TO DATE  278                       207     71      169
  SINCE MAR 1    589                       408    181      346
  SINCE JAN 1    597                       434    163      370
..................................................................


WIND (MPH)
  HIGHEST WIND SPEED    32   HIGHEST WIND DIRECTION    NW (330)
  HIGHEST GUST SPEED    39   HIGHEST GUST DIRECTION    NW (330)
  AVERAGE WIND SPEED     6.4


SKY COVER
  POSSIBLE SUNSHINE  MM
  AVERAGE SKY COVER 0.5


WEATHER CONDITIONS
 THE FOLLOWING WEATHER WAS RECORDED YESTERDAY.
  THUNDERSTORM
  HEAVY RAIN
  LIGHT RAIN
  FOG
  FOG W/VISIBILITY <= 1/4 MILE


RELATIVE HUMIDITY (PERCENT)
 HIGHEST   100           100 AM
 LOWEST     59          1100 AM
 AVERAGE    80

..........................................................


THE BEAUMONT PORT ARTHUR CLIMATE NORMALS FOR TODAY
                         NORMAL    RECORD    YEAR
 MAXIMUM TEMPERATURE (F)   86        98      2005
                                             1905
 MINIMUM TEMPERATURE (F)   69        57      2001


SUNRISE AND SUNSET
MAY 22 2015...........SUNRISE   619 AM CDT   SUNSET   807 PM CDT
MAY 23 2015...........SUNRISE   619 AM CDT   SUNSET   807 PM CDT


-  INDICATES NEGATIVE NUMBERS.
R  INDICATES RECORD WAS SET OR TIED.
MM INDICATES DATA IS MISSING.
T  INDICATES TRACE AMOUNT.




$$
