000
CDUS44 KLCH 202232
CLIBPT


CLIMATE REPORT
NATIONAL WEATHER SERVICE LAKE CHARLES, LA
531 PM CDT SUN APR 20 2014


...................................

...THE BEAUMONT PORT ARTHUR CLIMATE SUMMARY FOR APRIL 20 2014...
VALID TODAY AS OF 0500 PM LOCAL TIME.

CLIMATE NORMAL PERIOD 1981 TO 2010
CLIMATE RECORD PERIOD 1901 TO 2014


WEATHER ITEM   OBSERVED TIME   RECORD YEAR NORMAL DEPARTURE LAST
                VALUE   (LST)  VALUE       VALUE  FROM      YEAR
                                                  NORMAL
..................................................................
TEMPERATURE (F)
 TODAY
  MAXIMUM         82    143 PM  92    1987  79      3       68
  MINIMUM         55    437 AM  40    2013  60     -5       40
  AVERAGE         69                        70     -1       54

PRECIPITATION (IN)
  TODAY            0.00          3.85 1977   0.11  -0.11     0.00
  MONTH TO DATE    1.98                      2.00  -0.02     5.17
  SINCE MAR 1      4.27                      5.53  -1.26     6.28
  SINCE JAN 1     10.99                     14.37  -3.38    17.80

SNOWFALL (IN)
  TODAY            0.0           0.0    MM   0.0    0.0      0.0
  MONTH TO DATE    0.0                       0.0    0.0      0.0
  SINCE MAR 1      0.0                       0.0    0.0      0.0
  SINCE JUL 1      0.3                       T      0.3      0.0
  SNOW DEPTH       0

DEGREE DAYS
 HEATING
  TODAY            0                         1     -1       11
  MONTH TO DATE   37                        35      2       60
  SINCE MAR 1    241                       183     58      261
  SINCE JUL 1   1710                      1396    314     1233

 COOLING
  TODAY            4                         5     -1        0
  MONTH TO DATE   67                        81    -14       61
  SINCE MAR 1     90                       136    -46      104
  SINCE JAN 1    114                       162    -48      134
..................................................................


WIND (MPH)
  HIGHEST WIND SPEED    14   HIGHEST WIND DIRECTION     S (170)
  HIGHEST GUST SPEED    23   HIGHEST GUST DIRECTION     S (190)
  AVERAGE WIND SPEED     4.5


SKY COVER
  POSSIBLE SUNSHINE  MM
  AVERAGE SKY COVER 0.4


WEATHER CONDITIONS
 THE FOLLOWING WEATHER WAS RECORDED TODAY.
  FOG
  FOG W/VISIBILITY <= 1/4 MILE
  HAZE


RELATIVE HUMIDITY (PERCENT)
 HIGHEST   100          1200 AM
 LOWEST     39           200 PM
 AVERAGE    70

..........................................................


THE BEAUMONT PORT ARTHUR CLIMATE NORMALS FOR TOMORROW
                         NORMAL    RECORD    YEAR
 MAXIMUM TEMPERATURE (F)   79        91      1987
 MINIMUM TEMPERATURE (F)   60        45      1953


SUNRISE AND SUNSET
APRIL 20 2014.........SUNRISE   644 AM CDT   SUNSET   746 PM CDT
APRIL 21 2014.........SUNRISE   643 AM CDT   SUNSET   747 PM CDT


-  INDICATES NEGATIVE NUMBERS.
R  INDICATES RECORD WAS SET OR TIED.
MM INDICATES DATA IS MISSING.
T  INDICATES TRACE AMOUNT.




$$
