000
CDUS44 KLCH 250836
CLIBPT


CLIMATE REPORT
NATIONAL WEATHER SERVICE LAKE CHARLES, LA
336 AM CDT TUE APR 25 2017


...................................

...THE BEAUMONT PORT ARTHUR CLIMATE SUMMARY FOR APRIL 24 2017...

CLIMATE NORMAL PERIOD 1981 TO 2010
CLIMATE RECORD PERIOD 1901 TO 2017


WEATHER ITEM   OBSERVED TIME   RECORD YEAR NORMAL DEPARTURE LAST
                VALUE   (LST)  VALUE       VALUE  FROM      YEAR
                                                  NORMAL
..................................................................
TEMPERATURE (F)
 YESTERDAY
  MAXIMUM         82    218 PM  90    1905  80      2       79
                                      1902
  MINIMUM         52    551 AM  47    1995  61     -9       59
  AVERAGE         67                        70     -3       69

PRECIPITATION (IN)
  YESTERDAY        0.00          2.48 1905   0.12  -0.12     0.02
  MONTH TO DATE    1.50                      2.46  -0.96     7.33
  SINCE MAR 1     10.36                      5.99   4.37    12.18
  SINCE JAN 1     12.41                     14.83  -2.42    18.14

SNOWFALL (IN)
  YESTERDAY        0.0           0.0    MM   0.0    0.0      0.0
  MONTH TO DATE    0.0                       0.0    0.0      0.0
  SINCE MAR 1      0.0                       0.0    0.0      0.0
  SINCE JUL 1      0.0                       T      0.0      0.0
  SNOW DEPTH       0

DEGREE DAYS
 HEATING
  YESTERDAY        0                         1     -1        0
  MONTH TO DATE    4                        39    -35       11
  SINCE MAR 1     58                       187   -129       65
  SINCE JUL 1    613                      1400   -787      889

 COOLING
  YESTERDAY        2                         6     -4        4
  MONTH TO DATE  180                       105     75      118
  SINCE MAR 1    333                       160    173      250
  SINCE JAN 1    527                       186    341      281
..................................................................


WIND (MPH)
  HIGHEST WIND SPEED    16   HIGHEST WIND DIRECTION     S (170)
  HIGHEST GUST SPEED    21   HIGHEST GUST DIRECTION     S (180)
  AVERAGE WIND SPEED     5.8


SKY COVER
  POSSIBLE SUNSHINE  MM
  AVERAGE SKY COVER 0.0


WEATHER CONDITIONS
 THE FOLLOWING WEATHER WAS RECORDED YESTERDAY.
  NO SIGNIFICANT WEATHER WAS OBSERVED.


RELATIVE HUMIDITY (PERCENT)
 HIGHEST    93          1200 AM
 LOWEST     28           300 PM
 AVERAGE    61

..........................................................


THE BEAUMONT PORT ARTHUR CLIMATE NORMALS FOR TODAY
                         NORMAL    RECORD    YEAR
 MAXIMUM TEMPERATURE (F)   80        91      1932
 MINIMUM TEMPERATURE (F)   62        37      1910


SUNRISE AND SUNSET
APRIL 25 2017.........SUNRISE   639 AM CDT   SUNSET   750 PM CDT
APRIL 26 2017.........SUNRISE   638 AM CDT   SUNSET   750 PM CDT


-  INDICATES NEGATIVE NUMBERS.
R  INDICATES RECORD WAS SET OR TIED.
MM INDICATES DATA IS MISSING.
T  INDICATES TRACE AMOUNT.




$$
