000
CDUS44 KLCH 102245
CLIBPT


CLIMATE REPORT
NATIONAL WEATHER SERVICE LAKE CHARLES, LA
445 PM CST SAT DEC 10 2016


...................................

...THE BEAUMONT PORT ARTHUR CLIMATE SUMMARY FOR DECEMBER 10 2016...
VALID TODAY AS OF 0400 PM LOCAL TIME.

CLIMATE NORMAL PERIOD 1981 TO 2010
CLIMATE RECORD PERIOD 1901 TO 2016


WEATHER ITEM   OBSERVED TIME   RECORD YEAR NORMAL DEPARTURE LAST
                VALUE   (LST)  VALUE       VALUE  FROM      YEAR
                                                  NORMAL
..................................................................
TEMPERATURE (F)
 TODAY
  MAXIMUM         57    149 PM  86    1918  65     -8       80
  MINIMUM         35    711 AM  24    1978  46    -11       56
  AVERAGE         46                        55     -9       68

PRECIPITATION (IN)
  TODAY            0.00          3.69 1964   0.16  -0.16      T
  MONTH TO DATE    8.41                      1.61   6.80     0.22
  SINCE DEC 1      8.41                      1.61   6.80     0.22
  SINCE JAN 1     73.39                     56.79  16.60    70.19

SNOWFALL (IN)
  TODAY            0.0           0.0    MM   0.0    0.0      0.0
  MONTH TO DATE    0.0                       0.0    0.0      0.0
  SINCE DEC 1      0.0                       0.0    0.0      0.0
  SINCE JUL 1      0.0                       0.0    0.0      0.0
  SNOW DEPTH       0

DEGREE DAYS
 HEATING
  TODAY           19                        11      8        0
  MONTH TO DATE  114                        99     15       77
  SINCE DEC 1    114                        99     15       77
  SINCE JUL 1    184                       294   -110      141

 COOLING
  TODAY            0                         1     -1        3
  MONTH TO DATE    0                        10    -10        3
  SINCE DEC 1      0                        10    -10        3
  SINCE JAN 1   3401                      2865    536     3260
..................................................................


WIND (MPH)
  HIGHEST WIND SPEED    15   HIGHEST WIND DIRECTION     E (90)
  HIGHEST GUST SPEED    19   HIGHEST GUST DIRECTION     E (70)
  AVERAGE WIND SPEED     9.5


SKY COVER
  POSSIBLE SUNSHINE  MM
  AVERAGE SKY COVER 0.3


WEATHER CONDITIONS
 THE FOLLOWING WEATHER WAS RECORDED TODAY.
  NO SIGNIFICANT WEATHER WAS OBSERVED.


RELATIVE HUMIDITY (PERCENT)
 HIGHEST    75           600 AM
 LOWEST     29           300 PM
 AVERAGE    52

..........................................................


THE BEAUMONT PORT ARTHUR CLIMATE NORMALS FOR TOMORROW
                         NORMAL    RECORD    YEAR
 MAXIMUM TEMPERATURE (F)   64        85      1918
 MINIMUM TEMPERATURE (F)   45        28      1958
                                             1957


SUNRISE AND SUNSET
DECEMBER 10 2016......SUNRISE   701 AM CST   SUNSET   517 PM CST
DECEMBER 11 2016......SUNRISE   702 AM CST   SUNSET   517 PM CST


-  INDICATES NEGATIVE NUMBERS.
R  INDICATES RECORD WAS SET OR TIED.
MM INDICATES DATA IS MISSING.
T  INDICATES TRACE AMOUNT.




$$
