000
CDUS44 KLCH 270840
CLIBPT


CLIMATE REPORT
NATIONAL WEATHER SERVICE LAKE CHARLES, LA
237 AM CST SAT DEC 27 2014


...................................

...THE BEAUMONT PORT ARTHUR CLIMATE SUMMARY FOR DECEMBER 26 2014...

CLIMATE NORMAL PERIOD 1981 TO 2010
CLIMATE RECORD PERIOD 1901 TO 2014


WEATHER ITEM   OBSERVED TIME   RECORD YEAR NORMAL DEPARTURE LAST
                VALUE   (LST)  VALUE       VALUE  FROM      YEAR
                                                  NORMAL
..................................................................
TEMPERATURE (F)
 YESTERDAY
  MAXIMUM         67    253 PM  78    1987  62      5       62
                                      1922
  MINIMUM         61    205 AM  21    1983  43     18       40
  AVERAGE         64                        53     11       51

PRECIPITATION (IN)
  YESTERDAY        T             8.04 1982   0.18  -0.18     0.00
  MONTH TO DATE    2.54                      4.39  -1.85     1.29
  SINCE DEC 1      2.54                      4.39  -1.85     1.29
  SINCE JAN 1     51.25                     59.57  -8.32    56.12

SNOWFALL (IN)
  YESTERDAY        0.0           0.0    MM   0.0    0.0      0.0
  MONTH TO DATE    0.0                       0.0    0.0      0.0
  SINCE DEC 1      0.0                       0.0    0.0      0.0
  SINCE JUL 1      0.0                       0.0    0.0      0.0
  SNOW DEPTH       0

DEGREE DAYS
 HEATING
  YESTERDAY        1                        13    -12       14
  MONTH TO DATE  174                       291   -117      330
  SINCE DEC 1    174                       291   -117      330
  SINCE JUL 1    411                       486    -75      572

 COOLING
  YESTERDAY        0                         1     -1        0
  MONTH TO DATE   20                        26     -6       24
  SINCE DEC 1     20                        26     -6       24
  SINCE JAN 1   2931                      2881     50     3019
..................................................................


WIND (MPH)
  HIGHEST WIND SPEED    20   HIGHEST WIND DIRECTION    SE (150)
  HIGHEST GUST SPEED    27   HIGHEST GUST DIRECTION    SE (140)
  AVERAGE WIND SPEED    12.3


SKY COVER
  POSSIBLE SUNSHINE  MM
  AVERAGE SKY COVER 0.9


WEATHER CONDITIONS
 THE FOLLOWING WEATHER WAS RECORDED YESTERDAY.
  LIGHT RAIN
  FOG


RELATIVE HUMIDITY (PERCENT)
 HIGHEST   100          1100 PM
 LOWEST     72          1200 AM
 AVERAGE    86

..........................................................


THE BEAUMONT PORT ARTHUR CLIMATE NORMALS FOR TODAY
                         NORMAL    RECORD    YEAR
 MAXIMUM TEMPERATURE (F)   62        78      1971
 MINIMUM TEMPERATURE (F)   43        29      1920


SUNRISE AND SUNSET
DECEMBER 27 2014......SUNRISE   710 AM CST   SUNSET   524 PM CST
DECEMBER 28 2014......SUNRISE   711 AM CST   SUNSET   525 PM CST


-  INDICATES NEGATIVE NUMBERS.
R  INDICATES RECORD WAS SET OR TIED.
MM INDICATES DATA IS MISSING.
T  INDICATES TRACE AMOUNT.




$$
