000
CDUS44 KLCH 280816
CLIBPT


CLIMATE REPORT
NATIONAL WEATHER SERVICE LAKE CHARLES, LA
215 AM CST FRI NOV 28 2014


...................................

...THE BEAUMONT PORT ARTHUR CLIMATE SUMMARY FOR NOVEMBER 27 2014...

CLIMATE NORMAL PERIOD 1981 TO 2010
CLIMATE RECORD PERIOD 1901 TO 2014


WEATHER ITEM   OBSERVED TIME   RECORD YEAR NORMAL DEPARTURE LAST
                VALUE   (LST)  VALUE       VALUE  FROM      YEAR
                                                  NORMAL
..................................................................
TEMPERATURE (F)
 YESTERDAY
  MAXIMUM         67    335 PM  84    1989  68     -1       50
                                      1905
  MINIMUM         41    446 AM  29    1975  49     -8       34
                                      1956
  AVERAGE         54                        58     -4       42

PRECIPITATION (IN)
  YESTERDAY        0.00          4.23 1962   0.14  -0.14     0.00
  MONTH TO DATE    4.37                      3.94   0.43     3.70
  SINCE SEP 1     13.31                     15.49  -2.18    19.62
  SINCE JAN 1     48.71                     54.72  -6.01    54.83

SNOWFALL (IN)
  YESTERDAY        0.0           0.0    MM   0.0    0.0      0.0
  MONTH TO DATE    0.0                       0.0    0.0      0.0
  SINCE SEP 1      0.0                       0.0    0.0      0.0
  SINCE JUL 1      0.0                       0.0    0.0      0.0
  SNOW DEPTH       0

DEGREE DAYS
 HEATING
  YESTERDAY       11                         8      3       23
  MONTH TO DATE  227                       135     92      180
  SINCE SEP 1    227                       169     58      189
  SINCE JUL 1    227                       169     58      189

 COOLING
  YESTERDAY        0                         1     -1        0
  MONTH TO DATE   25                        60    -35       50
  SINCE SEP 1    759                       684     75      805
  SINCE JAN 1   2902                      2851     51     2995
..................................................................


WIND (MPH)
  HIGHEST WIND SPEED    16   HIGHEST WIND DIRECTION     N (20)
  HIGHEST GUST SPEED    19   HIGHEST GUST DIRECTION     N (20)
  AVERAGE WIND SPEED     5.2


SKY COVER
  POSSIBLE SUNSHINE  MM
  AVERAGE SKY COVER 0.0


WEATHER CONDITIONS
 THE FOLLOWING WEATHER WAS RECORDED YESTERDAY.
  NO SIGNIFICANT WEATHER WAS OBSERVED.


RELATIVE HUMIDITY (PERCENT)
 HIGHEST    96           300 AM
 LOWEST     28           300 PM
 AVERAGE    62

..........................................................


THE BEAUMONT PORT ARTHUR CLIMATE NORMALS FOR TODAY
                         NORMAL    RECORD    YEAR
 MAXIMUM TEMPERATURE (F)   68        84      1905
 MINIMUM TEMPERATURE (F)   48        28      1992
                                             1976


SUNRISE AND SUNSET
NOVEMBER 28 2014......SUNRISE   652 AM CST   SUNSET   516 PM CST
NOVEMBER 29 2014......SUNRISE   653 AM CST   SUNSET   516 PM CST


-  INDICATES NEGATIVE NUMBERS.
R  INDICATES RECORD WAS SET OR TIED.
MM INDICATES DATA IS MISSING.
T  INDICATES TRACE AMOUNT.




$$
