051
CDUS44 KLCH 212205
CLIBPT


CLIMATE REPORT
NATIONAL WEATHER SERVICE LAKE CHARLES, LA
405 PM CST TUE NOV 21 2017


...................................

...THE BEAUMONT PORT ARTHUR CLIMATE SUMMARY FOR NOVEMBER 21 2017...
VALID TODAY AS OF 0400 PM LOCAL TIME.

CLIMATE NORMAL PERIOD 1981 TO 2010
CLIMATE RECORD PERIOD 1901 TO 2017


WEATHER ITEM   OBSERVED TIME   RECORD YEAR NORMAL DEPARTURE LAST
                VALUE   (LST)  VALUE       VALUE  FROM      YEAR
                                                  NORMAL
..................................................................
TEMPERATURE (F)
 TODAY
  MAXIMUM         68    129 PM  85    1942  70     -2       71
                                      1909
  MINIMUM         52   1210 AM  30    1937  50      2       40
  AVERAGE         60                        60      0       56

PRECIPITATION (IN)
  TODAY            0.94          6.87 1902   0.13   0.81     0.00
  MONTH TO DATE    2.80                      3.08  -0.28     2.58
  SINCE SEP 1      9.09                     14.63  -5.54     6.99
  SINCE JAN 1     98.69                     53.86  44.83    64.51

SNOWFALL (IN)
  TODAY            0.0           0.0    MM   0.0    0.0      0.0
  MONTH TO DATE    0.0                       0.0    0.0      0.0
  SINCE SEP 1      0.0                       0.0    0.0      0.0
  SINCE JUL 1      0.0                       0.0    0.0      0.0
  SNOW DEPTH       0

DEGREE DAYS
 HEATING
  TODAY            5                         6     -1        9
  MONTH TO DATE   43                        91    -48       46
  SINCE SEP 1     82                       125    -43       50
  SINCE JUL 1     82                       125    -43       50

 COOLING
  TODAY            0                         2     -2        0
  MONTH TO DATE  110                        54     56       94
  SINCE SEP 1    809                       678    131      928
  SINCE JAN 1   3102                      2845    257     3381
..................................................................


WIND (MPH)
  HIGHEST WIND SPEED    16   HIGHEST WIND DIRECTION     E (100)
  HIGHEST GUST SPEED    22   HIGHEST GUST DIRECTION    SW (220)
  AVERAGE WIND SPEED     7.9


SKY COVER
  POSSIBLE SUNSHINE  MM
  AVERAGE SKY COVER 1.0


WEATHER CONDITIONS
 THE FOLLOWING WEATHER WAS RECORDED TODAY.
  THUNDERSTORM
  HEAVY RAIN
  RAIN
  LIGHT RAIN
  FOG


RELATIVE HUMIDITY (PERCENT)
 HIGHEST    86           500 AM
 LOWEST     71          1200 AM
 AVERAGE    79

..........................................................


THE BEAUMONT PORT ARTHUR CLIMATE NORMALS FOR TOMORROW
                         NORMAL    RECORD    YEAR
 MAXIMUM TEMPERATURE (F)   70        84      1942
                                             1905
 MINIMUM TEMPERATURE (F)   50        33      1975


SUNRISE AND SUNSET
NOVEMBER 21 2017......SUNRISE   646 AM CST   SUNSET   518 PM CST
NOVEMBER 22 2017......SUNRISE   647 AM CST   SUNSET   517 PM CST


-  INDICATES NEGATIVE NUMBERS.
R  INDICATES RECORD WAS SET OR TIED.
MM INDICATES DATA IS MISSING.
T  INDICATES TRACE AMOUNT.




$$
