000
CDUS44 KLCH 182255
CLIBPT


CLIMATE REPORT
NATIONAL WEATHER SERVICE LAKE CHARLES, LA
454 PM CST WED JAN 18 2017


...................................

...THE BEAUMONT PORT ARTHUR CLIMATE SUMMARY FOR JANUARY 18 2017...
VALID TODAY AS OF 0400 PM LOCAL TIME.

CLIMATE NORMAL PERIOD 1981 TO 2010
CLIMATE RECORD PERIOD 1901 TO 2017


WEATHER ITEM   OBSERVED TIME   RECORD YEAR NORMAL DEPARTURE LAST
                VALUE   (LST)  VALUE       VALUE  FROM      YEAR
                                                  NORMAL
..................................................................
TEMPERATURE (F)
 TODAY
  MAXIMUM         79    226 PM  81    1906  62     17       62
  MINIMUM         70    807 AM  11    1930  43     27       35
  AVERAGE         75                        52     23       49

PRECIPITATION (IN)
  TODAY            0.00          3.81 1992   0.18  -0.18     0.00
  MONTH TO DATE    0.85                      3.17  -2.32     2.53
  SINCE DEC 1     13.87                      8.46   5.41     6.67
  SINCE JAN 1      0.85                      3.17  -2.32     2.53

SNOWFALL (IN)
  TODAY            0.0           T    1940   0.0    0.0      0.0
  MONTH TO DATE    0.0                       0.0    0.0      0.0
  SINCE DEC 1      0.0                       T      0.0      0.0
  SINCE JUL 1      0.0                       T      0.0      0.0
  SNOW DEPTH       0

DEGREE DAYS
 HEATING
  TODAY            0                        13    -13       16
  MONTH TO DATE  123                       234   -111      243
  SINCE DEC 1    344                       589   -245      428
  SINCE JUL 1    414                       784   -370      492

 COOLING
  TODAY           10                         0     10        0
  MONTH TO DATE   63                         0     63        0
  SINCE DEC 1    133                        22    111       68
  SINCE JAN 1     63                         0     63        0
..................................................................


WIND (MPH)
  HIGHEST WIND SPEED    22   HIGHEST WIND DIRECTION     S (180)
  HIGHEST GUST SPEED    33   HIGHEST GUST DIRECTION     S (180)
  AVERAGE WIND SPEED    12.6


SKY COVER
  POSSIBLE SUNSHINE  MM
  AVERAGE SKY COVER 0.9


WEATHER CONDITIONS
 THE FOLLOWING WEATHER WAS RECORDED TODAY.
  FOG


RELATIVE HUMIDITY (PERCENT)
 HIGHEST   100           800 AM
 LOWEST     71           200 PM
 AVERAGE    86

..........................................................


THE BEAUMONT PORT ARTHUR CLIMATE NORMALS FOR TOMORROW
                         NORMAL    RECORD    YEAR
 MAXIMUM TEMPERATURE (F)   62        81      1906
                                             1904
 MINIMUM TEMPERATURE (F)   43        12      1940


SUNRISE AND SUNSET
JANUARY 18 2017.......SUNRISE   712 AM CST   SUNSET   542 PM CST
JANUARY 19 2017.......SUNRISE   712 AM CST   SUNSET   542 PM CST


-  INDICATES NEGATIVE NUMBERS.
R  INDICATES RECORD WAS SET OR TIED.
MM INDICATES DATA IS MISSING.
T  INDICATES TRACE AMOUNT.




$$
