000
CDUS43 KDVN 300931
CLIBRL


CLIMATE REPORT
NATIONAL WEATHER SERVICE QUAD CITIES IA IL
429 AM CDT SUN APR 30 2017


...................................

...THE BURLINGTON IA CLIMATE SUMMARY FOR APRIL 29 2017...

CLIMATE NORMAL PERIOD 1981 TO 2010
CLIMATE RECORD PERIOD 1897 TO 2017


WEATHER ITEM   OBSERVED TIME   RECORD YEAR NORMAL DEPARTURE LAST
                VALUE   (LST)  VALUE       VALUE  FROM      YEAR
                                                  NORMAL
..................................................................
TEMPERATURE (F)
 YESTERDAY
  MAXIMUM         48    817 AM  90    1910  69    -21       52
  MINIMUM         41    920 PM  26    1958  47     -6       47
  AVERAGE         45                        58    -13       50

PRECIPITATION (IN)
  YESTERDAY        1.45         MM      MM   0.16   1.29     0.00
  MONTH TO DATE    5.64                      3.61   2.03     2.51
  SINCE MAR 1      8.62                      6.40   2.22     5.72
  SINCE JAN 1     10.48                      9.26   1.22     7.10

DEGREE DAYS
 HEATING
  YESTERDAY       20                         8     12       15
  MONTH TO DATE  271                       350    -79      361
  SINCE MAR 1    962                      1078   -116      943
  SINCE JUL 1   4656                      5456   -800     4825

 COOLING
  YESTERDAY        0                         1     -1        0
  MONTH TO DATE   20                        19      1       17
  SINCE MAR 1     20                        21     -1       18
  SINCE JAN 1     20                        21     -1       18
..................................................................


WIND (MPH)
  HIGHEST WIND SPEED    32   HIGHEST WIND DIRECTION    NE (40)
  HIGHEST GUST SPEED    43   HIGHEST GUST DIRECTION    NE (30)
  AVERAGE WIND SPEED    18.6


SKY COVER
  POSSIBLE SUNSHINE  MM
  AVERAGE SKY COVER 1.0


WEATHER CONDITIONS
 THE FOLLOWING WEATHER WAS RECORDED YESTERDAY.
  THUNDERSTORM
  HEAVY RAIN
  RAIN
  LIGHT RAIN
  FOG


RELATIVE HUMIDITY (PERCENT)
 HIGHEST   100           500 AM
 LOWEST     86           900 AM
 AVERAGE    93

..........................................................


THE BURLINGTON IA CLIMATE NORMALS FOR TODAY
                         NORMAL    RECORD    YEAR
 MAXIMUM TEMPERATURE (F)   70        89      2007
 MINIMUM TEMPERATURE (F)   48        30      1908


SUNRISE AND SUNSET
APRIL 30 2017.........SUNRISE   604 AM CDT   SUNSET   800 PM CDT
MAY  1 2017...........SUNRISE   603 AM CDT   SUNSET   801 PM CDT


-  INDICATES NEGATIVE NUMBERS.
R  INDICATES RECORD WAS SET OR TIED.
MM INDICATES DATA IS MISSING.
T  INDICATES TRACE AMOUNT.




$$
