000
CDUS43 KDVN 281022
CLIBRL


CLIMATE REPORT
NATIONAL WEATHER SERVICE QUAD CITIES IA IL
421 AM CST SUN DEC 28 2014


...................................

...THE BURLINGTON IA CLIMATE SUMMARY FOR DECEMBER 27 2014...

CLIMATE NORMAL PERIOD 1981 TO 2010
CLIMATE RECORD PERIOD 1897 TO 2014


WEATHER ITEM   OBSERVED TIME   RECORD YEAR NORMAL DEPARTURE LAST
                VALUE   (LST)  VALUE       VALUE  FROM      YEAR
                                                  NORMAL
..................................................................
TEMPERATURE (F)
 YESTERDAY
  MAXIMUM         51    354 AM  65    1946  34     17       41
  MINIMUM         28   1159 PM -16    1914  18     10       21
  AVERAGE         40                        26     14       31

PRECIPITATION (IN)
  YESTERDAY        0.01         MM      MM   0.06  -0.05     0.00
  MONTH TO DATE    0.66                      1.88  -1.22     1.08
  SINCE DEC 1      0.66                      1.88  -1.22     1.08
  SINCE JAN 1     40.39                     38.27   2.12    33.47

DEGREE DAYS
 HEATING
  YESTERDAY       25                        39    -14       34
  MONTH TO DATE  817                       958   -141     1109
  SINCE DEC 1    817                       958   -141     1109
  SINCE JUL 1   2194                      2031    163     2346

 COOLING
  YESTERDAY        0                         0      0        0
  MONTH TO DATE    0                         0      0        0
  SINCE DEC 1      0                         0      0        0
  SINCE JAN 1    940                      1207   -267     1115
..................................................................


WIND (MPH)
  HIGHEST WIND SPEED    25   HIGHEST WIND DIRECTION     W (270)
  HIGHEST GUST SPEED    33   HIGHEST GUST DIRECTION     W (250)
  AVERAGE WIND SPEED    11.8


SKY COVER
  POSSIBLE SUNSHINE  MM
  AVERAGE SKY COVER 1.0


WEATHER CONDITIONS
 THE FOLLOWING WEATHER WAS RECORDED YESTERDAY.
  LIGHT RAIN
  FOG


RELATIVE HUMIDITY (PERCENT)
 HIGHEST    89           300 AM
 LOWEST     70          1100 AM
 AVERAGE    80

..........................................................


THE BURLINGTON IA CLIMATE NORMALS FOR TODAY
                         NORMAL    RECORD    YEAR
 MAXIMUM TEMPERATURE (F)   34        69      1984
 MINIMUM TEMPERATURE (F)   18       -19      1924


SUNRISE AND SUNSET
DECEMBER 28 2014......SUNRISE   728 AM CST   SUNSET   444 PM CST
DECEMBER 29 2014......SUNRISE   728 AM CST   SUNSET   445 PM CST


-  INDICATES NEGATIVE NUMBERS.
R  INDICATES RECORD WAS SET OR TIED.
MM INDICATES DATA IS MISSING.
T  INDICATES TRACE AMOUNT.




$$
