000
CDUS43 KDVN 280905
CLIBRL


CLIMATE REPORT
NATIONAL WEATHER SERVICE QUAD CITIES IA IL
404 AM CDT SAT MAR 28 2015


...................................

...THE BURLINGTON IA CLIMATE SUMMARY FOR MARCH 27 2015...

CLIMATE NORMAL PERIOD 1981 TO 2010
CLIMATE RECORD PERIOD 1897 TO 2015


WEATHER ITEM   OBSERVED TIME   RECORD YEAR NORMAL DEPARTURE LAST
                VALUE   (LST)  VALUE       VALUE  FROM      YEAR
                                                  NORMAL
..................................................................
TEMPERATURE (F)
 YESTERDAY
  MAXIMUM         40    324 PM  84    1910  57    -17       54
  MINIMUM         27    957 PM  15    1964  36     -9       37
  AVERAGE         34                        46    -12       46

PRECIPITATION (IN)
  YESTERDAY        0.00         MM      MM   0.10  -0.10     0.29
  MONTH TO DATE    0.22                      2.39  -2.17     1.14
  SINCE MAR 1      0.22                      2.39  -2.17     1.14
  SINCE JAN 1      2.64                      5.25  -2.61     5.51

DEGREE DAYS
 HEATING
  YESTERDAY       31                        19     12       19
  MONTH TO DATE  697                       658     39      890
  SINCE MAR 1    697                       658     39      890
  SINCE JUL 1   5628                      5036    592     6213

 COOLING
  YESTERDAY        0                         0      0        0
  MONTH TO DATE    0                         0      0        0
  SINCE MAR 1      0                         0      0        0
  SINCE JAN 1      0                         0      0        0
..................................................................


WIND (MPH)
  HIGHEST WIND SPEED    18   HIGHEST WIND DIRECTION     N (350)
  HIGHEST GUST SPEED    23   HIGHEST GUST DIRECTION     N (360)
  AVERAGE WIND SPEED     8.6


SKY COVER
  POSSIBLE SUNSHINE  MM
  AVERAGE SKY COVER 0.3


WEATHER CONDITIONS
 THE FOLLOWING WEATHER WAS RECORDED YESTERDAY.
  NO SIGNIFICANT WEATHER WAS OBSERVED.


RELATIVE HUMIDITY (PERCENT)
 HIGHEST    78           600 AM
 LOWEST     27           200 PM
 AVERAGE    53

..........................................................


THE BURLINGTON IA CLIMATE NORMALS FOR TODAY
                         NORMAL    RECORD    YEAR
 MAXIMUM TEMPERATURE (F)   58        84      1910
 MINIMUM TEMPERATURE (F)   36        13      1970


SUNRISE AND SUNSET
MARCH 28 2015.........SUNRISE   655 AM CDT   SUNSET   725 PM CDT
MARCH 29 2015.........SUNRISE   653 AM CDT   SUNSET   726 PM CDT


-  INDICATES NEGATIVE NUMBERS.
R  INDICATES RECORD WAS SET OR TIED.
MM INDICATES DATA IS MISSING.
T  INDICATES TRACE AMOUNT.




$$
