000
CDUS43 KDVN 180909
CLIBRL


CLIMATE REPORT
NATIONAL WEATHER SERVICE QUAD CITIES IA IL
408 AM CDT THU SEP 18 2014


...................................

...THE BURLINGTON IA CLIMATE SUMMARY FOR SEPTEMBER 17 2014...

CLIMATE NORMAL PERIOD 1981 TO 2010
CLIMATE RECORD PERIOD 1897 TO 2014


WEATHER ITEM   OBSERVED TIME   RECORD YEAR NORMAL DEPARTURE LAST
                VALUE   (LST)  VALUE       VALUE  FROM      YEAR
                                                  NORMAL
..................................................................
TEMPERATURE (F)
 YESTERDAY
  MAXIMUM         69    505 PM  96    1927  78     -9       69
  MINIMUM         47    304 AM  40    1943  56     -9       52
  AVERAGE         58                        67     -9       61

PRECIPITATION (IN)
  YESTERDAY        0.00         MM      MM   0.12  -0.12     0.00
  MONTH TO DATE    5.14                      2.09   3.05     0.43
  SINCE SEP 1      5.14                      2.09   3.05     0.43
  SINCE JAN 1     34.21                     29.34   4.87    27.49

DEGREE DAYS
 HEATING
  YESTERDAY        7                         2      5        4
  MONTH TO DATE   79                        17     62       16
  SINCE SEP 1     79                        17     62       16
  SINCE JUL 1     86                        21     65       27

 COOLING
  YESTERDAY        0                         4     -4        0
  MONTH TO DATE   52                       104    -52      137
  SINCE SEP 1     52                       104    -52      137
  SINCE JAN 1    906                      1147   -241     1038
..................................................................


WIND (MPH)
  HIGHEST WIND SPEED    12   HIGHEST WIND DIRECTION     S (190)
  HIGHEST GUST SPEED    17   HIGHEST GUST DIRECTION    SE (140)
  AVERAGE WIND SPEED     3.9


SKY COVER
  POSSIBLE SUNSHINE  MM
  AVERAGE SKY COVER 0.4


WEATHER CONDITIONS
 THE FOLLOWING WEATHER WAS RECORDED YESTERDAY.
  FOG


RELATIVE HUMIDITY (PERCENT)
 HIGHEST   100          1200 AM
 LOWEST     63           300 PM
 AVERAGE    82

..........................................................


THE BURLINGTON IA CLIMATE NORMALS FOR TODAY
                         NORMAL    RECORD    YEAR
 MAXIMUM TEMPERATURE (F)   78        94      1910
 MINIMUM TEMPERATURE (F)   55        37      1929


SUNRISE AND SUNSET
SEPTEMBER 18 2014.....SUNRISE   648 AM CDT   SUNSET   708 PM CDT
SEPTEMBER 19 2014.....SUNRISE   649 AM CDT   SUNSET   707 PM CDT


-  INDICATES NEGATIVE NUMBERS.
R  INDICATES RECORD WAS SET OR TIED.
MM INDICATES DATA IS MISSING.
T  INDICATES TRACE AMOUNT.




$$
