660
CDUS43 KDVN 242220
CLIBRL


CLIMATE REPORT
NATIONAL WEATHER SERVICE QUAD CITIES IA IL
420 PM CST FRI NOV 24 2017


...................................

...THE BURLINGTON IA CLIMATE SUMMARY FOR NOVEMBER 24 2017...
VALID TODAY AS OF 0400 PM LOCAL TIME.

CLIMATE NORMAL PERIOD 1981 TO 2010
CLIMATE RECORD PERIOD 1897 TO 2017


WEATHER ITEM   OBSERVED TIME   RECORD YEAR NORMAL DEPARTURE LAST
                VALUE   (LST)  VALUE       VALUE  FROM      YEAR
                                                  NORMAL
..................................................................
TEMPERATURE (F)
 TODAY
  MAXIMUM         73R   249 PM  68    1915  47     26       40
  MINIMUM         34   1225 AM   0    1950  29      5       38
  AVERAGE         54                        38     16       39

PRECIPITATION (IN)
  TODAY            0.00         MM      MM   0.08  -0.08     0.00
  MONTH TO DATE    0.98                      1.99  -1.01     1.42
  SINCE SEP 1      6.13                      8.63  -2.50     7.04
  SINCE JAN 1     31.46                     35.88  -4.42    31.29

DEGREE DAYS
 HEATING
  TODAY           11                        27    -16       26
  MONTH TO DATE  618                       506    112      373
  SINCE SEP 1    924                       896     28      604
  SINCE JUL 1    924                       900     24      610

 COOLING
  TODAY            0                         0      0        0
  MONTH TO DATE    0                         0      0        4
  SINCE SEP 1    194                       163     31      243
  SINCE JAN 1   1068                      1206   -138     1276
..................................................................


WIND (MPH)
  HIGHEST WIND SPEED    28   HIGHEST WIND DIRECTION    SW (210)
  HIGHEST GUST SPEED    36   HIGHEST GUST DIRECTION     S (190)
  AVERAGE WIND SPEED    13.6


SKY COVER
  POSSIBLE SUNSHINE  MM
  AVERAGE SKY COVER 0.0


WEATHER CONDITIONS
 THE FOLLOWING WEATHER WAS RECORDED TODAY.
  NO SIGNIFICANT WEATHER WAS OBSERVED.


RELATIVE HUMIDITY (PERCENT)
 HIGHEST    82          1200 AM
 LOWEST     31           200 PM
 AVERAGE    57

..........................................................


THE BURLINGTON IA CLIMATE NORMALS FOR TOMORROW
                         NORMAL    RECORD    YEAR
 MAXIMUM TEMPERATURE (F)   46        68      1915
 MINIMUM TEMPERATURE (F)   29         1      1977


SUNRISE AND SUNSET
NOVEMBER 24 2017......SUNRISE   702 AM CST   SUNSET   440 PM CST
NOVEMBER 25 2017......SUNRISE   703 AM CST   SUNSET   440 PM CST


-  INDICATES NEGATIVE NUMBERS.
R  INDICATES RECORD WAS SET OR TIED.
MM INDICATES DATA IS MISSING.
T  INDICATES TRACE AMOUNT.




$$
