000
CDUS43 KDVN 210920
CLIBRL


CLIMATE REPORT
NATIONAL WEATHER SERVICE QUAD CITIES IA IL
419 AM CDT TUE OCT 21 2014


...................................

...THE BURLINGTON IA CLIMATE SUMMARY FOR OCTOBER 20 2014...

CLIMATE NORMAL PERIOD 1981 TO 2010
CLIMATE RECORD PERIOD 1897 TO 2014


WEATHER ITEM   OBSERVED TIME   RECORD YEAR NORMAL DEPARTURE LAST
                VALUE   (LST)  VALUE       VALUE  FROM      YEAR
                                                  NORMAL
..................................................................
TEMPERATURE (F)
 YESTERDAY
  MAXIMUM         69    347 PM  85    1979  65      4       69
  MINIMUM         44    947 PM  21    1960  43      1       38
  AVERAGE         57                        54      3       54

PRECIPITATION (IN)
  YESTERDAY        0.00         MM      MM   0.09  -0.09     0.02
  MONTH TO DATE    4.13                      2.07   2.06     0.34
  SINCE SEP 1      9.27                      5.59   3.68     1.54
  SINCE JAN 1     38.34                     32.84   5.50    28.60

DEGREE DAYS
 HEATING
  YESTERDAY        8                        12     -4       11
  MONTH TO DATE  203                       174     29      145
  SINCE SEP 1    304                       241     63      186
  SINCE JUL 1    311                       245     66      197

 COOLING
  YESTERDAY        0                         0      0        0
  MONTH TO DATE    0                        19    -19       33
  SINCE SEP 1     83                       158    -75      214
  SINCE JAN 1    937                      1201   -264     1115
..................................................................


WIND (MPH)
  HIGHEST WIND SPEED    21   HIGHEST WIND DIRECTION    NW (330)
  HIGHEST GUST SPEED    27   HIGHEST GUST DIRECTION     N (350)
  AVERAGE WIND SPEED     8.0


SKY COVER
  POSSIBLE SUNSHINE  MM
  AVERAGE SKY COVER 0.0


WEATHER CONDITIONS
 THE FOLLOWING WEATHER WAS RECORDED YESTERDAY.
  NO SIGNIFICANT WEATHER WAS OBSERVED.


RELATIVE HUMIDITY (PERCENT)
 HIGHEST    86           600 AM
 LOWEST     39           400 PM
 AVERAGE    63

..........................................................


THE BURLINGTON IA CLIMATE NORMALS FOR TODAY
                         NORMAL    RECORD    YEAR
 MAXIMUM TEMPERATURE (F)   64        87      1899
 MINIMUM TEMPERATURE (F)   43        23      1916


SUNRISE AND SUNSET
OCTOBER 21 2014.......SUNRISE   722 AM CDT   SUNSET   615 PM CDT
OCTOBER 22 2014.......SUNRISE   723 AM CDT   SUNSET   614 PM CDT


-  INDICATES NEGATIVE NUMBERS.
R  INDICATES RECORD WAS SET OR TIED.
MM INDICATES DATA IS MISSING.
T  INDICATES TRACE AMOUNT.




$$
