000
CDUS44 KBRO 030625
CLIBRO


CLIMATE REPORT
NATIONAL WEATHER SERVICE BROWNSVILLE TX
125 AM CDT WED JUN 3 2015


...................................

...THE BROWNSVILLE CLIMATE SUMMARY FOR JUNE 2 2015...

CLIMATE NORMAL PERIOD 1981 TO 2010
CLIMATE RECORD PERIOD 1878 TO 2015


WEATHER ITEM   OBSERVED TIME   RECORD YEAR NORMAL DEPARTURE LAST
                VALUE   (LST)  VALUE       VALUE  FROM      YEAR
                                                  NORMAL
..................................................................
TEMPERATURE (F)
 YESTERDAY
  MAXIMUM         89    137 PM  96    2012  91     -2       91
                                      2005
                                      2001
  MINIMUM         71    551 AM  60    1901  75     -4       73
  AVERAGE         80                        83     -3       82

PRECIPITATION (IN)
  YESTERDAY        0.00          7.52 1950   0.07  -0.07      T
  MONTH TO DATE    0.00                      0.16  -0.16      T
  SINCE JUN 1      0.00                      0.16  -0.16      T
  SINCE JAN 1     20.49                      7.92  12.57     5.33

SNOWFALL (IN)
  YESTERDAY        0.0           0.0  2002   0.0
                                      2000
  MONTH TO DATE    0.0                       0.0
  SINCE JUN 1      0.0                       0.0
  SINCE JUL 1      0.0                       0.0

DEGREE DAYS
 HEATING
  YESTERDAY        0                         0      0        0
  MONTH TO DATE    0                         0      0        0
  SINCE JUN 1      0                         0      0        0
  SINCE JUL 1    690                       554    136      824

 COOLING
  YESTERDAY       15                        18     -3       17
  MONTH TO DATE   28                        36     -8       33
  SINCE JUN 1     28                        36     -8       33
  SINCE JAN 1   1090                      1129    -39      955
..................................................................


WIND (MPH)
  HIGHEST WIND SPEED    15   HIGHEST WIND DIRECTION    SE (120)
  HIGHEST GUST SPEED    20   HIGHEST GUST DIRECTION    SE (120)
  AVERAGE WIND SPEED     6.1


SKY COVER
  POSSIBLE SUNSHINE  MM
  AVERAGE SKY COVER 0.1


WEATHER CONDITIONS
 THE FOLLOWING WEATHER WAS RECORDED YESTERDAY.
  NO SIGNIFICANT WEATHER WAS OBSERVED.


RELATIVE HUMIDITY (PERCENT)
 HIGHEST    93           100 AM
 LOWEST     55          1100 AM
 AVERAGE    74

..........................................................


THE BROWNSVILLE CLIMATE NORMALS FOR TODAY
                         NORMAL    RECORD    YEAR
 MAXIMUM TEMPERATURE (F)   91        98      1900
 MINIMUM TEMPERATURE (F)   75        56      1919


SUNRISE AND SUNSET
JUNE  3 2015..........SUNRISE   638 AM CDT   SUNSET   818 PM CDT
JUNE  4 2015..........SUNRISE   638 AM CDT   SUNSET   819 PM CDT


-  INDICATES NEGATIVE NUMBERS.
R  INDICATES RECORD WAS SET OR TIED.
MM INDICATES DATA IS MISSING.
T  INDICATES TRACE AMOUNT.




$$
