000
CDUS44 KBRO 220725
CLIBRO


CLIMATE REPORT
NATIONAL WEATHER SERVICE BROWNSVILLE TX
125 AM CST WED NOV 22 2017


...................................

...THE BROWNSVILLE CLIMATE SUMMARY FOR NOVEMBER 21 2017...

CLIMATE NORMAL PERIOD 1981 TO 2010
CLIMATE RECORD PERIOD 1878 TO 2017


WEATHER ITEM   OBSERVED TIME   RECORD YEAR NORMAL DEPARTURE LAST
                VALUE   (LST)  VALUE       VALUE  FROM      YEAR
                                                  NORMAL
..................................................................
TEMPERATURE (F)
 YESTERDAY
  MAXIMUM         85    148 PM  89    1977  78      7       80
                                      1900
  MINIMUM         58    719 AM  38    1906  58      0       53
  AVERAGE         72                        68      4       67

PRECIPITATION (IN)
  YESTERDAY        0.00          3.52 1957   0.05  -0.05     0.00
  MONTH TO DATE    0.79                      1.39  -0.60     4.35
  SINCE SEP 1      8.68                     11.05  -2.37     7.41
  SINCE JAN 1     21.72                     25.86  -4.14    21.07

SNOWFALL (IN)
  YESTERDAY        0.0           0.0  2001   0.0
  MONTH TO DATE    0.0                       0.0
  SINCE SEP 1      0.0                       0.0
  SINCE JUL 1      0.0                       0.0

DEGREE DAYS
 HEATING
  YESTERDAY        0                         2     -2        0
  MONTH TO DATE    6                        26    -20        8
  SINCE SEP 1     13                        30    -17        8
  SINCE JUL 1     13                        30    -17        8

 COOLING
  YESTERDAY        7                         5      2        2
  MONTH TO DATE  237                       141     96      175
  SINCE SEP 1   1145                       999    146     1272
  SINCE JAN 1   4672                      3906    766     4377
..................................................................


WIND (MPH)
  HIGHEST WIND SPEED    21   HIGHEST WIND DIRECTION     S (170)
  HIGHEST GUST SPEED    25   HIGHEST GUST DIRECTION     S (180)
  AVERAGE WIND SPEED     4.8


SKY COVER
  POSSIBLE SUNSHINE  MM
  AVERAGE SKY COVER 0.2


WEATHER CONDITIONS
 THE FOLLOWING WEATHER WAS RECORDED YESTERDAY.
  FOG


RELATIVE HUMIDITY (PERCENT)
 HIGHEST   100           100 AM
 LOWEST     48           200 PM
 AVERAGE    74

..........................................................


THE BROWNSVILLE CLIMATE NORMALS FOR TODAY
                         NORMAL    RECORD    YEAR
 MAXIMUM TEMPERATURE (F)   77        91      1900
 MINIMUM TEMPERATURE (F)   58        38      1937


SUNRISE AND SUNSET
NOVEMBER 22 2017......SUNRISE   653 AM CST   SUNSET   539 PM CST
NOVEMBER 23 2017......SUNRISE   654 AM CST   SUNSET   538 PM CST


-  INDICATES NEGATIVE NUMBERS.
R  INDICATES RECORD WAS SET OR TIED.
MM INDICATES DATA IS MISSING.
T  INDICATES TRACE AMOUNT.




$$
