000
CDUS44 KBRO 232132
CLIBRO


CLIMATE REPORT
NATIONAL WEATHER SERVICE BROWNSVILLE TX
431 PM CDT WED JUL 23 2014


...................................

...THE BROWNSVILLE CLIMATE SUMMARY FOR JULY 23 2014...
VALID TODAY AS OF 0400 PM LOCAL TIME.

CLIMATE NORMAL PERIOD 1981 TO 2010
CLIMATE RECORD PERIOD 1878 TO 2014


WEATHER ITEM   OBSERVED TIME   RECORD YEAR NORMAL DEPARTURE LAST
                VALUE   (LST)  VALUE       VALUE  FROM      YEAR
                                                  NORMAL
..................................................................
TEMPERATURE (F)
 TODAY
  MAXIMUM         96    132 PM  99    1979  94      2       94
  MINIMUM         77    631 AM  68    1989  76      1       77
                                      1915
                                      1901
  AVERAGE         87                        85      2       86

PRECIPITATION (IN)
  TODAY            0.00          6.68 2008   0.05  -0.05     0.00
  MONTH TO DATE    1.64                      1.60   0.04     2.13
  SINCE JUN 1      2.28                      4.17  -1.89     2.98
  SINCE JAN 1      7.61                     11.93  -4.32     8.58

SNOWFALL (IN)
  TODAY            0.0           0.0  2002   0.0
                                      2001
  MONTH TO DATE    0.0                       0.0
  SINCE JUN 1      0.0                       0.0
  SINCE JUL 1      0.0                       0.0

DEGREE DAYS
 HEATING
  TODAY            0                         0      0        0
  MONTH TO DATE    0                         0      0        0
  SINCE JUN 1      0                         0      0        0
  SINCE JUL 1      0                         0      0        0

 COOLING
  TODAY           22                        20      2       21
  MONTH TO DATE  450                       460    -10      456
  SINCE JUN 1   1047                      1027     20     1079
  SINCE JAN 1   1969                      2120   -151     2201
..................................................................


WIND (MPH)
  HIGHEST WIND SPEED    15   HIGHEST WIND DIRECTION    SE (130)
  HIGHEST GUST SPEED    24   HIGHEST GUST DIRECTION    SE (140)
  AVERAGE WIND SPEED     7.0


SKY COVER
  POSSIBLE SUNSHINE  MM
  AVERAGE SKY COVER 0.1


WEATHER CONDITIONS
 THE FOLLOWING WEATHER WAS RECORDED TODAY.
  NO SIGNIFICANT WEATHER WAS OBSERVED.


RELATIVE HUMIDITY (PERCENT)
 HIGHEST   100           700 AM
 LOWEST     46           300 PM
 AVERAGE    73

..........................................................


THE BROWNSVILLE CLIMATE NORMALS FOR TOMORROW
                         NORMAL    RECORD    YEAR
 MAXIMUM TEMPERATURE (F)   94        99      1934
 MINIMUM TEMPERATURE (F)   76        65      1915


SUNRISE AND SUNSET
JULY 23 2014..........SUNRISE   651 AM CDT   SUNSET   821 PM CDT
JULY 24 2014..........SUNRISE   652 AM CDT   SUNSET   820 PM CDT


-  INDICATES NEGATIVE NUMBERS.
R  INDICATES RECORD WAS SET OR TIED.
MM INDICATES DATA IS MISSING.
T  INDICATES TRACE AMOUNT.




$$
