000
CDUS44 KBRO 010639
CLIBRO


CLIMATE REPORT
NATIONAL WEATHER SERVICE BROWNSVILLE TX
139 AM CDT SUN MAY 1 2016


...................................

...THE BROWNSVILLE CLIMATE SUMMARY FOR APRIL 30 2016...

CLIMATE NORMAL PERIOD 1981 TO 2010
CLIMATE RECORD PERIOD 1878 TO 2016


WEATHER ITEM   OBSERVED TIME   RECORD YEAR NORMAL DEPARTURE LAST
                VALUE   (LST)  VALUE       VALUE  FROM      YEAR
                                                  NORMAL
..................................................................
TEMPERATURE (F)
 YESTERDAY
  MAXIMUM         90    235 PM 100    1909  86      4       82
  MINIMUM         77   1137 PM  48    1996  69      8       54
  AVERAGE         84                        77      7       68

PRECIPITATION (IN)
  YESTERDAY        0.03          3.31 1982   0.05  -0.02     0.00
  MONTH TO DATE    3.26                      1.54   1.72     1.73
  SINCE MAR 1      5.93                      2.77   3.16     6.45
  SINCE JAN 1      7.81                      5.12   2.69    10.77

SNOWFALL (IN)
  YESTERDAY        0.0          90.0  2001   0.0
  MONTH TO DATE    0.0                       0.0
  SINCE MAR 1      0.0                       0.0
  SINCE JUL 1      0.0                       0.0

DEGREE DAYS
 HEATING
  YESTERDAY        0                         0      0        0
  MONTH TO DATE    1                         6     -5        0
  SINCE MAR 1     14                        51    -37       67
  SINCE JUL 1    374                       554   -180      690

 COOLING
  YESTERDAY       19                        12      7        3
  MONTH TO DATE  325                       302     23      373
  SINCE MAR 1    568                       476     92      497
  SINCE JAN 1    676                       617     59      554
..................................................................


WIND (MPH)
  HIGHEST WIND SPEED    18   HIGHEST WIND DIRECTION     S (170)
  HIGHEST GUST SPEED    23   HIGHEST GUST DIRECTION     S (170)
  AVERAGE WIND SPEED     8.5


SKY COVER
  POSSIBLE SUNSHINE  MM
  AVERAGE SKY COVER 0.7


WEATHER CONDITIONS
 THE FOLLOWING WEATHER WAS RECORDED YESTERDAY.
  RAIN
  LIGHT RAIN
  FOG
  HAZE


RELATIVE HUMIDITY (PERCENT)
 HIGHEST    97           700 AM
 LOWEST     68           200 PM
 AVERAGE    83

..........................................................


THE BROWNSVILLE CLIMATE NORMALS FOR TODAY
                         NORMAL    RECORD    YEAR
 MAXIMUM TEMPERATURE (F)   86       100      1953
 MINIMUM TEMPERATURE (F)   69        51      1925
                                             1903


SUNRISE AND SUNSET
MAY  1 2016...........SUNRISE   652 AM CDT   SUNSET   801 PM CDT
MAY  2 2016...........SUNRISE   652 AM CDT   SUNSET   802 PM CDT


-  INDICATES NEGATIVE NUMBERS.
R  INDICATES RECORD WAS SET OR TIED.
MM INDICATES DATA IS MISSING.
T  INDICATES TRACE AMOUNT.




$$
