000
CDUS44 KBRO 260726
CLIBRO


CLIMATE REPORT
NATIONAL WEATHER SERVICE BROWNSVILLE TX
126 AM CST FRI DEC 26 2014


...................................

...THE BROWNSVILLE CLIMATE SUMMARY FOR DECEMBER 25 2014...

CLIMATE NORMAL PERIOD 1981 TO 2010
CLIMATE RECORD PERIOD 1878 TO 2014


WEATHER ITEM   OBSERVED TIME   RECORD YEAR NORMAL DEPARTURE LAST
                VALUE   (LST)  VALUE       VALUE  FROM      YEAR
                                                  NORMAL
..................................................................
TEMPERATURE (F)
 YESTERDAY
  MAXIMUM         72    205 PM  88    2012  70      2       74
  MINIMUM         38    502 AM  20    1983  51    -13       54
  AVERAGE         55                        61     -6       64

PRECIPITATION (IN)
  YESTERDAY        0.00          1.02 1935   0.03  -0.03     0.00
  MONTH TO DATE    0.88                      0.95  -0.07     0.11
  SINCE DEC 1      0.88                      0.95  -0.07     0.11
  SINCE JAN 1     28.04                     27.24   0.80    25.60

SNOWFALL (IN)
  YESTERDAY        0.0           1.5  2004   0.0
  MONTH TO DATE    0.0                       0.0
  SINCE DEC 1      0.0                       0.0
  SINCE JUL 1      0.0                       0.0

DEGREE DAYS
 HEATING
  YESTERDAY       10                         6      4        1
  MONTH TO DATE   39                       127    -88      159
  SINCE DEC 1     39                       127    -88      159
  SINCE JUL 1    152                       181    -29      267

 COOLING
  YESTERDAY        0                         2     -2        0
  MONTH TO DATE   99                        67     32       77
  SINCE DEC 1     99                        67     32       77
  SINCE JAN 1   3999                      4012    -13     4197
..................................................................


WIND (MPH)
  HIGHEST WIND SPEED    29   HIGHEST WIND DIRECTION     S (160)
  HIGHEST GUST SPEED    35   HIGHEST GUST DIRECTION    SE (150)
  AVERAGE WIND SPEED    10.4


SKY COVER
  POSSIBLE SUNSHINE  MM
  AVERAGE SKY COVER 0.3


WEATHER CONDITIONS
 THE FOLLOWING WEATHER WAS RECORDED YESTERDAY.
  FOG
  HAZE


RELATIVE HUMIDITY (PERCENT)
 HIGHEST    92           300 AM
 LOWEST     42          1200 PM
 AVERAGE    67

..........................................................


THE BROWNSVILLE CLIMATE NORMALS FOR TODAY
                         NORMAL    RECORD    YEAR
 MAXIMUM TEMPERATURE (F)   70        84      1920
                                             1916
                                             1894
 MINIMUM TEMPERATURE (F)   51        28      1983


SUNRISE AND SUNSET
DECEMBER 26 2014......SUNRISE   715 AM CST   SUNSET   546 PM CST
DECEMBER 27 2014......SUNRISE   715 AM CST   SUNSET   547 PM CST


-  INDICATES NEGATIVE NUMBERS.
R  INDICATES RECORD WAS SET OR TIED.
MM INDICATES DATA IS MISSING.
T  INDICATES TRACE AMOUNT.




$$
