000
CDUS44 KBRO 302301
CLIBRO

CLIMATE REPORT
NATIONAL WEATHER SERVICE BROWNSVILLE TX
425 PM CDT WED JUL 30 2014


...................................

...THE BROWNSVILLE CLIMATE SUMMARY FOR JULY 30 2014...
VALID TODAY AS OF 0400 PM LOCAL TIME.

CLIMATE NORMAL PERIOD 1981 TO 2010
CLIMATE RECORD PERIOD 1878 TO 2014


WEATHER ITEM   OBSERVED TIME   RECORD YEAR NORMAL DEPARTURE LAST
                VALUE   (LST)  VALUE       VALUE  FROM      YEAR
                                                  NORMAL
..................................................................
TEMPERATURE (F)
 TODAY
  MAXIMUM         97    123 PM 102    1918  95      2       97
  MINIMUM         75    533 AM  70    1913  76     -1       78
  AVERAGE         86                        85      1       88

PRECIPITATION (IN)
  TODAY            0.00          3.30 1894   0.05  -0.05     0.00
  MONTH TO DATE    1.64                      1.98  -0.34     2.13
  SINCE JUN 1      2.28                      4.55  -2.27     2.98
  SINCE JAN 1      7.61                     12.31  -4.70     8.58

SNOWFALL (IN)
  TODAY            0.0           0.0  2002   0.0
                                      2001
  MONTH TO DATE    0.0                       0.0
  SINCE JUN 1      0.0                       0.0
  SINCE JUL 1      0.0                       0.0

DEGREE DAYS
 HEATING
  TODAY            0                         0      0        0
  MONTH TO DATE    0                         0      0        0
  SINCE JUN 1      0                         0      0        0
  SINCE JUL 1      0                         0      0        0

 COOLING
  TODAY           21                        20      1       23
  MONTH TO DATE  601                       600      1      610
  SINCE JUN 1   1198                      1167     31     1233
  SINCE JAN 1   2120                      2260   -140     2355
..................................................................


WIND (MPH)
  HIGHEST WIND SPEED    21   HIGHEST WIND DIRECTION    SE (150)
  HIGHEST GUST SPEED    29   HIGHEST GUST DIRECTION     S (170)
  AVERAGE WIND SPEED    10.1


SKY COVER
  POSSIBLE SUNSHINE  MM
  AVERAGE SKY COVER 0.2


WEATHER CONDITIONS
THE FOLLOWING WEATHER WAS RECORDED TODAY.
NO SIGNIFICANT WEATHER WAS OBSERVED.


RELATIVE HUMIDITY (PERCENT)
 HIGHEST    94           100 AM
 LOWEST     46          1200 PM
 AVERAGE    70

..........................................................


THE BROWNSVILLE CLIMATE NORMALS FOR TOMORROW
                         NORMAL    RECORD    YEAR
 MAXIMUM TEMPERATURE (F)   95       100      1918
 MINIMUM TEMPERATURE (F)   76        67      1894


SUNRISE AND SUNSET
JULY 30 2014..........SUNRISE   655 AM CDT   SUNSET   817 PM CDT
JULY 31 2014..........SUNRISE   655 AM CDT   SUNSET   817 PM CDT


-  INDICATES NEGATIVE NUMBERS.
R  INDICATES RECORD WAS SET OR TIED.
MM INDICATES DATA IS MISSING.
T  INDICATES TRACE AMOUNT.


$$
