000
CDUS44 KBRO 280625
CLIBRO


CLIMATE REPORT
NATIONAL WEATHER SERVICE BROWNSVILLE TX
125 AM CDT FRI JUL 28 2017


...................................

...THE BROWNSVILLE CLIMATE SUMMARY FOR JULY 27 2017...

CLIMATE NORMAL PERIOD 1981 TO 2010
CLIMATE RECORD PERIOD 1878 TO 2017


WEATHER ITEM   OBSERVED TIME   RECORD YEAR NORMAL DEPARTURE LAST
                VALUE   (LST)  VALUE       VALUE  FROM      YEAR
                                                  NORMAL
..................................................................
TEMPERATURE (F)
 YESTERDAY
  MAXIMUM         94    201 PM 100    1954  94      0       96
  MINIMUM         75    550 AM  72    1987  76     -1       79
                                      1984
                                      1961
  AVERAGE         85                        85      0       88

PRECIPITATION (IN)
  YESTERDAY        0.00          1.65 2007   0.05  -0.05     0.00
  MONTH TO DATE    2.31                      1.81   0.50     0.18
  SINCE JUN 1      5.80                      4.38   1.42     3.16
  SINCE JAN 1     11.66                     12.14  -0.48    13.15

SNOWFALL (IN)
  YESTERDAY        0.0           0.0  2002   0.0
                                      2001
  MONTH TO DATE    0.0                       0.0
  SINCE JUN 1      0.0                       0.0
  SINCE JUL 1      0.0                       0.0

DEGREE DAYS
 HEATING
  YESTERDAY        0                         0      0        0
  MONTH TO DATE    0                         0      0        0
  SINCE JUN 1      0                         0      0        0
  SINCE JUL 1      0                         0      0        0

 COOLING
  YESTERDAY       20                        20      0       23
  MONTH TO DATE  513                       540    -27      606
  SINCE JUN 1   1126                      1107     19     1171
  SINCE JAN 1   2763                      2200    563     2331
..................................................................


WIND (MPH)
  HIGHEST WIND SPEED    21   HIGHEST WIND DIRECTION    SE (140)
  HIGHEST GUST SPEED    25   HIGHEST GUST DIRECTION    SE (150)
  AVERAGE WIND SPEED    10.2


SKY COVER
  POSSIBLE SUNSHINE  MM
  AVERAGE SKY COVER 0.1


WEATHER CONDITIONS
 THE FOLLOWING WEATHER WAS RECORDED YESTERDAY.
  NO SIGNIFICANT WEATHER WAS OBSERVED.


RELATIVE HUMIDITY (PERCENT)
 HIGHEST   100           300 AM
 LOWEST     52          1100 AM
 AVERAGE    76

..........................................................


THE BROWNSVILLE CLIMATE NORMALS FOR TODAY
                         NORMAL    RECORD    YEAR
 MAXIMUM TEMPERATURE (F)   94        99      1960
                                             1954
 MINIMUM TEMPERATURE (F)   76        70      1904


SUNRISE AND SUNSET
JULY 28 2017..........SUNRISE   654 AM CDT   SUNSET   818 PM CDT
JULY 29 2017..........SUNRISE   655 AM CDT   SUNSET   818 PM CDT


-  INDICATES NEGATIVE NUMBERS.
R  INDICATES RECORD WAS SET OR TIED.
MM INDICATES DATA IS MISSING.
T  INDICATES TRACE AMOUNT.




$$
