000
CDUS44 KBRO 250733
CLIBRO


CLIMATE REPORT
NATIONAL WEATHER SERVICE BROWNSVILLE TX
131 AM CST SAT FEB 25 2017


...................................

...THE BROWNSVILLE CLIMATE SUMMARY FOR FEBRUARY 24 2017...

CLIMATE NORMAL PERIOD 1981 TO 2010
CLIMATE RECORD PERIOD 1878 TO 2017


WEATHER ITEM   OBSERVED TIME   RECORD YEAR NORMAL DEPARTURE LAST
                VALUE   (LST)  VALUE       VALUE  FROM      YEAR
                                                  NORMAL
..................................................................
TEMPERATURE (F)
 YESTERDAY
  MAXIMUM         92R   213 PM  92    1917  75     17       73
  MINIMUM         68   1159 PM  32    1968  56     12       46
  AVERAGE         80                        66     14       60

PRECIPITATION (IN)
  YESTERDAY        0.00          2.72 1922   0.03  -0.03     0.00
  MONTH TO DATE    1.35                      0.94   0.41      T
  SINCE DEC 1      3.20                      3.36  -0.16     2.04
  SINCE JAN 1      1.53                      2.21  -0.68     1.88

DEGREE DAYS
 HEATING
  YESTERDAY        0                         3     -3        5
  MONTH TO DATE    9                        95    -86       60
  SINCE DEC 1    191                       440   -249      325
  SINCE JUL 1    199                       494   -295      347

 COOLING
  YESTERDAY       15                         3     12        0
  MONTH TO DATE  203                        67    136       74
  SINCE DEC 1    520                       206    314      229
  SINCE JAN 1    344                       126    218       95
..................................................................


WIND (MPH)
  HIGHEST WIND SPEED    24   HIGHEST WIND DIRECTION     N (10)
  HIGHEST GUST SPEED    34   HIGHEST GUST DIRECTION     N (20)
  AVERAGE WIND SPEED    12.8


SKY COVER
  POSSIBLE SUNSHINE  MM
  AVERAGE SKY COVER 0.0


WEATHER CONDITIONS
 THE FOLLOWING WEATHER WAS RECORDED YESTERDAY.
  NO SIGNIFICANT WEATHER WAS OBSERVED.


RELATIVE HUMIDITY (PERCENT)
 HIGHEST    93          1200 AM
 LOWEST     26           200 PM
 AVERAGE    60

..........................................................


THE BROWNSVILLE CLIMATE NORMALS FOR TODAY
                         NORMAL    RECORD    YEAR
 MAXIMUM TEMPERATURE (F)   75        90      1917
 MINIMUM TEMPERATURE (F)   56        28      1894


SUNRISE AND SUNSET
FEBRUARY 25 2017......SUNRISE   656 AM CST   SUNSET   629 PM CST
FEBRUARY 26 2017......SUNRISE   655 AM CST   SUNSET   630 PM CST


-  INDICATES NEGATIVE NUMBERS.
R  INDICATES RECORD WAS SET OR TIED.
MM INDICATES DATA IS MISSING.
T  INDICATES TRACE AMOUNT.

$$
