000
CDUS44 KBRO 260629
CLIBRO


CLIMATE REPORT
NATIONAL WEATHER SERVICE BROWNSVILLE TX
128 AM CDT TUE SEP 26 2017


...................................

...THE BROWNSVILLE CLIMATE SUMMARY FOR SEPTEMBER 25 2017...

CLIMATE NORMAL PERIOD 1981 TO 2010
CLIMATE RECORD PERIOD 1878 TO 2017


WEATHER ITEM   OBSERVED TIME   RECORD YEAR NORMAL DEPARTURE LAST
                VALUE   (LST)  VALUE       VALUE  FROM      YEAR
                                                  NORMAL
..................................................................
TEMPERATURE (F)
 YESTERDAY
  MAXIMUM         92    137 PM  98    2005  89      3       96
                                      1918
  MINIMUM         78    647 AM  58    1914  71      7       79
  AVERAGE         85                        80      5       88

PRECIPITATION (IN)
  YESTERDAY        T             5.76 1913   0.20  -0.20      T
  MONTH TO DATE    4.48                      4.92  -0.44     1.07
  SINCE SEP 1      4.48                      4.92  -0.44     1.07
  SINCE JAN 1     17.52                     19.73  -2.21    14.73

SNOWFALL (IN)
  YESTERDAY        0.0           0.0  2002   0.0
                                      2001
  MONTH TO DATE    0.0                       0.0
  SINCE SEP 1      0.0                       0.0
  SINCE JUL 1      0.0                       0.0

DEGREE DAYS
 HEATING
  YESTERDAY        0                         0      0        0
  MONTH TO DATE    0                         0      0        0
  SINCE SEP 1      0                         0      0        0
  SINCE JUL 1      0                         0      0        0

 COOLING
  YESTERDAY       20                        15      5       23
  MONTH TO DATE  435                       430      5      536
  SINCE SEP 1    435                       430      5      536
  SINCE JAN 1   3962                      3337    625     3641
..................................................................


WIND (MPH)
  HIGHEST WIND SPEED    21   HIGHEST WIND DIRECTION    SE (130)
  HIGHEST GUST SPEED    26   HIGHEST GUST DIRECTION    SE (130)
  AVERAGE WIND SPEED    11.2


SKY COVER
  POSSIBLE SUNSHINE  MM
  AVERAGE SKY COVER 0.2


WEATHER CONDITIONS
 THE FOLLOWING WEATHER WAS RECORDED YESTERDAY.
  LIGHT RAIN


RELATIVE HUMIDITY (PERCENT)
 HIGHEST   100           600 AM
 LOWEST     60           100 PM
 AVERAGE    80

..........................................................


THE BROWNSVILLE CLIMATE NORMALS FOR TODAY
                         NORMAL    RECORD    YEAR
 MAXIMUM TEMPERATURE (F)   89        97      2005
 MINIMUM TEMPERATURE (F)   71        58      1991
                                             1989
                                             1914


SUNRISE AND SUNSET
SEPTEMBER 26 2017.....SUNRISE   720 AM CDT   SUNSET   721 PM CDT
SEPTEMBER 27 2017.....SUNRISE   720 AM CDT   SUNSET   720 PM CDT


-  INDICATES NEGATIVE NUMBERS.
R  INDICATES RECORD WAS SET OR TIED.
MM INDICATES DATA IS MISSING.
T  INDICATES TRACE AMOUNT.




$$
