000
CDUS44 KBRO 280727
CLIBRO


CLIMATE REPORT
NATIONAL WEATHER SERVICE BROWNSVILLE TX
127 AM CST SAT FEB 28 2015


...................................

...THE BROWNSVILLE CLIMATE SUMMARY FOR FEBRUARY 27 2015...

CLIMATE NORMAL PERIOD 1981 TO 2010
CLIMATE RECORD PERIOD 1878 TO 2015


WEATHER ITEM   OBSERVED TIME   RECORD YEAR NORMAL DEPARTURE LAST
                VALUE   (LST)  VALUE       VALUE  FROM      YEAR
                                                  NORMAL
..................................................................
TEMPERATURE (F)
 YESTERDAY
  MAXIMUM         67    325 PM  94    1954  76     -9       63
  MINIMUM         51    818 AM  35    1935  57     -6       43
                                      1924
                                      1912
  AVERAGE         59                        66     -7       53

PRECIPITATION (IN)
  YESTERDAY        T             0.97 1889   0.04  -0.04      T
  MONTH TO DATE    0.67                      1.04  -0.37     0.08
  SINCE DEC 1      5.66                      3.46   2.20     4.28
  SINCE JAN 1      4.23                      2.31   1.92     0.76

SNOWFALL (IN)
  YESTERDAY        0.0           0.0  2002   0.0
                                      2000
  MONTH TO DATE    0.0                       0.0
  SINCE DEC 1      0.0                       0.0
  SINCE JUL 1      0.0                       0.0

DEGREE DAYS
 HEATING
  YESTERDAY        6                         3      3       12
  MONTH TO DATE  135                       104     31      166
  SINCE DEC 1    498                       449     49      616
  SINCE JUL 1    611                       503    108      724

 COOLING
  YESTERDAY        0                         4     -4        0
  MONTH TO DATE   44                        78    -34       98
  SINCE DEC 1    166                       217    -51      196
  SINCE JAN 1     57                       137    -80      119
..................................................................


WIND (MPH)
  HIGHEST WIND SPEED    13   HIGHEST WIND DIRECTION    NW (320)
  HIGHEST GUST SPEED    16   HIGHEST GUST DIRECTION    NW (330)
  AVERAGE WIND SPEED     6.9


SKY COVER
  POSSIBLE SUNSHINE  MM
  AVERAGE SKY COVER 0.8


WEATHER CONDITIONS
 THE FOLLOWING WEATHER WAS RECORDED YESTERDAY.
  LIGHT RAIN
  FOG


RELATIVE HUMIDITY (PERCENT)
 HIGHEST    93           700 AM
 LOWEST     67          1200 PM
 AVERAGE    80

..........................................................


THE BROWNSVILLE CLIMATE NORMALS FOR TODAY
                         NORMAL    RECORD    YEAR
 MAXIMUM TEMPERATURE (F)   76        92      1940
 MINIMUM TEMPERATURE (F)   57        36      1890


SUNRISE AND SUNSET
FEBRUARY 28 2015......SUNRISE   654 AM CST   SUNSET   631 PM CST
MARCH  1 2015.........SUNRISE   653 AM CST   SUNSET   631 PM CST


-  INDICATES NEGATIVE NUMBERS.
R  INDICATES RECORD WAS SET OR TIED.
MM INDICATES DATA IS MISSING.
T  INDICATES TRACE AMOUNT.




$$
