000
CDUS44 KBRO 302136
CLIBRO


CLIMATE REPORT
NATIONAL WEATHER SERVICE BROWNSVILLE TX
436 PM CDT THU MAR 30 2017


...................................

...THE BROWNSVILLE CLIMATE SUMMARY FOR MARCH 30 2017...
VALID TODAY AS OF 0400 PM LOCAL TIME.

CLIMATE NORMAL PERIOD 1981 TO 2010
CLIMATE RECORD PERIOD 1878 TO 2017


WEATHER ITEM   OBSERVED TIME   RECORD YEAR NORMAL DEPARTURE LAST
                VALUE   (LST)  VALUE       VALUE  FROM      YEAR
                                                  NORMAL
..................................................................
TEMPERATURE (F)
 TODAY
  MAXIMUM         82    128 PM 100    1989  81      1       84
  MINIMUM         66    701 AM  38    1930  62      4       73
  AVERAGE         74                        72      2       79

PRECIPITATION (IN)
  TODAY            0.00          0.23 1964   0.04  -0.04      T
  MONTH TO DATE    1.84                      1.19   0.65     2.67
  SINCE MAR 1      1.84                      1.19   0.65     2.67
  SINCE JAN 1      3.38                      3.54  -0.16     4.55

SNOWFALL (IN)
  TODAY            0.0          90.0  2001   0.0
  MONTH TO DATE    0.0                       0.0
  SINCE MAR 1      0.0                       0.0
  SINCE JUL 1      0.0                       0.0

DEGREE DAYS
 HEATING
  TODAY            0                         1     -1        0
  MONTH TO DATE    2                        43    -41       13
  SINCE MAR 1      2                        43    -41       13
  SINCE JUL 1    201                       546   -345      373

 COOLING
  TODAY            9                         7      2       14
  MONTH TO DATE  288                       166    122      225
  SINCE MAR 1    288                       166    122      225
  SINCE JAN 1    675                       307    368      333
..................................................................


WIND (MPH)
  HIGHEST WIND SPEED    21   HIGHEST WIND DIRECTION     N (340)
  HIGHEST GUST SPEED    26   HIGHEST GUST DIRECTION     N (340)
  AVERAGE WIND SPEED     9.9


SKY COVER
  POSSIBLE SUNSHINE  MM
  AVERAGE SKY COVER 0.4


WEATHER CONDITIONS
 THE FOLLOWING WEATHER WAS RECORDED TODAY.
  FOG


RELATIVE HUMIDITY (PERCENT)
 HIGHEST   100           200 AM
 LOWEST     33          1200 PM
 AVERAGE    67

..........................................................


THE BROWNSVILLE CLIMATE NORMALS FOR TOMORROW
                         NORMAL    RECORD    YEAR
 MAXIMUM TEMPERATURE (F)   82        98      1899
 MINIMUM TEMPERATURE (F)   63        34      1987


SUNRISE AND SUNSET
MARCH 30 2017.........SUNRISE   723 AM CDT   SUNSET   746 PM CDT
MARCH 31 2017.........SUNRISE   722 AM CDT   SUNSET   746 PM CDT


-  INDICATES NEGATIVE NUMBERS.
R  INDICATES RECORD WAS SET OR TIED.
MM INDICATES DATA IS MISSING.
T  INDICATES TRACE AMOUNT.




$$
