000
CDUS44 KBRO 270630
CLIBRO


CLIMATE REPORT
NATIONAL WEATHER SERVICE BROWNSVILLE TX
130 AM CDT SAT MAY 27 2017


...................................

...THE BROWNSVILLE CLIMATE SUMMARY FOR MAY 26 2017...

CLIMATE NORMAL PERIOD 1981 TO 2010
CLIMATE RECORD PERIOD 1878 TO 2017


WEATHER ITEM   OBSERVED TIME   RECORD YEAR NORMAL DEPARTURE LAST
                VALUE   (LST)  VALUE       VALUE  FROM      YEAR
                                                  NORMAL
..................................................................
TEMPERATURE (F)
 YESTERDAY
  MAXIMUM         95    306 PM  98    1928  90      5       91
  MINIMUM         80    448 AM  50    1901  74      6       80
  AVERAGE         88                        82      6       86

PRECIPITATION (IN)
  YESTERDAY        0.00          0.60 1933   0.09  -0.09     0.05
  MONTH TO DATE    0.45                      2.18  -1.73     1.64
  SINCE MAR 1      2.92                      4.95  -2.03     7.57
  SINCE JAN 1      4.46                      7.30  -2.84     9.45

SNOWFALL (IN)
  YESTERDAY        0.0           0.0  2002   0.0
                                      2001
                                      2000
  MONTH TO DATE    0.0                       0.0
  SINCE MAR 1      0.0                       0.0
  SINCE JUL 1      0.0                       0.0

DEGREE DAYS
 HEATING
  YESTERDAY        0                         0      0        0
  MONTH TO DATE    0                         0      0        0
  SINCE MAR 1      2                        51    -49       14
  SINCE JUL 1    201                       554   -353      374

 COOLING
  YESTERDAY       23                        17      6       21
  MONTH TO DATE  441                       389     52      391
  SINCE MAR 1   1151                       865    286      959
  SINCE JAN 1   1538                      1006    532     1067
..................................................................


WIND (MPH)
  HIGHEST WIND SPEED    30   HIGHEST WIND DIRECTION     S (170)
  HIGHEST GUST SPEED    36   HIGHEST GUST DIRECTION     S (160)
  AVERAGE WIND SPEED    19.2


SKY COVER
  POSSIBLE SUNSHINE  MM
  AVERAGE SKY COVER 0.8


WEATHER CONDITIONS
 THE FOLLOWING WEATHER WAS RECORDED YESTERDAY.
  NO SIGNIFICANT WEATHER WAS OBSERVED.


RELATIVE HUMIDITY (PERCENT)
 HIGHEST    88           800 PM
 LOWEST     58           300 PM
 AVERAGE    73

..........................................................


THE BROWNSVILLE CLIMATE NORMALS FOR TODAY
                         NORMAL    RECORD    YEAR
 MAXIMUM TEMPERATURE (F)   90        99      1973
 MINIMUM TEMPERATURE (F)   74        60      1913
                                             1901


SUNRISE AND SUNSET
MAY 27 2017...........SUNRISE   639 AM CDT   SUNSET   815 PM CDT
MAY 28 2017...........SUNRISE   639 AM CDT   SUNSET   816 PM CDT


-  INDICATES NEGATIVE NUMBERS.
R  INDICATES RECORD WAS SET OR TIED.
MM INDICATES DATA IS MISSING.
T  INDICATES TRACE AMOUNT.




$$
