834
CDAK49 PAFG 250942
CLIBRW

CLIMATE REPORT
NATIONAL WEATHER SERVICE FAIRBANKS AK
1242 AM AKST SUN FEB 25 2018


...................................

...THE BARROW AK CLIMATE SUMMARY FOR FEBRUARY 24 2018...

CLIMATE NORMAL PERIOD 1981 TO 2010
CLIMATE RECORD PERIOD 1920 TO 2018


WEATHER ITEM   OBSERVED TIME   RECORD YEAR NORMAL DEPARTURE LAST
                VALUE   (LST)  VALUE       VALUE  FROM      YEAR
                                                  NORMAL
..................................................................
TEMPERATURE (F)
 YESTERDAY
  MAXIMUM         10   1159 PM  29    2011  -8     18       -3
  MINIMUM        -10    507 AM -48    1954 -21     11      -13
  AVERAGE          0                       -14     14       -8

PRECIPITATION (IN)
  YESTERDAY        0.12R         0.11 2011   0.00   0.12     0.07
  MONTH TO DATE    0.47                      0.12   0.35     0.26
  SINCE DEC 1      0.92                      0.39   0.53     1.03
  SINCE JAN 1      0.54                      0.25   0.29     0.73

SNOWFALL (IN)
  YESTERDAY       MM             2.1  1934   0.1   MM        0.7
  MONTH TO DATE    2.9                       2.2    0.7      3.5
  SINCE DEC 1     10.3                       8.3    2.0     12.4
  SINCE JUL 1     27.0                      28.6   -1.6     25.5
  SNOW DEPTH      MM

DEGREE DAYS
 HEATING
  YESTERDAY       65                        79    -14       73
  MONTH TO DATE 1397                      1896   -499     1689
  SINCE DEC 1   5372                      6583  -1211     5709
  SINCE JUL 1  10300                     12535  -2235    10664

 COOLING
  YESTERDAY        0                         0      0        0
  MONTH TO DATE    0                         0      0        0
  SINCE DEC 1      0                         0      0        0
  SINCE JAN 1      0                         0      0        0
..................................................................


WIND (MPH)
  HIGHEST GUST SPEED    36   HIGHEST GUST DIRECTION     W (260)


SKY COVER
  AVERAGE SKY COVER 0.9


WEATHER CONDITIONS
 THE FOLLOWING WEATHER WAS RECORDED YESTERDAY.
  HEAVY SNOW
  SNOW
  LIGHT SNOW
  FOG
  BLOWING SNOW


RELATIVE HUMIDITY (PERCENT)
 HIGHEST    95
 LOWEST     79
 AVERAGE    87

..........................................................


THE BARROW AK CLIMATE NORMALS FOR TODAY
                         NORMAL    RECORD    YEAR
 MAXIMUM TEMPERATURE (F)   -8        31      1989
                                             1962
 MINIMUM TEMPERATURE (F)  -21       -48      1923


SUNRISE AND SUNSET
FEBRUARY 25 2018......SUNRISE   919 AM AKST  SUNSET   604 PM AKST
FEBRUARY 26 2018......SUNRISE   914 AM AKST  SUNSET   609 PM AKST

-  INDICATES NEGATIVE NUMBERS.
R  INDICATES RECORD WAS SET OR TIED.
MM INDICATES DATA IS MISSING.
T  INDICATES TRACE AMOUNT.

&&

SNOW DEPTH IS MEASURED AT 3AM AKST/4AM AKDT.

----------------------------
AVAILABLE DAYLIGHT

AMOUNT OF DAYLIGHT TODAY  (HOUR:MIN)........8:45
GAIN/LOSS SINCE YESTERDAY (HOUR:MIN:SEC)....+0:09:54

$$
SDB FEB 18
