000
CDAK49 PABR 310903
CLIBRW

CLIMATE REPORT
NATIONAL WEATHER SERVICE BARROW, AK
103 AM AKDT FRI JUL 31 2015

...................................
...THE BARROW WSO AP CLIMATE SUMMARY FOR JULY 30 2015...

CLIMATE NORMAL PERIOD  1981 TO  2010
CLIMATE RECORD PERIOD  1915 TO  2015

WEATHER ITEM   OBSERVED TIME    RECORD YEAR NORMAL DEPARTURE LAST
               VALUE    (LST)   VALUE       VALUE  FROM      YEAR
                                                   NORMAL
...................................................................
TEMPERATURE
YESTERDAY
 MAXIMUM            53  0816 PM    72  2009     46       7     50
 MINIMUM            31  0311 AM    28  1959     35      -4     31
 AVERAGE            42                          41       1     41

PRECIPITATION
(INCHES)
 YESTERDAY        0.00           0.56  1942   0.03   -0.03      T
 MONTH TO DATE    0.10                        0.94   -0.84   1.00
 SINCE JUN 1      0.94                        1.26   -0.32   2.47
 SINCE JAN 1      2.90                        1.96    0.94   4.09

SNOWFALL
(INCHES)
 YESTERDAY         0.0            2.0  1945    0.0     0.0    0.0
 MONTH TO DATE       T                         0.2    -0.2    0.9
 SINCE JUN 1       1.0                         0.9     0.1    1.8
 SINCE JUL 1         T                         0.2    -0.2    0.9
 SNOW DEPTH (IN)     0                                          0

DEGREE DAYS
 HEATING
  YESTERDAY         23                          24      -1     24
  MONTH TO DATE    731                         723       8    810
  SINCE JUN 1     1473                        1603    -130   1743
  SINCE JUL 1      731                         723       8    810

 COOLING
  YESTERDAY          0                           0       0      0
  MONTH TO DATE      0                           0       0      0
  SINCE JUN 1        0                           0       0      0
  SINCE JAN 1        0                           0       0      0
...................................................................

WIND (MPH)
 HIGHEST WIND SPEED    12     HIGHEST WIND DIRECTION    150
 HIGHEST GUST SPEED    15     HIGHEST GUST DIRECTION    140
 AVERAGE WIND SPEED   7.1

WEATHER CONDITIONS
 THE FOLLOWING WEATHER WAS RECORDED YESTERDAY.
  FOG


RELATIVE HUMIDITY
 HIGHEST RH     MM PERCENT       MM
 LOWEST  RH     MM PERCENT       MM
 AVERAGE RH     MM PERCENT       MM
...................................................................

THE BARROW CLIMATE NORMALS FOR TODAY
                           NORMAL    RECORD   YEAR
 MAXIMUM TEMPERATURE (F)     46        64     1978
 MINIMUM TEMPERATURE (F)     35        27     1929

SUNRISE AND SUNSET
 JUL 31 2015..........SUNRISE  **.**      SUNSET **.**
 AUG 1 2015..........SUNRISE  **.**      SUNSET  2:10 AM

-  INDICATES NEGATIVE NUMBERS.
R  INDICATES RECORD HAS BEEN SET OR TIED.
MM INDICATES DATA IS MISSING.
T  INDICATES TRACE OF PRECIPITATION.

&&
-------------------------------------------------------------------

AMOUNT OF DAYLIGHT TODAY  (HOUR:MIN)........24 HOURS 00 MINUTES
GAIN/LOSS SINCE YESTERDAY (HOUR:MIN:SEC)....+0:00:00

$$
DZB JUL 15
