000
CDAK49 PABR 250903
CLIBRW

CLIMATE REPORT
NATIONAL WEATHER SERVICE BARROW, AK
103 AM AKDT MON JUL 25 2016

...................................
...THE BARROW WSO AP CLIMATE SUMMARY FOR JULY 24 2016...

CLIMATE NORMAL PERIOD  1981 TO  2010
CLIMATE RECORD PERIOD  1915 TO  2016

WEATHER ITEM   OBSERVED TIME    RECORD YEAR NORMAL DEPARTURE LAST
               VALUE    (LST)   VALUE       VALUE  FROM      YEAR
                                                   NORMAL
...................................................................
TEMPERATURE
YESTERDAY
 MAXIMUM            47   159 PM    68  1981     47       0     39
 MINIMUM            35   254 AM    23  1931     35       0     32
 AVERAGE            41                          41       0     36

PRECIPITATION
(INCHES)
 YESTERDAY        0.00           0.44  1989   0.03   -0.03   0.00
 MONTH TO DATE    0.14                        0.73   -0.59   0.09
 SINCE JUN 1      0.84                        1.05   -0.21   0.93
 SINCE JAN 1      2.17                        1.75    0.42   2.89

SNOWFALL
(INCHES)
 YESTERDAY         0.0            0.7  2014    0.0     0.0    0.0
 MONTH TO DATE       T                         0.1    -0.1    0.0
 SINCE JUN 1       2.7                         0.8     1.9    1.0
 SINCE JUL 1         T                         0.1    -0.1    0.0
 SNOW DEPTH (IN)     0                                          0

DEGREE DAYS
 HEATING
  YESTERDAY         24                          24       0     29
  MONTH TO DATE    499                         579     -80    564
  SINCE JUN 1     1309                        1459    -150   1306
  SINCE JUL 1      499                         579     -80    564

 COOLING
  YESTERDAY          0                           0       0      0
  MONTH TO DATE      0                           0       0      0
  SINCE JUN 1        0                           0       0      0
  SINCE JAN 1        0                           0       0      0
...................................................................

WIND (MPH)
 HIGHEST WIND SPEED    24     HIGHEST WIND DIRECTION     90
 HIGHEST GUST SPEED    29     HIGHEST GUST DIRECTION    100
 AVERAGE WIND SPEED  16.7

SKY COVER
  POSSIBLE SUNSHINE    MM          AVERAGE SKY COVER     MM

WEATHER CONDITIONS
 THE FOLLOWING WEATHER WAS RECORDED YESTERDAY.
  DENSE FOG

...................................................................

THE BARROW CLIMATE NORMALS FOR TODAY
                           NORMAL    RECORD   YEAR
 MAXIMUM TEMPERATURE (F)     47        68     1932
 MINIMUM TEMPERATURE (F)     35        23     1931

SUNRISE AND SUNSET
SUN ABOVE VISIBLE HORIZON

-  INDICATES NEGATIVE NUMBERS.
R  INDICATES RECORD HAS BEEN SET OR TIED.
MM INDICATES DATA IS MISSING.
T  INDICATES TRACE OF PRECIPITATION.

&&
-------------------------------------------------------------------

AMOUNT OF DAYLIGHT TODAY  (HOUR:MIN)........24 HOURS 00 MINUTES
GAIN/LOSS SINCE YESTERDAY (HOUR:MIN:SEC)....+0:00:00

$$
*** JUL 16
