000
CDAK49 PABR 160914
CLIBRW

CLIMATE REPORT
NATIONAL WEATHER SERVICE BARROW, AK
114 AM AKDT TUE SEP 16 2014

...................................
...THE BARROW WSO AP CLIMATE SUMMARY FOR SEPTEMBER 15 2014...

CLIMATE NORMAL PERIOD  1981 TO  2010
CLIMATE RECORD PERIOD  1915 TO  2014

WEATHER ITEM   OBSERVED TIME    RECORD YEAR NORMAL DEPARTURE LAST
               VALUE    (LST)   VALUE       VALUE  FROM      YEAR
                                                   NORMAL
...................................................................
TEMPERATURE
YESTERDAY
 MAXIMUM            37  0256 PM    55  1973     36       1     32
 MINIMUM            34  1159 PM    15  1987     29       5     29
 AVERAGE            36                          33       3     31

PRECIPITATION
(INCHES)
 YESTERDAY           T           0.20  1972   0.02   -0.02      T
 MONTH TO DATE    0.50                        0.41    0.09   0.81
 SINCE SEP 1      0.50                        0.41    0.09   0.81
 SINCE JAN 1      5.05                        3.46    1.59   5.83

SNOWFALL
(INCHES)
 YESTERDAY         0.0            3.0  1972    0.2    -0.2      T
 MONTH TO DATE     4.6                         1.6     3.0    0.5
 SINCE SEP 1       4.6                         1.6     3.0    0.5
 SINCE JUL 1       6.0                         2.7     3.3    1.6
 SNOW DEPTH (IN)     0                                          T

DEGREE DAYS
 HEATING
  YESTERDAY         29                          32      -3     34
  MONTH TO DATE    449                         453      -4    432
  SINCE SEP 1      449                         453      -4    432
  SINCE JUL 1     2115                        2007     108   1841

 COOLING
  YESTERDAY          0                           0       0      0
  MONTH TO DATE      0                           0       0      0
  SINCE SEP 1        0                           0       0      0
  SINCE JAN 1        0                           0       0      0
...................................................................

WIND (MPH)
 HIGHEST WIND SPEED    23     HIGHEST WIND DIRECTION     80
 HIGHEST GUST SPEED    28     HIGHEST GUST DIRECTION     70
 AVERAGE WIND SPEED  16.7

WEATHER CONDITIONS
 THE FOLLOWING WEATHER WAS RECORDED YESTERDAY.
  FOG
  DRIZZLE
  RAIN

RELATIVE HUMIDITY
 HIGHEST RH    100 PERCENT   AT  1159 PM  AST
 LOWEST  RH     96 PERCENT   AT   445 PM  AST
 AVERAGE RH     99 PERCENT
...................................................................

THE BARROW CLIMATE NORMALS FOR TODAY
                           NORMAL    RECORD   YEAR
 MAXIMUM TEMPERATURE (F)     36        51     2010
 MINIMUM TEMPERATURE (F)     29        14     1987

SUNRISE AND SUNSET
 SEP 16 2014..........SUNRISE  7:42 AM      SUNSET  9:00 PM
 SEP 17 2014..........SUNRISE  7:47 AM      SUNSET  8:55 PM

-  INDICATES NEGATIVE NUMBERS.
R  INDICATES RECORD HAS BEEN SET OR TIED.
MM INDICATES DATA IS MISSING.
T  INDICATES TRACE OF PRECIPITATION.
&&
-------------------------------------------------------------------

AMOUNT OF DAYLIGHT TODAY  (HOUR:MIN)........13 HOURS 18 MINUTES
GAIN/LOSS SINCE YESTERDAY (HOUR:MIN:SEC)....-0:09:16

$$
RFL SEP 14
