000
CDAK49 PAFG 280052
CLIBRW

CLIMATE REPORT
NATIONAL WEATHER SERVICE FAIRBANKS AK
452 PM AKDT THU APR 27 2017


...................................

...THE BARROW AK CLIMATE SUMMARY FOR APRIL 27 2017...
VALID TODAY AS OF 0400 PM LOCAL TIME.

CLIMATE NORMAL PERIOD 1981 TO 2010
CLIMATE RECORD PERIOD 1920 TO 2017


WEATHER ITEM   OBSERVED TIME   RECORD YEAR NORMAL DEPARTURE LAST
                VALUE   (LST)  VALUE       VALUE  FROM      YEAR
                                                  NORMAL
..................................................................
TEMPERATURE (F)
 TODAY
  MAXIMUM          6    259 PM  37    1967  16    -10       26
  MINIMUM          3    857 AM -22    1949   3      0       23
  AVERAGE          5                        10     -5       25

PRECIPITATION (IN)
  TODAY            0.00          0.07 2013   0.00   0.00      T
                                      1973
  MONTH TO DATE    T                         0.14  -0.14     0.07
  SINCE MAR 1      0.30                      0.23   0.07     0.21
  SINCE JAN 1      1.17                      0.50   0.67     3.27

SNOWFALL (IN)
  TODAY            0.0           1.2  1973   0.1   -0.1     MM
  MONTH TO DATE    0.6                       2.9   -2.3      0.4
  SINCE MAR 1      3.0                       5.0   -2.0      0.6
  SINCE JUL 1     29.9                      34.0   -4.1      9.4
  SNOW DEPTH       6

DEGREE DAYS
 HEATING
  TODAY           60                        55      5       40
  MONTH TO DATE 1561                      1733   -172     1462
  SINCE MAR 1   3798                      4140   -342     3478
  SINCE JUL 1  14760                     16997  -2237    14874

 COOLING
  TODAY            0                         0      0        0
  MONTH TO DATE    0                         0      0        0
  SINCE MAR 1      0                         0      0        0
  SINCE JAN 1      0                         0      0        0
..................................................................


WIND (MPH)
  HIGHEST GUST SPEED    19   HIGHEST GUST DIRECTION     E (70)


SKY COVER
  AVERAGE SKY COVER 0.9


WEATHER CONDITIONS
 THE FOLLOWING WEATHER WAS RECORDED TODAY.
  LIGHT SNOW
  FOG
  HAZE


RELATIVE HUMIDITY (PERCENT)
 HIGHEST    86
 LOWEST     76
 AVERAGE    81

..........................................................


THE BARROW AK CLIMATE NORMALS FOR TOMORROW
                         NORMAL    RECORD    YEAR
 MAXIMUM TEMPERATURE (F)   17        36      1967
 MINIMUM TEMPERATURE (F)    4       -24      1964


SUNRISE AND SUNSET
APRIL 27 2017.........SUNRISE   459 AM AKDT  SUNSET  1156 PM AKDT
APRIL 28 2017.........SUNRISE   453 AM AKDT  SUNSET  1203 AM AKDT

-  INDICATES NEGATIVE NUMBERS.
R  INDICATES RECORD WAS SET OR TIED.
MM INDICATES DATA IS MISSING.
T  INDICATES TRACE AMOUNT.

&&

SNOW DEPTH IS MEASURED AT 3AM AKST/4AM AKDT.

----------------------------
AVAILABLE DAYLIGHT

AMOUNT OF DAYLIGHT TODAY  (HOUR:MIN)........18:57
GAIN/LOSS SINCE YESTERDAY (HOUR:MIN:SEC)....+0:12:46

$$
CCC APR 17
