000
CDAK49 PAFG 190955
CLIBRW

CLIMATE REPORT
NATIONAL WEATHER SERVICE FAIRBANKS AK
155 AM AKDT THU OCT 19 2017


...................................

...THE BARROW AK CLIMATE SUMMARY FOR OCTOBER 18 2017...

CLIMATE NORMAL PERIOD 1981 TO 2010
CLIMATE RECORD PERIOD 1920 TO 2017


WEATHER ITEM   OBSERVED TIME   RECORD YEAR NORMAL DEPARTURE LAST
                VALUE   (LST)  VALUE       VALUE  FROM      YEAR
                                                  NORMAL
..................................................................
TEMPERATURE (F)
 YESTERDAY
  MAXIMUM         21   1225 AM  35    2013  21      0       27
                                      1982
                                      1951
  MINIMUM         15    717 PM -16    1988  11      4       23
  AVERAGE         18                        16      2       25

PRECIPITATION (IN)
  YESTERDAY        0.02          0.33 1982   0.02   0.00      T
  MONTH TO DATE    0.50                      0.27   0.23     0.05
  SINCE SEP 1      1.19                      0.99   0.20     0.82
  SINCE JAN 1      6.86                      4.04   2.82     6.47

SNOWFALL (IN)
  YESTERDAY        0.2           2.7  1982   0.3   -0.1       T
                                      1933
  MONTH TO DATE    1.0                       5.2   -4.2      0.8
  SINCE SEP 1      3.5                       9.6   -6.1      2.8
  SINCE JUL 1      4.3                      10.7   -6.4      4.6
  SNOW DEPTH       1

DEGREE DAYS
 HEATING
  YESTERDAY       47                        49     -2       40
  MONTH TO DATE  648                       789   -141      584
  SINCE SEP 1   1544                      1775   -231     1490
  SINCE JUL 1   2887                      3330   -443     2919

 COOLING
  YESTERDAY        0                         0      0        0
  MONTH TO DATE    0                         0      0        0
  SINCE SEP 1      0                         0      0        0
  SINCE JAN 1      0                         0      0        0
..................................................................


WIND (MPH)
  HIGHEST GUST SPEED    34   HIGHEST GUST DIRECTION     N (10)


SKY COVER
  AVERAGE SKY COVER 1.0


WEATHER CONDITIONS
 THE FOLLOWING WEATHER WAS RECORDED YESTERDAY.
  LIGHT SNOW
  FOG
  HAZE
  BLOWING SNOW


RELATIVE HUMIDITY (PERCENT)
 HIGHEST    92
 LOWEST     56
 AVERAGE    74

..........................................................


THE BARROW AK CLIMATE NORMALS FOR TODAY
                         NORMAL    RECORD    YEAR
 MAXIMUM TEMPERATURE (F)   20        35      1961
 MINIMUM TEMPERATURE (F)   11       -15      1924


SUNRISE AND SUNSET
OCTOBER 19 2017.......SUNRISE  1009 AM AKDT  SUNSET   614 PM AKDT
OCTOBER 20 2017.......SUNRISE  1014 AM AKDT  SUNSET   609 PM AKDT

-  INDICATES NEGATIVE NUMBERS.
R  INDICATES RECORD WAS SET OR TIED.
MM INDICATES DATA IS MISSING.
T  INDICATES TRACE AMOUNT.

&&

SNOW DEPTH IS MEASURED AT 3AM AKST/4AM AKDT.

----------------------------
AVAILABLE DAYLIGHT

AMOUNT OF DAYLIGHT TODAY  (HOUR:MIN)........8:05
GAIN/LOSS SINCE YESTERDAY (HOUR:MIN:SEC)....-0:09:58

$$
OCT 17
