000
CDAK49 PABR 310036
CLIBRW

CLIMATE REPORT
NATIONAL WEATHER SERVICE BARROW, AK
336 PM AKST FRI JAN 30 2015

...................................
...THE BARROW WSO AP CLIMATE SUMMARY FOR JANUARY 30 2015...
VALID TODAY AS OF 300 PM LOCAL TIME

CLIMATE NORMAL PERIOD  1981 TO  2010
CLIMATE RECORD PERIOD  1915 TO  2015

WEATHER ITEM   OBSERVED TIME    RECORD YEAR NORMAL DEPARTURE LAST
               VALUE    (LST)   VALUE       VALUE  FROM      YEAR
                                                   NORMAL
...................................................................
TEMPERATURE
TODAY
 MAXIMUM            18   159 PM    27  1996     -8      26     16
 MINIMUM            -9  1211 AM   -48  1984    -20      11      3
 AVERAGE             5                         -14      19     10

PRECIPITATION
(INCHES)
 TODAY            0.04           0.13  1941   0.01    0.03      T
 MONTH TO DATE    0.26                        0.13    0.13   0.18
 SINCE DEC 1      0.46                        0.27    0.19   1.35
 SINCE JAN 1      0.26                        0.13    0.13   0.18

SNOWFALL
(INCHES)
 TODAY             0.4            1.0  1941    0.1     0.3      T
 MONTH TO DATE     4.6                         2.5     2.1    3.4
 SINCE DEC 1       7.6                         6.0     1.6   16.5
 SINCE JUL 1      38.7                        26.3    12.4   40.4
 SNOW DEPTH (IN)     7                                          8

DEGREE DAYS
 HEATING
  TODAY             60                          79     -19     55
  MONTH TO DATE   2273                        2350     -77   2162
  SINCE DEC 1     4475                        4607    -132   4235
  SINCE JUL 1    10077                       10557    -480   9634

 COOLING
  TODAY              0                           0       0      0
  MONTH TO DATE      0                           0       0      0
  SINCE DEC 1        0                           0       0      0
  SINCE JAN 1        0                           0       0      0
...................................................................

WIND (MPH)
 HIGHEST WIND SPEED    37     HIGHEST WIND DIRECTION    240
 HIGHEST GUST SPEED    43     HIGHEST GUST DIRECTION    240
 AVERAGE WIND SPEED    MM

SKY COVER
  POSSIBLE SUNSHINE  MM            AVERAGE SKY COVER MM

WEATHER CONDITIONS
 THE FOLLOWING WEATHER WAS RECORDED TODAY.
  FOG
  BLOWING SNOW
  SNOW


RELATIVE HUMIDITY
 HIGHEST RH     MM PERCENT       MM
 LOWEST  RH     MM PERCENT       MM
 AVERAGE RH     MM PERCENT       MM
...................................................................

THE BARROW CLIMATE NORMALS FOR TOMORROW
                        NORMAL    RECORD   YEAR
 MAXIMUM TEMPERATURE      -8        29     1957
 MINIMUM TEMPERATURE     -20       -50     1993

SUNRISE AND SUNSET
 JAN 30 2015..........SUNRISE 1151 AM      SUNSET  332 PM
 JAN 31 2015..........SUNRISE 1144 AM      SUNSET  340 PM

-  INDICATES NEGATIVE NUMBERS.
R  INDICATES RECORD HAS BEEN SET OR TIED.
MM INDICATES DATA IS MISSING.
T  INDICATES TRACE OF PRECIPITATION.

&&
-------------------------------------------------------------------

AMOUNT OF DAYLIGHT TODAY  (HOUR:MIN)........3 HOURS 41 MINUTES
GAIN/LOSS SINCE YESTERDAY (HOUR:MIN:SEC)....+0:15:49

$$
DPA JAN 15
