299
CDAK49 PABR 290902
CLIBRW

CLIMATE REPORT
NATIONAL WEATHER SERVICE BARROW, AK
102 AM AKDT FRI APR 29 2016

...................................
...THE BARROW WSO AP CLIMATE SUMMARY FOR APRIL 28 2016...

CLIMATE NORMAL PERIOD  1981 TO  2010
CLIMATE RECORD PERIOD  1915 TO  2016

WEATHER ITEM   OBSERVED TIME    RECORD YEAR NORMAL DEPARTURE LAST
               VALUE    (LST)   VALUE       VALUE  FROM      YEAR
                                                   NORMAL
...................................................................
TEMPERATURE
YESTERDAY
 MAXIMUM            29  0418 PM    36  1967     17      12     19
 MINIMUM            23  0652 AM   -24  1964      4      19     13
 AVERAGE            26                          10      16     16

PRECIPITATION
(INCHES)
 YESTERDAY           T           0.06  2008   0.01   -0.01      T
 MONTH TO DATE    0.05                        0.15   -0.10   0.46
 SINCE MAR 1      0.09                        0.24   -0.15   0.74
 SINCE JAN 1      1.24                        0.51    0.73   1.31

SNOWFALL
(INCHES)
 YESTERDAY           T            1.1  1965    0.1    -0.1      T
 MONTH TO DATE     1.0                         3.0    -2.0    6.9
 SINCE MAR 1       2.0                         5.1    -3.1   10.3
 SINCE JUL 1      31.9                        34.1    -2.2   53.4
 SNOW DEPTH (IN)     5                                          8

DEGREE DAYS
 HEATING
  YESTERDAY         39                          55     -16     49
  MONTH TO DATE   1563                        1788    -225   1651
  SINCE MAR 1     3794                        4192    -398   3991
  SINCE JUL 1    15955                       17040   -1085  16202

 COOLING
  YESTERDAY          0                           0       0      0
  MONTH TO DATE      0                           0       0      0
  SINCE MAR 1        0                           0       0      0
  SINCE JAN 1        0                           0       0      0
...................................................................

WIND (MPH)
 HIGHEST WIND SPEED    10     HIGHEST WIND DIRECTION     10
 HIGHEST GUST SPEED    12     HIGHEST GUST DIRECTION     10
 AVERAGE WIND SPEED   7.8

WEATHER CONDITIONS
 THE FOLLOWING WEATHER WAS RECORDED YESTERDAY.
  FOG
SNOW


...................................................................

THE BARROW CLIMATE NORMALS FOR TODAY
                           NORMAL    RECORD   YEAR
 MAXIMUM TEMPERATURE (F)     17        38     1967
 MINIMUM TEMPERATURE (F)      5       -19     1973

SUNRISE AND SUNSET
 APR 29 2016..........SUNRISE  4:44 AM      SUNSET 12:11 AM
 APR 30 2016..........SUNRISE  4:37 AM      SUNSET 12:18 AM

-  INDICATES NEGATIVE NUMBERS.
R  INDICATES RECORD HAS BEEN SET OR TIED.
MM INDICATES DATA IS MISSING.
T  INDICATES TRACE OF PRECIPITATION.

&&
-------------------------------------------------------------------

AMOUNT OF DAYLIGHT TODAY  (HOUR:MIN)........19 HOURS 27 MINUTES
GAIN/LOSS SINCE YESTERDAY (HOUR:MIN:SEC)....+0:10:55

$$
*** APR 16
