000
CDUS43 KGRR 270521
CLIBTL


CLIMATE REPORT
NATIONAL WEATHER SERVICE GRAND RAPIDS, MI
121 AM EDT THU APR 27 2017


...................................

...THE BATTLE CREEK MI CLIMATE SUMMARY FOR APRIL 26 2017...

CLIMATE NORMAL PERIOD 1981 TO 2010
CLIMATE RECORD PERIOD 1998 TO 2017


WEATHER ITEM   OBSERVED TIME   NORMAL DEPARTURE LAST
                VALUE   (LST)  VALUE  FROM      YEAR
                                      NORMAL
......................................................
TEMPERATURE (F)
 YESTERDAY
  MAXIMUM         82    417 PM  64     18       62
  MINIMUM         60    624 AM  40     20       42
  AVERAGE         71            52     19       52

PRECIPITATION (IN)
  YESTERDAY        0.00          0.09  -0.09      T
  MONTH TO DATE    2.60          2.41   0.19     1.84
  SINCE MAR 1      6.33          4.32   2.01     4.78
  SINCE JAN 1     11.80          7.32   4.48     6.38

DEGREE DAYS
 HEATING
  YESTERDAY        0            13    -13       13
  MONTH TO DATE  314           463   -149      464
  SINCE MAR 1   1219          1373   -154     1191
  SINCE JUL 1   5122          6338  -1216     5106

 COOLING
  YESTERDAY        6             0      6        0
  MONTH TO DATE    9             0      9        2
  SINCE MAR 1      9             0      9        2
  SINCE JAN 1      9             0      9        2
......................................................


WIND (MPH)
  RESULTANT WIND SPEED   9   RESULTANT WIND DIRECTION   S (170)
  HIGHEST WIND SPEED    28   HIGHEST WIND DIRECTION     S (180)
  HIGHEST GUST SPEED    36   HIGHEST GUST DIRECTION     S (170)
  AVERAGE WIND SPEED    12.3


SKY COVER
  AVERAGE SKY COVER 0.3


WEATHER CONDITIONS
 THE FOLLOWING WEATHER WAS RECORDED YESTERDAY.
  NO SIGNIFICANT WEATHER WAS OBSERVED.


RELATIVE HUMIDITY (PERCENT)
 HIGHEST    84           600 AM
 LOWEST     45           400 PM
 AVERAGE    65

..........................................................


THE BATTLE CREEK MI CLIMATE NORMALS FOR TODAY
                         NORMAL
 MAXIMUM TEMPERATURE (F)   65
 MINIMUM TEMPERATURE (F)   40


SUNRISE AND SUNSET
APRIL 27 2017.........SUNRISE   641 AM EDT   SUNSET   836 PM EDT
APRIL 28 2017.........SUNRISE   640 AM EDT   SUNSET   837 PM EDT


-  INDICATES NEGATIVE NUMBERS.
R  INDICATES RECORD WAS SET OR TIED.
MM INDICATES DATA IS MISSING.
T  INDICATES TRACE AMOUNT.




$$
