000
CDUS43 KGRR 172124
CLIBTL


CLIMATE REPORT
NATIONAL WEATHER SERVICE GRAND RAPIDS, MI
524 PM EDT THU APR 17 2014


...................................

...THE BATTLE CREEK MI CLIMATE SUMMARY FOR APRIL 17 2014...
VALID TODAY AS OF 0500 PM LOCAL TIME.

CLIMATE NORMAL PERIOD 1981 TO 2010
CLIMATE RECORD PERIOD 9999 TO 9999


WEATHER ITEM   OBSERVED TIME   RECORD YEAR NORMAL DEPARTURE LAST
                VALUE   (LST)  VALUE       VALUE  FROM      YEAR
                                                  NORMAL
..................................................................
TEMPERATURE (F)
 TODAY
  MAXIMUM         65    359 PM  MM      MM  61      4       55
  MINIMUM         35    625 AM  MM      MM  37     -2       41
  AVERAGE         50                        49      1       48

PRECIPITATION (IN)
  TODAY            0.00         MM      MM   0.10  -0.10     0.56
  MONTH TO DATE    1.38                      1.55  -0.17     3.02
  SINCE MAR 1      2.34                      3.46  -1.12     3.56
  SINCE JAN 1      3.87                      6.46  -2.59     8.29

DEGREE DAYS
 HEATING
  TODAY           15                        16     -1       17
  MONTH TO DATE  349                       331     18      382
  SINCE MAR 1   1518                      1241    277     1424
  SINCE JUL 1   6972                      6206    766     6019

 COOLING
  TODAY            0                         0      0        0
  MONTH TO DATE    0                         0      0        0
  SINCE MAR 1      0                         0      0        0
  SINCE JAN 1      0                         0      0        0
..................................................................


WIND (MPH)
  RESULTANT WIND SPEED  11   RESULTANT WIND DIRECTION   S (160)
  HIGHEST WIND SPEED    25   HIGHEST WIND DIRECTION     S (200)
  HIGHEST GUST SPEED    32   HIGHEST GUST DIRECTION    SW (210)
  AVERAGE WIND SPEED    12.9



WEATHER CONDITIONS
 THE FOLLOWING WEATHER WAS RECORDED TODAY.
  NO SIGNIFICANT WEATHER WAS OBSERVED.


RELATIVE HUMIDITY (PERCENT)
 HIGHEST    70           200 AM
 LOWEST     31           300 PM
 AVERAGE    51

..........................................................




SUNRISE AND SUNSET
APRIL 17 2014.........SUNRISE   657 AM EDT   SUNSET   825 PM EDT
APRIL 18 2014.........SUNRISE   655 AM EDT   SUNSET   826 PM EDT


-  INDICATES NEGATIVE NUMBERS.
R  INDICATES RECORD WAS SET OR TIED.
MM INDICATES DATA IS MISSING.
T  INDICATES TRACE AMOUNT.




$$
