000
CDUS43 KGRR 240520
CLIBTL


CLIMATE REPORT
NATIONAL WEATHER SERVICE GRAND RAPIDS, MI
1219 AM EST FRI FEB 24 2017


...................................

...THE BATTLE CREEK MI CLIMATE SUMMARY FOR FEBRUARY 23 2017...

CLIMATE NORMAL PERIOD 1981 TO 2010
CLIMATE RECORD PERIOD 1998 TO 2017


WEATHER ITEM   OBSERVED TIME   NORMAL DEPARTURE LAST
                VALUE   (LST)  VALUE  FROM      YEAR
                                      NORMAL
......................................................
TEMPERATURE (F)
 YESTERDAY
  MAXIMUM         57    504 AM  38     19       45
  MINIMUM         45   1159 PM  19     26       24
  AVERAGE         51            28     23       35

PRECIPITATION (IN)
  YESTERDAY        0.12          0.05   0.07     0.00
  MONTH TO DATE    1.15          1.05   0.10     0.34
  SINCE DEC 1      5.41          4.70   0.71     4.40
  SINCE JAN 1      4.37          2.71   1.66     1.28

DEGREE DAYS
 HEATING
  YESTERDAY       14            37    -23       30
  MONTH TO DATE  681           903   -222      870
  SINCE DEC 1   2934          3348   -414     2681
  SINCE JUL 1   3777          4786  -1009     3731

 COOLING
  YESTERDAY        0             0      0        0
  MONTH TO DATE    0             0      0        0
  SINCE DEC 1      0             0      0        0
  SINCE JAN 1      0             0      0        0
......................................................


WIND (MPH)
  RESULTANT WIND SPEED   5   RESULTANT WIND DIRECTION   W (270)
  HIGHEST WIND SPEED    18   HIGHEST WIND DIRECTION    SW (220)
  HIGHEST GUST SPEED    26   HIGHEST GUST DIRECTION    SW (210)
  AVERAGE WIND SPEED     9.9


SKY COVER
  AVERAGE SKY COVER 0.3


WEATHER CONDITIONS
 THE FOLLOWING WEATHER WAS RECORDED YESTERDAY.
  LIGHT RAIN


RELATIVE HUMIDITY (PERCENT)
 HIGHEST   100           700 AM
 LOWEST     66           300 PM
 AVERAGE    83

..........................................................


THE BATTLE CREEK MI CLIMATE NORMALS FOR TODAY
                         NORMAL
 MAXIMUM TEMPERATURE (F)   38
 MINIMUM TEMPERATURE (F)   19


SUNRISE AND SUNSET
FEBRUARY 24 2017......SUNRISE   724 AM EST   SUNSET   625 PM EST
FEBRUARY 25 2017......SUNRISE   722 AM EST   SUNSET   626 PM EST


-  INDICATES NEGATIVE NUMBERS.
R  INDICATES RECORD WAS SET OR TIED.
MM INDICATES DATA IS MISSING.
T  INDICATES TRACE AMOUNT.




$$
