000
CDUS45 KMSO 032231
CLIBTM


CLIMATE REPORT
NATIONAL WEATHER SERVICE MISSOULA, MT
430 PM MDT FRI JUL 3 2015


...................................

...THE BUTTE MT CLIMATE SUMMARY FOR JULY 3 2015...
VALID TODAY AS OF 0400 PM LOCAL TIME.

CLIMATE NORMAL PERIOD 1981 TO 2010
CLIMATE RECORD PERIOD 1895 TO 2015


WEATHER ITEM   OBSERVED TIME   RECORD YEAR NORMAL DEPARTURE LAST
                VALUE   (LST)  VALUE       VALUE  FROM      YEAR
                                                  NORMAL
..................................................................
TEMPERATURE (F)
 TODAY
  MAXIMUM         88    251 PM  92    1996  77     11       86
  MINIMUM         52    534 AM  30    1994  44      8       51
  AVERAGE         70                        61      9       69

PRECIPITATION (IN)
  TODAY            0.00          0.50 1909   0.05  -0.05     0.03
  MONTH TO DATE    0.00                      0.14  -0.14     0.03
  SINCE OCT 1      6.67                      9.20  -2.53     8.78
  SINCE JAN 1      4.28                      7.31  -3.03     7.74

SNOWFALL (IN)
  TODAY           MM
  MONTH TO DATE   MM
  SINCE JAN 1     MM
  SINCE JUL 1     MM
  SNOW DEPTH      MM

DEGREE DAYS
 HEATING
  TODAY            0                         5     -5        0
  MONTH TO DATE    0                        16    -16        9
  SINCE JUN 1    148                       303   -155      362
  SINCE JUL 1      0                        16    -16        9

 COOLING
  TODAY            5                         1      4        4
  MONTH TO DATE   13                         3     10        9
  SINCE JUN 1     59                        10     49        9
  SINCE JAN 1     59                        10     49        9
..................................................................


WIND (MPH)
  HIGHEST WIND SPEED    13   HIGHEST WIND DIRECTION    NW (300)
  HIGHEST GUST SPEED    18   HIGHEST GUST DIRECTION     N (360)
  AVERAGE WIND SPEED     4.3


SKY COVER
  POSSIBLE SUNSHINE  MM
  AVERAGE SKY COVER 0.0


WEATHER CONDITIONS
 THE FOLLOWING WEATHER WAS RECORDED TODAY.
  NO SIGNIFICANT WEATHER WAS OBSERVED.


RELATIVE HUMIDITY (PERCENT)
 HIGHEST    71           400 AM
 LOWEST     16           200 PM
 AVERAGE    44

..........................................................


THE BUTTE MT CLIMATE NORMALS FOR TOMORROW
                         NORMAL    RECORD    YEAR
 MAXIMUM TEMPERATURE (F)   78        94      2000
 MINIMUM TEMPERATURE (F)   44        31      1994


SUNRISE AND SUNSET
JULY  3 2015..........SUNRISE   544 AM MDT   SUNSET   924 PM MDT
JULY  4 2015..........SUNRISE   545 AM MDT   SUNSET   923 PM MDT


-  INDICATES NEGATIVE NUMBERS.
R  INDICATES RECORD WAS SET OR TIED.
MM INDICATES DATA IS MISSING.
T  INDICATES TRACE AMOUNT.




$$
