000
CDUS45 KMSO 230738
CLIBTM


CLIMATE REPORT
NATIONAL WEATHER SERVICE MISSOULA, MT
138 AM MDT SAT MAY 23 2015


...................................

...THE BUTTE MT CLIMATE SUMMARY FOR MAY 22 2015...

CLIMATE NORMAL PERIOD 1981 TO 2010
CLIMATE RECORD PERIOD 1895 TO 2015


WEATHER ITEM   OBSERVED TIME   RECORD YEAR NORMAL DEPARTURE LAST
                VALUE   (LST)  VALUE       VALUE  FROM      YEAR
                                                  NORMAL
..................................................................
TEMPERATURE (F)
 YESTERDAY
  MAXIMUM         64    423 PM  83    1919  63      1       76
  MINIMUM         34    422 AM  19    1916  36     -2       37
  AVERAGE         49                        49      0       57

PRECIPITATION (IN)
  YESTERDAY        T             0.64 1981   0.08  -0.08     0.00
  MONTH TO DATE    1.11                      1.31  -0.20     0.77
  SINCE OCT 1      5.09                      6.03  -0.94     5.27
  SINCE JAN 1      2.70                      4.14  -1.44     4.23

SNOWFALL (IN)
  YESTERDAY       MM
  MONTH TO DATE   MM
  SINCE JAN 1     MM
  SINCE JUL 1     MM
  SNOW DEPTH      MM

DEGREE DAYS
 HEATING
  YESTERDAY       16                        16      0        8
  MONTH TO DATE  418                       412      6      438
  SINCE MAR 1   2042                      2234   -192     2281
  SINCE JUL 1   7923                      8803   -880     8659

 COOLING
  YESTERDAY        0                         0      0        0
  MONTH TO DATE    0                         0      0        0
  SINCE MAR 1      0                         0      0        0
  SINCE JAN 1      0                         0      0        0
..................................................................


WIND (MPH)
  HIGHEST WIND SPEED    16   HIGHEST WIND DIRECTION     S (190)
  HIGHEST GUST SPEED    23   HIGHEST GUST DIRECTION     E (70)
  AVERAGE WIND SPEED     6.2


SKY COVER
  POSSIBLE SUNSHINE  MM
  AVERAGE SKY COVER 0.6


WEATHER CONDITIONS
 THE FOLLOWING WEATHER WAS RECORDED YESTERDAY.
  THUNDERSTORM


RELATIVE HUMIDITY (PERCENT)
 HIGHEST    96           400 AM
 LOWEST     34           400 PM
 AVERAGE    65

..........................................................


THE BUTTE MT CLIMATE NORMALS FOR TODAY
                         NORMAL    RECORD    YEAR
 MAXIMUM TEMPERATURE (F)   63        84      1929
 MINIMUM TEMPERATURE (F)   36        19      1986


SUNRISE AND SUNSET
MAY 23 2015...........SUNRISE   550 AM MDT   SUNSET   904 PM MDT
MAY 24 2015...........SUNRISE   549 AM MDT   SUNSET   905 PM MDT


-  INDICATES NEGATIVE NUMBERS.
R  INDICATES RECORD WAS SET OR TIED.
MM INDICATES DATA IS MISSING.
T  INDICATES TRACE AMOUNT.




$$
