000
CDUS45 KMSO 242331
CLIBTM


CLIMATE REPORT
NATIONAL WEATHER SERVICE MISSOULA, MT
431 PM MST FRI FEB 24 2017


...................................

...THE BUTTE MT CLIMATE SUMMARY FOR FEBRUARY 24 2017...
VALID TODAY AS OF 0400 PM LOCAL TIME.

CLIMATE NORMAL PERIOD 1981 TO 2010
CLIMATE RECORD PERIOD 1895 TO 2017


WEATHER ITEM   OBSERVED TIME   RECORD YEAR NORMAL DEPARTURE LAST
                VALUE   (LST)  VALUE       VALUE  FROM      YEAR
                                                  NORMAL
..................................................................
TEMPERATURE (F)
 TODAY
  MAXIMUM         27    313 PM  61    1995  37    -10       42
  MINIMUM         13    832 AM -37    2003  11      2        8
  AVERAGE         20                        24     -4       25

PRECIPITATION (IN)
  TODAY            T             0.41 1996   0.02  -0.02     0.00
  MONTH TO DATE    0.48                      0.36   0.12     0.09
  SINCE OCT 1      4.01                      2.72   1.29     3.17
  SINCE JAN 1      0.79                      0.83  -0.04     0.43

SNOWFALL (IN)
  TODAY           MM
  MONTH TO DATE   MM
  SINCE JAN 1     MM
  SINCE JUL 1     MM
  SNOW DEPTH      MM

DEGREE DAYS
 HEATING
  TODAY           45                        41      4       40
  MONTH TO DATE  947                      1040    -93      907
  SINCE DEC 1   4305                      3921    384     3819
  SINCE JUL 1   6599                      6411    188     6239

 COOLING
  TODAY            0                         0      0        0
  MONTH TO DATE    0                         0      0        0
  SINCE DEC 1      0                         0      0        0
  SINCE JAN 1      0                         0      0        0
..................................................................


WIND (MPH)
  HIGHEST WIND SPEED     9   HIGHEST WIND DIRECTION    NW (320)
  HIGHEST GUST SPEED    14   HIGHEST GUST DIRECTION     E (70)
  AVERAGE WIND SPEED     2.7


SKY COVER
  POSSIBLE SUNSHINE  MM
  AVERAGE SKY COVER 0.8


WEATHER CONDITIONS
 THE FOLLOWING WEATHER WAS RECORDED TODAY.
  LIGHT SNOW
  FOG
  HAZE


RELATIVE HUMIDITY (PERCENT)
 HIGHEST    92           300 AM
 LOWEST     55           400 PM
 AVERAGE    74

..........................................................


THE BUTTE MT CLIMATE NORMALS FOR TOMORROW
                         NORMAL    RECORD    YEAR
 MAXIMUM TEMPERATURE (F)   38        57      1921
 MINIMUM TEMPERATURE (F)   12       -26      2003
                                             1962


SUNRISE AND SUNSET
FEBRUARY 24 2017......SUNRISE   717 AM MST   SUNSET   610 PM MST
FEBRUARY 25 2017......SUNRISE   715 AM MST   SUNSET   611 PM MST


-  INDICATES NEGATIVE NUMBERS.
R  INDICATES RECORD WAS SET OR TIED.
MM INDICATES DATA IS MISSING.
T  INDICATES TRACE AMOUNT.




$$
