000
CDUS45 KMSO 041354 RRA
CLIBTM

CLIMATE REPORT
NATIONAL WEATHER SERVICE MISSOULA, MT
157 AM MST SUN DEC 4 2016


...................................

...THE BUTTE MT CLIMATE SUMMARY FOR DECEMBER 3 2016...

CLIMATE NORMAL PERIOD 1981 TO 2010
CLIMATE RECORD PERIOD 1895 TO 2016


WEATHER ITEM   OBSERVED TIME   RECORD YEAR NORMAL DEPARTURE LAST
                VALUE   (LST)  VALUE       VALUE  FROM      YEAR
                                                  NORMAL
..................................................................
TEMPERATURE (F)
 YESTERDAY
  MAXIMUM         37    225 PM  55    1956  31      6       29
  MINIMUM         25   1214 AM -21    1992   7     18        1
  AVERAGE         31                        19     12       15

PRECIPITATION (IN)
  YESTERDAY        T             0.49 1948   0.01  -0.01     0.00
  MONTH TO DATE    0.01                      0.05  -0.04     0.00
  SINCE OCT 1      2.79                      1.43   1.36     2.07
  SINCE JAN 1     10.17                     12.31  -2.14    11.24

SNOWFALL (IN)
  YESTERDAY       MM
  MONTH TO DATE   MM
  SINCE JAN 1     MM
  SINCE JUL 1     MM
  SNOW DEPTH      MM

DEGREE DAYS
 HEATING
  YESTERDAY       34                        46    -12       50
  MONTH TO DATE  120                       136    -16      164
  SINCE DEC 1    120                       136    -16      164
  SINCE JUL 1   2414                      2626   -212     2584

 COOLING
  YESTERDAY        0                         0      0        0
  MONTH TO DATE    0                         0      0        0
  SINCE DEC 1      0                         0      0        0
  SINCE JAN 1     57                        81    -24      101
..................................................................


WIND (MPH)
  HIGHEST WIND SPEED    21   HIGHEST WIND DIRECTION    NW (310)
  HIGHEST GUST SPEED    29   HIGHEST GUST DIRECTION     W (270)
  AVERAGE WIND SPEED     8.0


SKY COVER
  POSSIBLE SUNSHINE  MM
  AVERAGE SKY COVER 0.7


WEATHER CONDITIONS
 THE FOLLOWING WEATHER WAS RECORDED YESTERDAY.
  LIGHT SNOW
  HAZE


RELATIVE HUMIDITY (PERCENT)
 HIGHEST    81           500 AM
 LOWEST     44           200 PM
 AVERAGE    63

..........................................................


THE BUTTE MT CLIMATE NORMALS FOR TODAY
                         NORMAL    RECORD    YEAR
 MAXIMUM TEMPERATURE (F)   31        56      1965
 MINIMUM TEMPERATURE (F)    7       -37      1972


SUNRISE AND SUNSET
DECEMBER  4 2016......SUNRISE   755 AM MST   SUNSET   445 PM MST
DECEMBER  5 2016......SUNRISE   756 AM MST   SUNSET   445 PM MST


-  INDICATES NEGATIVE NUMBERS.
R  INDICATES RECORD WAS SET OR TIED.
MM INDICATES DATA IS MISSING.
T  INDICATES TRACE AMOUNT.




$$
