000
CDUS45 KMSO 240738
CLIBTM


CLIMATE REPORT
NATIONAL WEATHER SERVICE MISSOULA, MT
137 AM MDT TUE MAY 24 2016


...................................

...THE BUTTE MT CLIMATE SUMMARY FOR MAY 23 2016...

CLIMATE NORMAL PERIOD 1981 TO 2010
CLIMATE RECORD PERIOD 1895 TO 2016


WEATHER ITEM   OBSERVED TIME   RECORD YEAR NORMAL DEPARTURE LAST
                VALUE   (LST)  VALUE       VALUE  FROM      YEAR
                                                  NORMAL
..................................................................
TEMPERATURE (F)
 YESTERDAY
  MAXIMUM         49    155 PM  84    1929  63    -14       60
  MINIMUM         39   1159 PM  19    1986  36      3       39
  AVERAGE         44                        50     -6       50

PRECIPITATION (IN)
  YESTERDAY        0.02          0.73 2013   0.08  -0.06      T
  MONTH TO DATE    0.95                      1.39  -0.44     1.11
  SINCE OCT 1      5.77                      6.11  -0.34     5.09
  SINCE JAN 1      3.03                      4.22  -1.19     2.70

SNOWFALL (IN)
  YESTERDAY       MM
  MONTH TO DATE   MM
  SINCE JAN 1     MM
  SINCE JUL 1     MM
  SNOW DEPTH      MM

DEGREE DAYS
 HEATING
  YESTERDAY       21                        15      6       15
  MONTH TO DATE  416                       427    -11      433
  SINCE MAR 1   2034                      2249   -215     2057
  SINCE JUL 1   8431                      8818   -387     7938

 COOLING
  YESTERDAY        0                         0      0        0
  MONTH TO DATE    0                         0      0        0
  SINCE MAR 1      0                         0      0        0
  SINCE JAN 1      0                         0      0        0
..................................................................


WIND (MPH)
  HIGHEST WIND SPEED    18   HIGHEST WIND DIRECTION    SW (230)
  HIGHEST GUST SPEED    29   HIGHEST GUST DIRECTION    SW (220)
  AVERAGE WIND SPEED     8.4


SKY COVER
  POSSIBLE SUNSHINE  MM
  AVERAGE SKY COVER 1.0


WEATHER CONDITIONS
 THE FOLLOWING WEATHER WAS RECORDED YESTERDAY.
  LIGHT RAIN


RELATIVE HUMIDITY (PERCENT)
 HIGHEST    85           900 PM
 LOWEST     45          1100 AM
 AVERAGE    65

..........................................................


THE BUTTE MT CLIMATE NORMALS FOR TODAY
                         NORMAL    RECORD    YEAR
 MAXIMUM TEMPERATURE (F)   63        84      1928
 MINIMUM TEMPERATURE (F)   36        20      1918


SUNRISE AND SUNSET
MAY 24 2016...........SUNRISE   548 AM MDT   SUNSET   906 PM MDT
MAY 25 2016...........SUNRISE   547 AM MDT   SUNSET   907 PM MDT


-  INDICATES NEGATIVE NUMBERS.
R  INDICATES RECORD WAS SET OR TIED.
MM INDICATES DATA IS MISSING.
T  INDICATES TRACE AMOUNT.




$$
