000
CDUS45 KMSO 260737
CLIBTM


CLIMATE REPORT
NATIONAL WEATHER SERVICE MISSOULA, MT
137 AM MDT MON SEP 26 2016


...................................

...THE BUTTE MT CLIMATE SUMMARY FOR SEPTEMBER 25 2016...

CLIMATE NORMAL PERIOD 1981 TO 2010
CLIMATE RECORD PERIOD 1895 TO 2016


WEATHER ITEM   OBSERVED TIME   RECORD YEAR NORMAL DEPARTURE LAST
                VALUE   (LST)  VALUE       VALUE  FROM      YEAR
                                                  NORMAL
..................................................................
TEMPERATURE (F)
 YESTERDAY
  MAXIMUM         64    440 PM  86    2001  64      0       85
  MINIMUM         27    535 AM  13    1926  32     -5       37
  AVERAGE         46                        48     -2       61

PRECIPITATION (IN)
  YESTERDAY        0.00          0.69 2013   0.03  -0.03     0.00
  MONTH TO DATE    1.22                      0.85   0.37     2.36
  SINCE OCT 1     10.02                     12.62  -2.60    11.56
  SINCE JAN 1      7.28                     10.73  -3.45     9.17

SNOWFALL (IN)
  YESTERDAY       MM
  MONTH TO DATE   MM
  SINCE JAN 1     MM
  SINCE JUL 1     MM
  SNOW DEPTH      MM

DEGREE DAYS
 HEATING
  YESTERDAY       19                        17      2        4
  MONTH TO DATE  377                       303     74      274
  SINCE SEP 1    377                       303     74      274
  SINCE JUL 1    675                       531    144      504

 COOLING
  YESTERDAY        0                         0      0        0
  MONTH TO DATE    3                         0      3        0
  SINCE SEP 1      3                         0      3        0
  SINCE JAN 1     57                        79    -22      101
..................................................................


WIND (MPH)
  HIGHEST WIND SPEED    20   HIGHEST WIND DIRECTION    NW (310)
  HIGHEST GUST SPEED    26   HIGHEST GUST DIRECTION    NW (320)
  AVERAGE WIND SPEED     5.0


SKY COVER
  POSSIBLE SUNSHINE  MM
  AVERAGE SKY COVER 0.2


WEATHER CONDITIONS
 THE FOLLOWING WEATHER WAS RECORDED YESTERDAY.
  NO SIGNIFICANT WEATHER WAS OBSERVED.


RELATIVE HUMIDITY (PERCENT)
 HIGHEST    92           100 AM
 LOWEST     34           200 PM
 AVERAGE    63

..........................................................


THE BUTTE MT CLIMATE NORMALS FOR TODAY
                         NORMAL    RECORD    YEAR
 MAXIMUM TEMPERATURE (F)   64        84      1963
 MINIMUM TEMPERATURE (F)   32        18      1933


SUNRISE AND SUNSET
SEPTEMBER 26 2016.....SUNRISE   723 AM MDT   SUNSET   719 PM MDT
SEPTEMBER 27 2016.....SUNRISE   724 AM MDT   SUNSET   717 PM MDT


-  INDICATES NEGATIVE NUMBERS.
R  INDICATES RECORD WAS SET OR TIED.
MM INDICATES DATA IS MISSING.
T  INDICATES TRACE AMOUNT.




$$
