000
CDUS44 KLIX 260720
CLIBTR


CLIMATE REPORT
NATIONAL WEATHER SERVICE NEW ORLEANS
220 AM CDT THU MAY 26 2016


...................................

...THE BATON ROUGE  ASOS CLIMATE SUMMARY FOR MAY 25 2016...

CLIMATE NORMAL PERIOD 1981 TO 2010
CLIMATE RECORD PERIOD 1894 TO 2016


WEATHER ITEM   OBSERVED TIME   RECORD YEAR NORMAL DEPARTURE LAST
                VALUE   (LST)  VALUE       VALUE  FROM      YEAR
                                                  NORMAL
..................................................................
TEMPERATURE (F)
 YESTERDAY
  MAXIMUM         91    355 PM  98    1922  88      3       88
                                      1921
  MINIMUM         73    517 AM  52    1979  68      5       69
                                      1940
  AVERAGE         82                        78      4       79

PRECIPITATION (IN)
  YESTERDAY        0.00          3.53 1986   0.17  -0.17     0.41
  MONTH TO DATE    6.11                      3.88   2.23     3.88
  SINCE MAR 1     20.85                     12.75   8.10    15.34
  SINCE JAN 1     30.16                     23.51   6.65    25.09

SNOWFALL (IN)
  YESTERDAY        0.0
  MONTH TO DATE    0.0
  SINCE MAR 1      0.0
  SINCE JUL 1      0.0
  SNOW DEPTH       0

DEGREE DAYS
 HEATING
  YESTERDAY        0                         0      0        0
  MONTH TO DATE    0                         0      0        0
  SINCE MAR 1     88                       218   -130       99
  SINCE JUL 1   1079                      1553   -474     1641

 COOLING
  YESTERDAY       17                        13      4       14
  MONTH TO DATE  212                       253    -41      290
  SINCE MAR 1    468                       453     15      597
  SINCE JAN 1    485                       484      1      601
..................................................................


WIND (MPH)
  HIGHEST WIND SPEED    16   HIGHEST WIND DIRECTION     S (180)
  HIGHEST GUST SPEED    20   HIGHEST GUST DIRECTION     S (190)
  AVERAGE WIND SPEED     8.8


SKY COVER
  POSSIBLE SUNSHINE  MM
  AVERAGE SKY COVER 0.5


WEATHER CONDITIONS
 THE FOLLOWING WEATHER WAS RECORDED YESTERDAY.
  FOG
  HAZE


RELATIVE HUMIDITY (PERCENT)
 HIGHEST    93           400 AM
 LOWEST     49           400 PM
 AVERAGE    71

..........................................................


THE BATON ROUGE  ASOS CLIMATE NORMALS FOR TODAY
                         NORMAL    RECORD    YEAR
 MAXIMUM TEMPERATURE (F)   88        98      1921
 MINIMUM TEMPERATURE (F)   68        47      1979


SUNRISE AND SUNSET
MAY 26 2016...........SUNRISE   604 AM CDT   SUNSET   759 PM CDT
MAY 27 2016...........SUNRISE   604 AM CDT   SUNSET   800 PM CDT


-  INDICATES NEGATIVE NUMBERS.
R  INDICATES RECORD WAS SET OR TIED.
MM INDICATES DATA IS MISSING.
T  INDICATES TRACE AMOUNT.




$$
