000
CDUS44 KLIX 220723
CLIBTR


CLIMATE REPORT
NATIONAL WEATHER SERVICE NEW ORLEANS
213 AM CDT TUE JUL 22 2014


...................................

...THE BATON ROUGE  ASOS CLIMATE SUMMARY FOR JULY 21 2014...

CLIMATE NORMAL PERIOD 1981 TO 2010
CLIMATE RECORD PERIOD 1894 TO 2014


WEATHER ITEM   OBSERVED TIME   RECORD YEAR NORMAL DEPARTURE LAST
                VALUE   (LST)  VALUE       VALUE  FROM      YEAR
                                                  NORMAL
..................................................................
TEMPERATURE (F)
 YESTERDAY
  MAXIMUM         91    330 PM 101    1907  92     -1       86
  MINIMUM         71    457 AM  65    1947  74     -3       74
  AVERAGE         81                        83     -2       80

PRECIPITATION (IN)
  YESTERDAY        0.00          2.23 1980   0.15  -0.15     0.44
  MONTH TO DATE    5.71                      3.43   2.28     3.36
  SINCE JUN 1     17.07                      9.84   7.23     9.83
  SINCE JAN 1     41.41                     34.36   7.05    48.01

SNOWFALL (IN)
  YESTERDAY        0.0
  MONTH TO DATE    0.0
  SINCE JUN 1      0.0
  SINCE JUL 1      0.0
  SNOW DEPTH       0

DEGREE DAYS
 HEATING
  YESTERDAY        0                         0      0        0
  MONTH TO DATE    0                         0      0        0
  SINCE JUN 1      0                         0      0        0
  SINCE JUL 1      0                         0      0        0

 COOLING
  YESTERDAY       16                        18     -2       15
  MONTH TO DATE  330                       378    -48      334
  SINCE JUN 1    799                       862    -63      836
  SINCE JAN 1   1305                      1427   -122     1259
..................................................................


WIND (MPH)
  HIGHEST WIND SPEED    10   HIGHEST WIND DIRECTION     W (290)
  HIGHEST GUST SPEED    14   HIGHEST GUST DIRECTION     W (280)
  AVERAGE WIND SPEED     2.8


SKY COVER
  POSSIBLE SUNSHINE  MM
  AVERAGE SKY COVER 0.3


WEATHER CONDITIONS
 THE FOLLOWING WEATHER WAS RECORDED YESTERDAY.
  FOG
  FOG W/VISIBILITY <= 1/4 MILE


RELATIVE HUMIDITY (PERCENT)
 HIGHEST   100           200 AM
 LOWEST     55          1200 PM
 AVERAGE    78

..........................................................


THE BATON ROUGE  ASOS CLIMATE NORMALS FOR TODAY
                         NORMAL    RECORD    YEAR
 MAXIMUM TEMPERATURE (F)   92        99      1924
 MINIMUM TEMPERATURE (F)   74        63      1915


SUNRISE AND SUNSET
JULY 22 2014..........SUNRISE   617 AM CDT   SUNSET   805 PM CDT
JULY 23 2014..........SUNRISE   617 AM CDT   SUNSET   805 PM CDT


-  INDICATES NEGATIVE NUMBERS.
R  INDICATES RECORD WAS SET OR TIED.
MM INDICATES DATA IS MISSING.
T  INDICATES TRACE AMOUNT.




$$
