000
CDUS44 KLIX 170801
CLIBTR


CLIMATE REPORT
NATIONAL WEATHER SERVICE NEW ORLEANS
200 AM CST SAT FEB 17 2018


...................................

...THE BATON ROUGE  ASOS CLIMATE SUMMARY FOR FEBRUARY 16 2018...

CLIMATE NORMAL PERIOD 1981 TO 2010
CLIMATE RECORD PERIOD 1894 TO 2018


WEATHER ITEM   OBSERVED TIME   RECORD YEAR NORMAL DEPARTURE LAST
                VALUE   (LST)  VALUE       VALUE  FROM      YEAR
                                                  NORMAL
..................................................................
TEMPERATURE (F)
 YESTERDAY
  MAXIMUM         83    351 PM  84    1945  66     17       67
                                      1911
  MINIMUM         68   1159 PM  23    1909  45     23       37
  AVERAGE         76                        55     21       52

PRECIPITATION (IN)
  YESTERDAY        T             2.48 1965   0.19  -0.19     0.00
  MONTH TO DATE    2.74                      2.98  -0.24     0.35
  SINCE DEC 1     15.85                     14.30   1.55    19.74
  SINCE JAN 1      9.91                      8.70   1.21    10.03

SNOWFALL (IN)
  YESTERDAY        0.0
  MONTH TO DATE    0.0
  SINCE DEC 1      4.0
  SINCE JUL 1      4.0
  SNOW DEPTH       0

DEGREE DAYS
 HEATING
  YESTERDAY        0                        10    -10       13
  MONTH TO DATE  108                       188    -80       65
  SINCE DEC 1   1078                       993     85      558
  SINCE JUL 1   1285                      1228     57      671

 COOLING
  YESTERDAY       11                         1     10        0
  MONTH TO DATE   28                        14     14       55
  SINCE DEC 1     46                        49     -3      174
  SINCE JAN 1     28                        27      1      109
..................................................................


WIND (MPH)
  HIGHEST WIND SPEED    23   HIGHEST WIND DIRECTION    SW (240)
  HIGHEST GUST SPEED    27   HIGHEST GUST DIRECTION    SW (240)
  AVERAGE WIND SPEED    10.0


SKY COVER
  POSSIBLE SUNSHINE  MM
  AVERAGE SKY COVER 0.8


WEATHER CONDITIONS
 THE FOLLOWING WEATHER WAS RECORDED YESTERDAY.
  LIGHT RAIN
  FOG


RELATIVE HUMIDITY (PERCENT)
 HIGHEST    90           500 AM
 LOWEST     46           300 PM
 AVERAGE    68

..........................................................


THE BATON ROUGE  ASOS CLIMATE NORMALS FOR TODAY
                         NORMAL    RECORD    YEAR
 MAXIMUM TEMPERATURE (F)   66        83      1945
                                             1911
 MINIMUM TEMPERATURE (F)   45        20      1895


SUNRISE AND SUNSET
FEBRUARY 17 2018......SUNRISE   643 AM CST   SUNSET   554 PM CST
FEBRUARY 18 2018......SUNRISE   642 AM CST   SUNSET   555 PM CST


-  INDICATES NEGATIVE NUMBERS.
R  INDICATES RECORD WAS SET OR TIED.
MM INDICATES DATA IS MISSING.
T  INDICATES TRACE AMOUNT.




$$
