000
CDUS44 KLIX 200913
CLIBTR


CLIMATE REPORT
NATIONAL WEATHER SERVICE NEW ORLEANS
313 AM CST FRI JAN 20 2017


...................................

...THE BATON ROUGE  ASOS CLIMATE SUMMARY FOR JANUARY 19 2017...

CLIMATE NORMAL PERIOD 1981 TO 2010
CLIMATE RECORD PERIOD 1894 TO 2017


WEATHER ITEM   OBSERVED TIME   RECORD YEAR NORMAL DEPARTURE LAST
                VALUE   (LST)  VALUE       VALUE  FROM      YEAR
                                                  NORMAL
..................................................................
TEMPERATURE (F)
 YESTERDAY
  MAXIMUM         72    655 AM  82    1895  62     10       62
  MINIMUM         60    809 PM  15    1940  41     19       34
  AVERAGE         66                        52     14       48

PRECIPITATION (IN)
  YESTERDAY        4.90R         2.32 1974   0.19   4.71     0.00
  MONTH TO DATE    7.84                      3.45   4.39     3.08
  SINCE DEC 1     17.55                      9.05   8.50     9.41
  SINCE JAN 1      7.84                      3.45   4.39     3.08

SNOWFALL (IN)
  YESTERDAY        0.0
  MONTH TO DATE    0.0
  SINCE DEC 1      0.0
  SINCE JUL 1      0.0
  SNOW DEPTH       0

DEGREE DAYS
 HEATING
  YESTERDAY        0                        14    -14       17
  MONTH TO DATE  135                       266   -131      293
  SINCE DEC 1    406                       647   -241      472
  SINCE JUL 1    519                       882   -363      583

 COOLING
  YESTERDAY        1                         0      1        0
  MONTH TO DATE   45                         3     42        0
  SINCE DEC 1    110                        25     85       87
  SINCE JAN 1     45                         3     42        0
..................................................................


WIND (MPH)
  HIGHEST WIND SPEED    21   HIGHEST WIND DIRECTION    SE (150)
  HIGHEST GUST SPEED    27   HIGHEST GUST DIRECTION    SE (140)
  AVERAGE WIND SPEED     7.0


SKY COVER
  POSSIBLE SUNSHINE  MM
  AVERAGE SKY COVER 0.9


WEATHER CONDITIONS
 THE FOLLOWING WEATHER WAS RECORDED YESTERDAY.
  THUNDERSTORM
  HEAVY RAIN
  RAIN
  LIGHT RAIN
  FOG


RELATIVE HUMIDITY (PERCENT)
 HIGHEST   100          1000 AM
 LOWEST     87           200 PM
 AVERAGE    94

..........................................................


THE BATON ROUGE  ASOS CLIMATE NORMALS FOR TODAY
                         NORMAL    RECORD    YEAR
 MAXIMUM TEMPERATURE (F)   62        81      1982
                                             1935
 MINIMUM TEMPERATURE (F)   41        11      1985


SUNRISE AND SUNSET
JANUARY 20 2017.......SUNRISE   701 AM CST   SUNSET   531 PM CST
JANUARY 21 2017.......SUNRISE   701 AM CST   SUNSET   532 PM CST


-  INDICATES NEGATIVE NUMBERS.
R  INDICATES RECORD WAS SET OR TIED.
MM INDICATES DATA IS MISSING.
T  INDICATES TRACE AMOUNT.




$$
