221
CDUS44 KLIX 290702
CLIBTR


CLIMATE REPORT
NATIONAL WEATHER SERVICE NEW ORLEANS
201 AM CDT MON MAY 29 2017


...................................

...THE BATON ROUGE  ASOS CLIMATE SUMMARY FOR MAY 28 2017...

CLIMATE NORMAL PERIOD 1981 TO 2010
CLIMATE RECORD PERIOD 1894 TO 2017


WEATHER ITEM   OBSERVED TIME   RECORD YEAR NORMAL DEPARTURE LAST
                VALUE   (LST)  VALUE       VALUE  FROM      YEAR
                                                  NORMAL
..................................................................
TEMPERATURE (F)
 YESTERDAY
  MAXIMUM         88   1050 AM  98    1953  89     -1       88
  MINIMUM         70   1159 PM  47    1961  68      2       69
  AVERAGE         79                        78      1       79

PRECIPITATION (IN)
  YESTERDAY        0.01          3.34 2014   0.17  -0.16     0.00
  MONTH TO DATE    6.71                      4.39   2.32     6.11
  SINCE MAR 1     17.85                     13.26   4.59    20.85
  SINCE JAN 1     29.28                     24.02   5.26    30.16

SNOWFALL (IN)
  YESTERDAY        0.0
  MONTH TO DATE    0.0
  SINCE MAR 1      0.0
  SINCE JUL 1      0.0
  SNOW DEPTH       0

DEGREE DAYS
 HEATING
  YESTERDAY        0                         0      0        0
  MONTH TO DATE   10                         0     10        0
  SINCE MAR 1    105                       218   -113       88
  SINCE JUL 1    809                      1553   -744     1079

 COOLING
  YESTERDAY       14                        13      1       14
  MONTH TO DATE  224                       292    -68      257
  SINCE MAR 1    562                       492     70      513
  SINCE JAN 1    705                       523    182      530
..................................................................


WIND (MPH)
  HIGHEST WIND SPEED    20   HIGHEST WIND DIRECTION     N (350)
  HIGHEST GUST SPEED    30   HIGHEST GUST DIRECTION     N (340)
  AVERAGE WIND SPEED     8.5


SKY COVER
  POSSIBLE SUNSHINE  MM
  AVERAGE SKY COVER 0.6


WEATHER CONDITIONS
 THE FOLLOWING WEATHER WAS RECORDED YESTERDAY.
  THUNDERSTORM
  LIGHT RAIN
  FOG
  HAZE


RELATIVE HUMIDITY (PERCENT)
 HIGHEST    91          1200 AM
 LOWEST     65           300 PM
 AVERAGE    78

..........................................................


THE BATON ROUGE  ASOS CLIMATE NORMALS FOR TODAY
                         NORMAL    RECORD    YEAR
 MAXIMUM TEMPERATURE (F)   89        95      1982
                                             1921
 MINIMUM TEMPERATURE (F)   68        51      1961


SUNRISE AND SUNSET
MAY 29 2017...........SUNRISE   603 AM CDT   SUNSET   801 PM CDT
MAY 30 2017...........SUNRISE   603 AM CDT   SUNSET   801 PM CDT


-  INDICATES NEGATIVE NUMBERS.
R  INDICATES RECORD WAS SET OR TIED.
MM INDICATES DATA IS MISSING.
T  INDICATES TRACE AMOUNT.




$$
