000
CDUS44 KLIX 230801
CLIBTR


CLIMATE REPORT
NATIONAL WEATHER SERVICE NEW ORLEANS
200 AM CST THU NOV 23 2017


...................................

...THE BATON ROUGE  ASOS CLIMATE SUMMARY FOR NOVEMBER 22 2017...

CLIMATE NORMAL PERIOD 1981 TO 2010
CLIMATE RECORD PERIOD 1894 TO 2017


WEATHER ITEM   OBSERVED TIME   RECORD YEAR NORMAL DEPARTURE LAST
                VALUE   (LST)  VALUE       VALUE  FROM      YEAR
                                                  NORMAL
..................................................................
TEMPERATURE (F)
 YESTERDAY
  MAXIMUM         66    212 PM  88    1900  70     -4       76
  MINIMUM         43   1159 PM  27    2000  47     -4       37
  AVERAGE         55                        58     -3       57

PRECIPITATION (IN)
  YESTERDAY        0.00          2.31 1980   0.13  -0.13     0.00
  MONTH TO DATE    1.92                      2.98  -1.06     0.45
  SINCE SEP 1      5.62                     12.22  -6.60     3.54
  SINCE JAN 1     61.01                     53.93   7.08    78.69

SNOWFALL (IN)
  YESTERDAY        0.0
  MONTH TO DATE    0.0
  SINCE SEP 1      0.0
  SINCE JUL 1      0.0
  SNOW DEPTH       0

DEGREE DAYS
 HEATING
  YESTERDAY       10                         8      2        8
  MONTH TO DATE   79                       120    -41       75
  SINCE SEP 1    136                       166    -30       82
  SINCE JUL 1    136                       166    -30       82

 COOLING
  YESTERDAY        0                         1     -1        0
  MONTH TO DATE   75                        41     34       57
  SINCE SEP 1    713                       630     83      829
  SINCE JAN 1   2972                      2791    181     3105
..................................................................


WIND (MPH)
  HIGHEST WIND SPEED    17   HIGHEST WIND DIRECTION     N (20)
  HIGHEST GUST SPEED    22   HIGHEST GUST DIRECTION    NE (30)
  AVERAGE WIND SPEED     8.5


SKY COVER
  POSSIBLE SUNSHINE  MM
  AVERAGE SKY COVER 0.2


WEATHER CONDITIONS
 THE FOLLOWING WEATHER WAS RECORDED YESTERDAY.
  NO SIGNIFICANT WEATHER WAS OBSERVED.


RELATIVE HUMIDITY (PERCENT)
 HIGHEST    93          1200 AM
 LOWEST     44          1200 PM
 AVERAGE    69

..........................................................


THE BATON ROUGE  ASOS CLIMATE NORMALS FOR TODAY
                         NORMAL    RECORD    YEAR
 MAXIMUM TEMPERATURE (F)   70        85      1973
                                             1955
 MINIMUM TEMPERATURE (F)   47        28      1956


SUNRISE AND SUNSET
NOVEMBER 23 2017......SUNRISE   638 AM CST   SUNSET   504 PM CST
NOVEMBER 24 2017......SUNRISE   638 AM CST   SUNSET   504 PM CST


-  INDICATES NEGATIVE NUMBERS.
R  INDICATES RECORD WAS SET OR TIED.
MM INDICATES DATA IS MISSING.
T  INDICATES TRACE AMOUNT.




$$
