403
CDUS44 KLIX 272218
CLIBTR


CLIMATE REPORT
NATIONAL WEATHER SERVICE NEW ORLEANS
417 PM CST MON FEB 27 2017


...................................

...THE BATON ROUGE  ASOS CLIMATE SUMMARY FOR FEBRUARY 27 2017...
VALID TODAY AS OF 0400 PM LOCAL TIME.

CLIMATE NORMAL PERIOD 1981 TO 2010
CLIMATE RECORD PERIOD 1894 TO 2017


WEATHER ITEM   OBSERVED TIME   RECORD YEAR NORMAL DEPARTURE LAST
                VALUE   (LST)  VALUE       VALUE  FROM      YEAR
                                                  NORMAL
..................................................................
TEMPERATURE (F)
 TODAY
  MAXIMUM         81    259 PM  85    2011  69     12       67
                                      1962
  MINIMUM         61   1253 AM  25    1935  47     14       34
  AVERAGE         71

PRECIPITATION (IN)
  TODAY            0.47          2.00 1923   0.16   0.31     0.00
  MONTH TO DATE    1.75                      4.87  -3.12     3.58
  SINCE DEC 1     21.14                     16.19   4.95    15.64
  SINCE JAN 1     11.43                     10.59   0.84     9.31

SNOWFALL (IN)
  TODAY            0.0
  MONTH TO DATE    0.0
  SINCE DEC 1      0.0
  SINCE JUL 1      0.0
  SNOW DEPTH       0

DEGREE DAYS
 HEATING
  TODAY            0                         8     -8       14
  MONTH TO DATE   98                       287   -189      250
  SINCE DEC 1    591                      1092   -501      866
  SINCE JUL 1    704                      1327   -623      977

 COOLING
  TODAY            6                         1      5        0
  MONTH TO DATE   76                        25     51       13
  SINCE DEC 1    195                        60    135      104
  SINCE JAN 1    130                        38     92       17
..................................................................


WIND (MPH)
  HIGHEST WIND SPEED    25   HIGHEST WIND DIRECTION     S (190)
  HIGHEST GUST SPEED    30   HIGHEST GUST DIRECTION     S (190)
  AVERAGE WIND SPEED     9.4


SKY COVER
  POSSIBLE SUNSHINE  MM
  AVERAGE SKY COVER 1.0


WEATHER CONDITIONS
 THE FOLLOWING WEATHER WAS RECORDED TODAY.
  HEAVY RAIN
  LIGHT RAIN
  FOG
  HAZE


RELATIVE HUMIDITY (PERCENT)
 HIGHEST   100           700 AM
 LOWEST     62           400 PM
 AVERAGE    81

..........................................................


THE BATON ROUGE  ASOS CLIMATE NORMALS FOR TOMORROW
                         NORMAL    RECORD    YEAR
 MAXIMUM TEMPERATURE (F)   69        87      2011
                                             1917
 MINIMUM TEMPERATURE (F)   47        22      1935


SUNRISE AND SUNSET
FEBRUARY 27 2017......SUNRISE   633 AM CST   SUNSET   602 PM CST
FEBRUARY 28 2017......SUNRISE   632 AM CST   SUNSET   603 PM CST


-  INDICATES NEGATIVE NUMBERS.
R  INDICATES RECORD WAS SET OR TIED.
MM INDICATES DATA IS MISSING.
T  INDICATES TRACE AMOUNT.




$$
