000
CDUS44 KLIX 080816
CLIBTR


CLIMATE REPORT
NATIONAL WEATHER SERVICE NEW ORLEANS
216 AM CST THU DEC 8 2016


...................................

...THE BATON ROUGE  ASOS CLIMATE SUMMARY FOR DECEMBER 7 2016...

CLIMATE NORMAL PERIOD 1981 TO 2010
CLIMATE RECORD PERIOD 1894 TO 2016


WEATHER ITEM   OBSERVED TIME   RECORD YEAR NORMAL DEPARTURE LAST
                VALUE   (LST)  VALUE       VALUE  FROM      YEAR
                                                  NORMAL
..................................................................
TEMPERATURE (F)
 YESTERDAY
  MAXIMUM         62    421 PM  85    1919  66     -4       72
                                      1916
  MINIMUM         52   1135 PM  20    1950  44      8       45
  AVERAGE         57                        55      2       59

PRECIPITATION (IN)
  YESTERDAY        0.00          8.78 1912   0.17  -0.17     0.00
  MONTH TO DATE    4.49                      1.16   3.33     0.38
  SINCE DEC 1      4.49                      1.16   3.33     0.38
  SINCE JAN 1     85.32                     56.21  29.11    71.64

SNOWFALL (IN)
  YESTERDAY        0.0
  MONTH TO DATE    0.0
  SINCE DEC 1      0.0
  SINCE JUL 1      0.0
  SNOW DEPTH       0

DEGREE DAYS
 HEATING
  YESTERDAY        8                        11     -3        6
  MONTH TO DATE   60                        74    -14       61
  SINCE DEC 1     60                        74    -14       61
  SINCE JUL 1    173                       309   -136      172

 COOLING
  YESTERDAY        0                         1     -1        0
  MONTH TO DATE    0                         7     -7        0
  SINCE DEC 1      0                         7     -7        0
  SINCE JAN 1   3121                      2808    313     3124
..................................................................


WIND (MPH)
  HIGHEST WIND SPEED    10   HIGHEST WIND DIRECTION     E (90)
  HIGHEST GUST SPEED    12   HIGHEST GUST DIRECTION     E (90)
  AVERAGE WIND SPEED     5.0


SKY COVER
  POSSIBLE SUNSHINE  MM
  AVERAGE SKY COVER 1.0


WEATHER CONDITIONS
 THE FOLLOWING WEATHER WAS RECORDED YESTERDAY.
  NO SIGNIFICANT WEATHER WAS OBSERVED.


RELATIVE HUMIDITY (PERCENT)
 HIGHEST    93          1200 AM
 LOWEST     72           200 PM
 AVERAGE    83

..........................................................


THE BATON ROUGE  ASOS CLIMATE NORMALS FOR TODAY
                         NORMAL    RECORD    YEAR
 MAXIMUM TEMPERATURE (F)   65        88      1924
                                             1894
 MINIMUM TEMPERATURE (F)   44        24      2006
                                             1903


SUNRISE AND SUNSET
DECEMBER  8 2016......SUNRISE   650 AM CST   SUNSET   504 PM CST
DECEMBER  9 2016......SUNRISE   650 AM CST   SUNSET   504 PM CST


-  INDICATES NEGATIVE NUMBERS.
R  INDICATES RECORD WAS SET OR TIED.
MM INDICATES DATA IS MISSING.
T  INDICATES TRACE AMOUNT.




$$
