000
CDUS44 KLIX 240710
CLIBTR


CLIMATE REPORT
NATIONAL WEATHER SERVICE NEW ORLEANS
200 AM CDT MON APR 24 2017


...................................

...THE BATON ROUGE  ASOS CLIMATE SUMMARY FOR APRIL 23 2017...

CLIMATE NORMAL PERIOD 1981 TO 2010
CLIMATE RECORD PERIOD 1894 TO 2017


WEATHER ITEM   OBSERVED TIME   RECORD YEAR NORMAL DEPARTURE LAST
                VALUE   (LST)  VALUE       VALUE  FROM      YEAR
                                                  NORMAL
..................................................................
TEMPERATURE (F)
 YESTERDAY
  MAXIMUM         67    154 PM  90    1999  81    -14       82
                                      1958
  MINIMUM         52   1159 PM  42    1927  59     -7       57
  AVERAGE         60                        70    -10       70

PRECIPITATION (IN)
  YESTERDAY        0.00          3.20 1900   0.13  -0.13     0.00
  MONTH TO DATE    4.54                      3.49   1.05     2.70
  SINCE MAR 1      8.28                      7.90   0.38    12.70
  SINCE JAN 1     19.71                     18.66   1.05    22.01

SNOWFALL (IN)
  YESTERDAY        0.0
  MONTH TO DATE    0.0
  SINCE MAR 1      0.0
  SINCE JUL 1      0.0
  SNOW DEPTH       0

DEGREE DAYS
 HEATING
  YESTERDAY        5                         1      4        0
  MONTH TO DATE   11                        47    -36       19
  SINCE MAR 1     95                       214   -119       88
  SINCE JUL 1    799                      1549   -750     1079

 COOLING
  YESTERDAY        0                         6     -6        5
  MONTH TO DATE  143                        97     46       87
  SINCE MAR 1    281                       155    126      184
  SINCE JAN 1    424                       186    238      201
..................................................................


WIND (MPH)
  HIGHEST WIND SPEED    16   HIGHEST WIND DIRECTION     N (340)
  HIGHEST GUST SPEED    22   HIGHEST GUST DIRECTION    NW (320)
  AVERAGE WIND SPEED     6.8


SKY COVER
  POSSIBLE SUNSHINE  MM
  AVERAGE SKY COVER 0.7


WEATHER CONDITIONS
 THE FOLLOWING WEATHER WAS RECORDED YESTERDAY.
  LIGHT RAIN
  FOG
  HAZE


RELATIVE HUMIDITY (PERCENT)
 HIGHEST    93           800 AM
 LOWEST     52           200 PM
 AVERAGE    73

..........................................................


THE BATON ROUGE  ASOS CLIMATE NORMALS FOR TODAY
                         NORMAL    RECORD    YEAR
 MAXIMUM TEMPERATURE (F)   81        91      1999
                                             1958
 MINIMUM TEMPERATURE (F)   59        44      2012


SUNRISE AND SUNSET
APRIL 24 2017.........SUNRISE   627 AM CDT   SUNSET   738 PM CDT
APRIL 25 2017.........SUNRISE   626 AM CDT   SUNSET   739 PM CDT


-  INDICATES NEGATIVE NUMBERS.
R  INDICATES RECORD WAS SET OR TIED.
MM INDICATES DATA IS MISSING.
T  INDICATES TRACE AMOUNT.




$$
