000
CDUS41 KBTV 160532
CLIBTV


CLIMATE REPORT
NATIONAL WEATHER SERVICE BURLINGTON VT
1231 AM EST TUE JAN 16 2018


...................................

...THE BURLINGTON VT CLIMATE SUMMARY FOR JANUARY 15 2018...

CLIMATE NORMAL PERIOD 1981 TO 2010
CLIMATE RECORD PERIOD 1884 TO 2018


WEATHER ITEM   OBSERVED TIME   RECORD YEAR NORMAL DEPARTURE LAST
                VALUE   (LST)  VALUE       VALUE  FROM      YEAR
                                                  NORMAL
..................................................................
TEMPERATURE (F)
 YESTERDAY
  MAXIMUM         11    332 PM  66    1995  27    -16       28
  MINIMUM         -7    757 AM -30    1957  10    -17       14
  AVERAGE          2                        18    -16       21

PRECIPITATION (IN)
  YESTERDAY        0.00          0.84 1918   0.07  -0.07     0.01
  MONTH TO DATE    1.95                      0.99   0.96     0.55
  SINCE DEC 1      4.13                      3.37   0.76     2.90
  SINCE JAN 1      1.95                      0.99   0.96     0.55

SNOWFALL (IN)
  YESTERDAY        0.0          10.5  1918   0.7   -0.7      0.5
  MONTH TO DATE   13.3                      10.2    3.1      1.3
  SINCE DEC 1     36.8                      28.1    8.7     18.0
  SINCE JUL 1     39.8                      33.5    6.3     22.3
  SNOW DEPTH       5

DEGREE DAYS
 HEATING
  YESTERDAY       63                        47     16       44
  MONTH TO DATE  762                       690     72      565
  SINCE DEC 1   2079                      1904    175     1673
  SINCE JUL 1   3218                      3449   -231     2878

 COOLING
  YESTERDAY        0                         0      0        0
  MONTH TO DATE    0                         0      0        0
  SINCE DEC 1      0                         0      0        0
  SINCE JAN 1      0                         0      0        0
..................................................................


WIND (MPH)
  HIGHEST WIND SPEED     9   HIGHEST WIND DIRECTION    NW (320)
  HIGHEST GUST SPEED    10   HIGHEST GUST DIRECTION    NW (320)
  AVERAGE WIND SPEED     3.3


SKY COVER
  POSSIBLE SUNSHINE  MM
  AVERAGE SKY COVER 0.4


WEATHER CONDITIONS
 THE FOLLOWING WEATHER WAS RECORDED YESTERDAY.
  NO SIGNIFICANT WEATHER WAS OBSERVED.


RELATIVE HUMIDITY (PERCENT)
 HIGHEST    83           400 AM
 LOWEST     58           200 PM
 AVERAGE    71

..........................................................


THE BURLINGTON VT CLIMATE NORMALS FOR TODAY
                         NORMAL    RECORD    YEAR
 MAXIMUM TEMPERATURE (F)   27        63      1995
 MINIMUM TEMPERATURE (F)   10       -21      2009


SUNRISE AND SUNSET
JANUARY 16 2018.......SUNRISE   725 AM EST   SUNSET   440 PM EST
JANUARY 17 2018.......SUNRISE   724 AM EST   SUNSET   441 PM EST


-  INDICATES NEGATIVE NUMBERS.
R  INDICATES RECORD WAS SET OR TIED.
MM INDICATES DATA IS MISSING.
T  INDICATES TRACE AMOUNT.




&&

LAKE CHAMPLAIN DATA:
LEVEL...............95.64 FEET
TEMPERATURE.........37 DEGREES

MOUNT MANSFIELD DATA:
HIGH................11 DEGREES
LOW.................-6 DEGREES
PRECIPITATION.......0.00 INCHES
NEW SNOW............MISSING
SNOW AT STAKE.......MISSING

$$
