000
CDUS41 KBTV 300549
CLIBTV


CLIMATE REPORT
NATIONAL WEATHER SERVICE BURLINGTON VT
145 AM EDT THU MAR 30 2017

...................................

...THE BURLINGTON VT CLIMATE SUMMARY FOR MARCH 29 2017...

CLIMATE NORMAL PERIOD 1981 TO 2010
CLIMATE RECORD PERIOD 1884 TO 2017


WEATHER ITEM   OBSERVED TIME   RECORD YEAR NORMAL DEPARTURE LAST
                VALUE   (LST)  VALUE       VALUE  FROM      YEAR
                                                  NORMAL
..................................................................
TEMPERATURE (F)
 YESTERDAY
  MAXIMUM         40    715 PM  84    1946  46     -6       43
  MINIMUM         35    707 AM  -8    1923  28      7       28
  AVERAGE         38                        37      1       36

PRECIPITATION (IN)
  YESTERDAY        T             0.82 1888   0.08  -0.08     0.04
  MONTH TO DATE    2.70                      2.07   0.63     2.26
  SINCE MAR 1      2.70                      2.07   0.63     2.26
  SINCE JAN 1      7.37                      5.89   1.48     6.59

SNOWFALL (IN)
  YESTERDAY        T             7.0  1954   0.3   -0.3       T
  MONTH TO DATE   34.3                      15.2   19.1      1.8
  SINCE MAR 1     34.3                      15.2   19.1      1.8
  SINCE JUL 1     93.5                      76.0   17.5     30.8
  SNOW DEPTH       2

DEGREE DAYS
 HEATING
  YESTERDAY       27                        28     -1       29
  MONTH TO DATE 1100                       998    102      837
  SINCE MAR 1   1100                       998    102      837
  SINCE JUL 1   5478                      6408   -930     5221

 COOLING
  YESTERDAY        0                         0      0        0
  MONTH TO DATE    0                         0      0        0
  SINCE MAR 1      0                         0      0        0
  SINCE JAN 1      0                         0      0        0
..................................................................


WIND (MPH)
  HIGHEST WIND SPEED    20   HIGHEST WIND DIRECTION    NW (330)
  HIGHEST GUST SPEED    24   HIGHEST GUST DIRECTION    NW (320)
  AVERAGE WIND SPEED     9.4


SKY COVER
  POSSIBLE SUNSHINE  MM
  AVERAGE SKY COVER 0.9


WEATHER CONDITIONS
 THE FOLLOWING WEATHER WAS RECORDED YESTERDAY.
  LIGHT RAIN
  LIGHT SNOW
  FOG


RELATIVE HUMIDITY (PERCENT)
 HIGHEST    92           100 AM
 LOWEST     50           800 PM
 AVERAGE    71

..........................................................


THE BURLINGTON VT CLIMATE NORMALS FOR TODAY
                         NORMAL    RECORD    YEAR
 MAXIMUM TEMPERATURE (F)   46        80      1998
                                             1977
 MINIMUM TEMPERATURE (F)   28         6      1884


SUNRISE AND SUNSET
MARCH 30 2017.........SUNRISE   637 AM EDT   SUNSET   718 PM EDT
MARCH 31 2017.........SUNRISE   635 AM EDT   SUNSET   719 PM EDT


-  INDICATES NEGATIVE NUMBERS.
R  INDICATES RECORD WAS SET OR TIED.
MM INDICATES DATA IS MISSING.
T  INDICATES TRACE AMOUNT.

&&

LAKE CHAMPLAIN DATA:
LEVEL...............96.74 FEET
TEMPERATURE.........35 DEGREES

MOUNT MANSFIELD DATA:
HIGH................39 DEGREES
LOW.................19 DEGREES
PRECIPITATION.......0.16 INCHES
NEW SNOW............0.8 INCHES
SNOW AT STAKE.......94 INCHES

$$
