000
CDUS41 KBUF 291008
CLIBUF


CLIMATE REPORT
NATIONAL WEATHER SERVICE BUFFALO NY
608 AM EDT FRI JUL 29 2016


...................................

...THE BUFFALO NY CLIMATE SUMMARY FOR JULY 28 2016...

CLIMATE NORMAL PERIOD 1981 TO 2010
CLIMATE RECORD PERIOD 1871 TO 2016


WEATHER ITEM   OBSERVED TIME   RECORD YEAR NORMAL DEPARTURE LAST
                VALUE   (LST)  VALUE       VALUE  FROM      YEAR
                                                  NORMAL
..................................................................
TEMPERATURE (F)
 YESTERDAY
  MAXIMUM         85   1246 PM  93    1964  80      5       89
  MINIMUM         68    554 AM  51    1996  63      5       67
  AVERAGE         77                        71      6       78

PRECIPITATION (IN)
  YESTERDAY        0.00          1.57 1966   0.12  -0.12     0.00
  MONTH TO DATE    1.80                      2.88  -1.08     2.39
  SINCE JUN 1      3.11                      6.54  -3.43     7.42
  SINCE JAN 1     14.35                     21.55  -7.20    20.05

SNOWFALL (IN)
  YESTERDAY        0.0           0.0    MM   0.0    0.0      0.0
  MONTH TO DATE    0.0                       0.0    0.0      0.0
  SINCE JUN 1      0.0                       0.0    0.0      0.0
  SINCE JUL 1      0.0                       0.0    0.0      0.0
  SNOW DEPTH       0

DEGREE DAYS
 HEATING
  YESTERDAY        0                         0      0        0
  MONTH TO DATE    0                         2     -2        7
  SINCE JUN 1     42                        66    -24       57
  SINCE JUL 1      0                         2     -2        7

 COOLING
  YESTERDAY       12                         6      6       13
  MONTH TO DATE  263                       183     80      163
  SINCE JUN 1    391                       286    105      239
  SINCE JAN 1    450                       312    138      330
..................................................................


WIND (MPH)
  HIGHEST WIND SPEED    13   HIGHEST WIND DIRECTION     N (20)
  HIGHEST GUST SPEED    15   HIGHEST GUST DIRECTION    NE (30)
  AVERAGE WIND SPEED     2.9


SKY COVER
  AVERAGE SKY COVER 0.8


WEATHER CONDITIONS
 THE FOLLOWING WEATHER WAS RECORDED YESTERDAY.
  NO SIGNIFICANT WEATHER WAS OBSERVED.


RELATIVE HUMIDITY (PERCENT)
 HIGHEST    76           600 AM
 LOWEST     51           100 PM
 AVERAGE    64

..........................................................


THE BUFFALO NY CLIMATE NORMALS FOR TODAY
                         NORMAL    RECORD    YEAR
 MAXIMUM TEMPERATURE (F)   80        94      1955
 MINIMUM TEMPERATURE (F)   63        51      1925


SUNRISE AND SUNSET
JULY 29 2016..........SUNRISE   603 AM EDT   SUNSET   839 PM EDT
JULY 30 2016..........SUNRISE   604 AM EDT   SUNSET   838 PM EDT


-  INDICATES NEGATIVE NUMBERS.
R  INDICATES RECORD WAS SET OR TIED.
MM INDICATES DATA IS MISSING.
T  INDICATES TRACE AMOUNT.




$$
