592
CDUS41 KBUF 291015
CLIBUF


CLIMATE REPORT
NATIONAL WEATHER SERVICE BUFFALO NY
615 AM EDT SAT JUL 29 2017


...................................

...THE BUFFALO NY CLIMATE SUMMARY FOR JULY 28 2017...

CLIMATE NORMAL PERIOD 1981 TO 2010
CLIMATE RECORD PERIOD 1871 TO 2017


WEATHER ITEM   OBSERVED TIME   RECORD YEAR NORMAL DEPARTURE LAST
                VALUE   (LST)  VALUE       VALUE  FROM      YEAR
                                                  NORMAL
..................................................................
TEMPERATURE (F)
 YESTERDAY
  MAXIMUM         74    314 PM  93    1964  80     -6       85
  MINIMUM         58   1156 PM  51    1996  63     -5       68
  AVERAGE         66                        71     -5       77

PRECIPITATION (IN)
  YESTERDAY        0.00          1.57 1966   0.12  -0.12     0.00
  MONTH TO DATE    4.65                      2.88   1.77     1.80
  SINCE JUN 1      6.86                      6.54   0.32     3.11
  SINCE JAN 1     29.13                     21.55   7.58    14.35

SNOWFALL (IN)
  YESTERDAY        0.0           0.0    MM   0.0    0.0      0.0
  MONTH TO DATE    0.0                       0.0    0.0      0.0
  SINCE JUN 1      0.0                       0.0    0.0      0.0
  SINCE JUL 1      0.0                       0.0    0.0      0.0
  SNOW DEPTH       0

DEGREE DAYS
 HEATING
  YESTERDAY        0                         0      0        0
  MONTH TO DATE    1                         2     -1        0
  SINCE JUN 1     50                        66    -16       42
  SINCE JUL 1      1                         2     -1        0

 COOLING
  YESTERDAY        1                         6     -5       12
  MONTH TO DATE  165                       183    -18      263
  SINCE JUN 1    288                       286      2      391
  SINCE JAN 1    315                       312      3      450
..................................................................


WIND (MPH)
  HIGHEST WIND SPEED    20   HIGHEST WIND DIRECTION    NE (30)
  HIGHEST GUST SPEED    28   HIGHEST GUST DIRECTION     E (70)
  AVERAGE WIND SPEED     9.9


SKY COVER
  AVERAGE SKY COVER 0.6


WEATHER CONDITIONS
 THE FOLLOWING WEATHER WAS RECORDED YESTERDAY.
  NO SIGNIFICANT WEATHER WAS OBSERVED.


RELATIVE HUMIDITY (PERCENT)
 HIGHEST    87           200 AM
 LOWEST     49           600 PM
 AVERAGE    68

..........................................................


THE BUFFALO NY CLIMATE NORMALS FOR TODAY
                         NORMAL    RECORD    YEAR
 MAXIMUM TEMPERATURE (F)   80        94      1955
 MINIMUM TEMPERATURE (F)   63        51      1925


SUNRISE AND SUNSET
JULY 29 2017..........SUNRISE   603 AM EDT   SUNSET   839 PM EDT
JULY 30 2017..........SUNRISE   604 AM EDT   SUNSET   838 PM EDT


-  INDICATES NEGATIVE NUMBERS.
R  INDICATES RECORD WAS SET OR TIED.
MM INDICATES DATA IS MISSING.
T  INDICATES TRACE AMOUNT.




$$
