000
CDUS46 KLOX 250906
CLIBUR


CLIMATE REPORT
NATIONAL WEATHER SERVICE LOS ANGELES/OXNARD CA
206 AM PDT WED MAY 25 2016


...................................

...THE BOB HOPE AIRPORT (BURBANK) CA CLIMATE SUMMARY FOR MAY 24 2016...

CLIMATE NORMAL PERIOD 1981 TO 2010
CLIMATE RECORD PERIOD 1939 TO 2016


WEATHER ITEM   OBSERVED TIME   RECORD YEAR NORMAL DEPARTURE LAST
                VALUE   (LST)  VALUE       VALUE  FROM      YEAR
                                                  NORMAL
..................................................................
TEMPERATURE (F)
 YESTERDAY
  MAXIMUM         69    233 PM  92    1949  77     -8       71
  MINIMUM         56    914 PM  42    1980  56      0       57
  AVERAGE         63                        66     -3       64

PRECIPITATION (IN)
  YESTERDAY        0.00          0.14 1977   0.01  -0.01     0.00
  MONTH TO DATE    0.02                      0.30  -0.28     0.30
  SINCE OCT 1      7.66                     16.83  -9.17     7.58
  SINCE JAN 1      6.56                     12.39  -5.83     3.08

SNOWFALL (IN)
  YESTERDAY        0.0
  MONTH TO DATE    0.0
  SINCE MAR 1      0.0
  SINCE JUL 1      0.0

DEGREE DAYS
 HEATING
  YESTERDAY        2                         1      1        1
  MONTH TO DATE   43                        50     -7       63
  SINCE MAR 1    215                       406   -191      175
  SINCE JUL 1   1122                      1547   -425      732

 COOLING
  YESTERDAY        0                         3     -3        0
  MONTH TO DATE   29                        49    -20       26
  SINCE MAR 1    118                        94     24      221
  SINCE JAN 1    173                       100     73      247
..................................................................


WIND (MPH)
  HIGHEST WIND SPEED    14   HIGHEST WIND DIRECTION    SE (140)
  HIGHEST GUST SPEED    18   HIGHEST GUST DIRECTION     S (160)
  AVERAGE WIND SPEED     6.5


SKY COVER
  POSSIBLE SUNSHINE  MM
  AVERAGE SKY COVER 0.7


WEATHER CONDITIONS
 THE FOLLOWING WEATHER WAS RECORDED YESTERDAY.
  NO SIGNIFICANT WEATHER WAS OBSERVED.


RELATIVE HUMIDITY (PERCENT)
 HIGHEST    83           300 AM
 LOWEST     45           500 PM
 AVERAGE    64

..........................................................


THE BOB HOPE AIRPORT (BURBANK) CA CLIMATE NORMALS FOR TODAY
                         NORMAL    RECORD    YEAR
 MAXIMUM TEMPERATURE (F)   77       103      1974
 MINIMUM TEMPERATURE (F)   56        43      1980


SUNRISE AND SUNSET
MAY 25 2016...........SUNRISE   545 AM PDT   SUNSET   756 PM PDT
MAY 26 2016...........SUNRISE   545 AM PDT   SUNSET   757 PM PDT


-  INDICATES NEGATIVE NUMBERS.
R  INDICATES RECORD WAS SET OR TIED.
MM INDICATES DATA IS MISSING.
T  INDICATES TRACE AMOUNT.




$$
