000
CDUS46 KLOX 120912
CLIBUR


CLIMATE REPORT
NATIONAL WEATHER SERVICE LOS ANGELES/OXNARD CA
111 AM PST TUE DEC 12 2017


...................................

...THE BOB HOPE AIRPORT (BURBANK) CA CLIMATE SUMMARY FOR DECEMBER 11 2017...

CLIMATE NORMAL PERIOD 1981 TO 2010
CLIMATE RECORD PERIOD 1939 TO 2017


WEATHER ITEM   OBSERVED TIME   RECORD YEAR NORMAL DEPARTURE LAST
                VALUE   (LST)  VALUE       VALUE  FROM      YEAR
                                                  NORMAL
..................................................................
TEMPERATURE (F)
 YESTERDAY
  MAXIMUM         80    311 PM  87    1958  67     13       64
  MINIMUM         50    730 AM  28    1972  41      9       57
  AVERAGE         65                        54     11       61

PRECIPITATION (IN)
  YESTERDAY        0.00          1.09 1996   0.07  -0.07     0.00
  MONTH TO DATE    0.00                      0.66  -0.66     0.00
  SINCE OCT 1      0.08                      2.70  -2.62     1.34
  SINCE JAN 1      9.70                     15.57  -5.87     7.90

SNOWFALL (IN)
  YESTERDAY        0.0
  MONTH TO DATE    0.0
  SINCE DEC 1      0.0
  SINCE JUL 1      0.0

DEGREE DAYS
 HEATING
  YESTERDAY        0                        11    -11        4
  MONTH TO DATE   11                       115   -104       93
  SINCE DEC 1     11                       115   -104       93
  SINCE JUL 1     50                       343   -293      211

 COOLING
  YESTERDAY        0                         0      0        0
  MONTH TO DATE    6                         0      6        0
  SINCE DEC 1      6                         0      6        0
  SINCE JAN 1   1938                      1245    693     1730
..................................................................


WIND (MPH)
  HIGHEST WIND SPEED     9   HIGHEST WIND DIRECTION     W (270)
  HIGHEST GUST SPEED    12   HIGHEST GUST DIRECTION    NW (330)
  AVERAGE WIND SPEED     1.7


SKY COVER
  POSSIBLE SUNSHINE  MM
  AVERAGE SKY COVER 0.0


WEATHER CONDITIONS
 THE FOLLOWING WEATHER WAS RECORDED YESTERDAY.
  HAZE


RELATIVE HUMIDITY (PERCENT)
 HIGHEST    26           600 AM
 LOWEST      5           100 PM
 AVERAGE    16

..........................................................


THE BOB HOPE AIRPORT (BURBANK) CA CLIMATE NORMALS FOR TODAY
                         NORMAL    RECORD    YEAR
 MAXIMUM TEMPERATURE (F)   67        85      2010
 MINIMUM TEMPERATURE (F)   41        27      1972


SUNRISE AND SUNSET
DECEMBER 12 2017......SUNRISE   650 AM PST   SUNSET   445 PM PST
DECEMBER 13 2017......SUNRISE   651 AM PST   SUNSET   445 PM PST


-  INDICATES NEGATIVE NUMBERS.
R  INDICATES RECORD WAS SET OR TIED.
MM INDICATES DATA IS MISSING.
T  INDICATES TRACE AMOUNT.




$$
