000
CDUS46 KLOX 250905
CLIBUR


CLIMATE REPORT
NATIONAL WEATHER SERVICE LOS ANGELES/OXNARD CA
205 AM PDT FRI APR 25 2014


...................................

...THE BOB HOPE AIRPORT (BURBANK) CA CLIMATE SUMMARY FOR APRIL 24 2014...

CLIMATE NORMAL PERIOD 1981 TO 2010
CLIMATE RECORD PERIOD 1939 TO 2014


WEATHER ITEM   OBSERVED TIME   RECORD YEAR NORMAL DEPARTURE LAST
                VALUE   (LST)  VALUE       VALUE  FROM      YEAR
                                                  NORMAL
..................................................................
TEMPERATURE (F)
 YESTERDAY
  MAXIMUM         80    135 PM  93    1965  74      6       64
  MINIMUM         53    452 AM  39    1978  51      2       59
  AVERAGE         67                        63      4       62

PRECIPITATION (IN)
  YESTERDAY        0.00          0.33 1967   0.03  -0.03     0.00
  MONTH TO DATE    0.04                      0.95  -0.91      T
  SINCE JUL 1      5.34                     16.69 -11.35     4.70
  SINCE JAN 1      4.91                     11.93  -7.02     1.90

SNOWFALL (IN)
  YESTERDAY        0.0
  MONTH TO DATE    0.0
  SINCE MAR 1      0.0
  SINCE JUL 1      0.0

DEGREE DAYS
 HEATING
  YESTERDAY        0                         4     -4        3
  MONTH TO DATE   59                       119    -60       21
  SINCE MAR 1    147                       337   -190       90
  SINCE JUL 1    624                      1478   -854     1101

 COOLING
  YESTERDAY        2                         2      0        0
  MONTH TO DATE   53                        27     26       59
  SINCE MAR 1     73                        37     36      107
  SINCE JAN 1    133                        43     90      109
..................................................................


WIND (MPH)
  HIGHEST WIND SPEED    14   HIGHEST WIND DIRECTION     S (160)
  HIGHEST GUST SPEED    22   HIGHEST GUST DIRECTION     E (100)
  AVERAGE WIND SPEED     4.5


SKY COVER
  POSSIBLE SUNSHINE  MM
  AVERAGE SKY COVER 0.0


WEATHER CONDITIONS
 THE FOLLOWING WEATHER WAS RECORDED YESTERDAY.
  NO SIGNIFICANT WEATHER WAS OBSERVED.


RELATIVE HUMIDITY (PERCENT)
 HIGHEST    64          1000 PM
 LOWEST     19          1100 AM
 AVERAGE    42

..........................................................


THE BOB HOPE AIRPORT (BURBANK) CA CLIMATE NORMALS FOR TODAY
                         NORMAL    RECORD    YEAR
 MAXIMUM TEMPERATURE (F)   74        94      2004
 MINIMUM TEMPERATURE (F)   52        37      1974


SUNRISE AND SUNSET
APRIL 25 2014.........SUNRISE   610 AM PDT   SUNSET   733 PM PDT
APRIL 26 2014.........SUNRISE   609 AM PDT   SUNSET   734 PM PDT


-  INDICATES NEGATIVE NUMBERS.
R  INDICATES RECORD WAS SET OR TIED.
MM INDICATES DATA IS MISSING.
T  INDICATES TRACE AMOUNT.




$$
