000
CDUS46 KLOX 230915
CLIBUR


CLIMATE REPORT
NATIONAL WEATHER SERVICE LOS ANGELES/OXNARD CA
115 AM PST THU FEB 23 2017


...................................

...THE BOB HOPE AIRPORT (BURBANK) CA CLIMATE SUMMARY FOR FEBRUARY 22 2017...

CLIMATE NORMAL PERIOD 1981 TO 2010
CLIMATE RECORD PERIOD 1939 TO 2017


WEATHER ITEM   OBSERVED TIME   RECORD YEAR NORMAL DEPARTURE LAST
                VALUE   (LST)  VALUE       VALUE  FROM      YEAR
                                                  NORMAL
..................................................................
TEMPERATURE (F)
 YESTERDAY
  MAXIMUM         62    213 PM  88    2002  68     -6       84
  MINIMUM         47    710 AM  34    1976  45      2       48
  AVERAGE         55                        56     -1       66

PRECIPITATION (IN)
  YESTERDAY        0.00          3.08 1944   0.18  -0.18     0.00
  MONTH TO DATE    3.36                      3.55  -0.19     0.63
  SINCE OCT 1     13.31                     11.52   1.79     5.47
  SINCE JAN 1      9.05                      7.08   1.97     4.37

SNOWFALL (IN)
  YESTERDAY        0.0
  MONTH TO DATE    0.0
  SINCE DEC 1      0.0
  SINCE JUL 1      0.0

DEGREE DAYS
 HEATING
  YESTERDAY       10                         9      1        0
  MONTH TO DATE  151                       208    -57       89
  SINCE DEC 1    794                       863    -69      729
  SINCE JUL 1    912                      1091   -179      905

 COOLING
  YESTERDAY        0                         0      0        1
  MONTH TO DATE    1                         0      1       46
  SINCE DEC 1      1                         3     -2       50
  SINCE JAN 1      1                         2     -1       46
..................................................................


WIND (MPH)
  HIGHEST WIND SPEED    24   HIGHEST WIND DIRECTION     N (350)
  HIGHEST GUST SPEED    31   HIGHEST GUST DIRECTION     N (340)
  AVERAGE WIND SPEED     6.6


SKY COVER
  POSSIBLE SUNSHINE  MM
  AVERAGE SKY COVER 0.2


WEATHER CONDITIONS
 THE FOLLOWING WEATHER WAS RECORDED YESTERDAY.
  FOG


RELATIVE HUMIDITY (PERCENT)
 HIGHEST    93           300 AM
 LOWEST     38          1000 PM
 AVERAGE    66

..........................................................


THE BOB HOPE AIRPORT (BURBANK) CA CLIMATE NORMALS FOR TODAY
                         NORMAL    RECORD    YEAR
 MAXIMUM TEMPERATURE (F)   68        91      1954
 MINIMUM TEMPERATURE (F)   45        35      1975


SUNRISE AND SUNSET
FEBRUARY 23 2017......SUNRISE   629 AM PST   SUNSET   545 PM PST
FEBRUARY 24 2017......SUNRISE   628 AM PST   SUNSET   546 PM PST


-  INDICATES NEGATIVE NUMBERS.
R  INDICATES RECORD WAS SET OR TIED.
MM INDICATES DATA IS MISSING.
T  INDICATES TRACE AMOUNT.




$$
