000
CDUS46 KLOX 300910
CLIBUR


CLIMATE REPORT
NATIONAL WEATHER SERVICE LOS ANGELES/OXNARD CA
209 AM PDT MON MAR 30 2015


...................................

...THE BOB HOPE AIRPORT (BURBANK) CA CLIMATE SUMMARY FOR MARCH 29 2015...

CLIMATE NORMAL PERIOD 1981 TO 2010
CLIMATE RECORD PERIOD 1939 TO 2015


WEATHER ITEM   OBSERVED TIME   RECORD YEAR NORMAL DEPARTURE LAST
                VALUE   (LST)  VALUE       VALUE  FROM      YEAR
                                                  NORMAL
..................................................................
TEMPERATURE (F)
 YESTERDAY
  MAXIMUM         84    249 PM  91    2004  71     13       77
                                      1971
  MINIMUM         56    616 AM  37    1998  47      9       50
  AVERAGE         70                        59     11       64

PRECIPITATION (IN)
  YESTERDAY        0.00          0.82 1946   0.06  -0.06     0.00
  MONTH TO DATE    0.83                      2.85  -2.02     0.81
  SINCE OCT 1      7.03                     15.30  -8.27     5.50
  SINCE JAN 1      2.53                     10.86  -8.33     4.87

SNOWFALL (IN)
  YESTERDAY        0.0
  MONTH TO DATE    0.0
  SINCE MAR 1      0.0
  SINCE JUL 1      0.0

DEGREE DAYS
 HEATING
  YESTERDAY        0                         6     -6        1
  MONTH TO DATE   49                       205   -156       78
  SINCE MAR 1     49                       205   -156       78
  SINCE JUL 1    606                      1346   -740      555

 COOLING
  YESTERDAY        5                         1      4        0
  MONTH TO DATE  124                         1    123       20
  SINCE MAR 1    124                         1    123       20
  SINCE JAN 1    150                         7    143       80
..................................................................


WIND (MPH)
  HIGHEST WIND SPEED    13   HIGHEST WIND DIRECTION     S (160)
  HIGHEST GUST SPEED    16   HIGHEST GUST DIRECTION     S (180)
  AVERAGE WIND SPEED     3.7


SKY COVER
  POSSIBLE SUNSHINE  MM
  AVERAGE SKY COVER 0.0


WEATHER CONDITIONS
 THE FOLLOWING WEATHER WAS RECORDED YESTERDAY.
  NO SIGNIFICANT WEATHER WAS OBSERVED.


RELATIVE HUMIDITY (PERCENT)
 HIGHEST    78          1100 PM
 LOWEST     20           300 PM
 AVERAGE    49

..........................................................


THE BOB HOPE AIRPORT (BURBANK) CA CLIMATE NORMALS FOR TODAY
                         NORMAL    RECORD    YEAR
 MAXIMUM TEMPERATURE (F)   71        89      1966
 MINIMUM TEMPERATURE (F)   47        37      1949


SUNRISE AND SUNSET
MARCH 30 2015.........SUNRISE   644 AM PDT   SUNSET   713 PM PDT
MARCH 31 2015.........SUNRISE   642 AM PDT   SUNSET   713 PM PDT


-  INDICATES NEGATIVE NUMBERS.
R  INDICATES RECORD WAS SET OR TIED.
MM INDICATES DATA IS MISSING.
T  INDICATES TRACE AMOUNT.




$$
