804
CDUS43 KLMK 180629
CLIBWG


CLIMATE REPORT
NATIONAL WEATHER SERVICE LOUISVILLE KY
128 AM EST MON DEC 18 2017


...................................

...THE BOWLING GREEN KY CLIMATE SUMMARY FOR DECEMBER 17 2017...

CLIMATE NORMAL PERIOD 1981 TO 2010
CLIMATE RECORD PERIOD 1870 TO 2017


WEATHER ITEM   OBSERVED TIME   RECORD YEAR NORMAL DEPARTURE LAST
                VALUE   (LST)  VALUE       VALUE  FROM      YEAR
                                                  NORMAL
..................................................................
TEMPERATURE (F)
 YESTERDAY
  MAXIMUM         46    352 PM  75    1924  47     -1       68
  MINIMUM         39    429 AM   3    1901  29     10       36
  AVERAGE         43                        38      5       52

PRECIPITATION (IN)
  YESTERDAY        0.02          1.68 2016   0.16  -0.14     1.68
  MONTH TO DATE    0.59                      2.77  -2.18     3.24
  SINCE DEC 1      0.59                      2.77  -2.18     3.24
  SINCE JAN 1     49.57                     47.86   1.71    45.20

SNOWFALL (IN)
  YESTERDAY        0.0           1.0  1932   0.0    0.0      0.0
  MONTH TO DATE    T                         0.4   -0.4      0.0
  SINCE DEC 1      T                         0.4   -0.4      0.0
  SINCE JUL 1      T                         0.4   -0.4      0.0
  SNOW DEPTH       0

DEGREE DAYS
 HEATING
  YESTERDAY       22                        27     -5       13
  MONTH TO DATE  427                       423      4      462
  SINCE DEC 1    427                       423      4      462
  SINCE JUL 1   1128                      1186    -58      948

 COOLING
  YESTERDAY        0                         0      0        0
  MONTH TO DATE    0                         0      0        0
  SINCE DEC 1      0                         0      0        0
  SINCE JAN 1   1600                      1491    109     1979
..................................................................


WIND (MPH)
  HIGHEST WIND SPEED    14   HIGHEST WIND DIRECTION    SE (140)
  HIGHEST GUST SPEED    20   HIGHEST GUST DIRECTION    SE (150)
  AVERAGE WIND SPEED     3.6


SKY COVER
  POSSIBLE SUNSHINE  MM
  AVERAGE SKY COVER 0.8


WEATHER CONDITIONS
 THE FOLLOWING WEATHER WAS RECORDED YESTERDAY.
  LIGHT RAIN
  FOG
  HAZE


RELATIVE HUMIDITY (PERCENT)
 HIGHEST   100           700 PM
 LOWEST     62           200 AM
 AVERAGE    81

..........................................................


THE BOWLING GREEN KY CLIMATE NORMALS FOR TODAY
                         NORMAL    RECORD    YEAR
 MAXIMUM TEMPERATURE (F)   47        68      1924
 MINIMUM TEMPERATURE (F)   29        -5      1901


SUNRISE AND SUNSET
DECEMBER 18 2017......SUNRISE   654 AM CST   SUNSET   431 PM CST
DECEMBER 19 2017......SUNRISE   654 AM CST   SUNSET   432 PM CST


-  INDICATES NEGATIVE NUMBERS.
R  INDICATES RECORD WAS SET OR TIED.
MM INDICATES DATA IS MISSING.
T  INDICATES TRACE AMOUNT.




$$
