000
CDUS43 KLMK 222038
CLIBWG


CLIMATE REPORT
NATIONAL WEATHER SERVICE LOUISVILLE KY
437 PM EDT MON MAY 22 2017


...................................

...THE BOWLING GREEN CLIMATE SUMMARY FOR MAY 22 2017...
VALID TODAY AS OF 0400 PM LOCAL TIME.

CLIMATE NORMAL PERIOD 1981 TO 2010
CLIMATE RECORD PERIOD 1870 TO 2017


WEATHER ITEM   OBSERVED TIME   RECORD YEAR NORMAL DEPARTURE LAST
                VALUE   (LST)  VALUE       VALUE  FROM      YEAR
                                                  NORMAL
..................................................................
TEMPERATURE (F)
 TODAY
  MAXIMUM         72    117 PM  96    1925  79     -7       80
  MINIMUM         55    446 AM  35    2002  57     -2       48
  AVERAGE         64                        68     -4       64

PRECIPITATION (IN)
  TODAY            0.00          2.10 1915   0.16  -0.16     0.00
  MONTH TO DATE    4.40                      4.04   0.36     4.43
  SINCE MAR 1     12.77                     12.79  -0.02     9.78
  SINCE JAN 1     19.35                     20.36  -1.01    16.36

SNOWFALL (IN)
  TODAY            0.0           0.0    MM   0.0    0.0      0.0
  MONTH TO DATE    0.0                       0.0    0.0      0.0
  SINCE MAR 1      T                         1.3   -1.3       T
  SINCE JUL 1      0.7                       9.1   -8.4     24.0
  SNOW DEPTH       0

DEGREE DAYS
 HEATING
  TODAY            1                         2     -1        1
  MONTH TO DATE   57                        65     -8       93
  SINCE MAR 1    605                       836   -231      630
  SINCE JUL 1   2986                      4034  -1048     3230

 COOLING
  TODAY            0                         5     -5        0
  MONTH TO DATE  100                        67     33       48
  SINCE MAR 1    190                       103     87       92
  SINCE JAN 1    194                       103     91       92
..................................................................


WIND (MPH)
  HIGHEST WIND SPEED    12   HIGHEST WIND DIRECTION    NE (50)
  HIGHEST GUST SPEED    26   HIGHEST GUST DIRECTION    NE (50)
  AVERAGE WIND SPEED     4.4


SKY COVER
  POSSIBLE SUNSHINE  MM
  AVERAGE SKY COVER 0.0


WEATHER CONDITIONS
 THE FOLLOWING WEATHER WAS RECORDED TODAY.
  NO SIGNIFICANT WEATHER WAS OBSERVED.


RELATIVE HUMIDITY (PERCENT)
 HIGHEST    93           500 AM
 LOWEST     51           100 PM
 AVERAGE    72

..........................................................


THE BOWLING GREEN CLIMATE NORMALS FOR TOMORROW
                         NORMAL    RECORD    YEAR
 MAXIMUM TEMPERATURE (F)   80        96      1921
 MINIMUM TEMPERATURE (F)   57        38      1889


SUNRISE AND SUNSET
MAY 22 2017...........SUNRISE   533 AM CDT   SUNSET   753 PM CDT
MAY 23 2017...........SUNRISE   532 AM CDT   SUNSET   754 PM CDT


-  INDICATES NEGATIVE NUMBERS.
R  INDICATES RECORD WAS SET OR TIED.
MM INDICATES DATA IS MISSING.
T  INDICATES TRACE AMOUNT.




$$
