000
CDUS43 KLMK 192031
CLIBWG


CLIMATE REPORT
NATIONAL WEATHER SERVICE LOUISVILLE KY
430 PM EDT SAT APR 19 2014


...................................

...THE BOWLING GREEN CLIMATE SUMMARY FOR APRIL 19 2014...
VALID TODAY AS OF 0400 PM LOCAL TIME.

CLIMATE NORMAL PERIOD 1981 TO 2010
CLIMATE RECORD PERIOD 1870 TO 2014


WEATHER ITEM   OBSERVED TIME   RECORD YEAR NORMAL DEPARTURE LAST
                VALUE   (LST)  VALUE       VALUE  FROM      YEAR
                                                  NORMAL
..................................................................
TEMPERATURE (F)
 TODAY
  MAXIMUM         76    200 PM  87    2011  71      5       68
  MINIMUM         44    538 AM  25    1887  47     -3       40
  AVERAGE         60                        59      1       54

PRECIPITATION (IN)
  TODAY            0.00          1.74 1973   0.15  -0.15     0.87
  MONTH TO DATE    3.05                      2.60   0.45     3.29
  SINCE MAR 1      6.78                      7.01  -0.23     8.50
  SINCE JAN 1     13.95                     14.58  -0.63    16.19

SNOWFALL (IN)
  TODAY            0.0           0.0    MM   0.0    0.0      0.0
  MONTH TO DATE    T                         0.2   -0.2      0.0
  SINCE MAR 1      5.1                       1.3    3.8      2.5
  SINCE JUL 1     10.4                       9.1    1.3      3.8
  SNOW DEPTH       0

DEGREE DAYS
 HEATING
  TODAY            5                         7     -2       11
  MONTH TO DATE  155                       186    -31      150
  SINCE MAR 1    808                       706    102      827
  SINCE JUL 1   4417                      3904    513     3722

 COOLING
  TODAY            0                         1     -1        0
  MONTH TO DATE   12                        18     -6       53
  SINCE MAR 1     12                        23    -11       53
  SINCE JAN 1     12                        23    -11       53
..................................................................


WIND (MPH)
  HIGHEST WIND SPEED    16   HIGHEST WIND DIRECTION    NE (50)
  HIGHEST GUST SPEED    20   HIGHEST GUST DIRECTION    NE (30)
  AVERAGE WIND SPEED     5.5


SKY COVER
  POSSIBLE SUNSHINE  MM
  AVERAGE SKY COVER 0.0


WEATHER CONDITIONS
 THE FOLLOWING WEATHER WAS RECORDED TODAY.
  NO SIGNIFICANT WEATHER WAS OBSERVED.


RELATIVE HUMIDITY (PERCENT)
 HIGHEST   100           600 AM
 LOWEST     27          1200 PM
 AVERAGE    64

..........................................................


THE BOWLING GREEN CLIMATE NORMALS FOR TOMORROW
                         NORMAL    RECORD    YEAR
 MAXIMUM TEMPERATURE (F)   71        87      1964
 MINIMUM TEMPERATURE (F)   47        28      1926
                                             1983


SUNRISE AND SUNSET
APRIL 19 2014.........SUNRISE   606 AM CDT   SUNSET   724 PM CDT
APRIL 20 2014.........SUNRISE   605 AM CDT   SUNSET   725 PM CDT


-  INDICATES NEGATIVE NUMBERS.
R  INDICATES RECORD WAS SET OR TIED.
MM INDICATES DATA IS MISSING.
T  INDICATES TRACE AMOUNT.




$$
