000
CDUS41 KLWX 012123
CLIBWI


CLIMATE REPORT
NATIONAL WEATHER SERVICE BALTIMORE MD/WASHINGTON DC
422 PM EST WED MAR 1 2017


...................................

...THE BALTIMORE MD CLIMATE SUMMARY FOR MARCH 1 2017...
VALID TODAY AS OF 0400 PM LOCAL TIME.

CLIMATE NORMAL PERIOD 1981 TO 2010
CLIMATE RECORD PERIOD 1870 TO 2017


WEATHER ITEM   OBSERVED TIME   RECORD YEAR NORMAL DEPARTURE LAST
                VALUE   (LST)  VALUE       VALUE  FROM      YEAR
                                                  NORMAL
..................................................................
TEMPERATURE (F)
 TODAY
  MAXIMUM         75    154 PM  80    1972  49     26       63
  MINIMUM         55   1245 AM  11    1980  29     26       33
  AVERAGE         65                        39     26       48

PRECIPITATION (IN)
  TODAY            0.02          1.17 1954   0.11  -0.09      T
  MONTH TO DATE    0.02                      0.11  -0.09      T
  SINCE MAR 1      0.02                      0.11  -0.09      T
  SINCE JAN 1      4.17                      6.06  -1.89     9.20

SNOWFALL (IN)
  TODAY            0.0           6.0  1952   0.1   -0.1
  MONTH TO DATE    0.0                       0.1   -0.1
  SINCE JUL 1      0.7                      18.3  -17.6
  SNOW DEPTH       0

DEGREE DAYS
 HEATING
  TODAY            0                        26    -26       17
  MONTH TO DATE    0                        26    -26       17
  SINCE MAR 1      0                        26    -26       17
  SINCE JUL 1   2891                      3621   -730     3038

 COOLING
  TODAY            0                         0      0        0
  MONTH TO DATE    0                         0      0        0
  SINCE MAR 1      0                         0      0        0
  SINCE JAN 1      0                         0      0        0
..................................................................


WIND (MPH)
  HIGHEST WIND SPEED    38   HIGHEST WIND DIRECTION     W (270)
  HIGHEST GUST SPEED    53   HIGHEST GUST DIRECTION     W (250)
  AVERAGE WIND SPEED    11.2


SKY COVER
  POSSIBLE SUNSHINE  MM
  AVERAGE SKY COVER 0.9


WEATHER CONDITIONS
 THE FOLLOWING WEATHER WAS RECORDED TODAY.
  LIGHT RAIN
  FOG


RELATIVE HUMIDITY (PERCENT)
 HIGHEST   100          1200 AM
 LOWEST     47           400 PM
 AVERAGE    74

..........................................................


THE BALTIMORE MD CLIMATE NORMALS FOR TOMORROW
                         NORMAL    RECORD    YEAR
 MAXIMUM TEMPERATURE (F)   49        80      1972
 MINIMUM TEMPERATURE (F)   30        13      1980
                                             1962


SUNRISE AND SUNSET
MARCH  1 2017.........SUNRISE   639 AM EST   SUNSET   559 PM EST
MARCH  2 2017.........SUNRISE   637 AM EST   SUNSET   601 PM EST


-  INDICATES NEGATIVE NUMBERS.
R  INDICATES RECORD WAS SET OR TIED.
MM INDICATES DATA IS MISSING.
T  INDICATES TRACE AMOUNT.




$$
