000
CDUS41 KLWX 310528
CLIBWI


CLIMATE REPORT
NATIONAL WEATHER SERVICE BALTIMORE MD/WASHINGTON DC
1226 AM EST SAT JAN 31 2015


...................................

...THE BALTIMORE MD CLIMATE SUMMARY FOR JANUARY 30 2015...

CLIMATE NORMAL PERIOD 1981 TO 2010
CLIMATE RECORD PERIOD 1870 TO 2015


WEATHER ITEM   OBSERVED TIME   RECORD YEAR NORMAL DEPARTURE LAST
                VALUE   (LST)  VALUE       VALUE  FROM      YEAR
                                                  NORMAL
..................................................................
TEMPERATURE (F)
 YESTERDAY
  MAXIMUM         42   1125 AM  72    1914  42      0       29
  MINIMUM         20   1159 PM  -4    1873  25     -5        5
  AVERAGE         31                        33     -2       17

PRECIPITATION (IN)
  YESTERDAY        T             1.49 1939   0.11  -0.11     0.00
  MONTH TO DATE    3.89                      2.95   0.94     2.71
  SINCE DEC 1      7.47                      6.32   1.15     7.98
  SINCE JAN 1      3.89                      2.95   0.94     2.71

SNOWFALL (IN)
  YESTERDAY        0.0           9.0  1930   0.3   -0.3
  MONTH TO DATE    5.9                       6.5   -0.6
  SINCE JUL 1      6.4                       9.9   -3.5
  SNOW DEPTH       0

DEGREE DAYS
 HEATING
  YESTERDAY       34                        32      2       48
  MONTH TO DATE 1011                       960     51     1125
  SINCE DEC 1   1780                      1837    -57     1908
  SINCE JUL 1   2672                      2741    -69     2833

 COOLING
  YESTERDAY        0                         0      0        0
  MONTH TO DATE    0                         0      0        0
  SINCE DEC 1      0                         0      0        2
  SINCE JAN 1      0                         0      0        0
..................................................................


WIND (MPH)
  HIGHEST WIND SPEED    30   HIGHEST WIND DIRECTION     W (290)
  HIGHEST GUST SPEED    41   HIGHEST GUST DIRECTION    NW (310)
  AVERAGE WIND SPEED    13.8


SKY COVER
  POSSIBLE SUNSHINE  MM
  AVERAGE SKY COVER 0.5


WEATHER CONDITIONS
 THE FOLLOWING WEATHER WAS RECORDED YESTERDAY.
  NO SIGNIFICANT WEATHER WAS OBSERVED.


RELATIVE HUMIDITY (PERCENT)
 HIGHEST    75           100 AM
 LOWEST     40           300 PM
 AVERAGE    58

..........................................................


THE BALTIMORE MD CLIMATE NORMALS FOR TODAY
                         NORMAL    RECORD    YEAR
 MAXIMUM TEMPERATURE (F)   42        69      1947
                                             1916
                                             1914
 MINIMUM TEMPERATURE (F)   25         4      1966
                                             1965


SUNRISE AND SUNSET
JANUARY 31 2015.......SUNRISE   715 AM EST   SUNSET   526 PM EST
FEBRUARY  1 2015......SUNRISE   714 AM EST   SUNSET   527 PM EST


-  INDICATES NEGATIVE NUMBERS.
R  INDICATES RECORD WAS SET OR TIED.
MM INDICATES DATA IS MISSING.
T  INDICATES TRACE AMOUNT.




$$
