000
CDUS41 KLWX 022127
CLIBWI


CLIMATE REPORT
NATIONAL WEATHER SERVICE BALTIMORE MD/WASHINGTON DC
527 PM EDT TUE SEP 2 2014


...................................

...THE BALTIMORE MD CLIMATE SUMMARY FOR SEPTEMBER 2 2014...
VALID TODAY AS OF 0500 PM LOCAL TIME.

CLIMATE NORMAL PERIOD 1981 TO 2010
CLIMATE RECORD PERIOD 1870 TO 2014


WEATHER ITEM   OBSERVED TIME   RECORD YEAR NORMAL DEPARTURE LAST
                VALUE   (LST)  VALUE       VALUE  FROM      YEAR
                                                  NORMAL
..................................................................
TEMPERATURE (F)
 TODAY
  MAXIMUM         92    232 PM  99    1953  83      9       92
  MINIMUM         72    605 AM  50    1892  62     10       71
  AVERAGE         82                        72     10       82

PRECIPITATION (IN)
  TODAY            0.00          1.85 1951   0.12  -0.12     0.01
  MONTH TO DATE    0.08                      0.23  -0.15     0.01
  SINCE SEP 1      0.08                      0.23  -0.15     0.01
  SINCE JAN 1     38.35                     28.08  10.27    25.58

SNOWFALL (IN)
  TODAY            0.0          MM      MM   0.0    0.0
  MONTH TO DATE    0.0                       0.0    0.0
  SINCE JUL 1      0.0                       0.0    0.0
  SNOW DEPTH       0

DEGREE DAYS
 HEATING
  TODAY            0                         0      0        0
  MONTH TO DATE    0                         0      0        0
  SINCE SEP 1      0                         0      0        0
  SINCE JUL 1      0                         1     -1        0

 COOLING
  TODAY           17                         8      9       17
  MONTH TO DATE   33                        16     17       33
  SINCE SEP 1     33                        16     17       33
  SINCE JAN 1    950                      1026    -76     1178
..................................................................


WIND (MPH)
  HIGHEST WIND SPEED    13   HIGHEST WIND DIRECTION     W (270)
  HIGHEST GUST SPEED    18   HIGHEST GUST DIRECTION     W (270)
  AVERAGE WIND SPEED     4.1


SKY COVER
  POSSIBLE SUNSHINE  MM
  AVERAGE SKY COVER 0.4


WEATHER CONDITIONS
 THE FOLLOWING WEATHER WAS RECORDED TODAY.
  THUNDERSTORM
  FOG


RELATIVE HUMIDITY (PERCENT)
 HIGHEST   100           500 AM
 LOWEST     50           300 PM
 AVERAGE    75

..........................................................


THE BALTIMORE MD CLIMATE NORMALS FOR TOMORROW
                         NORMAL    RECORD    YEAR
 MAXIMUM TEMPERATURE (F)   82        97      1898
 MINIMUM TEMPERATURE (F)   62        46      1967


SUNRISE AND SUNSET
SEPTEMBER  2 2014.....SUNRISE   636 AM EDT   SUNSET   736 PM EDT
SEPTEMBER  3 2014.....SUNRISE   637 AM EDT   SUNSET   734 PM EDT


-  INDICATES NEGATIVE NUMBERS.
R  INDICATES RECORD WAS SET OR TIED.
MM INDICATES DATA IS MISSING.
T  INDICATES TRACE AMOUNT.




$$
