000
CDUS45 KRIW 230740
CLIBYG


CLIMATE REPORT
NATIONAL WEATHER SERVICE RIVERTON WY
130 AM MDT SAT JUL 23 2016


...................................

...THE BUFFALO WY CLIMATE SUMMARY FOR JULY 22 2016...

CLIMATE NORMAL PERIOD 1981 TO 2010
CLIMATE RECORD PERIOD 1998 TO 2016


WEATHER ITEM   OBSERVED TIME   RECORD YEAR NORMAL DEPARTURE LAST
                VALUE   (LST)  VALUE       VALUE  FROM      YEAR
                                                  NORMAL
..................................................................
TEMPERATURE (F)
 YESTERDAY
  MAXIMUM        101R  1201 PM  99    2013  86     15       92
  MINIMUM         66    426 AM  51    2010  58      8       56
  AVERAGE         84                        72     12       74

PRECIPITATION (IN)
  YESTERDAY        0.00          0.12 2004   0.05  -0.05      T
  MONTH TO DATE    0.14                      1.19  -1.05     0.67
  SINCE JUN 1      0.53                      3.47  -2.94     3.90
  SINCE JAN 1      5.45                      8.99  -3.54    11.16

DEGREE DAYS
 HEATING
  YESTERDAY        0                         1     -1        0
  MONTH TO DATE    1                        25    -24       22
  SINCE JUN 1     16                       188   -172       76
  SINCE JUL 1      1                        25    -24       22

 COOLING
  YESTERDAY       19                         8     11        9
  MONTH TO DATE  171                       134     37       99
  SINCE JUN 1    306                       185    121      169
  SINCE JAN 1    311                       192    119      169
..................................................................


WIND (MPH)
  HIGHEST WIND SPEED    31   HIGHEST WIND DIRECTION     N (350)
  HIGHEST GUST SPEED    39   HIGHEST GUST DIRECTION     N (350)
  AVERAGE WIND SPEED    10.0


SKY COVER
  POSSIBLE SUNSHINE  MM
  AVERAGE SKY COVER 0.0


WEATHER CONDITIONS
 THE FOLLOWING WEATHER WAS RECORDED YESTERDAY.
  THUNDERSTORM


RELATIVE HUMIDITY (PERCENT)
 HIGHEST    33           300 AM
 LOWEST     11           300 PM
 AVERAGE    22

..........................................................


THE BUFFALO WY CLIMATE NORMALS FOR TODAY
                         NORMAL    RECORD    YEAR
 MAXIMUM TEMPERATURE (F)   86       100      2014
                                             2007
 MINIMUM TEMPERATURE (F)   58        48      2004


SUNRISE AND SUNSET
JULY 23 2016..........SUNRISE   545 AM MDT   SUNSET   841 PM MDT
JULY 24 2016..........SUNRISE   546 AM MDT   SUNSET   840 PM MDT


-  INDICATES NEGATIVE NUMBERS.
R  INDICATES RECORD WAS SET OR TIED.
MM INDICATES DATA IS MISSING.
T  INDICATES TRACE AMOUNT.




$$
