000
CDUS45 KRIW 260743
CLIBYG


CLIMATE REPORT
NATIONAL WEATHER SERVICE RIVERTON WY
127 AM MDT SUN MAR 26 2017


...................................

...THE BUFFALO WY CLIMATE SUMMARY FOR MARCH 25 2017...

CLIMATE NORMAL PERIOD 1981 TO 2010
CLIMATE RECORD PERIOD 1998 TO 2017


WEATHER ITEM   OBSERVED TIME   RECORD YEAR NORMAL DEPARTURE LAST
                VALUE   (LST)  VALUE       VALUE  FROM      YEAR
                                                  NORMAL
..................................................................
TEMPERATURE (F)
 YESTERDAY
  MAXIMUM         54   1109 AM  75    2007  48      6       34
  MINIMUM         35   1141 PM   6    2013  25     10       26
  AVERAGE         45                        37      8       30

PRECIPITATION (IN)
  YESTERDAY        0.27R         0.13 2009   0.04   0.23     0.01
  MONTH TO DATE    1.10                      0.67   0.43     0.53
  SINCE MAR 1      1.10                      0.67   0.43     0.53
  SINCE JAN 1      1.53                      1.44   0.09     1.12

DEGREE DAYS
 HEATING
  YESTERDAY       20                        28     -8       35
  MONTH TO DATE  568                       787   -219      595
  SINCE MAR 1    568                       787   -219      595
  SINCE JUL 1   5410                      6027   -617     4986

 COOLING
  YESTERDAY        0                         0      0        0
  MONTH TO DATE    0                         0      0        0
  SINCE MAR 1      0                         0      0        0
  SINCE JAN 1      0                         0      0        0
..................................................................


WIND (MPH)
  HIGHEST WIND SPEED    23   HIGHEST WIND DIRECTION     N (340)
  HIGHEST GUST SPEED    28   HIGHEST GUST DIRECTION     N (340)
  AVERAGE WIND SPEED    11.1


SKY COVER
  POSSIBLE SUNSHINE  MM
  AVERAGE SKY COVER 0.7


WEATHER CONDITIONS
 THE FOLLOWING WEATHER WAS RECORDED YESTERDAY.
  LIGHT RAIN
  FOG


RELATIVE HUMIDITY (PERCENT)
 HIGHEST    92           900 PM
 LOWEST     32           100 AM
 AVERAGE    62

..........................................................


THE BUFFALO WY CLIMATE NORMALS FOR TODAY
                         NORMAL    RECORD    YEAR
 MAXIMUM TEMPERATURE (F)   49        73      2012
 MINIMUM TEMPERATURE (F)   26         8      2009


SUNRISE AND SUNSET
MARCH 26 2017.........SUNRISE   658 AM MDT   SUNSET   727 PM MDT
MARCH 27 2017.........SUNRISE   657 AM MDT   SUNSET   728 PM MDT


-  INDICATES NEGATIVE NUMBERS.
R  INDICATES RECORD WAS SET OR TIED.
MM INDICATES DATA IS MISSING.
T  INDICATES TRACE AMOUNT.




$$
