000
CDUS45 KRIW 250808
CLIBYG


CLIMATE REPORT
NATIONAL WEATHER SERVICE RIVERTON WY
207 AM MDT TUE APR 25 2017


...................................

...THE BUFFALO WY CLIMATE SUMMARY FOR APRIL 24 2017...

CLIMATE NORMAL PERIOD 1981 TO 2010
CLIMATE RECORD PERIOD 1998 TO 2017


WEATHER ITEM   OBSERVED TIME   RECORD YEAR NORMAL DEPARTURE LAST
                VALUE   (LST)  VALUE       VALUE  FROM      YEAR
                                                  NORMAL
..................................................................
TEMPERATURE (F)
 YESTERDAY
  MAXIMUM         58    300 PM  80    2012  57      1       47
  MINIMUM         34   1159 PM  23    2002  35     -1       33
  AVERAGE         46                        46      0       40

PRECIPITATION (IN)
  YESTERDAY        1.02          1.42 2016   0.05   0.97     1.42
  MONTH TO DATE    2.52                      0.84   1.68     2.07
  SINCE MAR 1      4.54                      1.76   2.78     2.72
  SINCE JAN 1      4.97                      2.53   2.44     3.31

DEGREE DAYS
 HEATING
  YESTERDAY       19                        19      0       25
  MONTH TO DATE  417                       546   -129      362
  SINCE MAR 1   1107                      1496   -389     1036
  SINCE JUL 1   5949                      6736   -787     5427

 COOLING
  YESTERDAY        0                         0      0        0
  MONTH TO DATE    0                         0      0        1
  SINCE MAR 1      0                         0      0        1
  SINCE JAN 1      0                         0      0        1
..................................................................


WIND (MPH)
  HIGHEST WIND SPEED    24   HIGHEST WIND DIRECTION    NW (330)
  HIGHEST GUST SPEED    29   HIGHEST GUST DIRECTION    NW (330)
  AVERAGE WIND SPEED     8.7


SKY COVER
  POSSIBLE SUNSHINE  MM
  AVERAGE SKY COVER 0.6


WEATHER CONDITIONS
 THE FOLLOWING WEATHER WAS RECORDED YESTERDAY.
  THUNDERSTORM
  HEAVY RAIN
  RAIN
  LIGHT RAIN
  SNOW
  LIGHT SNOW
  FOG


RELATIVE HUMIDITY (PERCENT)
 HIGHEST    89           700 PM
 LOWEST     46          1100 AM
 AVERAGE    68

..........................................................


THE BUFFALO WY CLIMATE NORMALS FOR TODAY
                         NORMAL    RECORD    YEAR
 MAXIMUM TEMPERATURE (F)   57        74      2012
 MINIMUM TEMPERATURE (F)   36        19      2008


SUNRISE AND SUNSET
APRIL 25 2017.........SUNRISE   606 AM MDT   SUNSET   804 PM MDT
APRIL 26 2017.........SUNRISE   605 AM MDT   SUNSET   805 PM MDT


-  INDICATES NEGATIVE NUMBERS.
R  INDICATES RECORD WAS SET OR TIED.
MM INDICATES DATA IS MISSING.
T  INDICATES TRACE AMOUNT.




$$
