000
CDUS45 KRIW 300753
CLIBYG


CLIMATE REPORT
NATIONAL WEATHER SERVICE RIVERTON WY
151 AM MDT SAT MAY 30 2015


...................................

...THE BUFFALO WY CLIMATE SUMMARY FOR MAY 29 2015...

CLIMATE NORMAL PERIOD 1981 TO 2010
CLIMATE RECORD PERIOD 1998 TO 2015


WEATHER ITEM   OBSERVED TIME   RECORD YEAR NORMAL DEPARTURE LAST
                VALUE   (LST)  VALUE       VALUE  FROM      YEAR
                                                  NORMAL
..................................................................
TEMPERATURE (F)
 YESTERDAY
  MAXIMUM         54    452 PM  83    2003  67    -13       67
  MINIMUM         42    815 AM  33    2012  43     -1       56
                                      2011
  AVERAGE         48                        55     -7       62

PRECIPITATION (IN)
  YESTERDAY        0.26          2.02 2011   0.08   0.18     0.00
  MONTH TO DATE    5.75                      2.36   3.39     1.64
  SINCE MAR 1      6.61                      4.58   2.03     3.36
  SINCE JAN 1      7.25                      5.35   1.90     3.72

DEGREE DAYS
 HEATING
  YESTERDAY       17                        10      7        3
  MONTH TO DATE  467                       390     77      382
  SINCE MAR 1   1722                      1994   -272     2040
  SINCE JUL 1   6418                      7234   -816     7284

 COOLING
  YESTERDAY        0                         0      0        0
  MONTH TO DATE    0                         0      0       10
  SINCE MAR 1      0                         0      0       10
  SINCE JAN 1      0                         0      0       10
..................................................................


WIND (MPH)
  HIGHEST WIND SPEED    23   HIGHEST WIND DIRECTION     N (350)
  HIGHEST GUST SPEED    29   HIGHEST GUST DIRECTION    NW (330)
  AVERAGE WIND SPEED    11.7


SKY COVER
  POSSIBLE SUNSHINE  MM
  AVERAGE SKY COVER 0.8


WEATHER CONDITIONS
 THE FOLLOWING WEATHER WAS RECORDED YESTERDAY.
  RAIN
  LIGHT RAIN
  FOG
  FOG W/VISIBILITY <= 1/4 MILE


RELATIVE HUMIDITY (PERCENT)
 HIGHEST   100           700 AM
 LOWEST     71           400 PM
 AVERAGE    86

..........................................................


THE BUFFALO WY CLIMATE NORMALS FOR TODAY
                         NORMAL    RECORD    YEAR
 MAXIMUM TEMPERATURE (F)   67        83      2002
 MINIMUM TEMPERATURE (F)   44        36      2010


SUNRISE AND SUNSET
MAY 30 2015...........SUNRISE   527 AM MDT   SUNSET   842 PM MDT
MAY 31 2015...........SUNRISE   526 AM MDT   SUNSET   843 PM MDT


-  INDICATES NEGATIVE NUMBERS.
R  INDICATES RECORD WAS SET OR TIED.
MM INDICATES DATA IS MISSING.
T  INDICATES TRACE AMOUNT.




$$
