000
CDUS45 KRIW 010738
CLIBYG


CLIMATE REPORT
NATIONAL WEATHER SERVICE RIVERTON WY
1238 AM MST SUN MAR 1 2015


...................................

...THE BUFFALO WY CLIMATE SUMMARY FOR FEBRUARY 28 2015...

CLIMATE NORMAL PERIOD 1981 TO 2010
CLIMATE RECORD PERIOD 1998 TO 2015


WEATHER ITEM   OBSERVED TIME   RECORD YEAR NORMAL DEPARTURE LAST
                VALUE   (LST)  VALUE       VALUE  FROM      YEAR
                                                  NORMAL
..................................................................
TEMPERATURE (F)
 YESTERDAY
  MAXIMUM         17    149 PM  66    2006  41    -24       36
  MINIMUM          1    550 AM  -2    2002  19    -18       -1
  AVERAGE          9                        30    -21       18

PRECIPITATION (IN)
  YESTERDAY        0.00          0.67 2004   0.02  -0.02      T
  MONTH TO DATE    0.48                      0.35   0.13     0.15
  SINCE DEC 1      0.72                      1.17  -0.45     0.60
  SINCE JAN 1      0.64                      0.77  -0.13     0.36

DEGREE DAYS
 HEATING
  YESTERDAY       56                        35     21       47
  MONTH TO DATE  955                      1034    -79     1297
  SINCE DEC 1   2940                      3406   -466     3536
  SINCE JUL 1   4696                      5240   -544     5244

 COOLING
  YESTERDAY        0                         0      0        0
  MONTH TO DATE    0                         0      0        0
  SINCE DEC 1      0                         0      0        0
  SINCE JAN 1      0                         0      0        0
..................................................................


WIND (MPH)
  HIGHEST WIND SPEED    17   HIGHEST WIND DIRECTION     N (350)
  HIGHEST GUST SPEED    23   HIGHEST GUST DIRECTION     N (340)
  AVERAGE WIND SPEED     5.5


SKY COVER
  POSSIBLE SUNSHINE  MM
  AVERAGE SKY COVER 0.3


WEATHER CONDITIONS
 THE FOLLOWING WEATHER WAS RECORDED YESTERDAY.
  NO SIGNIFICANT WEATHER WAS OBSERVED.


RELATIVE HUMIDITY (PERCENT)
 HIGHEST    88           300 AM
 LOWEST     58          1200 AM
 AVERAGE    73

..........................................................


THE BUFFALO WY CLIMATE NORMALS FOR TODAY
                         NORMAL    RECORD    YEAR
 MAXIMUM TEMPERATURE (F)   41        64      2008
 MINIMUM TEMPERATURE (F)   20       -12      2014


SUNRISE AND SUNSET
MARCH  1 2015.........SUNRISE   644 AM MST   SUNSET   555 PM MST
MARCH  2 2015.........SUNRISE   643 AM MST   SUNSET   556 PM MST


-  INDICATES NEGATIVE NUMBERS.
R  INDICATES RECORD WAS SET OR TIED.
MM INDICATES DATA IS MISSING.
T  INDICATES TRACE AMOUNT.




$$
