000
CDUS45 KRIW 230729
CLIBYG


CLIMATE REPORT
NATIONAL WEATHER SERVICE RIVERTON WY
129 AM MDT SAT SEP 23 2017


...................................

...THE BUFFALO WY CLIMATE SUMMARY FOR SEPTEMBER 22 2017...

CLIMATE NORMAL PERIOD 1981 TO 2010
CLIMATE RECORD PERIOD 1998 TO 2017


WEATHER ITEM   OBSERVED TIME   RECORD YEAR NORMAL DEPARTURE LAST
                VALUE   (LST)  VALUE       VALUE  FROM      YEAR
                                                  NORMAL
..................................................................
TEMPERATURE (F)
 YESTERDAY
  MAXIMUM         46   1209 AM  88    2007  68    -22       61
  MINIMUM         38   1159 PM  25    2000  42     -4       50
  AVERAGE         42                        55    -13       56

PRECIPITATION (IN)
  YESTERDAY        0.16          0.28 2006   0.05   0.11     0.26
  MONTH TO DATE    1.36                      0.87   0.49     1.30
  SINCE SEP 1      1.36                      0.87   0.49     1.30
  SINCE JAN 1     13.26                     11.14   2.12     7.62

DEGREE DAYS
 HEATING
  YESTERDAY       23                        11     12        9
  MONTH TO DATE  154                       148      6      131
  SINCE SEP 1    154                       148      6      131
  SINCE JUL 1    176                       213    -37      170

 COOLING
  YESTERDAY        0                         1     -1        0
  MONTH TO DATE   90                        43     47       30
  SINCE SEP 1     90                        43     47       30
  SINCE JAN 1    622                       489    133      624
..................................................................


WIND (MPH)
  HIGHEST WIND SPEED    21   HIGHEST WIND DIRECTION    NW (330)
  HIGHEST GUST SPEED    28   HIGHEST GUST DIRECTION    NW (310)
  AVERAGE WIND SPEED     9.2


SKY COVER
  POSSIBLE SUNSHINE  MM
  AVERAGE SKY COVER 1.0


WEATHER CONDITIONS
 THE FOLLOWING WEATHER WAS RECORDED YESTERDAY.
  RAIN
  LIGHT RAIN
  FOG
  HAZE


RELATIVE HUMIDITY (PERCENT)
 HIGHEST    93           700 PM
 LOWEST     65          1200 AM
 AVERAGE    79

..........................................................


THE BUFFALO WY CLIMATE NORMALS FOR TODAY
                         NORMAL    RECORD    YEAR
 MAXIMUM TEMPERATURE (F)   67        86      2011
 MINIMUM TEMPERATURE (F)   42        25      2000


SUNRISE AND SUNSET
SEPTEMBER 23 2017.....SUNRISE   656 AM MDT   SUNSET   702 PM MDT
SEPTEMBER 24 2017.....SUNRISE   657 AM MDT   SUNSET   700 PM MDT


-  INDICATES NEGATIVE NUMBERS.
R  INDICATES RECORD WAS SET OR TIED.
MM INDICATES DATA IS MISSING.
T  INDICATES TRACE AMOUNT.




$$
