000
CDUS45 KRIW 290736
CLIBYG


CLIMATE REPORT
NATIONAL WEATHER SERVICE RIVERTON WY
127 AM MDT SAT AUG 29 2015


...................................

...THE BUFFALO WY CLIMATE SUMMARY FOR AUGUST 28 2015...

CLIMATE NORMAL PERIOD 1981 TO 2010
CLIMATE RECORD PERIOD 1998 TO 2015


WEATHER ITEM   OBSERVED TIME   RECORD YEAR NORMAL DEPARTURE LAST
                VALUE   (LST)  VALUE       VALUE  FROM      YEAR
                                                  NORMAL
..................................................................
TEMPERATURE (F)
 YESTERDAY
  MAXIMUM         87    235 PM  97    2012  81      6       82
  MINIMUM         60    535 AM  44    2008  53      7       56
  AVERAGE         74                        67      7       69

PRECIPITATION (IN)
  YESTERDAY        0.00          0.06 2002   0.02  -0.02     0.00
  MONTH TO DATE    1.15                      0.76   0.39     2.24
  SINCE JUN 1      5.15                      4.70   0.45     6.09
  SINCE JAN 1     12.41                     10.22   2.19     9.85

DEGREE DAYS
 HEATING
  YESTERDAY        0                         2     -2        0
  MONTH TO DATE   49                        33     16       42
  SINCE JUN 1    133                       221    -88      259
  SINCE JUL 1     79                        58     21       53

 COOLING
  YESTERDAY        9                         4      5        4
  MONTH TO DATE  192                       172     20      127
  SINCE JUN 1    410                       426    -16      321
  SINCE JAN 1    410                       433    -23      332
..................................................................


WIND (MPH)
  HIGHEST WIND SPEED    13   HIGHEST WIND DIRECTION     W (250)
  HIGHEST GUST SPEED    16   HIGHEST GUST DIRECTION    SE (150)
  AVERAGE WIND SPEED     7.4


SKY COVER
  POSSIBLE SUNSHINE  MM
  AVERAGE SKY COVER 0.0


WEATHER CONDITIONS
 THE FOLLOWING WEATHER WAS RECORDED YESTERDAY.
  HAZE


RELATIVE HUMIDITY (PERCENT)
 HIGHEST    42           600 AM
 LOWEST     19           200 PM
 AVERAGE    31

..........................................................


THE BUFFALO WY CLIMATE NORMALS FOR TODAY
                         NORMAL    RECORD    YEAR
 MAXIMUM TEMPERATURE (F)   81        99      2012
 MINIMUM TEMPERATURE (F)   52        47      2009
                                             2003


SUNRISE AND SUNSET
AUGUST 29 2015........SUNRISE   626 AM MDT   SUNSET   749 PM MDT
AUGUST 30 2015........SUNRISE   627 AM MDT   SUNSET   747 PM MDT


-  INDICATES NEGATIVE NUMBERS.
R  INDICATES RECORD WAS SET OR TIED.
MM INDICATES DATA IS MISSING.
T  INDICATES TRACE AMOUNT.




$$
