000
CDUS45 KRIW 250737
CLIBYG


CLIMATE REPORT
NATIONAL WEATHER SERVICE RIVERTON WY
1236 AM MST SUN JAN 25 2015


...................................

...THE BUFFALO WY CLIMATE SUMMARY FOR JANUARY 24 2015...

CLIMATE NORMAL PERIOD 1981 TO 2010
CLIMATE RECORD PERIOD 1998 TO 2015


WEATHER ITEM   OBSERVED TIME   RECORD YEAR NORMAL DEPARTURE LAST
                VALUE   (LST)  VALUE       VALUE  FROM      YEAR
                                                  NORMAL
..................................................................
TEMPERATURE (F)
 YESTERDAY
  MAXIMUM         53   1254 PM  64    2005  38     15       56
  MINIMUM         28   1218 AM  -1    2009  17     11       29
                                      1999
  AVERAGE         41                        28     13       43

PRECIPITATION (IN)
  YESTERDAY        0.11R         0.01 2010   0.02   0.09     0.00
                                      2009
  MONTH TO DATE    0.16                      0.31  -0.15     0.15
  SINCE DEC 1      0.24                      0.71  -0.47     0.39
  SINCE JAN 1      0.16                      0.31  -0.15     0.15

DEGREE DAYS
 HEATING
  YESTERDAY       24                        37    -13       22
  MONTH TO DATE  908                       894     14      853
  SINCE DEC 1   1822                      2107   -285     1943
  SINCE JUL 1   3578                      3941   -363     3651

 COOLING
  YESTERDAY        0                         0      0        0
  MONTH TO DATE    0                         0      0        0
  SINCE DEC 1      0                         0      0        0
  SINCE JAN 1      0                         0      0        0
..................................................................


WIND (MPH)
  HIGHEST WIND SPEED    39   HIGHEST WIND DIRECTION    NW (320)
  HIGHEST GUST SPEED    50   HIGHEST GUST DIRECTION    NW (320)
  AVERAGE WIND SPEED    14.7


SKY COVER
  POSSIBLE SUNSHINE  MM
  AVERAGE SKY COVER 0.6


WEATHER CONDITIONS
 THE FOLLOWING WEATHER WAS RECORDED YESTERDAY.
  LIGHT RAIN
  SNOW
  LIGHT SNOW
  FOG


RELATIVE HUMIDITY (PERCENT)
 HIGHEST    85           500 PM
 LOWEST     30           600 AM
 AVERAGE    58

..........................................................


THE BUFFALO WY CLIMATE NORMALS FOR TODAY
                         NORMAL    RECORD    YEAR
 MAXIMUM TEMPERATURE (F)   38        66      2006
 MINIMUM TEMPERATURE (F)   17        -6      2009
                                             2004


SUNRISE AND SUNSET
JANUARY 25 2015.......SUNRISE   732 AM MST   SUNSET   506 PM MST
JANUARY 26 2015.......SUNRISE   731 AM MST   SUNSET   508 PM MST


-  INDICATES NEGATIVE NUMBERS.
R  INDICATES RECORD WAS SET OR TIED.
MM INDICATES DATA IS MISSING.
T  INDICATES TRACE AMOUNT.




$$
