000
CDUS45 KRIW 260039
CLIBYG


CLIMATE REPORT
NATIONAL WEATHER SERVICE RIVERTON WY
629 PM MDT SAT OCT 25 2014


...................................

...THE BUFFALO WY CLIMATE SUMMARY FOR OCTOBER 25 2014...
VALID TODAY AS OF 0500 PM LOCAL TIME.

CLIMATE NORMAL PERIOD 1981 TO 2010
CLIMATE RECORD PERIOD 1998 TO 2014


WEATHER ITEM   OBSERVED TIME   RECORD YEAR NORMAL DEPARTURE LAST
                VALUE   (LST)  VALUE       VALUE  FROM      YEAR
                                                  NORMAL
..................................................................
TEMPERATURE (F)
 TODAY
  MAXIMUM         80R       MM  74    2007  55     25       66
  MINIMUM         35        MM  21    2012  32      3       37
                                      2001
  AVERAGE         58

PRECIPITATION (IN)
  TODAY            0.00          0.04 2012   0.02  -0.02     0.00
  MONTH TO DATE    0.20                      0.86  -0.66     1.95
  SINCE SEP 1      1.30                      2.17  -0.87     5.29
  SINCE JAN 1     11.51                     12.44  -0.93     9.71

DEGREE DAYS
 HEATING
  TODAY            7                        22    -15       13
  MONTH TO DATE  289                       454   -165      530
  SINCE SEP 1    527                       703   -176      681
  SINCE JUL 1    586                       768   -182      682

 COOLING
  TODAY            0                         0      0        0
  MONTH TO DATE    2                         0      2        0
  SINCE SEP 1     53                        45      8       95
  SINCE JAN 1    387                       491   -104      709
..................................................................


WIND (MPH)
  HIGHEST WIND SPEED    17   HIGHEST WIND DIRECTION    SE (150)
  HIGHEST GUST SPEED    27   HIGHEST GUST DIRECTION     S (180)
  AVERAGE WIND SPEED     8.4


SKY COVER
  POSSIBLE SUNSHINE  MM
  AVERAGE SKY COVER 0.0


WEATHER CONDITIONS
 THE FOLLOWING WEATHER WAS RECORDED TODAY.
  NO SIGNIFICANT WEATHER WAS OBSERVED.


RELATIVE HUMIDITY (PERCENT)
 HIGHEST    70          1200 AM
 LOWEST      9           300 PM
 AVERAGE    40

..........................................................


THE BUFFALO WY CLIMATE NORMALS FOR TOMORROW
                         NORMAL    RECORD    YEAR
 MAXIMUM TEMPERATURE (F)   55        74      1999
 MINIMUM TEMPERATURE (F)   31        13      2012


SUNRISE AND SUNSET
OCTOBER 25 2014.......SUNRISE   735 AM MDT   SUNSET   606 PM MDT
OCTOBER 26 2014.......SUNRISE   736 AM MDT   SUNSET   605 PM MDT


-  INDICATES NEGATIVE NUMBERS.
R  INDICATES RECORD WAS SET OR TIED.
MM INDICATES DATA IS MISSING.
T  INDICATES TRACE AMOUNT.




$$
