000
CDUS45 KRIW 290732
CLIBYG


CLIMATE REPORT
NATIONAL WEATHER SERVICE RIVERTON WY
132 AM MDT MON AUG 29 2016


...................................

...THE BUFFALO WY CLIMATE SUMMARY FOR AUGUST 28 2016...

CLIMATE NORMAL PERIOD 1981 TO 2010
CLIMATE RECORD PERIOD 1998 TO 2016


WEATHER ITEM   OBSERVED TIME   RECORD YEAR NORMAL DEPARTURE LAST
                VALUE   (LST)  VALUE       VALUE  FROM      YEAR
                                                  NORMAL
..................................................................
TEMPERATURE (F)
 YESTERDAY
  MAXIMUM         89    322 PM  97    2012  81      8       87
  MINIMUM         57    204 AM  44    2008  53      4       60
  AVERAGE         73                        67      6       74

PRECIPITATION (IN)
  YESTERDAY        0.00          0.06 2002   0.02  -0.02     0.00
  MONTH TO DATE    0.52                      0.76  -0.24     1.15
  SINCE JUN 1      1.40                      4.70  -3.30     5.15
  SINCE JAN 1      6.32                     10.22  -3.90    12.41

DEGREE DAYS
 HEATING
  YESTERDAY        0                         2     -2        0
  MONTH TO DATE   38                        33      5       49
  SINCE JUN 1     54                       221   -167      133
  SINCE JUL 1     39                        58    -19       79

 COOLING
  YESTERDAY        8                         4      4        9
  MONTH TO DATE  162                       172    -10      192
  SINCE JUN 1    558                       426    132      410
  SINCE JAN 1    563                       433    130      410
..................................................................


WIND (MPH)
  HIGHEST WIND SPEED    16   HIGHEST WIND DIRECTION     E (70)
  HIGHEST GUST SPEED    20   HIGHEST GUST DIRECTION     E (80)
  AVERAGE WIND SPEED     8.4


SKY COVER
  POSSIBLE SUNSHINE  MM
  AVERAGE SKY COVER 0.0


WEATHER CONDITIONS
 THE FOLLOWING WEATHER WAS RECORDED YESTERDAY.
  NO SIGNIFICANT WEATHER WAS OBSERVED.


RELATIVE HUMIDITY (PERCENT)
 HIGHEST    31          1100 PM
 LOWEST     10          1100 AM
 AVERAGE    21

..........................................................


THE BUFFALO WY CLIMATE NORMALS FOR TODAY
                         NORMAL    RECORD    YEAR
 MAXIMUM TEMPERATURE (F)   81        99      2012
 MINIMUM TEMPERATURE (F)   52        47      2009
                                             2003


SUNRISE AND SUNSET
AUGUST 29 2016........SUNRISE   627 AM MDT   SUNSET   747 PM MDT
AUGUST 30 2016........SUNRISE   628 AM MDT   SUNSET   746 PM MDT


-  INDICATES NEGATIVE NUMBERS.
R  INDICATES RECORD WAS SET OR TIED.
MM INDICATES DATA IS MISSING.
T  INDICATES TRACE AMOUNT.




$$
