239
CDUS45 KRIW 240028
CLIBYG


CLIMATE REPORT
NATIONAL WEATHER SERVICE RIVERTON WY
527 PM MST TUE JAN 23 2018


...................................

...THE BUFFALO WY CLIMATE SUMMARY FOR JANUARY 23 2018...
VALID TODAY AS OF 0500 PM LOCAL TIME.

CLIMATE NORMAL PERIOD 1981 TO 2010
CLIMATE RECORD PERIOD 1998 TO 2018


WEATHER ITEM   OBSERVED TIME   RECORD YEAR NORMAL DEPARTURE LAST
                VALUE   (LST)  VALUE       VALUE  FROM      YEAR
                                                  NORMAL
..................................................................
TEMPERATURE (F)
 TODAY
  MAXIMUM         35        MM  63    2005  38     -3       34
  MINIMUM         20        MM   1    2009  17      3       17
  AVERAGE         28

PRECIPITATION (IN)
  TODAY            0.00          0.04 2011   0.01  -0.01      T
  MONTH TO DATE    0.08                      0.29  -0.21     0.05
  SINCE DEC 1      0.40                      0.69  -0.29     0.30
  SINCE JAN 1      0.08                      0.29  -0.21     0.05

DEGREE DAYS
 HEATING
  TODAY           37                        37      0       39
  MONTH TO DATE  815                       857    -42     1019
  SINCE DEC 1   1989                      2070    -81     2440
  SINCE JUL 1   3651                      3904   -253     3622

 COOLING
  TODAY            0                         0      0        0
  MONTH TO DATE    0                         0      0        0
  SINCE DEC 1      0                         0      0        0
  SINCE JAN 1      0                         0      0        0
..................................................................


WIND (MPH)
  HIGHEST WIND SPEED     8   HIGHEST WIND DIRECTION     N (360)
  HIGHEST GUST SPEED    MM   HIGHEST GUST DIRECTION    MM
  AVERAGE WIND SPEED     5.6


SKY COVER
  POSSIBLE SUNSHINE  MM
  AVERAGE SKY COVER 0.3


WEATHER CONDITIONS
 THE FOLLOWING WEATHER WAS RECORDED TODAY.
  NO SIGNIFICANT WEATHER WAS OBSERVED.


RELATIVE HUMIDITY (PERCENT)
 HIGHEST    74           200 AM
 LOWEST     35          1100 AM
 AVERAGE    55

..........................................................


THE BUFFALO WY CLIMATE NORMALS FOR TOMORROW
                         NORMAL    RECORD    YEAR
 MAXIMUM TEMPERATURE (F)   38        64      2005
 MINIMUM TEMPERATURE (F)   17        -1      2009
                                             1999


SUNRISE AND SUNSET
JANUARY 23 2018.......SUNRISE   734 AM MST   SUNSET   504 PM MST
JANUARY 24 2018.......SUNRISE   733 AM MST   SUNSET   505 PM MST


-  INDICATES NEGATIVE NUMBERS.
R  INDICATES RECORD WAS SET OR TIED.
MM INDICATES DATA IS MISSING.
T  INDICATES TRACE AMOUNT.




$$
