000
CDUS45 KRIW 080736
CLIBYG


CLIMATE REPORT
NATIONAL WEATHER SERVICE RIVERTON WY
1233 AM MST MON FEB 8 2016


...................................

...THE BUFFALO WY CLIMATE SUMMARY FOR FEBRUARY 7 2016...

CLIMATE NORMAL PERIOD 1981 TO 2010
CLIMATE RECORD PERIOD 1998 TO 2016


WEATHER ITEM   OBSERVED TIME   RECORD YEAR NORMAL DEPARTURE LAST
                VALUE   (LST)  VALUE       VALUE  FROM      YEAR
                                                  NORMAL
..................................................................
TEMPERATURE (F)
 YESTERDAY
  MAXIMUM         33    138 AM  64    2015  37     -4       64
  MINIMUM         25    906 PM  -9    2014  17      8       43
  AVERAGE         29                        27      2       54

PRECIPITATION (IN)
  YESTERDAY        0.01          0.05 2005   0.01   0.00     0.00
  MONTH TO DATE    0.22                      0.09   0.13     0.03
  SINCE DEC 1      0.45                      0.91  -0.46     0.27
  SINCE JAN 1      0.35                      0.51  -0.16     0.19

DEGREE DAYS
 HEATING
  YESTERDAY       36                        38     -2       11
  MONTH TO DATE  276                       266     10      199
  SINCE DEC 1   2433                      2639   -206     2184
  SINCE JUL 1   3862                      4473   -611     3940

 COOLING
  YESTERDAY        0                         0      0        0
  MONTH TO DATE    0                         0      0        0
  SINCE DEC 1      0                         0      0        0
  SINCE JAN 1      0                         0      0        0
..................................................................


WIND (MPH)
  HIGHEST WIND SPEED    45   HIGHEST WIND DIRECTION    NW (330)
  HIGHEST GUST SPEED    56   HIGHEST GUST DIRECTION    NW (330)
  AVERAGE WIND SPEED    20.8


SKY COVER
  POSSIBLE SUNSHINE  MM
  AVERAGE SKY COVER 0.5


WEATHER CONDITIONS
 THE FOLLOWING WEATHER WAS RECORDED YESTERDAY.
  LIGHT SNOW


RELATIVE HUMIDITY (PERCENT)
 HIGHEST    60           700 PM
 LOWEST     39          1200 PM
 AVERAGE    50

..........................................................


THE BUFFALO WY CLIMATE NORMALS FOR TODAY
                         NORMAL    RECORD    YEAR
 MAXIMUM TEMPERATURE (F)   37        60      2015
 MINIMUM TEMPERATURE (F)   18        -8      2011
                                             2001


SUNRISE AND SUNSET
FEBRUARY  8 2016......SUNRISE   717 AM MST   SUNSET   526 PM MST
FEBRUARY  9 2016......SUNRISE   716 AM MST   SUNSET   527 PM MST


-  INDICATES NEGATIVE NUMBERS.
R  INDICATES RECORD WAS SET OR TIED.
MM INDICATES DATA IS MISSING.
T  INDICATES TRACE AMOUNT.




$$
