000
CDUS45 KPIH 010733
CLIBYI


CLIMATE REPORT
NATIONAL WEATHER SERVICE POCATELLO ID
132 AM MDT TUE SEP 1 2015


...................................

...THE BURLEY ID CLIMATE SUMMARY FOR AUGUST 31 2015...

CLIMATE NORMAL PERIOD 1981 TO 2010
CLIMATE RECORD PERIOD 1948 TO 2015


WEATHER ITEM   OBSERVED TIME   RECORD YEAR NORMAL DEPARTURE LAST
                VALUE   (LST)  VALUE       VALUE  FROM      YEAR
                                                  NORMAL
..................................................................
TEMPERATURE (F)
 YESTERDAY
  MAXIMUM         81    457 PM  96    1995  81      0       69
  MINIMUM         43    618 AM  31    1965  48     -5       50
  AVERAGE         62                        64     -2       60

PRECIPITATION (IN)
  YESTERDAY        0.00          0.33 1984   0.02  -0.02     0.00
  MONTH TO DATE    0.17                      0.40  -0.23     2.71
  SINCE OCT 1      8.49                      9.59  -1.10    10.09
  SINCE JAN 1      6.44                      6.76  -0.32     9.48

SNOWFALL (IN)
  YESTERDAY       MM
  MONTH TO DATE   MM
  SINCE JUN 1     MM
  SINCE JUL 1     MM
  SNOW DEPTH      MM

DEGREE DAYS
 HEATING
  YESTERDAY        3                         3      0        5
  MONTH TO DATE   10                        34    -24       27
  SINCE JUN 1     55                       191   -136      134
  SINCE JUL 1     29                        57    -28       30

 COOLING
  YESTERDAY        0                         2     -2        0
  MONTH TO DATE  138                       131      7      129
  SINCE JUN 1    441                       338    103      400
  SINCE JAN 1    446                       344    102      401
..................................................................


WIND (MPH)
  HIGHEST WIND SPEED     9   HIGHEST WIND DIRECTION     S (190)
  HIGHEST GUST SPEED    13   HIGHEST GUST DIRECTION     W (260)
  AVERAGE WIND SPEED     3.8


SKY COVER
  POSSIBLE SUNSHINE  MM
  AVERAGE SKY COVER 0.0


WEATHER CONDITIONS
 THE FOLLOWING WEATHER WAS RECORDED YESTERDAY.
  NO SIGNIFICANT WEATHER WAS OBSERVED.


RELATIVE HUMIDITY (PERCENT)
 HIGHEST    71           100 AM
 LOWEST     17           500 PM
 AVERAGE    44

..........................................................


THE BURLEY ID CLIMATE NORMALS FOR TODAY
                         NORMAL    RECORD    YEAR
 MAXIMUM TEMPERATURE (F)   80        97      1987
 MINIMUM TEMPERATURE (F)   48        32      2006


SUNRISE AND SUNSET
SEPTEMBER  1 2015.....SUNRISE   700 AM MDT   SUNSET   810 PM MDT
SEPTEMBER  2 2015.....SUNRISE   701 AM MDT   SUNSET   808 PM MDT


-  INDICATES NEGATIVE NUMBERS.
R  INDICATES RECORD WAS SET OR TIED.
MM INDICATES DATA IS MISSING.
T  INDICATES TRACE AMOUNT.




$$
