000
CDUS45 KPIH 290749
CLIBYI


CLIMATE REPORT
NATIONAL WEATHER SERVICE POCATELLO ID
1246 AM MST MON DEC 29 2014


...................................

...THE BURLEY ID CLIMATE SUMMARY FOR DECEMBER 28 2014...

CLIMATE NORMAL PERIOD 1981 TO 2010
CLIMATE RECORD PERIOD 1948 TO 2014


WEATHER ITEM   OBSERVED TIME   RECORD YEAR NORMAL DEPARTURE LAST
                VALUE   (LST)  VALUE       VALUE  FROM      YEAR
                                                  NORMAL
..................................................................
TEMPERATURE (F)
 YESTERDAY
  MAXIMUM         33    320 PM  53    1949  34     -1       34
  MINIMUM         18   1000 PM  -6    1954  18      0       17
  AVERAGE         26                        26      0       26

PRECIPITATION (IN)
  YESTERDAY        0.02          0.33 2005   0.04  -0.02     0.00
  MONTH TO DATE    0.70                      1.03  -0.33     0.17
  SINCE OCT 1      2.04                      2.73  -0.69     0.61
  SINCE JAN 1     11.96                     10.04   1.92     4.69

SNOWFALL (IN)
  YESTERDAY       MM
  MONTH TO DATE   MM
  SINCE DEC 1     MM
  SINCE JUL 1     MM
  SNOW DEPTH      MM

DEGREE DAYS
 HEATING
  YESTERDAY       39                        39      0       39
  MONTH TO DATE  709                      1070   -361     1164
  SINCE DEC 1    709                      1070   -361     1164
  SINCE JUL 1   2090                      2758   -668     2732

 COOLING
  YESTERDAY        0                         0      0        0
  MONTH TO DATE    0                         0      0        0
  SINCE DEC 1      0                         0      0        0
  SINCE JAN 1    428                       365     63      642
..................................................................


WIND (MPH)
  HIGHEST WIND SPEED    23   HIGHEST WIND DIRECTION     S (200)
  HIGHEST GUST SPEED    28   HIGHEST GUST DIRECTION     S (200)
  AVERAGE WIND SPEED    11.8


SKY COVER
  POSSIBLE SUNSHINE  MM
  AVERAGE SKY COVER 0.7


WEATHER CONDITIONS
 THE FOLLOWING WEATHER WAS RECORDED YESTERDAY.
  SNOW
  LIGHT SNOW
  FOG


RELATIVE HUMIDITY (PERCENT)
 HIGHEST    92           600 AM
 LOWEST     66           300 PM
 AVERAGE    79

..........................................................


THE BURLEY ID CLIMATE NORMALS FOR TODAY
                         NORMAL    RECORD    YEAR
 MAXIMUM TEMPERATURE (F)   34        54      1962
 MINIMUM TEMPERATURE (F)   18       -15      1990


SUNRISE AND SUNSET
DECEMBER 29 2014......SUNRISE   804 AM MST   SUNSET   510 PM MST
DECEMBER 30 2014......SUNRISE   805 AM MST   SUNSET   511 PM MST


-  INDICATES NEGATIVE NUMBERS.
R  INDICATES RECORD WAS SET OR TIED.
MM INDICATES DATA IS MISSING.
T  INDICATES TRACE AMOUNT.




$$
