000
CDUS45 KPIH 312323
CLIBYI


CLIMATE REPORT
NATIONAL WEATHER SERVICE POCATELLO ID
522 PM MDT FRI JUL 31 2015


...................................

...THE BURLEY ID CLIMATE SUMMARY FOR JULY 31 2015...
VALID TODAY AS OF 0500 PM LOCAL TIME.

CLIMATE NORMAL PERIOD 1981 TO 2010
CLIMATE RECORD PERIOD 1948 TO 2015


WEATHER ITEM   OBSERVED TIME   RECORD YEAR NORMAL DEPARTURE LAST
                VALUE   (LST)  VALUE       VALUE  FROM      YEAR
                                                  NORMAL
..................................................................
TEMPERATURE (F)
 TODAY
  MAXIMUM         91    353 PM 103    2000  87      4       89
  MINIMUM         48    549 AM  44    1995  54     -6       54
  AVERAGE         70                        71     -1       72

PRECIPITATION (IN)
  TODAY            0.00          0.24 1976   0.01  -0.01     0.00
  MONTH TO DATE    1.10                      0.30   0.80     0.01
  SINCE OCT 1      8.32                      9.19  -0.87     7.38
  SINCE JAN 1      6.27                      6.36  -0.09     6.77

SNOWFALL (IN)
  TODAY           MM
  MONTH TO DATE   MM
  SINCE JUN 1     MM
  SINCE JUL 1     MM
  SNOW DEPTH      MM

DEGREE DAYS
 HEATING
  TODAY            0                         0      0        0
  MONTH TO DATE   19                        20     -1        3
  SINCE JUN 1     45                       156   -111      107
  SINCE JUL 1     19                        22     -3        3

 COOLING
  TODAY            5                         6     -1        7
  MONTH TO DATE  155                       160     -5      252
  SINCE JUN 1    303                       207     96      271
  SINCE JAN 1    308                       213     95      272
..................................................................


WIND (MPH)
  HIGHEST WIND SPEED     7   HIGHEST WIND DIRECTION     W (260)
  HIGHEST GUST SPEED    10   HIGHEST GUST DIRECTION    NW (330)
  AVERAGE WIND SPEED     2.6


SKY COVER
  POSSIBLE SUNSHINE  MM
  AVERAGE SKY COVER 0.0


WEATHER CONDITIONS
 THE FOLLOWING WEATHER WAS RECORDED TODAY.
  NO SIGNIFICANT WEATHER WAS OBSERVED.


RELATIVE HUMIDITY (PERCENT)
 HIGHEST    80           600 AM
 LOWEST     10           400 PM
 AVERAGE    45

..........................................................


THE BURLEY ID CLIMATE NORMALS FOR TOMORROW
                         NORMAL    RECORD    YEAR
 MAXIMUM TEMPERATURE (F)   87        98      1992
 MINIMUM TEMPERATURE (F)   54        40      1975


SUNRISE AND SUNSET
JULY 31 2015..........SUNRISE   626 AM MDT   SUNSET   856 PM MDT
AUGUST  1 2015........SUNRISE   627 AM MDT   SUNSET   855 PM MDT


-  INDICATES NEGATIVE NUMBERS.
R  INDICATES RECORD WAS SET OR TIED.
MM INDICATES DATA IS MISSING.
T  INDICATES TRACE AMOUNT.




$$
