849
CDUS45 KPIH 190730
CLIBYI


CLIMATE REPORT
NATIONAL WEATHER SERVICE POCATELLO ID
1229 AM MST FRI JAN 19 2018


...................................

...THE BURLEY ID CLIMATE SUMMARY FOR JANUARY 18 2018...

CLIMATE NORMAL PERIOD 1981 TO 2010
CLIMATE RECORD PERIOD 1948 TO 2018


WEATHER ITEM   OBSERVED TIME   RECORD YEAR NORMAL DEPARTURE LAST
                VALUE   (LST)  VALUE       VALUE  FROM      YEAR
                                                  NORMAL
..................................................................
TEMPERATURE (F)
 YESTERDAY
  MAXIMUM         52    702 PM  60    1994  35     17       37
  MINIMUM         33    507 AM -23    1984  19     14       14
  AVERAGE         43                        27     16       26

PRECIPITATION (IN)
  YESTERDAY        T             0.69 1953   0.03  -0.03     0.28
  MONTH TO DATE    1.08                      0.57   0.51     1.57
  SINCE OCT 1      2.70                      3.40  -0.70     6.36
  SINCE JAN 1      1.08                      0.57   0.51     1.57

SNOWFALL (IN)
  YESTERDAY       MM
  MONTH TO DATE   MM
  SINCE DEC 1     MM
  SINCE JUL 1     MM
  SNOW DEPTH      MM

DEGREE DAYS
 HEATING
  YESTERDAY       22                        38    -16       39
  MONTH TO DATE  513                       696   -183      822
  SINCE DEC 1   1546                      1888   -342     2069
  SINCE JUL 1   3100                      3576   -476     3467

 COOLING
  YESTERDAY        0                         0      0        0
  MONTH TO DATE    0                         0      0        0
  SINCE DEC 1      0                         0      0        0
  SINCE JAN 1      0                         0      0        0
..................................................................


WIND (MPH)
  HIGHEST WIND SPEED    32   HIGHEST WIND DIRECTION    SW (210)
  HIGHEST GUST SPEED    44   HIGHEST GUST DIRECTION     W (250)
  AVERAGE WIND SPEED    17.2


SKY COVER
  POSSIBLE SUNSHINE  MM
  AVERAGE SKY COVER 0.3


WEATHER CONDITIONS
 THE FOLLOWING WEATHER WAS RECORDED YESTERDAY.
  NO SIGNIFICANT WEATHER WAS OBSERVED.


RELATIVE HUMIDITY (PERCENT)
 HIGHEST    85          1100 PM
 LOWEST     44           900 PM
 AVERAGE    65

..........................................................


THE BURLEY ID CLIMATE NORMALS FOR TODAY
                         NORMAL    RECORD    YEAR
 MAXIMUM TEMPERATURE (F)   35        57      1971
 MINIMUM TEMPERATURE (F)   19       -14      1963


SUNRISE AND SUNSET
JANUARY 19 2018.......SUNRISE   800 AM MST   SUNSET   532 PM MST
JANUARY 20 2018.......SUNRISE   759 AM MST   SUNSET   533 PM MST


-  INDICATES NEGATIVE NUMBERS.
R  INDICATES RECORD WAS SET OR TIED.
MM INDICATES DATA IS MISSING.
T  INDICATES TRACE AMOUNT.




$$
