000
CDUS45 KPIH 290731
CLIBYI


CLIMATE REPORT
NATIONAL WEATHER SERVICE POCATELLO ID
131 AM MDT TUE JUL 29 2014


...................................

...THE BURLEY ID CLIMATE SUMMARY FOR JULY 28 2014...

CLIMATE NORMAL PERIOD 1981 TO 2010
CLIMATE RECORD PERIOD 1948 TO 2014


WEATHER ITEM   OBSERVED TIME   RECORD YEAR NORMAL DEPARTURE LAST
                VALUE   (LST)  VALUE       VALUE  FROM      YEAR
                                                  NORMAL
..................................................................
TEMPERATURE (F)
 YESTERDAY
  MAXIMUM         89    456 PM 102    1995  87      2       83
  MINIMUM         63    552 AM  46    1963  55      8       56
  AVERAGE         76                        71      5       70

PRECIPITATION (IN)
  YESTERDAY        T             0.49 1956   0.01  -0.01     0.01
  MONTH TO DATE    0.01                      0.27  -0.26     0.04
  SINCE OCT 1      7.38                      9.16  -1.78     5.93
  SINCE JAN 1      6.77                      6.33   0.44     2.33

SNOWFALL (IN)
  YESTERDAY       MM
  MONTH TO DATE   MM
  SINCE JUN 1     MM
  SINCE JUL 1     MM
  SNOW DEPTH      MM

DEGREE DAYS
 HEATING
  YESTERDAY        0                         0      0        0
  MONTH TO DATE    3                        20    -17        0
  SINCE JUN 1    107                       154    -47      101
  SINCE JUL 1      3                        20    -17        0

 COOLING
  YESTERDAY       11                         6      5        5
  MONTH TO DATE  231                       142     89      249
  SINCE JUN 1    250                       189     61      335
  SINCE JAN 1    251                       195     56      345
..................................................................


WIND (MPH)
  HIGHEST WIND SPEED    24   HIGHEST WIND DIRECTION    SE (120)
  HIGHEST GUST SPEED    32   HIGHEST GUST DIRECTION    SE (120)
  AVERAGE WIND SPEED     6.4


SKY COVER
  POSSIBLE SUNSHINE  MM
  AVERAGE SKY COVER 0.3


WEATHER CONDITIONS
 THE FOLLOWING WEATHER WAS RECORDED YESTERDAY.
  LIGHT RAIN


RELATIVE HUMIDITY (PERCENT)
 HIGHEST    61          1100 PM
 LOWEST     24           500 PM
 AVERAGE    43

..........................................................


THE BURLEY ID CLIMATE NORMALS FOR TODAY
                         NORMAL    RECORD    YEAR
 MAXIMUM TEMPERATURE (F)   87       101      2000
 MINIMUM TEMPERATURE (F)   55        41      1959


SUNRISE AND SUNSET
JULY 29 2014..........SUNRISE   624 AM MDT   SUNSET   858 PM MDT
JULY 30 2014..........SUNRISE   625 AM MDT   SUNSET   857 PM MDT


-  INDICATES NEGATIVE NUMBERS.
R  INDICATES RECORD WAS SET OR TIED.
MM INDICATES DATA IS MISSING.
T  INDICATES TRACE AMOUNT.




$$
