000
CDUS45 KPIH 282332
CLIBYI


CLIMATE REPORT
NATIONAL WEATHER SERVICE POCATELLO ID
430 PM MST WED JAN 28 2015


...................................

...THE BURLEY ID CLIMATE SUMMARY FOR JANUARY 28 2015...
VALID TODAY AS OF 0400 PM LOCAL TIME.

CLIMATE NORMAL PERIOD 1981 TO 2010
CLIMATE RECORD PERIOD 1948 TO 2015


WEATHER ITEM   OBSERVED TIME   RECORD YEAR NORMAL DEPARTURE LAST
                VALUE   (LST)  VALUE       VALUE  FROM      YEAR
                                                  NORMAL
..................................................................
TEMPERATURE (F)
 TODAY
  MAXIMUM         48    320 PM  55    1998  36     12       37
  MINIMUM         36    911 AM -25    1949  20     16       16
  AVERAGE         42                        28     14       27

PRECIPITATION (IN)
  TODAY            0.01          0.38 1968   0.03  -0.02     0.00
  MONTH TO DATE    0.62                      0.84  -0.22     0.32
  SINCE OCT 1      2.67                      3.67  -1.00     0.93
  SINCE JAN 1      0.62                      0.84  -0.22     0.32

SNOWFALL (IN)
  TODAY           MM
  MONTH TO DATE   MM
  SINCE DEC 1     MM
  SINCE JUL 1     MM
  SNOW DEPTH      MM

DEGREE DAYS
 HEATING
  TODAY           23                        37    -14       38
  MONTH TO DATE  954                      1074   -120      964
  SINCE DEC 1   1831                      2266   -435     2235
  SINCE JUL 1   3212                      3954   -742     3803

 COOLING
  TODAY            0                         0      0        0
  MONTH TO DATE    0                         0      0        0
  SINCE DEC 1      0                         0      0        0
  SINCE JAN 1      0                         0      0        0
..................................................................


WIND (MPH)
  HIGHEST WIND SPEED    15   HIGHEST WIND DIRECTION     W (290)
  HIGHEST GUST SPEED    20   HIGHEST GUST DIRECTION     W (290)
  AVERAGE WIND SPEED     8.5


SKY COVER
  POSSIBLE SUNSHINE  MM
  AVERAGE SKY COVER 0.7


WEATHER CONDITIONS
 THE FOLLOWING WEATHER WAS RECORDED TODAY.
  LIGHT RAIN
  FOG


RELATIVE HUMIDITY (PERCENT)
 HIGHEST   100           900 AM
 LOWEST     71           300 PM
 AVERAGE    86

..........................................................


THE BURLEY ID CLIMATE NORMALS FOR TOMORROW
                         NORMAL    RECORD    YEAR
 MAXIMUM TEMPERATURE (F)   36        56      1992
 MINIMUM TEMPERATURE (F)   20       -30      1949


SUNRISE AND SUNSET
JANUARY 28 2015.......SUNRISE   753 AM MST   SUNSET   543 PM MST
JANUARY 29 2015.......SUNRISE   752 AM MST   SUNSET   545 PM MST


-  INDICATES NEGATIVE NUMBERS.
R  INDICATES RECORD WAS SET OR TIED.
MM INDICATES DATA IS MISSING.
T  INDICATES TRACE AMOUNT.




$$
