514
CDUS45 KPIH 240730
CLIBYI


CLIMATE REPORT
NATIONAL WEATHER SERVICE POCATELLO ID
129 AM MDT TUE MAY 24 2016


...................................

...THE BURLEY ID CLIMATE SUMMARY FOR MAY 23 2016...

CLIMATE NORMAL PERIOD 1981 TO 2010
CLIMATE RECORD PERIOD 1948 TO 2016


WEATHER ITEM   OBSERVED TIME   RECORD YEAR NORMAL DEPARTURE LAST
                VALUE   (LST)  VALUE       VALUE  FROM      YEAR
                                                  NORMAL
..................................................................
TEMPERATURE (F)
 YESTERDAY
  MAXIMUM         66    335 PM  90    1999  69     -3       63
  MINIMUM         36    500 AM  27    2010  43     -7       44
                                      1966
  AVERAGE         51                        56     -5       54

PRECIPITATION (IN)
  YESTERDAY        0.00          0.77 2015   0.05  -0.05     0.77
  MONTH TO DATE    1.27                      1.06   0.21     3.48
  SINCE OCT 1      7.90                      7.69   0.21     7.05
  SINCE JAN 1      5.10                      4.86   0.24     5.00

SNOWFALL (IN)
  YESTERDAY       MM
  MONTH TO DATE   MM
  SINCE MAR 1     MM
  SINCE JUL 1     MM
  SNOW DEPTH      MM

DEGREE DAYS
 HEATING
  YESTERDAY       14                         9      5       11
  MONTH TO DATE  226                       277    -51      226
  SINCE MAR 1   1329                      1643   -314     1349
  SINCE JUL 1   5836                      6665   -829     5326

 COOLING
  YESTERDAY        0                         0      0        0
  MONTH TO DATE    4                         0      4        0
  SINCE MAR 1      4                         0      4        0
  SINCE JAN 1      4                         0      4        0
..................................................................


WIND (MPH)
  HIGHEST WIND SPEED    18   HIGHEST WIND DIRECTION     S (170)
  HIGHEST GUST SPEED    24   HIGHEST GUST DIRECTION     S (170)
  AVERAGE WIND SPEED     5.8


SKY COVER
  POSSIBLE SUNSHINE  MM
  AVERAGE SKY COVER 0.2


WEATHER CONDITIONS
 THE FOLLOWING WEATHER WAS RECORDED YESTERDAY.
  NO SIGNIFICANT WEATHER WAS OBSERVED.


RELATIVE HUMIDITY (PERCENT)
 HIGHEST    92           600 AM
 LOWEST     30           300 PM
 AVERAGE    61

..........................................................


THE BURLEY ID CLIMATE NORMALS FOR TODAY
                         NORMAL    RECORD    YEAR
 MAXIMUM TEMPERATURE (F)   70        91      1969
 MINIMUM TEMPERATURE (F)   43        32      1960


SUNRISE AND SUNSET
MAY 24 2016...........SUNRISE   605 AM MDT   SUNSET   900 PM MDT
MAY 25 2016...........SUNRISE   604 AM MDT   SUNSET   901 PM MDT


-  INDICATES NEGATIVE NUMBERS.
R  INDICATES RECORD WAS SET OR TIED.
MM INDICATES DATA IS MISSING.
T  INDICATES TRACE AMOUNT.




$$
