943
CDUS45 KPIH 270738
CLIBYI


CLIMATE REPORT
NATIONAL WEATHER SERVICE POCATELLO ID
137 AM MDT THU JUL 27 2017


...................................

...THE BURLEY ID CLIMATE SUMMARY FOR JULY 26 2017...

CLIMATE NORMAL PERIOD 1981 TO 2010
CLIMATE RECORD PERIOD 1948 TO 2017


WEATHER ITEM   OBSERVED TIME   RECORD YEAR NORMAL DEPARTURE LAST
                VALUE   (LST)  VALUE       VALUE  FROM      YEAR
                                                  NORMAL
..................................................................
TEMPERATURE (F)
 YESTERDAY
  MAXIMUM         87    235 PM 103    1994  87      0       94
  MINIMUM         63    533 AM  45    1953  55      8       48
  AVERAGE         75                        71      4       71

PRECIPITATION (IN)
  YESTERDAY        T             0.18 1989   0.01  -0.01     0.00
  MONTH TO DATE    T                         0.25  -0.25     0.24
  SINCE OCT 1     13.17                      9.14   4.03     8.17
  SINCE JAN 1      8.38                      6.31   2.07     5.37

SNOWFALL (IN)
  YESTERDAY       MM
  MONTH TO DATE   MM
  SINCE JUN 1     MM
  SINCE JUL 1     MM
  SNOW DEPTH      MM

DEGREE DAYS
 HEATING
  YESTERDAY        0                         0      0        0
  MONTH TO DATE    0                        20    -20       26
  SINCE JUN 1     77                       154    -77       76
  SINCE JUL 1      0                        20    -20       26

 COOLING
  YESTERDAY       10                         6      4        6
  MONTH TO DATE  240                       130    110       90
  SINCE JUN 1    311                       177    134      190
  SINCE JAN 1    316                       183    133      194
..................................................................


WIND (MPH)
  HIGHEST WIND SPEED    31   HIGHEST WIND DIRECTION    SW (240)
  HIGHEST GUST SPEED    36   HIGHEST GUST DIRECTION    SW (240)
  AVERAGE WIND SPEED     6.9


SKY COVER
  POSSIBLE SUNSHINE  MM
  AVERAGE SKY COVER 0.3


WEATHER CONDITIONS
 THE FOLLOWING WEATHER WAS RECORDED YESTERDAY.
  LIGHT RAIN
  HAZE


RELATIVE HUMIDITY (PERCENT)
 HIGHEST    84           500 AM
 LOWEST     30           500 PM
 AVERAGE    57

..........................................................


THE BURLEY ID CLIMATE NORMALS FOR TODAY
                         NORMAL    RECORD    YEAR
 MAXIMUM TEMPERATURE (F)   87       103      1999
 MINIMUM TEMPERATURE (F)   55        43      1963


SUNRISE AND SUNSET
JULY 27 2017..........SUNRISE   622 AM MDT   SUNSET   900 PM MDT
JULY 28 2017..........SUNRISE   623 AM MDT   SUNSET   859 PM MDT


-  INDICATES NEGATIVE NUMBERS.
R  INDICATES RECORD WAS SET OR TIED.
MM INDICATES DATA IS MISSING.
T  INDICATES TRACE AMOUNT.




$$
