000
CDUS45 KPIH 300738
CLIBYI


CLIMATE REPORT
NATIONAL WEATHER SERVICE POCATELLO ID
136 AM MDT TUE JUN 30 2015


...................................

...THE BURLEY ID CLIMATE SUMMARY FOR JUNE 29 2015...

CLIMATE NORMAL PERIOD 1981 TO 2010
CLIMATE RECORD PERIOD 1948 TO 2015


WEATHER ITEM   OBSERVED TIME   RECORD YEAR NORMAL DEPARTURE LAST
                VALUE   (LST)  VALUE       VALUE  FROM      YEAR
                                                  NORMAL
..................................................................
TEMPERATURE (F)
 YESTERDAY
  MAXIMUM         98    248 PM 102    1990  81     17       78
  MINIMUM         60    521 AM  35    1954  51      9       49
  AVERAGE         79                        66     13       64

PRECIPITATION (IN)
  YESTERDAY        T             0.55 1955   0.02  -0.02     0.00
  MONTH TO DATE    T                         0.86  -0.86     0.71
  SINCE OCT 1      7.22                      8.88  -1.66     7.37
  SINCE JAN 1      5.17                      6.05  -0.88     6.76

SNOWFALL (IN)
  YESTERDAY       MM
  MONTH TO DATE   MM
  SINCE JUN 1     MM
  SINCE JUL 1     MM
  SNOW DEPTH      MM

DEGREE DAYS
 HEATING
  YESTERDAY        0                         2     -2        1
  MONTH TO DATE   26                       133   -107      102
  SINCE JUN 1     26                       133   -107      102
  SINCE JUL 1   5391                      6864  -1473     6321

 COOLING
  YESTERDAY       14                         3     11        0
  MONTH TO DATE  133                        45     88       19
  SINCE JUN 1    133                        45     88       19
  SINCE JAN 1    138                        51     87       20
..................................................................


WIND (MPH)
  HIGHEST WIND SPEED    45   HIGHEST WIND DIRECTION    SW (240)
  HIGHEST GUST SPEED    67   HIGHEST GUST DIRECTION    SW (230)
  AVERAGE WIND SPEED     8.8


SKY COVER
  POSSIBLE SUNSHINE  MM
  AVERAGE SKY COVER 0.1


WEATHER CONDITIONS
 THE FOLLOWING WEATHER WAS RECORDED YESTERDAY.
  THUNDERSTORM
  LIGHT RAIN
  HAZE


RELATIVE HUMIDITY (PERCENT)
 HIGHEST    78          1200 AM
 LOWEST     19          1000 PM
 AVERAGE    49

..........................................................


THE BURLEY ID CLIMATE NORMALS FOR TODAY
                         NORMAL    RECORD    YEAR
 MAXIMUM TEMPERATURE (F)   81        99      1990
 MINIMUM TEMPERATURE (F)   51        36      1963


SUNRISE AND SUNSET
JUNE 30 2015..........SUNRISE   601 AM MDT   SUNSET   916 PM MDT
JULY  1 2015..........SUNRISE   601 AM MDT   SUNSET   916 PM MDT


-  INDICATES NEGATIVE NUMBERS.
R  INDICATES RECORD WAS SET OR TIED.
MM INDICATES DATA IS MISSING.
T  INDICATES TRACE AMOUNT.




$$
