000
CDUS45 KPIH 230734
CLIBYI


CLIMATE REPORT
NATIONAL WEATHER SERVICE POCATELLO ID
132 AM MDT SAT JUL 23 2016


...................................

...THE BURLEY ID CLIMATE SUMMARY FOR JULY 22 2016...

CLIMATE NORMAL PERIOD 1981 TO 2010
CLIMATE RECORD PERIOD 1948 TO 2016


WEATHER ITEM   OBSERVED TIME   RECORD YEAR NORMAL DEPARTURE LAST
                VALUE   (LST)  VALUE       VALUE  FROM      YEAR
                                                  NORMAL
..................................................................
TEMPERATURE (F)
 YESTERDAY
  MAXIMUM         87    323 PM 102    1994  87      0       82
  MINIMUM         57   1159 PM  37    1954  55      2       56
  AVERAGE         72                        71      1       69

PRECIPITATION (IN)
  YESTERDAY        0.00          0.37 1979   0.00   0.00     0.02
  MONTH TO DATE    0.24                      0.21   0.03     0.29
  SINCE OCT 1      8.17                      9.10  -0.93     7.51
  SINCE JAN 1      5.37                      6.27  -0.90     5.46

SNOWFALL (IN)
  YESTERDAY       MM
  MONTH TO DATE   MM
  SINCE JUN 1     MM
  SINCE JUL 1     MM
  SNOW DEPTH      MM

DEGREE DAYS
 HEATING
  YESTERDAY        0                         0      0        0
  MONTH TO DATE   26                        20      6        2
  SINCE JUN 1     76                       154    -78       28
  SINCE JUL 1     26                        20      6        2

 COOLING
  YESTERDAY        7                         6      1        4
  MONTH TO DATE   74                       106    -32      126
  SINCE JUN 1    174                       153     21      274
  SINCE JAN 1    178                       159     19      279
..................................................................


WIND (MPH)
  HIGHEST WIND SPEED    20   HIGHEST WIND DIRECTION     W (290)
  HIGHEST GUST SPEED    25   HIGHEST GUST DIRECTION     W (290)
  AVERAGE WIND SPEED    10.2


SKY COVER
  POSSIBLE SUNSHINE  MM
  AVERAGE SKY COVER 0.0


WEATHER CONDITIONS
 THE FOLLOWING WEATHER WAS RECORDED YESTERDAY.
  NO SIGNIFICANT WEATHER WAS OBSERVED.


RELATIVE HUMIDITY (PERCENT)
 HIGHEST    60           400 AM
 LOWEST     15           500 PM
 AVERAGE    38

..........................................................


THE BURLEY ID CLIMATE NORMALS FOR TODAY
                         NORMAL    RECORD    YEAR
 MAXIMUM TEMPERATURE (F)   87       101      2003
                                             1959
 MINIMUM TEMPERATURE (F)   55        40      1954


SUNRISE AND SUNSET
JULY 23 2016..........SUNRISE   619 AM MDT   SUNSET   904 PM MDT
JULY 24 2016..........SUNRISE   620 AM MDT   SUNSET   903 PM MDT


-  INDICATES NEGATIVE NUMBERS.
R  INDICATES RECORD WAS SET OR TIED.
MM INDICATES DATA IS MISSING.
T  INDICATES TRACE AMOUNT.




$$
