000
CDUS45 KTFX 242235
CLIBZN


CLIMATE REPORT
NATIONAL WEATHER SERVICE GREAT FALLS MT
435 PM MDT THU JUL 24 2014


...................................

...THE BOZEMAN/GALLATIN FIELD MT CLIMATE SUMMARY FOR JULY 24 2014...
VALID TODAY AS OF 0400 PM LOCAL TIME.

CLIMATE NORMAL PERIOD 1981 TO 2010
CLIMATE RECORD PERIOD 1935 TO 2014


WEATHER ITEM   OBSERVED TIME   RECORD YEAR NORMAL DEPARTURE LAST
                VALUE   (LST)  VALUE       VALUE  FROM      YEAR
                                                  NORMAL
..................................................................
TEMPERATURE (F)
 TODAY
  MAXIMUM         82    100 PM  99    1963  90     -8       93
  MINIMUM         53    539 AM  40    1964  52      1       50
  AVERAGE         68                        71     -3       72

PRECIPITATION (IN)
  TODAY            0.00          0.52 1959   0.03  -0.03     0.00
  MONTH TO DATE    0.38                      0.92  -0.54     0.29
  SINCE OCT 1     10.43                     11.60  -1.17     9.60
  SINCE JAN 1      9.38                      9.22   0.16     7.29

SNOWFALL (IN)
  TODAY            0.0           0.0  1998   0.0    0.0      0.0
                                      1994
  MONTH TO DATE    0.0                       0.0    0.0      0.0
  SINCE JUN 1      0.0                       0.0    0.0      0.0
  SINCE JUL 1      0.0                       0.0    0.0      0.0
  SNOW DEPTH       0

DEGREE DAYS
 HEATING
  TODAY            0                         0      0        0
  MONTH TO DATE    6                        27    -21        2
  SINCE JUN 1    242                       168     74      169
  SINCE JUL 1      6                        27    -21        2

 COOLING
  TODAY            3                         6     -3        7
  MONTH TO DATE  105                       120    -15      112
  SINCE JUN 1    105                       158    -53      139
  SINCE JAN 1    105                       162    -57      141
..................................................................


WIND (MPH)
  HIGHEST WIND SPEED    26   HIGHEST WIND DIRECTION     N (360)
  HIGHEST GUST SPEED    32   HIGHEST GUST DIRECTION     N (360)
  AVERAGE WIND SPEED     7.6


SKY COVER
  AVERAGE SKY COVER 0.0


WEATHER CONDITIONS
 THE FOLLOWING WEATHER WAS RECORDED TODAY.
  NO SIGNIFICANT WEATHER WAS OBSERVED.


RELATIVE HUMIDITY (PERCENT)
 HIGHEST    77           500 AM
 LOWEST     26           100 PM
 AVERAGE    52

..........................................................


THE BOZEMAN/GALLATIN FIELD MT CLIMATE NORMALS FOR TOMORROW
                         NORMAL    RECORD    YEAR
 MAXIMUM TEMPERATURE (F)   90       100      1945
 MINIMUM TEMPERATURE (F)   52        38      1948


SUNRISE AND SUNSET
JULY 24 2014..........SUNRISE   559 AM MDT   SUNSET   903 PM MDT
JULY 25 2014..........SUNRISE   600 AM MDT   SUNSET   902 PM MDT


-  INDICATES NEGATIVE NUMBERS.
R  INDICATES RECORD WAS SET OR TIED.
MM INDICATES DATA IS MISSING.
T  INDICATES TRACE AMOUNT.




$$
