000
CDUS45 KTFX 281032
CLIBZN


CLIMATE REPORT
NATIONAL WEATHER SERVICE GREAT FALLS MT
431 AM MDT FRI AUG 28 2015


...................................

...THE BOZEMAN/GALLATIN FIELD MT CLIMATE SUMMARY FOR AUGUST 27 2015...

CLIMATE NORMAL PERIOD 1981 TO 2010
CLIMATE RECORD PERIOD 1935 TO 2015


WEATHER ITEM   OBSERVED TIME   RECORD YEAR NORMAL DEPARTURE LAST
                VALUE   (LST)  VALUE       VALUE  FROM      YEAR
                                                  NORMAL
..................................................................
TEMPERATURE (F)
 YESTERDAY
  MAXIMUM         85    348 PM  95    2011  84      1       81
                                      1971
  MINIMUM         53    510 AM  30    1976  47      6       45
  AVERAGE         69                        65      4       63

PRECIPITATION (IN)
  YESTERDAY        0.05          0.42 1970   0.03   0.02     0.00
  MONTH TO DATE    0.65                      0.93  -0.28     2.43
  SINCE OCT 1     10.92                     12.73  -1.81    12.86
  SINCE JAN 1      8.99                     10.35  -1.36    11.81

SNOWFALL (IN)
  YESTERDAY        0.0           0.0  1998   0.0    0.0      0.0
                                      1994
  MONTH TO DATE    0.0                       0.0    0.0      0.0
  SINCE JUN 1      0.0                       0.0    0.0      0.0
  SINCE JUL 1      0.0                       0.0    0.0      0.0
  SNOW DEPTH       0

DEGREE DAYS
 HEATING
  YESTERDAY        0                         2     -2        2
  MONTH TO DATE   62                        27     35       62
  SINCE JUN 1    165                       196    -31      311
  SINCE JUL 1     93                        55     38       75

 COOLING
  YESTERDAY        4                         3      1        0
  MONTH TO DATE   72                       129    -57       59
  SINCE JUN 1    220                       333   -113      182
  SINCE JAN 1    220                       337   -117      182
..................................................................


WIND (MPH)
  HIGHEST WIND SPEED    26   HIGHEST WIND DIRECTION    SW (240)
  HIGHEST GUST SPEED    42   HIGHEST GUST DIRECTION     W (250)
  AVERAGE WIND SPEED     7.3


SKY COVER
  AVERAGE SKY COVER 0.2


WEATHER CONDITIONS
 THE FOLLOWING WEATHER WAS RECORDED YESTERDAY.
  THUNDERSTORM
  HEAVY RAIN
  LIGHT RAIN
  HAZE


RELATIVE HUMIDITY (PERCENT)
 HIGHEST    83
 LOWEST     19
 AVERAGE    51

..........................................................


THE BOZEMAN/GALLATIN FIELD MT CLIMATE NORMALS FOR TODAY
                         NORMAL    RECORD    YEAR
 MAXIMUM TEMPERATURE (F)   84        98      2012
 MINIMUM TEMPERATURE (F)   47        33      1960


SUNRISE AND SUNSET
AUGUST 28 2015........SUNRISE   640 AM MDT   SUNSET   810 PM MDT
AUGUST 29 2015........SUNRISE   642 AM MDT   SUNSET   809 PM MDT


-  INDICATES NEGATIVE NUMBERS.
R  INDICATES RECORD WAS SET OR TIED.
MM INDICATES DATA IS MISSING.
T  INDICATES TRACE AMOUNT.




$$
