188
CDUS45 KTFX 291007
CLIBZN


CLIMATE REPORT
NATIONAL WEATHER SERVICE GREAT FALLS MT
406 AM MDT WED MAR 29 2017


...................................

...THE BOZEMAN/GALLATIN FIELD MT CLIMATE SUMMARY FOR MARCH 28 2017...

CLIMATE NORMAL PERIOD 1981 TO 2010
CLIMATE RECORD PERIOD 1935 TO 2017


WEATHER ITEM   OBSERVED TIME   RECORD YEAR NORMAL DEPARTURE LAST
                VALUE   (LST)  VALUE       VALUE  FROM      YEAR
                                                  NORMAL
..................................................................
TEMPERATURE (F)
 YESTERDAY
  MAXIMUM         53    530 PM  74    1986  54     -1       45
  MINIMUM         29    655 AM -10    1965  27      2       30
  AVERAGE         41                        40      1       38

PRECIPITATION (IN)
  YESTERDAY        0.00          0.45 1963   0.04  -0.04      T
  MONTH TO DATE    0.85                      0.82   0.03     0.92
  SINCE OCT 1      4.75                      4.11   0.64     4.36
  SINCE JAN 1      1.42                      1.73  -0.31     1.51

SNOWFALL (IN)
  YESTERDAY        0.0           2.0  1970   0.3   -0.3       T
  MONTH TO DATE    1.8                       6.9   -5.1      2.1
  SINCE MAR 1      1.8                       6.9   -5.1      2.1
  SINCE JUL 1     41.0                      29.2   11.8     25.7
  SNOW DEPTH       0

DEGREE DAYS
 HEATING
  YESTERDAY       24                        25     -1       27
  MONTH TO DATE  655                       812   -157      752
  SINCE MAR 1    655                       812   -157      752
  SINCE JUL 1   6848                      6392    456     6437

 COOLING
  YESTERDAY        0                         0      0        0
  MONTH TO DATE    0                         0      0        0
  SINCE MAR 1      0                         0      0        0
  SINCE JAN 1      0                         0      0        0
..................................................................


WIND (MPH)
  HIGHEST WIND SPEED    14   HIGHEST WIND DIRECTION    NW (300)
  HIGHEST GUST SPEED    18   HIGHEST GUST DIRECTION     W (260)
  AVERAGE WIND SPEED     5.0


SKY COVER
  AVERAGE SKY COVER 0.3


WEATHER CONDITIONS
 THE FOLLOWING WEATHER WAS RECORDED YESTERDAY.
  NO SIGNIFICANT WEATHER WAS OBSERVED.


RELATIVE HUMIDITY (PERCENT)
 HIGHEST    85
 LOWEST     30
 AVERAGE    58

..........................................................


THE BOZEMAN/GALLATIN FIELD MT CLIMATE NORMALS FOR TODAY
                         NORMAL    RECORD    YEAR
 MAXIMUM TEMPERATURE (F)   54        74      1978
 MINIMUM TEMPERATURE (F)   27       -11      1936


SUNRISE AND SUNSET
MARCH 29 2017.........SUNRISE   710 AM MDT   SUNSET   750 PM MDT
MARCH 30 2017.........SUNRISE   708 AM MDT   SUNSET   751 PM MDT


-  INDICATES NEGATIVE NUMBERS.
R  INDICATES RECORD WAS SET OR TIED.
MM INDICATES DATA IS MISSING.
T  INDICATES TRACE AMOUNT.




$$
