000
CDUS45 KTFX 240956
CLIBZN


CLIMATE REPORT
NATIONAL WEATHER SERVICE GREAT FALLS MT
354 AM MDT WED MAY 24 2017


...................................

...THE BOZEMAN/GALLATIN FIELD MT CLIMATE SUMMARY FOR MAY 23 2017...

CLIMATE NORMAL PERIOD 1981 TO 2010
CLIMATE RECORD PERIOD 1935 TO 2017


WEATHER ITEM   OBSERVED TIME   RECORD YEAR NORMAL DEPARTURE LAST
                VALUE   (LST)  VALUE       VALUE  FROM      YEAR
                                                  NORMAL
..................................................................
TEMPERATURE (F)
 YESTERDAY
  MAXIMUM         77    553 PM  85    1985  70      7       55
  MINIMUM         37    438 AM  26    1986  41     -4       40
  AVERAGE         57                        56      1       48

PRECIPITATION (IN)
  YESTERDAY        0.00          0.63 1965   0.09  -0.09     0.30
  MONTH TO DATE    1.67                      1.70  -0.03     2.14
  SINCE OCT 1      8.83                      7.53   1.30     7.38
  SINCE JAN 1      5.50                      5.15   0.35     4.53

SNOWFALL (IN)
  YESTERDAY        0.0           0.3  1964   0.0    0.0      0.0
  MONTH TO DATE    1.0                       2.1   -1.1       T
  SINCE MAR 1      5.3                      17.3  -12.0      2.1
  SINCE JUL 1     44.5                      39.6    4.9     25.7
  SNOW DEPTH       0

DEGREE DAYS
 HEATING
  YESTERDAY        8                        10     -2       17
  MONTH TO DATE  329                       288     41      337
  SINCE MAR 1   1697                      1769    -72     1711
  SINCE JUL 1   7890                      7349    541     7396

 COOLING
  YESTERDAY        0                         0      0        0
  MONTH TO DATE    0                         0      0        0
  SINCE MAR 1      0                         0      0        0
  SINCE JAN 1      0                         0      0        0
..................................................................


WIND (MPH)
  HIGHEST WIND SPEED    15   HIGHEST WIND DIRECTION     S (160)
  HIGHEST GUST SPEED    17   HIGHEST GUST DIRECTION    SE (150)
  AVERAGE WIND SPEED     4.7


SKY COVER
  AVERAGE SKY COVER 0.0


WEATHER CONDITIONS
 THE FOLLOWING WEATHER WAS RECORDED YESTERDAY.
  NO SIGNIFICANT WEATHER WAS OBSERVED.


RELATIVE HUMIDITY (PERCENT)
 HIGHEST    92
 LOWEST     29
 AVERAGE    61

..........................................................


THE BOZEMAN/GALLATIN FIELD MT CLIMATE NORMALS FOR TODAY
                         NORMAL    RECORD    YEAR
 MAXIMUM TEMPERATURE (F)   71        87      1988
 MINIMUM TEMPERATURE (F)   41        28      1989


SUNRISE AND SUNSET
MAY 24 2017...........SUNRISE   544 AM MDT   SUNSET   900 PM MDT
MAY 25 2017...........SUNRISE   543 AM MDT   SUNSET   901 PM MDT


-  INDICATES NEGATIVE NUMBERS.
R  INDICATES RECORD WAS SET OR TIED.
MM INDICATES DATA IS MISSING.
T  INDICATES TRACE AMOUNT.




$$
