000
CDUS45 KTFX 180855
CLIBZN


CLIMATE REPORT
NATIONAL WEATHER SERVICE GREAT FALLS MT
254 AM MDT FRI AUG 18 2017


...................................

...THE BOZEMAN/GALLATIN FIELD MT CLIMATE SUMMARY FOR AUGUST 17 2017...

CLIMATE NORMAL PERIOD 1981 TO 2010
CLIMATE RECORD PERIOD 1935 TO 2017


WEATHER ITEM   OBSERVED TIME   RECORD YEAR NORMAL DEPARTURE LAST
                VALUE   (LST)  VALUE       VALUE  FROM      YEAR
                                                  NORMAL
..................................................................
TEMPERATURE (F)
 YESTERDAY
  MAXIMUM         83    355 PM  96    1970  87     -4       91
  MINIMUM         50    444 AM  34    2002  49      1       50
  AVERAGE         67                        68     -1       71

PRECIPITATION (IN)
  YESTERDAY        0.00          0.39 2006   0.04  -0.04      T
  MONTH TO DATE    0.12                      0.58  -0.46     0.12
  SINCE OCT 1     11.70                     12.38  -0.68    10.65
  SINCE JAN 1      8.37                     10.00  -1.63     7.80

SNOWFALL (IN)
  YESTERDAY        0.0           0.0  1998   0.0    0.0      0.0
                                      1994
  MONTH TO DATE    0.0                       0.0    0.0      0.0
  SINCE JUN 1      0.0                       0.0    0.0      0.0
  SINCE JUL 1      0.0                       0.0    0.0      0.0
  SNOW DEPTH       0

DEGREE DAYS
 HEATING
  YESTERDAY        0                         1     -1        0
  MONTH TO DATE    6                        11     -5       13
  SINCE JUN 1    170                       180    -10      154
  SINCE JUL 1      6                        39    -33       55

 COOLING
  YESTERDAY        2                         4     -2        6
  MONTH TO DATE   30                        94    -64       36
  SINCE JUN 1    251                       298    -47      206
  SINCE JAN 1    251                       302    -51      206
..................................................................


WIND (MPH)
  HIGHEST WIND SPEED    18   HIGHEST WIND DIRECTION    NW (300)
  HIGHEST GUST SPEED    23   HIGHEST GUST DIRECTION     W (280)
  AVERAGE WIND SPEED     6.1


SKY COVER
  AVERAGE SKY COVER 0.1


WEATHER CONDITIONS
 THE FOLLOWING WEATHER WAS RECORDED YESTERDAY.
  HAZE


RELATIVE HUMIDITY (PERCENT)
 HIGHEST    77
 LOWEST     17
 AVERAGE    47

..........................................................


THE BOZEMAN/GALLATIN FIELD MT CLIMATE NORMALS FOR TODAY
                         NORMAL    RECORD    YEAR
 MAXIMUM TEMPERATURE (F)   87        98      1964
 MINIMUM TEMPERATURE (F)   49        35      1987


SUNRISE AND SUNSET
AUGUST 18 2017........SUNRISE   629 AM MDT   SUNSET   827 PM MDT
AUGUST 19 2017........SUNRISE   630 AM MDT   SUNSET   825 PM MDT


-  INDICATES NEGATIVE NUMBERS.
R  INDICATES RECORD WAS SET OR TIED.
MM INDICATES DATA IS MISSING.
T  INDICATES TRACE AMOUNT.




$$
