000
CDUS45 KTFX 241052
CLIBZN


CLIMATE REPORT
NATIONAL WEATHER SERVICE GREAT FALLS MT
352 AM MST MON NOV 24 2014


...................................

...THE BOZEMAN/GALLATIN FIELD MT CLIMATE SUMMARY FOR NOVEMBER 23 2014...

CLIMATE NORMAL PERIOD 1981 TO 2010
CLIMATE RECORD PERIOD 1935 TO 2014


WEATHER ITEM   OBSERVED TIME   RECORD YEAR NORMAL DEPARTURE
                VALUE   (LST)  VALUE       VALUE  FROM
                                                  NORMAL
...............................................................
TEMPERATURE (F)
 YESTERDAY
  MAXIMUM         40    216 PM  60    2011  40      0
                                      1942
  MINIMUM         28    420 AM -27    1985  16     12
  AVERAGE         34                        28      6

PRECIPITATION (IN)
  YESTERDAY        T             0.44 1988   0.03  -0.03
  MONTH TO DATE    0.38                      0.61  -0.23
  SINCE OCT 1      0.77                      1.71  -0.94
  SINCE JAN 1     14.38                     13.32   1.06

SNOWFALL (IN)
  YESTERDAY       MM             4.0  1988   0.2   MM
  MONTH TO DATE    5.6                       3.7    1.9
  SINCE SEP 1      5.6                       5.9   -0.3
  SINCE JUL 1      5.6                       5.9   -0.3
  SNOW DEPTH       0

DEGREE DAYS
 HEATING
  YESTERDAY       31                               -6
  MONTH TO DATE  906                              195
  SINCE SEP 1   1757                              216
  SINCE JUL 1   1843                              235

 COOLING
  YESTERDAY        0                                0
  MONTH TO DATE    0                                0
  SINCE SEP 1      5                              -17
  SINCE JAN 1    187                             -181
...............................................................


WIND (MPH)
  HIGHEST WIND SPEED    22   HIGHEST WIND DIRECTION     W (280)
  HIGHEST GUST SPEED    28   HIGHEST GUST DIRECTION     W (270)
  AVERAGE WIND SPEED    10.8



WEATHER CONDITIONS
 THE FOLLOWING WEATHER WAS RECORDED YESTERDAY.
  FOG


RELATIVE HUMIDITY (PERCENT)
 HIGHEST    85
 LOWEST     40
 AVERAGE    63

..........................................................


THE BOZEMAN/GALLATIN FIELD MT CLIMATE NORMALS FOR TODAY
                         NORMAL    RECORD    YEAR
 MAXIMUM TEMPERATURE (F)   40        62      1990
 MINIMUM TEMPERATURE (F)   16       -21      2010


SUNRISE AND SUNSET
NOVEMBER 24 2014......SUNRISE   737 AM MST   SUNSET   446 PM MST
NOVEMBER 25 2014......SUNRISE   738 AM MST   SUNSET   445 PM MST


-  INDICATES NEGATIVE NUMBERS.
R  INDICATES RECORD WAS SET OR TIED.
MM INDICATES DATA IS MISSING.
T  INDICATES TRACE AMOUNT.




$$
