000
CDUS45 KTFX 240912
CLIBZN


CLIMATE REPORT
NATIONAL WEATHER SERVICE GREAT FALLS MT
311 AM MDT SUN JUL 24 2016


...................................

...THE BOZEMAN/GALLATIN FIELD MT CLIMATE SUMMARY FOR JULY 23 2016...

CLIMATE NORMAL PERIOD 1981 TO 2010
CLIMATE RECORD PERIOD 1935 TO 2016


WEATHER ITEM   OBSERVED TIME   RECORD YEAR NORMAL DEPARTURE LAST
                VALUE   (LST)  VALUE       VALUE  FROM      YEAR
                                                  NORMAL
..................................................................
TEMPERATURE (F)
 YESTERDAY
  MAXIMUM         81    423 PM 105    2007  90     -9       77
  MINIMUM         46    533 AM  38    1954  52     -6       52
  AVERAGE         64                        71     -7       65

PRECIPITATION (IN)
  YESTERDAY        0.00          0.55 2015   0.03  -0.03     0.55
  MONTH TO DATE    1.25                      0.89   0.36     1.21
  SINCE OCT 1     10.17                     11.57  -1.40     9.70
  SINCE JAN 1      7.32                      9.19  -1.87     7.77

SNOWFALL (IN)
  YESTERDAY        0.0           0.0  1999   0.0    0.0      0.0
                                      1994
  MONTH TO DATE    0.0                       0.0    0.0      0.0
  SINCE JUN 1      0.0                       0.0    0.0      0.0
  SINCE JUL 1      0.0                       0.0    0.0      0.0
  SNOW DEPTH       0

DEGREE DAYS
 HEATING
  YESTERDAY        1                         0      1        0
  MONTH TO DATE   42                        27     15        9
  SINCE JUN 1    141                       168    -27       81
  SINCE JUL 1     42                        27     15        9

 COOLING
  YESTERDAY        0                         6     -6        0
  MONTH TO DATE   68                       114    -46       63
  SINCE JUN 1    123                       152    -29      133
  SINCE JAN 1    123                       156    -33      133
..................................................................


WIND (MPH)
  HIGHEST WIND SPEED    13   HIGHEST WIND DIRECTION     W (280)
  HIGHEST GUST SPEED    18   HIGHEST GUST DIRECTION     N (340)
  AVERAGE WIND SPEED     5.8


SKY COVER
  AVERAGE SKY COVER 0.1


WEATHER CONDITIONS
 THE FOLLOWING WEATHER WAS RECORDED YESTERDAY.
  NO SIGNIFICANT WEATHER WAS OBSERVED.


RELATIVE HUMIDITY (PERCENT)
 HIGHEST    80
 LOWEST     23
 AVERAGE    52

..........................................................


THE BOZEMAN/GALLATIN FIELD MT CLIMATE NORMALS FOR TODAY
                         NORMAL    RECORD    YEAR
 MAXIMUM TEMPERATURE (F)   90        99      1963
 MINIMUM TEMPERATURE (F)   52        40      1964


SUNRISE AND SUNSET
JULY 24 2016..........SUNRISE   559 AM MDT   SUNSET   902 PM MDT
JULY 25 2016..........SUNRISE   600 AM MDT   SUNSET   901 PM MDT


-  INDICATES NEGATIVE NUMBERS.
R  INDICATES RECORD WAS SET OR TIED.
MM INDICATES DATA IS MISSING.
T  INDICATES TRACE AMOUNT.




$$
