486
CDUS45 KTFX 062230
CLIBZN


CLIMATE REPORT
NATIONAL WEATHER SERVICE GREAT FALLS MT
430 PM MDT FRI MAY 6 2016


...................................

...THE BOZEMAN/GALLATIN FIELD MT CLIMATE SUMMARY FOR MAY 6 2016...
VALID TODAY AS OF 0400 PM LOCAL TIME.

CLIMATE NORMAL PERIOD 1981 TO 2010
CLIMATE RECORD PERIOD 1935 TO 2016


WEATHER ITEM   OBSERVED TIME   RECORD YEAR NORMAL DEPARTURE LAST
                VALUE   (LST)  VALUE       VALUE  FROM      YEAR
                                                  NORMAL
..................................................................
TEMPERATURE (F)
 TODAY
  MAXIMUM         64    140 PM  86    1992  66     -2       58
  MINIMUM         44    428 AM  20    1999  36      8       42
                                      1968
  AVERAGE         54                        51      3       50

PRECIPITATION (IN)
  TODAY            0.00          0.97 1988   0.06  -0.06      T
  MONTH TO DATE    0.00                      0.38  -0.38      T
  SINCE OCT 1      5.24                      6.21  -0.97     4.56
  SINCE JAN 1      2.39                      3.83  -1.44     2.63

SNOWFALL (IN)
  TODAY            0.0           9.0  1965   0.2   -0.2      0.0
  MONTH TO DATE    0.0                       0.8   -0.8      0.0
  SINCE MAR 1      2.1                      16.0  -13.9      7.0
  SINCE JUL 1     25.7                      38.3  -12.6     37.4

DEGREE DAYS
 HEATING
  TODAY           11                        14     -3       15
  MONTH TO DATE   64                        89    -25       76
  SINCE MAR 1   1438                      1570   -132     1518
  SINCE JUL 1   7123                      7150    -27     7100

 COOLING
  TODAY            0                         0      0        0
  MONTH TO DATE    0                         0      0        0
  SINCE MAR 1      0                         0      0        0
  SINCE JAN 1      0                         0      0        0
..................................................................


WIND (MPH)
  HIGHEST WIND SPEED    26   HIGHEST WIND DIRECTION    NE (60)
  HIGHEST GUST SPEED    35   HIGHEST GUST DIRECTION    NE (50)
  AVERAGE WIND SPEED    10.7


SKY COVER
  AVERAGE SKY COVER 0.2


WEATHER CONDITIONS
 THE FOLLOWING WEATHER WAS RECORDED TODAY.
  HAZE


RELATIVE HUMIDITY (PERCENT)
 HIGHEST    82           500 AM
 LOWEST     48           200 PM
 AVERAGE    65

..........................................................


THE BOZEMAN/GALLATIN FIELD MT CLIMATE NORMALS FOR TOMORROW
                         NORMAL    RECORD    YEAR
 MAXIMUM TEMPERATURE (F)   66        84      1987
 MINIMUM TEMPERATURE (F)   37        20      2001


SUNRISE AND SUNSET
MAY  6 2016...........SUNRISE   604 AM MDT   SUNSET   839 PM MDT
MAY  7 2016...........SUNRISE   603 AM MDT   SUNSET   840 PM MDT


-  INDICATES NEGATIVE NUMBERS.
R  INDICATES RECORD WAS SET OR TIED.
MM INDICATES DATA IS MISSING.
T  INDICATES TRACE AMOUNT.




$$
