000
CDUS42 KCAE 280638
CLICAE


CLIMATE REPORT
NATIONAL WEATHER SERVICE COLUMBIA SC
137 AM EST WED JAN 28 2015


...................................

...THE COLUMBIA METRO AIRPORT SC CLIMATE SUMMARY FOR JANUARY 27 2015...

CLIMATE NORMAL PERIOD 1981 TO 2010
CLIMATE RECORD PERIOD 1887 TO 2015


WEATHER ITEM   OBSERVED TIME   RECORD YEAR NORMAL DEPARTURE LAST
                VALUE   (LST)  VALUE       VALUE  FROM      YEAR
                                                  NORMAL
..................................................................
TEMPERATURE (F)
 YESTERDAY
  MAXIMUM         51    423 PM  79    1949  57     -6       69
  MINIMUM         29    706 AM  10    1940  34     -5       41
  AVERAGE         40                        46     -6       55

PRECIPITATION (IN)
  YESTERDAY        0.00          2.02 1998   0.12  -0.12     0.00
  MONTH TO DATE    2.60                      3.10  -0.50     3.18
  SINCE DEC 1      6.50                      6.32   0.18     9.06
  SINCE JAN 1      2.60                      3.10  -0.50     3.18

SNOWFALL (IN)
  YESTERDAY        0.0           0.8  1987   0.0             0.0
  MONTH TO DATE    0.0                       0.7             0.0
  SINCE DEC 1      0.0                       0.8             0.0
  SINCE JUL 1      T                         0.8              T

DEGREE DAYS
 HEATING
  YESTERDAY       25                        19      6       10
  MONTH TO DATE  529                       552    -23      629
  SINCE DEC 1    987                      1121   -134     1054
  SINCE JUL 1   1492                      1562    -70     1501

 COOLING
  YESTERDAY        0                         0      0        0
  MONTH TO DATE    0                         0      0        0
  SINCE DEC 1      0                         3     -3       14
  SINCE JAN 1      0                         0      0        0
..................................................................


WIND (MPH)
  HIGHEST WIND SPEED    18   HIGHEST WIND DIRECTION     W (290)
  HIGHEST GUST SPEED    24   HIGHEST GUST DIRECTION     W (290)
  AVERAGE WIND SPEED     8.5


SKY COVER
  AVERAGE SKY COVER 0.4


WEATHER CONDITIONS
 THE FOLLOWING WEATHER WAS RECORDED YESTERDAY.
  NO SIGNIFICANT WEATHER WAS OBSERVED.


RELATIVE HUMIDITY (PERCENT)
 HIGHEST    85           700 AM
 LOWEST     36           500 PM
 AVERAGE    61

..........................................................


THE COLUMBIA METRO AIRPORT SC CLIMATE NORMALS FOR TODAY
                         NORMAL    RECORD    YEAR
 MAXIMUM TEMPERATURE (F)   57        80      1974
 MINIMUM TEMPERATURE (F)   34         9      1986


SUNRISE AND SUNSET
JANUARY 28 2015.......SUNRISE   724 AM EST   SUNSET   551 PM EST
JANUARY 29 2015.......SUNRISE   724 AM EST   SUNSET   552 PM EST


-  INDICATES NEGATIVE NUMBERS.
R  INDICATES RECORD WAS SET OR TIED.
MM INDICATES DATA IS MISSING.
T  INDICATES TRACE AMOUNT.




$$
