000
CDUS42 KCAE 200536
CLICAE


CLIMATE REPORT
NATIONAL WEATHER SERVICE COLUMBIA SC
1235 AM EST SAT JAN 20 2018


...................................

...THE COLUMBIA METRO AIRPORT SC CLIMATE SUMMARY FOR JANUARY 19 2018...

CLIMATE NORMAL PERIOD 1981 TO 2010
CLIMATE RECORD PERIOD 1887 TO 2018


WEATHER ITEM   OBSERVED TIME   RECORD YEAR NORMAL DEPARTURE LAST
                VALUE   (LST)  VALUE       VALUE  FROM      YEAR
                                                  NORMAL
..................................................................
TEMPERATURE (F)
 YESTERDAY
  MAXIMUM         61    423 PM  76    2001  56      5       70
  MINIMUM         23    719 AM  10    1976  34    -11       42
  AVERAGE         42                        45     -3       56

PRECIPITATION (IN)
  YESTERDAY        0.00          2.71 1925   0.12  -0.12     0.00
  MONTH TO DATE    0.73                      2.16  -1.43     4.53
  SINCE DEC 1      4.02                      5.38  -1.36     7.88
  SINCE JAN 1      0.73                      2.16  -1.43     4.53

SNOWFALL (IN)
  YESTERDAY        0.0           0.7  1992   0.0             0.0
  MONTH TO DATE    T                         0.5             0.1
  SINCE DEC 1      T                         0.6             0.1
  SINCE JUL 1      T                         0.6             0.1

DEGREE DAYS
 HEATING
  YESTERDAY       23                        20      3        9
  MONTH TO DATE  492                       393     99      219
  SINCE DEC 1    963                       962      1      688
  SINCE JUL 1   1341                      1403    -62      990

 COOLING
  YESTERDAY        0                         0      0        0
  MONTH TO DATE    2                         0      2        2
  SINCE DEC 1      2                         3     -1        5
  SINCE JAN 1      2                         0      2        2
..................................................................


WIND (MPH)
  HIGHEST WIND SPEED    10   HIGHEST WIND DIRECTION     W (260)
  HIGHEST GUST SPEED    14   HIGHEST GUST DIRECTION     W (280)
  AVERAGE WIND SPEED     3.9


SKY COVER
  AVERAGE SKY COVER 0.0


WEATHER CONDITIONS
 THE FOLLOWING WEATHER WAS RECORDED YESTERDAY.
  NO SIGNIFICANT WEATHER WAS OBSERVED.


RELATIVE HUMIDITY (PERCENT)
 HIGHEST    85          1000 PM
 LOWEST     19           300 PM
 AVERAGE    52

..........................................................


THE COLUMBIA METRO AIRPORT SC CLIMATE NORMALS FOR TODAY
                         NORMAL    RECORD    YEAR
 MAXIMUM TEMPERATURE (F)   56        79      2017
 MINIMUM TEMPERATURE (F)   34         5      1985


SUNRISE AND SUNSET
JANUARY 20 2018.......SUNRISE   728 AM EST   SUNSET   543 PM EST
JANUARY 21 2018.......SUNRISE   728 AM EST   SUNSET   544 PM EST


-  INDICATES NEGATIVE NUMBERS.
R  INDICATES RECORD WAS SET OR TIED.
MM INDICATES DATA IS MISSING.
T  INDICATES TRACE AMOUNT.




$$
