000
CDUS42 KCAE 142230
CLICAE


CLIMATE REPORT
NATIONAL WEATHER SERVICE COLUMBIA SC
530 PM EST SUN FEB 14 2016


...................................

...THE COLUMBIA METRO AIRPORT SC CLIMATE SUMMARY FOR FEBRUARY 14 2016...
VALID TODAY AS OF 0500 PM LOCAL TIME.

CLIMATE NORMAL PERIOD 1981 TO 2010
CLIMATE RECORD PERIOD 1887 TO 2016


WEATHER ITEM   OBSERVED TIME   RECORD YEAR NORMAL DEPARTURE LAST
                VALUE   (LST)  VALUE       VALUE  FROM      YEAR
                                                  NORMAL
..................................................................
TEMPERATURE (F)
 TODAY
  MAXIMUM         40    406 PM  80    1989  60    -20       60
                                      1962
                                      1949
  MINIMUM         26    831 AM  -2    1899  37    -11       25
  AVERAGE         33                        48    -15       43

PRECIPITATION (IN)
  TODAY            0.00          1.40 1944   0.13  -0.13     0.00
  MONTH TO DATE    1.73                      1.73   0.00     0.83
  SINCE DEC 1     10.12                      8.53   1.59     7.33
  SINCE JAN 1      3.67                      5.31  -1.64     3.43

SNOWFALL (IN)
  TODAY            0.0          MM      MM   0.1             0.0
  MONTH TO DATE    T                         0.3             0.0
  SINCE DEC 1      T                         1.2             0.0
  SINCE JUL 1      T                         1.2              T

DEGREE DAYS
 HEATING
  TODAY           32                        17     15       22
  MONTH TO DATE  264                       251     13      262
  SINCE DEC 1   1096                      1446   -350     1340
  SINCE JUL 1   1366                      1887   -521     1845

 COOLING
  TODAY            0                         0      0        0
  MONTH TO DATE    4                         0      4        0
  SINCE DEC 1     63                         4     59        0
  SINCE JAN 1      4                         1      3        0
..................................................................


WIND (MPH)
  HIGHEST WIND SPEED    15   HIGHEST WIND DIRECTION     E (100)
  HIGHEST GUST SPEED    23   HIGHEST GUST DIRECTION     E (100)
  AVERAGE WIND SPEED     9.2


SKY COVER
  AVERAGE SKY COVER 0.4


WEATHER CONDITIONS
 THE FOLLOWING WEATHER WAS RECORDED TODAY.
  NO SIGNIFICANT WEATHER WAS OBSERVED.


RELATIVE HUMIDITY (PERCENT)
 HIGHEST    34           300 AM
 LOWEST     20           200 PM
 AVERAGE    27

..........................................................


THE COLUMBIA METRO AIRPORT SC CLIMATE NORMALS FOR TOMORROW
                         NORMAL    RECORD    YEAR
 MAXIMUM TEMPERATURE (F)   60        84      1989
 MINIMUM TEMPERATURE (F)   37         9      1899


SUNRISE AND SUNSET
FEBRUARY 14 2016......SUNRISE   711 AM EST   SUNSET   607 PM EST
FEBRUARY 15 2016......SUNRISE   710 AM EST   SUNSET   608 PM EST


-  INDICATES NEGATIVE NUMBERS.
R  INDICATES RECORD WAS SET OR TIED.
MM INDICATES DATA IS MISSING.
T  INDICATES TRACE AMOUNT.




$$
