000
CDUS42 KCAE 230732
CLICAE


CLIMATE REPORT
NATIONAL WEATHER SERVICE COLUMBIA SC
232 AM EST THU FEB 23 2017


...................................

...THE COLUMBIA METRO AIRPORT SC CLIMATE SUMMARY FOR FEBRUARY 22 2017...

CLIMATE NORMAL PERIOD 1981 TO 2010
CLIMATE RECORD PERIOD 1887 TO 2017


WEATHER ITEM   OBSERVED TIME   RECORD YEAR NORMAL DEPARTURE LAST
                VALUE   (LST)  VALUE       VALUE  FROM      YEAR
                                                  NORMAL
..................................................................
TEMPERATURE (F)
 YESTERDAY
  MAXIMUM         75    153 PM  81    2011  62     13       64
  MINIMUM         58    711 AM  16    1896  38     20       56
  AVERAGE         67                        50     17       60

PRECIPITATION (IN)
  YESTERDAY        0.00          3.69 1962   0.13  -0.13     1.77
  MONTH TO DATE    1.60                      2.81  -1.21     4.28
  SINCE DEC 1     11.99                      9.61   2.38    12.67
  SINCE JAN 1      8.64                      6.39   2.25     6.22

SNOWFALL (IN)
  YESTERDAY        0.0           0.5  1968   0.0             0.0
  MONTH TO DATE    0.0                       0.4              T
  SINCE DEC 1      0.1                       1.3              T
  SINCE JUL 1      0.1                       1.3              T

DEGREE DAYS
 HEATING
  YESTERDAY        0                        15    -15        5
  MONTH TO DATE  198                       378   -180      378
  SINCE DEC 1   1012                      1573   -561     1210
  SINCE JUL 1   1314                      2014   -700     1480

 COOLING
  YESTERDAY        2                         0      2        0
  MONTH TO DATE    7                         0      7        4
  SINCE DEC 1     14                         4     10       63
  SINCE JAN 1     11                         1     10        4
..................................................................


WIND (MPH)
  HIGHEST WIND SPEED    14   HIGHEST WIND DIRECTION    SE (120)
  HIGHEST GUST SPEED    17   HIGHEST GUST DIRECTION     E (110)
  AVERAGE WIND SPEED     7.0


SKY COVER
  AVERAGE SKY COVER 0.8


WEATHER CONDITIONS
 THE FOLLOWING WEATHER WAS RECORDED YESTERDAY.
  NO SIGNIFICANT WEATHER WAS OBSERVED.


RELATIVE HUMIDITY (PERCENT)
 HIGHEST    86           700 AM
 LOWEST     49           200 PM
 AVERAGE    68

..........................................................


THE COLUMBIA METRO AIRPORT SC CLIMATE NORMALS FOR TODAY
                         NORMAL    RECORD    YEAR
 MAXIMUM TEMPERATURE (F)   62        82      1962
 MINIMUM TEMPERATURE (F)   38        19      1978


SUNRISE AND SUNSET
FEBRUARY 23 2017......SUNRISE   700 AM EST   SUNSET   616 PM EST
FEBRUARY 24 2017......SUNRISE   659 AM EST   SUNSET   617 PM EST


-  INDICATES NEGATIVE NUMBERS.
R  INDICATES RECORD WAS SET OR TIED.
MM INDICATES DATA IS MISSING.
T  INDICATES TRACE AMOUNT.




$$
