000
CDUS42 KCAE 231149
CLICAE


CLIMATE REPORT
NATIONAL WEATHER SERVICE COLUMBIA SC
747 AM EDT THU MAR 23 2017


...................................

...THE COLUMBIA METRO AIRPORT SC CLIMATE SUMMARY FOR MARCH 22 2017...

CLIMATE NORMAL PERIOD 1981 TO 2010
CLIMATE RECORD PERIOD 1887 TO 2017


WEATHER ITEM   OBSERVED TIME   RECORD YEAR NORMAL DEPARTURE LAST
                VALUE   (LST)  VALUE       VALUE  FROM      YEAR
                                                  NORMAL
..................................................................
TEMPERATURE (F)
 YESTERDAY
  MAXIMUM         73    155 PM  92    1907  70      3       72
  MINIMUM         53   1105 PM  26    1965  44      9       34
  AVERAGE         63                        57      6       53

PRECIPITATION (IN)
  YESTERDAY        0.01          0.85 1890   0.11  -0.10     0.00
  MONTH TO DATE    1.83                      2.71  -0.88     0.97
  SINCE MAR 1      1.83                      2.71  -0.88     0.97
  SINCE JAN 1     10.47                      9.90   0.57     7.60

SNOWFALL (IN)
  YESTERDAY        0.0          MM      MM   0.0             0.0
  MONTH TO DATE    T                         0.1             0.0
  SINCE MAR 1      T                         0.1             0.0
  SINCE JUL 1      0.1                       1.5              T

DEGREE DAYS
 HEATING
  YESTERDAY        2                         8     -6       12
  MONTH TO DATE  262                       242     20      131
  SINCE MAR 1    262                       242     20      131
  SINCE JUL 1   1603                      2341   -738     1694

 COOLING
  YESTERDAY        0                         1     -1        0
  MONTH TO DATE   14                        10      4       54
  SINCE MAR 1     14                        10      4       54
  SINCE JAN 1     32                        14     18       58
..................................................................


WIND (MPH)
  HIGHEST WIND SPEED    16   HIGHEST WIND DIRECTION    NE (60)
  HIGHEST GUST SPEED    24   HIGHEST GUST DIRECTION     N (20)
  AVERAGE WIND SPEED     7.9


SKY COVER
  AVERAGE SKY COVER 0.5


WEATHER CONDITIONS
 THE FOLLOWING WEATHER WAS RECORDED YESTERDAY.
  LIGHT RAIN


RELATIVE HUMIDITY (PERCENT)
 HIGHEST    90           200 AM
 LOWEST     22           600 PM
 AVERAGE    56

..........................................................


THE COLUMBIA METRO AIRPORT SC CLIMATE NORMALS FOR TODAY
                         NORMAL    RECORD    YEAR
 MAXIMUM TEMPERATURE (F)   70        93      1907
 MINIMUM TEMPERATURE (F)   45        23      1986


SUNRISE AND SUNSET
MARCH 23 2017.........SUNRISE   724 AM EDT   SUNSET   739 PM EDT
MARCH 24 2017.........SUNRISE   722 AM EDT   SUNSET   739 PM EDT


-  INDICATES NEGATIVE NUMBERS.
R  INDICATES RECORD WAS SET OR TIED.
MM INDICATES DATA IS MISSING.
T  INDICATES TRACE AMOUNT.




$$
