000
CDUS45 KGJT 240745
CLICAG


CLIMATE REPORT
NATIONAL WEATHER SERVICE GRAND JUNCTION CO
130 AM MDT SUN MAY 24 2015


...................................

...THE CRAIG CO CLIMATE SUMMARY FOR MAY 23 2015...

CLIMATE NORMAL PERIOD 1981 TO 2010
CLIMATE RECORD PERIOD 9999 TO 9999


WEATHER ITEM   OBSERVED TIME   RECORD YEAR NORMAL DEPARTURE LAST
                VALUE   (LST)  VALUE       VALUE  FROM      YEAR
                                                  NORMAL
..................................................................
TEMPERATURE (F)
 YESTERDAY
  MAXIMUM         58    344 PM  MM      MM  70    -12       70
  MINIMUM         38    426 AM  MM      MM  36      2       42
  AVERAGE         48                        53     -5       56

PRECIPITATION (IN)
  YESTERDAY        T            MM      MM   0.05  -0.05     0.09
  MONTH TO DATE    2.92                      1.19   1.73     1.32
  SINCE MAR 1      5.44                      4.14   1.30     2.64
  SINCE JAN 1      6.35                      5.84   0.51     3.95

SNOWFALL (IN)
  YESTERDAY       MM            MM      MM  MM     MM       MM
  MONTH TO DATE   MM                        MM     MM       MM
  SINCE MAR 1     MM                        MM     MM       MM
  SINCE JUL 1     MM                        MM     MM       MM
  SNOW DEPTH      MM

DEGREE DAYS
 HEATING
  YESTERDAY       17                        12      5        9
  MONTH TO DATE  357                       358     -1      379
  SINCE MAR 1   1794                      2044   -250     1975
  SINCE JUL 1   7255                      8370  -1115     8163

 COOLING
  YESTERDAY        0                         0      0        0
  MONTH TO DATE    0                         0      0        0
  SINCE MAR 1      0                         0      0        0
  SINCE JAN 1      0                         0      0        0
..................................................................


WIND (MPH)
  HIGHEST WIND SPEED    26   HIGHEST WIND DIRECTION     S (170)
  HIGHEST GUST SPEED    30   HIGHEST GUST DIRECTION     S (180)
  AVERAGE WIND SPEED     8.9


SKY COVER
  POSSIBLE SUNSHINE  MM
  AVERAGE SKY COVER 0.4


WEATHER CONDITIONS
 THE FOLLOWING WEATHER WAS RECORDED YESTERDAY.
  THUNDERSTORM
  LIGHT RAIN


RELATIVE HUMIDITY (PERCENT)
 HIGHEST    86           500 AM
 LOWEST     40           300 PM
 AVERAGE    63

..........................................................


THE CRAIG CO CLIMATE NORMALS FOR TODAY
                         NORMAL    RECORD    YEAR
 MAXIMUM TEMPERATURE (F)   70        MM        MM
 MINIMUM TEMPERATURE (F)   36        MM        MM


SUNRISE AND SUNSET
MAY 24 2015...........SUNRISE   546 AM MDT   SUNSET   828 PM MDT
MAY 25 2015...........SUNRISE   546 AM MDT   SUNSET   829 PM MDT


-  INDICATES NEGATIVE NUMBERS.
R  INDICATES RECORD WAS SET OR TIED.
MM INDICATES DATA IS MISSING.
T  INDICATES TRACE AMOUNT.




$$
