000
CDUS45 KGJT 222340
CLICAG


CLIMATE REPORT
NATIONAL WEATHER SERVICE GRAND JUNCTION CO
439 PM MST SUN JAN 22 2017


...................................

...THE CRAIG CO CLIMATE SUMMARY FOR JANUARY 22 2017...
VALID TODAY AS OF 0400 PM LOCAL TIME.

CLIMATE NORMAL PERIOD 1981 TO 2010
CLIMATE RECORD PERIOD 9999 TO 9999


WEATHER ITEM   OBSERVED TIME   RECORD YEAR NORMAL DEPARTURE LAST
                VALUE   (LST)  VALUE       VALUE  FROM      YEAR
                                                  NORMAL
..................................................................
TEMPERATURE (F)
 TODAY
  MAXIMUM         30    323 PM  MM      MM  30      0       24
  MINIMUM          3    819 AM  MM      MM   3      0       -6
  AVERAGE         17                        16      1        9

PRECIPITATION (IN)
  TODAY            T            MM      MM   0.03  -0.03     0.00
  MONTH TO DATE    1.68                      0.60   1.08     0.99
  SINCE DEC 1      2.88                      1.60   1.28     2.36
  SINCE JAN 1      1.68                      0.60   1.08     0.99

SNOWFALL (IN)
  TODAY           MM            MM      MM  MM     MM       MM
  MONTH TO DATE   MM                        MM     MM       MM
  SINCE DEC 1     MM                        MM     MM       MM
  SINCE JUL 1     MM                        MM     MM       MM
  SNOW DEPTH      MM

DEGREE DAYS
 HEATING
  TODAY           48                        49     -1       56
  MONTH TO DATE 1030                      1093    -63     1220
  SINCE DEC 1   2448                      2564   -116     2817
  SINCE JUL 1   4086                      4649   -563     4494

 COOLING
  TODAY            0                         0      0        0
  MONTH TO DATE    0                         0      0        0
  SINCE DEC 1      0                         0      0        0
  SINCE JAN 1      0                         0      0        0
..................................................................


WIND (MPH)
  HIGHEST WIND SPEED    17   HIGHEST WIND DIRECTION    SW (240)
  HIGHEST GUST SPEED    19   HIGHEST GUST DIRECTION    SW (230)
  AVERAGE WIND SPEED     1.2


SKY COVER
  POSSIBLE SUNSHINE  MM
  AVERAGE SKY COVER 0.2


WEATHER CONDITIONS
 THE FOLLOWING WEATHER WAS RECORDED TODAY.
  LIGHT SNOW
  FOG


RELATIVE HUMIDITY (PERCENT)
 HIGHEST    96           800 AM
 LOWEST     63           300 PM
 AVERAGE    80

..........................................................


THE CRAIG CO CLIMATE NORMALS FOR TOMORROW
                         NORMAL    RECORD    YEAR
 MAXIMUM TEMPERATURE (F)   30        MM        MM
 MINIMUM TEMPERATURE (F)    3        MM        MM


SUNRISE AND SUNSET
JANUARY 22 2017.......SUNRISE   727 AM MST   SUNSET   517 PM MST
JANUARY 23 2017.......SUNRISE   727 AM MST   SUNSET   518 PM MST


-  INDICATES NEGATIVE NUMBERS.
R  INDICATES RECORD WAS SET OR TIED.
MM INDICATES DATA IS MISSING.
T  INDICATES TRACE AMOUNT.




$$
