000
CDUS45 KGJT 300739
CLICAG


CLIMATE REPORT
NATIONAL WEATHER SERVICE GRAND JUNCTION CO
132 AM MDT WED JUL 30 2014


...................................

...THE CRAIG CO CLIMATE SUMMARY FOR JULY 29 2014...

CLIMATE NORMAL PERIOD 1981 TO 2010
CLIMATE RECORD PERIOD 9999 TO 9999


WEATHER ITEM   OBSERVED TIME   RECORD YEAR NORMAL DEPARTURE LAST
                VALUE   (LST)  VALUE       VALUE  FROM      YEAR
                                                  NORMAL
..................................................................
TEMPERATURE (F)
 YESTERDAY
  MAXIMUM         67    440 PM  MM      MM  88    -21       79
  MINIMUM         51   1114 PM  MM      MM  48      3       56
  AVERAGE         59                        68     -9       68

PRECIPITATION (IN)
  YESTERDAY        0.77         MM      MM   0.05   0.72     0.02
  MONTH TO DATE    1.43                      1.05   0.38     0.47
  SINCE JUN 1      1.63                      2.37  -0.74     0.47
  SINCE JAN 1      5.95                      8.56  -2.61     5.72

SNOWFALL (IN)
  YESTERDAY       MM            MM      MM  MM     MM       MM
  MONTH TO DATE   MM                        MM     MM       MM
  SINCE JUN 1     MM                        MM     MM       MM
  SINCE JUL 1     MM                        MM     MM       MM
  SNOW DEPTH      MM

DEGREE DAYS
 HEATING
  YESTERDAY        6                         0      6        0
  MONTH TO DATE   34                        20     14        0
  SINCE JUN 1    220                       195     25       88
  SINCE JUL 1     34                        20     14        0

 COOLING
  YESTERDAY        0                         3     -3        3
  MONTH TO DATE   36                        70    -34      181
  SINCE JUN 1     41                        80    -39      225
  SINCE JAN 1     41                        80    -39      225
..................................................................


WIND (MPH)
  HIGHEST WIND SPEED    26   HIGHEST WIND DIRECTION     W (290)
  HIGHEST GUST SPEED    32   HIGHEST GUST DIRECTION     W (280)
  AVERAGE WIND SPEED     4.5


SKY COVER
  POSSIBLE SUNSHINE  MM
  AVERAGE SKY COVER 0.7


WEATHER CONDITIONS
 THE FOLLOWING WEATHER WAS RECORDED YESTERDAY.
  THUNDERSTORM
  HEAVY RAIN
  RAIN
  LIGHT RAIN
  FOG


RELATIVE HUMIDITY (PERCENT)
 HIGHEST   100           300 AM
 LOWEST     73           500 PM
 AVERAGE    87

..........................................................


THE CRAIG CO CLIMATE NORMALS FOR TODAY
                         NORMAL    RECORD    YEAR
 MAXIMUM TEMPERATURE (F)   88        MM        MM
 MINIMUM TEMPERATURE (F)   48        MM        MM


SUNRISE AND SUNSET
JULY 30 2014..........SUNRISE   606 AM MDT   SUNSET   827 PM MDT
JULY 31 2014..........SUNRISE   606 AM MDT   SUNSET   826 PM MDT


-  INDICATES NEGATIVE NUMBERS.
R  INDICATES RECORD WAS SET OR TIED.
MM INDICATES DATA IS MISSING.
T  INDICATES TRACE AMOUNT.




$$
