000
CDUS41 KCLE 170527
CLICAK


CLIMATE REPORT
NATIONAL WEATHER SERVICE CLEVELAND OH
1227 AM EST WED DEC 17 2014


...................................

...THE AKRON CANTON OH CLIMATE SUMMARY FOR DECEMBER 16 2014...

CLIMATE NORMAL PERIOD 1981 TO 2010
CLIMATE RECORD PERIOD 1887 TO 2014


WEATHER ITEM   OBSERVED TIME   RECORD YEAR NORMAL DEPARTURE LAST
                VALUE   (LST)  VALUE       VALUE  FROM      YEAR
                                                  NORMAL
..................................................................
TEMPERATURE (F)
 YESTERDAY
  MAXIMUM         51   1118 AM  62    1984  37     14       26
  MINIMUM         42   1159 PM -11    1951  24     18       11
  AVERAGE         47                        30     17       19

PRECIPITATION (IN)
  YESTERDAY        0.32                      0.09   0.23     0.05
  MONTH TO DATE    1.50                      1.54  -0.04     1.03
  SINCE DEC 1      1.50                      1.54  -0.04     1.03
  SINCE JAN 1     44.88                     38.32   6.56    39.73

SNOWFALL (IN)
  YESTERDAY        0.0                       0.3   -0.3      0.8
  MONTH TO DATE    0.4                       4.8   -4.4      8.6
  SINCE DEC 1      0.4                       4.8   -4.4      8.6
  SINCE JUL 1      8.4                       8.2    0.2     19.3
  SNOW DEPTH       0

DEGREE DAYS
 HEATING
  YESTERDAY       18                        35    -17       46
  MONTH TO DATE  465                       519    -54      566
  SINCE DEC 1    465                       519    -54      566
  SINCE JUL 1   1748                      1778    -30     1816

 COOLING
  YESTERDAY        0                         0      0        0
  MONTH TO DATE    0                         0      0        0
  SINCE DEC 1      0                         0      0        0
  SINCE JAN 1    719                       652     67      829
..................................................................


WIND (MPH)
  HIGHEST WIND SPEED    22   HIGHEST WIND DIRECTION     W (260)
  HIGHEST GUST SPEED    28   HIGHEST GUST DIRECTION     W (260)
  AVERAGE WIND SPEED    11.0


SKY COVER
  POSSIBLE SUNSHINE  MM
  AVERAGE SKY COVER 1.0


WEATHER CONDITIONS
 THE FOLLOWING WEATHER WAS RECORDED YESTERDAY.
  LIGHT RAIN
  FOG
  HAZE


RELATIVE HUMIDITY (PERCENT)
 HIGHEST    93           100 PM
 LOWEST     82          1200 AM
 AVERAGE    88

..........................................................


THE AKRON CANTON OH CLIMATE NORMALS FOR TODAY
                         NORMAL    RECORD    YEAR
 MAXIMUM TEMPERATURE (F)   36        59      1984
 MINIMUM TEMPERATURE (F)   23        -9      1951


SUNRISE AND SUNSET
DECEMBER 17 2014......SUNRISE   745 AM EST   SUNSET   459 PM EST
DECEMBER 18 2014......SUNRISE   745 AM EST   SUNSET   500 PM EST


-  INDICATES NEGATIVE NUMBERS.
R  INDICATES RECORD WAS SET OR TIED.
MM INDICATES DATA IS MISSING.
T  INDICATES TRACE AMOUNT.




$$
