000
CDUS41 KCLE 250527
CLICAK


CLIMATE REPORT
NATIONAL WEATHER SERVICE CLEVELAND OH
127 AM EDT TUE APR 25 2017


...................................

...THE AKRON CANTON OH CLIMATE SUMMARY FOR APRIL 24 2017...

CLIMATE NORMAL PERIOD 1981 TO 2010
CLIMATE RECORD PERIOD 1887 TO 2017


WEATHER ITEM   OBSERVED TIME   RECORD YEAR NORMAL DEPARTURE LAST
                VALUE   (LST)  VALUE       VALUE  FROM      YEAR
                                                  NORMAL
..................................................................
TEMPERATURE (F)
 YESTERDAY
  MAXIMUM         72    233 PM  88    1925  63      9       68
  MINIMUM         41    547 AM  27    2015  42     -1       37
                                      1930
  AVERAGE         57                        52      5       53

PRECIPITATION (IN)
  YESTERDAY        0.00                      0.12  -0.12     0.00
  MONTH TO DATE    3.54                      2.87   0.67     2.56
  SINCE MAR 1      9.07                      5.85   3.22     7.14
  SINCE JAN 1     17.58                     10.77   6.81    11.73

SNOWFALL (IN)
  YESTERDAY        0.0                       0.0    0.0      0.0
  MONTH TO DATE    2.5                       2.6   -0.1      5.1
  SINCE MAR 1     16.0                      10.8    5.2      7.5
  SINCE JUL 1     37.2                      47.3  -10.1     30.2
  SNOW DEPTH       0

DEGREE DAYS
 HEATING
  YESTERDAY        8                        13     -5       12
  MONTH TO DATE  251                       408   -157      433
  SINCE MAR 1   1054                      1259   -205     1035
  SINCE JUL 1   4654                      5803  -1149     4682

 COOLING
  YESTERDAY        0                         0      0        0
  MONTH TO DATE   17                         0     17        0
  SINCE MAR 1     17                         0     17        0
  SINCE JAN 1     19                         0     19        0
..................................................................


WIND (MPH)
  HIGHEST WIND SPEED    22   HIGHEST WIND DIRECTION    SE (120)
  HIGHEST GUST SPEED    31   HIGHEST GUST DIRECTION    SE (120)
  AVERAGE WIND SPEED    12.8


SKY COVER
  POSSIBLE SUNSHINE  MM
  AVERAGE SKY COVER 0.4


WEATHER CONDITIONS
 THE FOLLOWING WEATHER WAS RECORDED YESTERDAY.
  NO SIGNIFICANT WEATHER WAS OBSERVED.


RELATIVE HUMIDITY (PERCENT)
 HIGHEST    62           600 AM
 LOWEST     26          1100 AM
 AVERAGE    44

..........................................................


THE AKRON CANTON OH CLIMATE NORMALS FOR TODAY
                         NORMAL    RECORD    YEAR
 MAXIMUM TEMPERATURE (F)   63        88      1915
 MINIMUM TEMPERATURE (F)   42        25      1888


SUNRISE AND SUNSET
APRIL 25 2017.........SUNRISE   632 AM EDT   SUNSET   816 PM EDT
APRIL 26 2017.........SUNRISE   630 AM EDT   SUNSET   817 PM EDT


-  INDICATES NEGATIVE NUMBERS.
R  INDICATES RECORD WAS SET OR TIED.
MM INDICATES DATA IS MISSING.
T  INDICATES TRACE AMOUNT.




$$
