000
CDUS41 KCLE 012220
CLICAK


CLIMATE REPORT
NATIONAL WEATHER SERVICE CLEVELAND OH
520 PM EST SUN FEB 1 2015


...................................

...THE AKRON CANTON OH CLIMATE SUMMARY FOR FEBRUARY 1 2015...
VALID TODAY AS OF 0500 PM LOCAL TIME.

CLIMATE NORMAL PERIOD 1981 TO 2010
CLIMATE RECORD PERIOD 1887 TO 2015


WEATHER ITEM   OBSERVED TIME   RECORD YEAR NORMAL DEPARTURE LAST
                VALUE   (LST)  VALUE       VALUE  FROM      YEAR
                                                  NORMAL
..................................................................
TEMPERATURE (F)
 TODAY
  MAXIMUM         33    359 PM  61    1989  34     -1       46
  MINIMUM         28    822 AM  -5    1971  19      9       31
  AVERAGE         31                        27      4       39

PRECIPITATION (IN)
  TODAY            0.23                      0.08   0.15     0.03
  MONTH TO DATE    0.23                      0.08   0.15     0.03
  SINCE DEC 1      6.03                      5.53   0.50     5.44
  SINCE JAN 1      3.72                      2.69   1.03     1.95

SNOWFALL (IN)
  TODAY            3.1                       0.4    2.7       T
  MONTH TO DATE    3.1                       0.4    2.7       T
  SINCE DEC 1     24.9                      23.0    1.9     31.6
  SINCE JUL 1     32.9                      26.4    6.5     42.3
  SNOW DEPTH       7

DEGREE DAYS
 HEATING
  TODAY           34                        38     -4       26
  MONTH TO DATE   34                        38     -4       26
  SINCE DEC 1   2221                      2315    -94     2421
  SINCE JUL 1   3504                      3574    -70     3671

 COOLING
  TODAY            0                         0      0        0
  MONTH TO DATE    0                         0      0        0
  SINCE DEC 1      0                         0      0        0
  SINCE JAN 1      0                         0      0        0
..................................................................


WIND (MPH)
  HIGHEST WIND SPEED    14   HIGHEST WIND DIRECTION    SE (130)
  HIGHEST GUST SPEED    24   HIGHEST GUST DIRECTION     E (110)


SKY COVER
  POSSIBLE SUNSHINE  MM
  AVERAGE SKY COVER 1.0


WEATHER CONDITIONS
 THE FOLLOWING WEATHER WAS RECORDED TODAY.
  SNOW
  LIGHT SNOW
  SLEET
  FOG


RELATIVE HUMIDITY (PERCENT)
 HIGHEST    92           900 AM
 LOWEST     69          1200 AM
 AVERAGE    81

..........................................................


THE AKRON CANTON OH CLIMATE NORMALS FOR TOMORROW
                         NORMAL    RECORD    YEAR
 MAXIMUM TEMPERATURE (F)   34        61      1903
 MINIMUM TEMPERATURE (F)   20        -9      1951
                                             1905


SUNRISE AND SUNSET
FEBRUARY  1 2015......SUNRISE   736 AM EST   SUNSET   543 PM EST
FEBRUARY  2 2015......SUNRISE   735 AM EST   SUNSET   544 PM EST


-  INDICATES NEGATIVE NUMBERS.
R  INDICATES RECORD WAS SET OR TIED.
MM INDICATES DATA IS MISSING.
T  INDICATES TRACE AMOUNT.




$$
