000
CDUS45 KABQ 190831
CLICAO


CLIMATE REPORT
NATIONAL WEATHER SERVICE ALBUQUERQUE NM
130 AM MST FRI DEC 19 2014


...................................

...THE CLAYTON  NM CLIMATE SUMMARY FOR DECEMBER 18 2014...

CLIMATE NORMAL PERIOD 1981 TO 2010
CLIMATE RECORD PERIOD 1896 TO 2014


WEATHER ITEM   OBSERVED TIME   RECORD YEAR NORMAL DEPARTURE
                VALUE   (LST)  VALUE       VALUE  FROM
                                                  NORMAL
...............................................................
TEMPERATURE (F)
 YESTERDAY
  MAXIMUM         48    159 PM  72    2013  47      1
                                      1988
                                      1980
  MINIMUM         18    427 AM  -4    1996  21     -3
  AVERAGE         33                        34     -1

PRECIPITATION (IN)
  YESTERDAY        0.00          0.60 1918   0.02  -0.02
  MONTH TO DATE    0.24                      0.21   0.03
  SINCE DEC 1      0.24                      0.21   0.03
  SINCE JAN 1     13.13                     15.64  -2.51

SNOWFALL (IN)
  YESTERDAY        0.0
  MONTH TO DATE    T
  SINCE DEC 1      T
  SINCE JUL 1      2.6

DEGREE DAYS
 HEATING
  YESTERDAY       32                        31      1
  MONTH TO DATE  424                       538   -114
  SINCE DEC 1    424                       538   -114
  SINCE JUL 1   1376                      1590   -214

 COOLING
  YESTERDAY        0                         0      0
  MONTH TO DATE    0                         0      0
  SINCE DEC 1      0                         0      0
  SINCE JAN 1   1130                       909    221
...............................................................


WIND (MPH)
  HIGHEST WIND SPEED    15   HIGHEST WIND DIRECTION     E (100)
  HIGHEST GUST SPEED    18   HIGHEST GUST DIRECTION     E (100)
  AVERAGE WIND SPEED     4.3


SKY COVER
  AVERAGE SKY COVER 0.1


WEATHER CONDITIONS
 THE FOLLOWING WEATHER WAS RECORDED YESTERDAY.
  FOG


RELATIVE HUMIDITY (PERCENT)
 HIGHEST   100           800 PM
 LOWEST     50           200 PM
 AVERAGE    75

..........................................................


THE CLAYTON  NM CLIMATE NORMALS FOR TODAY
                         NORMAL    RECORD    YEAR
 MAXIMUM TEMPERATURE (F)   47        72      1917
 MINIMUM TEMPERATURE (F)   21        -8      1924


SUNRISE AND SUNSET
DECEMBER 19 2014......SUNRISE   700 AM MST   SUNSET   440 PM MST
DECEMBER 20 2014......SUNRISE   700 AM MST   SUNSET   440 PM MST


-  INDICATES NEGATIVE NUMBERS.
R  INDICATES RECORD WAS SET OR TIED.
MM INDICATES DATA IS MISSING.
T  INDICATES TRACE AMOUNT.




$$
