000
CDUS45 KABQ 300839
CLICAO


CLIMATE REPORT
NATIONAL WEATHER SERVICE ALBUQUERQUE NM
239 AM MDT TUE JUN 30 2015


...................................

...THE CLAYTON  NM CLIMATE SUMMARY FOR JUNE 29 2015...

CLIMATE NORMAL PERIOD 1981 TO 2010
CLIMATE RECORD PERIOD 1896 TO 2015


WEATHER ITEM   OBSERVED TIME   RECORD YEAR NORMAL DEPARTURE
                VALUE   (LST)  VALUE       VALUE  FROM
                                                  NORMAL
...............................................................
TEMPERATURE (F)
 YESTERDAY
  MAXIMUM         87   1201 PM 104    1998  88     -1
  MINIMUM         64   1159 PM  50    1945  59      5
  AVERAGE         76                        74      2

PRECIPITATION (IN)
  YESTERDAY        0.02          1.43 2003   0.08  -0.06
  MONTH TO DATE    1.56                      2.05  -0.49
  SINCE JUN 1      1.56                      2.05  -0.49
  SINCE JAN 1     13.09                      6.52   6.57

SNOWFALL (IN)
  YESTERDAY        0.0
  MONTH TO DATE    0.0
  SINCE JUN 1      0.0
  SINCE JUL 1     26.1

DEGREE DAYS
 HEATING
  YESTERDAY        0                         0      0
  MONTH TO DATE    2                        21    -19
  SINCE JUN 1      2                        21    -19
  SINCE JUL 1   4470                      4882   -412

 COOLING
  YESTERDAY       11                         9      2
  MONTH TO DATE  233                       175     58
  SINCE JUN 1    233                       175     58
  SINCE JAN 1    238                       226     12
...............................................................


WIND (MPH)
  HIGHEST WIND SPEED    24   HIGHEST WIND DIRECTION    NE (50)
  HIGHEST GUST SPEED    29   HIGHEST GUST DIRECTION    NE (50)
  AVERAGE WIND SPEED     8.9


SKY COVER
  AVERAGE SKY COVER 0.2


WEATHER CONDITIONS
 THE FOLLOWING WEATHER WAS RECORDED YESTERDAY.
  THUNDERSTORM
  LIGHT RAIN


RELATIVE HUMIDITY (PERCENT)
 HIGHEST    73           800 PM
 LOWEST     29          1100 AM
 AVERAGE    51

..........................................................


THE CLAYTON  NM CLIMATE NORMALS FOR TODAY
                         NORMAL    RECORD    YEAR
 MAXIMUM TEMPERATURE (F)   88       100      2014
                                             1933
 MINIMUM TEMPERATURE (F)   59        46      1918


SUNRISE AND SUNSET
JUNE 30 2015..........SUNRISE   538 AM MDT   SUNSET   815 PM MDT
JULY  1 2015..........SUNRISE   538 AM MDT   SUNSET   815 PM MDT


-  INDICATES NEGATIVE NUMBERS.
R  INDICATES RECORD WAS SET OR TIED.
MM INDICATES DATA IS MISSING.
T  INDICATES TRACE AMOUNT.




$$
