000
CDUS45 KABQ 310831
CLICAO


CLIMATE REPORT
NATIONAL WEATHER SERVICE ALBUQUERQUE NM
227 AM MDT TUE MAY 31 2016


...................................

...THE CLAYTON  NM CLIMATE SUMMARY FOR MAY 30 2016...

CLIMATE NORMAL PERIOD 1981 TO 2010
CLIMATE RECORD PERIOD 1896 TO 2016


WEATHER ITEM   OBSERVED TIME   RECORD YEAR NORMAL DEPARTURE
                VALUE   (LST)  VALUE       VALUE  FROM
                                                  NORMAL
...............................................................
TEMPERATURE (F)
 YESTERDAY
  MAXIMUM         81    152 PM  99    2000  80      1
  MINIMUM         50    458 AM  38    1947  52     -2
  AVERAGE         66                        66      0

PRECIPITATION (IN)
  YESTERDAY        0.00          1.16 1988   0.08  -0.08
  MONTH TO DATE    1.10                      1.87  -0.77
  SINCE MAR 1      3.20                      3.76  -0.56
  SINCE JAN 1      3.64                      4.38  -0.74

SNOWFALL (IN)
  YESTERDAY        0.0
  MONTH TO DATE    0.5
  SINCE MAR 1      2.1
  SINCE JUL 1     25.5

DEGREE DAYS
 HEATING
  YESTERDAY        0                         2     -2
  MONTH TO DATE  181                       152     29
  SINCE MAR 1   1054                      1181   -127
  SINCE JUL 1   4304                      4858   -554

 COOLING
  YESTERDAY        1                         3     -2
  MONTH TO DATE   19                        44    -25
  SINCE MAR 1     19                        50    -31
  SINCE JAN 1     19                        50    -31
...............................................................


WIND (MPH)
  HIGHEST WIND SPEED    36   HIGHEST WIND DIRECTION     S (190)
  HIGHEST GUST SPEED    43   HIGHEST GUST DIRECTION     S (190)
  AVERAGE WIND SPEED    14.2


SKY COVER
  AVERAGE SKY COVER 0.2


WEATHER CONDITIONS
 THE FOLLOWING WEATHER WAS RECORDED YESTERDAY.
  NO SIGNIFICANT WEATHER WAS OBSERVED.


RELATIVE HUMIDITY (PERCENT)
 HIGHEST    96          1200 AM
 LOWEST     21           500 PM
 AVERAGE    59

..........................................................


THE CLAYTON  NM CLIMATE NORMALS FOR TODAY
                         NORMAL    RECORD    YEAR
 MAXIMUM TEMPERATURE (F)   80        98      2002
 MINIMUM TEMPERATURE (F)   52        40      2011
                                             1983
                                             1964


SUNRISE AND SUNSET
MAY 31 2016...........SUNRISE   536 AM MDT   SUNSET   805 PM MDT
JUNE  1 2016..........SUNRISE   536 AM MDT   SUNSET   806 PM MDT


-  INDICATES NEGATIVE NUMBERS.
R  INDICATES RECORD WAS SET OR TIED.
MM INDICATES DATA IS MISSING.
T  INDICATES TRACE AMOUNT.

$$
