000
CDUS45 KABQ 220837
CLICAO


CLIMATE REPORT
NATIONAL WEATHER SERVICE ALBUQUERQUE NM
236 AM MDT WED MAR 22 2017


...................................

...THE CLAYTON  NM CLIMATE SUMMARY FOR MARCH 21 2017...

CLIMATE NORMAL PERIOD 1981 TO 2010
CLIMATE RECORD PERIOD 1896 TO 2017


WEATHER ITEM   OBSERVED TIME   RECORD YEAR NORMAL DEPARTURE
                VALUE   (LST)  VALUE       VALUE  FROM
                                                  NORMAL
...............................................................
TEMPERATURE (F)
 YESTERDAY
  MAXIMUM         70    317 PM  82    2016  60     10
  MINIMUM         41   1139 PM   5    1913  31     10
  AVERAGE         56                        46     10

PRECIPITATION (IN)
  YESTERDAY        0.00          2.20 1918   0.03  -0.03
  MONTH TO DATE    0.00                      0.63  -0.63
  SINCE MAR 1      0.00                      0.63  -0.63
  SINCE JAN 1      1.38                      1.25   0.13

SNOWFALL (IN)
  YESTERDAY        0.0
  MONTH TO DATE    0.0
  SINCE MAR 1      0.0
  SINCE JUL 1     11.4

DEGREE DAYS
 HEATING
  YESTERDAY        9                        19    -10
  MONTH TO DATE  258                       462   -204
  SINCE MAR 1    258                       462   -204
  SINCE JUL 1   3278                      4139   -861

 COOLING
  YESTERDAY        0                         0      0
  MONTH TO DATE    6                         0      6
  SINCE MAR 1      6                         0      6
  SINCE JAN 1      8                         0      8
...............................................................


WIND (MPH)
  HIGHEST WIND SPEED    21   HIGHEST WIND DIRECTION     E (70)
  HIGHEST GUST SPEED    27   HIGHEST GUST DIRECTION    NE (50)
  AVERAGE WIND SPEED    11.7


SKY COVER
  AVERAGE SKY COVER 0.0


WEATHER CONDITIONS
 THE FOLLOWING WEATHER WAS RECORDED YESTERDAY.
  NO SIGNIFICANT WEATHER WAS OBSERVED.


RELATIVE HUMIDITY (PERCENT)
 HIGHEST    89           600 AM
 LOWEST     33           200 PM
 AVERAGE    61

..........................................................


THE CLAYTON  NM CLIMATE NORMALS FOR TODAY
                         NORMAL    RECORD    YEAR
 MAXIMUM TEMPERATURE (F)   60        81      2016
 MINIMUM TEMPERATURE (F)   31        12      1955


SUNRISE AND SUNSET
MARCH 22 2017.........SUNRISE   653 AM MDT   SUNSET   706 PM MDT
MARCH 23 2017.........SUNRISE   651 AM MDT   SUNSET   707 PM MDT


-  INDICATES NEGATIVE NUMBERS.
R  INDICATES RECORD WAS SET OR TIED.
MM INDICATES DATA IS MISSING.
T  INDICATES TRACE AMOUNT.




$$
