215
CDUS45 KABQ 090834
CLICAO


CLIMATE REPORT
NATIONAL WEATHER SERVICE ALBUQUERQUE NM
134 AM MST TUE FEB 9 2016


...................................

...THE CLAYTON  NM CLIMATE SUMMARY FOR FEBRUARY 8 2016...

CLIMATE NORMAL PERIOD 1981 TO 2010
CLIMATE RECORD PERIOD 1896 TO 2016


WEATHER ITEM   OBSERVED TIME   RECORD YEAR NORMAL DEPARTURE
                VALUE   (LST)  VALUE       VALUE  FROM
                                                  NORMAL
...............................................................
TEMPERATURE (F)
 YESTERDAY
  MAXIMUM         51    341 PM  77    1957  50      1
  MINIMUM         19    709 AM -17    1933  23     -4
  AVERAGE         35                        36     -1

PRECIPITATION (IN)
  YESTERDAY        0.00          0.65 1925   0.01  -0.01
  MONTH TO DATE    0.11                      0.08   0.03
  SINCE DEC 1      1.00                      0.72   0.28
  SINCE JAN 1      0.39                      0.36   0.03

SNOWFALL (IN)
  YESTERDAY        0.0
  MONTH TO DATE    0.9
  SINCE DEC 1     15.1
  SINCE JUL 1     22.2

DEGREE DAYS
 HEATING
  YESTERDAY       30                        29      1
  MONTH TO DATE  277                       232     45
  SINCE DEC 1   2001                      2086    -85
  SINCE JUL 1   2890                      3138   -248

 COOLING
  YESTERDAY        0                         0      0
  MONTH TO DATE    0                         0      0
  SINCE DEC 1      0                         0      0
  SINCE JAN 1      0                         0      0
...............................................................


WIND (MPH)
  HIGHEST WIND SPEED    20   HIGHEST WIND DIRECTION     N (10)
  HIGHEST GUST SPEED    26   HIGHEST GUST DIRECTION     N (20)
  AVERAGE WIND SPEED     9.8


SKY COVER
  AVERAGE SKY COVER 0.0


WEATHER CONDITIONS
 THE FOLLOWING WEATHER WAS RECORDED YESTERDAY.
  NO SIGNIFICANT WEATHER WAS OBSERVED.


RELATIVE HUMIDITY (PERCENT)
 HIGHEST    77          1200 AM
 LOWEST     28           300 PM
 AVERAGE    53

..........................................................


THE CLAYTON  NM CLIMATE NORMALS FOR TODAY
                         NORMAL    RECORD    YEAR
 MAXIMUM TEMPERATURE (F)   50        71      2015
                                             1976
 MINIMUM TEMPERATURE (F)   23       -13      1933


SUNRISE AND SUNSET
FEBRUARY  9 2016......SUNRISE   647 AM MST   SUNSET   527 PM MST
FEBRUARY 10 2016......SUNRISE   646 AM MST   SUNSET   528 PM MST


-  INDICATES NEGATIVE NUMBERS.
R  INDICATES RECORD WAS SET OR TIED.
MM INDICATES DATA IS MISSING.
T  INDICATES TRACE AMOUNT.




$$
