000
CDUS45 KABQ 170826
CLICAO


CLIMATE REPORT
NATIONAL WEATHER SERVICE ALBUQUERQUE NM
226 AM MDT THU AUG 17 2017


...................................

...THE CLAYTON  NM CLIMATE SUMMARY FOR AUGUST 16 2017...

CLIMATE NORMAL PERIOD 1981 TO 2010
CLIMATE RECORD PERIOD 1896 TO 2017


WEATHER ITEM   OBSERVED TIME   RECORD YEAR NORMAL DEPARTURE
                VALUE   (LST)  VALUE       VALUE  FROM
                                                  NORMAL
...............................................................
TEMPERATURE (F)
 YESTERDAY
  MAXIMUM         81    330 PM  97    1952  86     -5
  MINIMUM         57    437 AM  50    1942  61     -4
                                      1919
  AVERAGE         69                        74     -5

PRECIPITATION (IN)
  YESTERDAY        T             1.82 2008   0.10  -0.10
  MONTH TO DATE    2.50                      1.72   0.78
  SINCE JUN 1      7.07                      6.51   0.56
  SINCE JAN 1     14.82                     10.98   3.84

SNOWFALL (IN)
  YESTERDAY        0.0
  MONTH TO DATE    0.0
  SINCE JUN 1      0.0
  SINCE JUL 1      0.0

DEGREE DAYS
 HEATING
  YESTERDAY        0                         0      0
  MONTH TO DATE    2                         0      2
  SINCE JUN 1      4                        25    -21
  SINCE JUL 1      2                         2      0

 COOLING
  YESTERDAY        4                         9     -5
  MONTH TO DATE   68                       144    -76
  SINCE JUN 1    612                       630    -18
  SINCE JAN 1    644                       681    -37
...............................................................


WIND (MPH)
  HIGHEST WIND SPEED    21   HIGHEST WIND DIRECTION    NW (310)
  HIGHEST GUST SPEED    27   HIGHEST GUST DIRECTION     N (10)
  AVERAGE WIND SPEED     9.2


SKY COVER
  AVERAGE SKY COVER 0.0


WEATHER CONDITIONS
 THE FOLLOWING WEATHER WAS RECORDED YESTERDAY.
  LIGHT RAIN


RELATIVE HUMIDITY (PERCENT)
 HIGHEST    90          1200 AM
 LOWEST     35           300 PM
 AVERAGE    63

..........................................................


THE CLAYTON  NM CLIMATE NORMALS FOR TODAY
                         NORMAL    RECORD    YEAR
 MAXIMUM TEMPERATURE (F)   86        98      1924
 MINIMUM TEMPERATURE (F)   61        48      1927


SUNRISE AND SUNSET
AUGUST 17 2017........SUNRISE   612 AM MDT   SUNSET   740 PM MDT
AUGUST 18 2017........SUNRISE   613 AM MDT   SUNSET   739 PM MDT


-  INDICATES NEGATIVE NUMBERS.
R  INDICATES RECORD WAS SET OR TIED.
MM INDICATES DATA IS MISSING.
T  INDICATES TRACE AMOUNT.




$$
