000
CDUS45 KABQ 270838
CLICAO


CLIMATE REPORT
NATIONAL WEATHER SERVICE ALBUQUERQUE NM
238 AM MDT MON JUL 27 2015


...................................

...THE CLAYTON  NM CLIMATE SUMMARY FOR JULY 26 2015...

CLIMATE NORMAL PERIOD 1981 TO 2010
CLIMATE RECORD PERIOD 1896 TO 2015


WEATHER ITEM   OBSERVED TIME   RECORD YEAR NORMAL DEPARTURE
                VALUE   (LST)  VALUE       VALUE  FROM
                                                  NORMAL
...............................................................
TEMPERATURE (F)
 YESTERDAY
  MAXIMUM         94    339 PM 101    2014  88      6
  MINIMUM         65    529 AM  51    1938  61      4
                                      1926
                                      1913
  AVERAGE         80                        75      5

PRECIPITATION (IN)
  YESTERDAY        0.01          0.80 1911   0.09  -0.08
  MONTH TO DATE    5.96                      2.17   3.79
  SINCE JUN 1      7.52                      4.30   3.22
  SINCE JAN 1     19.05                      8.77  10.28

SNOWFALL (IN)
  YESTERDAY        0.0
  MONTH TO DATE    0.0
  SINCE JUN 1      0.0
  SINCE JUL 1      0.0

DEGREE DAYS
 HEATING
  YESTERDAY        0                         0      0
  MONTH TO DATE    0                         0      0
  SINCE JUN 1      2                        23    -21
  SINCE JUL 1      0                         0      0

 COOLING
  YESTERDAY       15                        10      5
  MONTH TO DATE  295                       256     39
  SINCE JUN 1    540                       439    101
  SINCE JAN 1    545                       490     55
...............................................................


WIND (MPH)
  HIGHEST WIND SPEED    22   HIGHEST WIND DIRECTION     S (190)
  HIGHEST GUST SPEED    28   HIGHEST GUST DIRECTION     S (180)
  AVERAGE WIND SPEED    10.0


SKY COVER
  AVERAGE SKY COVER 0.2


WEATHER CONDITIONS
 THE FOLLOWING WEATHER WAS RECORDED YESTERDAY.
  NO SIGNIFICANT WEATHER WAS OBSERVED.


RELATIVE HUMIDITY (PERCENT)
 HIGHEST    81           200 AM
 LOWEST     30           300 PM
 AVERAGE    56

..........................................................


THE CLAYTON  NM CLIMATE NORMALS FOR TODAY
                         NORMAL    RECORD    YEAR
 MAXIMUM TEMPERATURE (F)   88        99      2011
                                             1946
                                             1910
 MINIMUM TEMPERATURE (F)   61        49      2005


SUNRISE AND SUNSET
JULY 27 2015..........SUNRISE   555 AM MDT   SUNSET   803 PM MDT
JULY 28 2015..........SUNRISE   556 AM MDT   SUNSET   802 PM MDT


-  INDICATES NEGATIVE NUMBERS.
R  INDICATES RECORD WAS SET OR TIED.
MM INDICATES DATA IS MISSING.
T  INDICATES TRACE AMOUNT.




$$
