000
CDUS45 KABQ 280828
CLICAO


CLIMATE REPORT
NATIONAL WEATHER SERVICE ALBUQUERQUE NM
226 AM MDT FRI AUG 28 2015


...................................

...THE CLAYTON  NM CLIMATE SUMMARY FOR AUGUST 27 2015...

CLIMATE NORMAL PERIOD 1981 TO 2010
CLIMATE RECORD PERIOD 1896 TO 2015


WEATHER ITEM   OBSERVED TIME   RECORD YEAR NORMAL DEPARTURE
                VALUE   (LST)  VALUE       VALUE  FROM
                                                  NORMAL
...............................................................
TEMPERATURE (F)
 YESTERDAY
  MAXIMUM         90    358 PM  98    1929  85      5
  MINIMUM         64    524 AM  47    1992  59      5
  AVERAGE         77                        72      5

PRECIPITATION (IN)
  YESTERDAY        0.08          0.70 2006   0.07   0.01
  MONTH TO DATE    3.89                      2.64   1.25
  SINCE JUN 1     12.69                      7.43   5.26
  SINCE JAN 1     24.22                     11.90  12.32

SNOWFALL (IN)
  YESTERDAY        0.0
  MONTH TO DATE    0.0
  SINCE JUN 1      0.0
  SINCE JUL 1      0.0

DEGREE DAYS
 HEATING
  YESTERDAY        0                         0      0
  MONTH TO DATE    5                         0      5
  SINCE JUN 1      7                        25    -18
  SINCE JUL 1      5                         2      3

 COOLING
  YESTERDAY       12                         7      5
  MONTH TO DATE  255                       231     24
  SINCE JUN 1    840                       717    123
  SINCE JAN 1    845                       768     77
...............................................................


WIND (MPH)
  HIGHEST WIND SPEED    22   HIGHEST WIND DIRECTION    SW (240)
  HIGHEST GUST SPEED    28   HIGHEST GUST DIRECTION    SW (230)
  AVERAGE WIND SPEED     9.6


SKY COVER
  AVERAGE SKY COVER 0.1


WEATHER CONDITIONS
 THE FOLLOWING WEATHER WAS RECORDED YESTERDAY.
  THUNDERSTORM
  LIGHT RAIN


RELATIVE HUMIDITY (PERCENT)
 HIGHEST    76          1100 PM
 LOWEST     27           100 PM
 AVERAGE    52

..........................................................


THE CLAYTON  NM CLIMATE NORMALS FOR TODAY
                         NORMAL    RECORD    YEAR
 MAXIMUM TEMPERATURE (F)   85       101      1922
 MINIMUM TEMPERATURE (F)   59        44      1917


SUNRISE AND SUNSET
AUGUST 28 2015........SUNRISE   621 AM MDT   SUNSET   726 PM MDT
AUGUST 29 2015........SUNRISE   621 AM MDT   SUNSET   725 PM MDT


-  INDICATES NEGATIVE NUMBERS.
R  INDICATES RECORD WAS SET OR TIED.
MM INDICATES DATA IS MISSING.
T  INDICATES TRACE AMOUNT.

$$
