000
CDUS45 KABQ 240829
CLICAO


CLIMATE REPORT
NATIONAL WEATHER SERVICE ALBUQUERQUE NM
227 AM MDT SUN JUL 24 2016


...................................

...THE CLAYTON  NM CLIMATE SUMMARY FOR JULY 23 2016...

CLIMATE NORMAL PERIOD 1981 TO 2010
CLIMATE RECORD PERIOD 1896 TO 2016


WEATHER ITEM   OBSERVED TIME   RECORD YEAR NORMAL DEPARTURE
                VALUE   (LST)  VALUE       VALUE  FROM
                                                  NORMAL
...............................................................
TEMPERATURE (F)
 YESTERDAY
  MAXIMUM        101R   211 PM 100    2013  88     13
                                      1910
  MINIMUM         68    328 AM  50    1943  61      7
                                      1919
  AVERAGE         85                        75     10

PRECIPITATION (IN)
  YESTERDAY        0.03          2.02 1921   0.10  -0.07
  MONTH TO DATE    0.20                      1.89  -1.69
  SINCE JUN 1      4.21                      4.02   0.19
  SINCE JAN 1      7.85                      8.49  -0.64

SNOWFALL (IN)
  YESTERDAY        0.0
  MONTH TO DATE    0.0
  SINCE JUN 1      0.0
  SINCE JUL 1      0.0

DEGREE DAYS
 HEATING
  YESTERDAY        0                         0      0
  MONTH TO DATE    0                         0      0
  SINCE JUN 1      7                        23    -16
  SINCE JUL 1      0                         0      0

 COOLING
  YESTERDAY       20                        10     10
  MONTH TO DATE  348                       226    122
  SINCE JUN 1    609                       409    200
  SINCE JAN 1    628                       460    168
...............................................................


WIND (MPH)
  HIGHEST WIND SPEED    30   HIGHEST WIND DIRECTION     W (290)
  HIGHEST GUST SPEED    42   HIGHEST GUST DIRECTION     W (280)
  AVERAGE WIND SPEED    10.4


SKY COVER
  AVERAGE SKY COVER 0.1


WEATHER CONDITIONS
 THE FOLLOWING WEATHER WAS RECORDED YESTERDAY.
  THUNDERSTORM
  LIGHT RAIN


RELATIVE HUMIDITY (PERCENT)
 HIGHEST    60           500 PM
 LOWEST     17           200 PM
 AVERAGE    39

..........................................................


THE CLAYTON  NM CLIMATE NORMALS FOR TODAY
                         NORMAL    RECORD    YEAR
 MAXIMUM TEMPERATURE (F)   88        99      1940
                                             1937
 MINIMUM TEMPERATURE (F)   61        50      1928


SUNRISE AND SUNSET
JULY 24 2016..........SUNRISE   553 AM MDT   SUNSET   805 PM MDT
JULY 25 2016..........SUNRISE   554 AM MDT   SUNSET   804 PM MDT


-  INDICATES NEGATIVE NUMBERS.
R  INDICATES RECORD WAS SET OR TIED.
MM INDICATES DATA IS MISSING.
T  INDICATES TRACE AMOUNT.




$$
