058
CDUS45 KABQ 250829
CLICAO


CLIMATE REPORT
NATIONAL WEATHER SERVICE ALBUQUERQUE NM
225 AM MDT SUN SEP 25 2016


...................................

...THE CLAYTON  NM CLIMATE SUMMARY FOR SEPTEMBER 24 2016...

CLIMATE NORMAL PERIOD 1981 TO 2010
CLIMATE RECORD PERIOD 1896 TO 2016


WEATHER ITEM   OBSERVED TIME   RECORD YEAR NORMAL DEPARTURE
                VALUE   (LST)  VALUE       VALUE  FROM
                                                  NORMAL
...............................................................
TEMPERATURE (F)
 YESTERDAY
  MAXIMUM         78    258 PM  92    1998  76      2
  MINIMUM         43    548 AM  35    1928  49     -6
                                      1926
  AVERAGE         61                        62     -1

PRECIPITATION (IN)
  YESTERDAY        0.00          1.21 1955   0.05  -0.05
  MONTH TO DATE    2.63                      1.39   1.24
  SINCE SEP 1      2.63                      1.39   1.24
  SINCE JAN 1     18.39                     13.59   4.80

SNOWFALL (IN)
  YESTERDAY        0.0
  MONTH TO DATE    0.0
  SINCE SEP 1      0.0
  SINCE JUL 1      0.0

DEGREE DAYS
 HEATING
  YESTERDAY        4                         4      0
  MONTH TO DATE   15                        47    -32
  SINCE SEP 1     15                        47    -32
  SINCE JUL 1     17                        53    -36

 COOLING
  YESTERDAY        0                         2     -2
  MONTH TO DATE  128                        95     33
  SINCE SEP 1    128                        95     33
  SINCE JAN 1   1066                       892    174
...............................................................


WIND (MPH)
  HIGHEST WIND SPEED    18   HIGHEST WIND DIRECTION     N (20)
  HIGHEST GUST SPEED    25   HIGHEST GUST DIRECTION     S (180)
  AVERAGE WIND SPEED     7.7


SKY COVER
  AVERAGE SKY COVER 0.0


WEATHER CONDITIONS
 THE FOLLOWING WEATHER WAS RECORDED YESTERDAY.
  NO SIGNIFICANT WEATHER WAS OBSERVED.


RELATIVE HUMIDITY (PERCENT)
 HIGHEST    83          1200 AM
 LOWEST     15           400 PM
 AVERAGE    49

..........................................................


THE CLAYTON  NM CLIMATE NORMALS FOR TODAY
                         NORMAL    RECORD    YEAR
 MAXIMUM TEMPERATURE (F)   76        93      1898
 MINIMUM TEMPERATURE (F)   48        31      1926


SUNRISE AND SUNSET
SEPTEMBER 25 2016.....SUNRISE   643 AM MDT   SUNSET   644 PM MDT
SEPTEMBER 26 2016.....SUNRISE   644 AM MDT   SUNSET   643 PM MDT


-  INDICATES NEGATIVE NUMBERS.
R  INDICATES RECORD WAS SET OR TIED.
MM INDICATES DATA IS MISSING.
T  INDICATES TRACE AMOUNT.

$$
