000
CDUS45 KABQ 280835
CLICAO


CLIMATE REPORT
NATIONAL WEATHER SERVICE ALBUQUERQUE NM
234 AM MDT SUN AUG 28 2016


...................................

...THE CLAYTON  NM CLIMATE SUMMARY FOR AUGUST 27 2016...

CLIMATE NORMAL PERIOD 1981 TO 2010
CLIMATE RECORD PERIOD 1896 TO 2016


WEATHER ITEM   OBSERVED TIME   RECORD YEAR NORMAL DEPARTURE
                VALUE   (LST)  VALUE       VALUE  FROM
                                                  NORMAL
...............................................................
TEMPERATURE (F)
 YESTERDAY
  MAXIMUM         83    100 PM  98    1929  85     -2
  MINIMUM         56    527 AM  47    1992  59     -3
  AVERAGE         70                        72     -2

PRECIPITATION (IN)
  YESTERDAY        0.73R         0.70 2006   0.07   0.66
  MONTH TO DATE    6.49                      2.64   3.85
  SINCE JUN 1     12.11                      7.43   4.68
  SINCE JAN 1     15.75                     11.90   3.85

SNOWFALL (IN)
  YESTERDAY        0.0
  MONTH TO DATE    0.0
  SINCE JUN 1      0.0
  SINCE JUL 1      0.0

DEGREE DAYS
 HEATING
  YESTERDAY        0                         0      0
  MONTH TO DATE    1                         0      1
  SINCE JUN 1      8                        25    -17
  SINCE JUL 1      1                         2     -1

 COOLING
  YESTERDAY        5                         7     -2
  MONTH TO DATE  205                       231    -26
  SINCE JUN 1    910                       717    193
  SINCE JAN 1    929                       768    161
...............................................................


WIND (MPH)
  HIGHEST WIND SPEED    28   HIGHEST WIND DIRECTION    SW (240)
  HIGHEST GUST SPEED    38   HIGHEST GUST DIRECTION    SW (240)
  AVERAGE WIND SPEED    10.4


SKY COVER
  AVERAGE SKY COVER 0.1


WEATHER CONDITIONS
 THE FOLLOWING WEATHER WAS RECORDED YESTERDAY.
  THUNDERSTORM
  HEAVY RAIN
  LIGHT RAIN
  FOG


RELATIVE HUMIDITY (PERCENT)
 HIGHEST   100           400 AM
 LOWEST     34          1200 PM
 AVERAGE    67

..........................................................


THE CLAYTON  NM CLIMATE NORMALS FOR TODAY
                         NORMAL    RECORD    YEAR
 MAXIMUM TEMPERATURE (F)   85       101      1922
 MINIMUM TEMPERATURE (F)   59        44      1917


SUNRISE AND SUNSET
AUGUST 28 2016........SUNRISE   621 AM MDT   SUNSET   725 PM MDT
AUGUST 29 2016........SUNRISE   622 AM MDT   SUNSET   724 PM MDT


-  INDICATES NEGATIVE NUMBERS.
R  INDICATES RECORD WAS SET OR TIED.
MM INDICATES DATA IS MISSING.
T  INDICATES TRACE AMOUNT.




$$
