504
CDUS45 KABQ 171227
CLICAO


CLIMATE REPORT
NATIONAL WEATHER SERVICE ALBUQUERQUE NM
527 AM MST SAT FEB 17 2018


...................................

...THE CLAYTON  NM CLIMATE SUMMARY FOR FEBRUARY 16 2018...

CLIMATE NORMAL PERIOD 1981 TO 2010
CLIMATE RECORD PERIOD 1896 TO 2018


WEATHER ITEM   OBSERVED TIME   RECORD YEAR NORMAL DEPARTURE
                VALUE   (LST)  VALUE       VALUE  FROM
                                                  NORMAL
...............................................................
TEMPERATURE (F)
 YESTERDAY
  MAXIMUM         41    312 PM  81    1898  51    -10
  MINIMUM         26    908 AM  -1    1936  24      2
  AVERAGE         34                        37     -3

PRECIPITATION (IN)
  YESTERDAY        0.00          0.27 1910   0.01  -0.01
  MONTH TO DATE    0.03                      0.17  -0.14
  SINCE DEC 1      0.03                      0.81  -0.78
  SINCE JAN 1      0.03                      0.45  -0.42

SNOWFALL (IN)
  YESTERDAY        0.0
  MONTH TO DATE    0.3
  SINCE DEC 1      0.3
  SINCE JUL 1      0.8

DEGREE DAYS
 HEATING
  YESTERDAY       31                        28      3
  MONTH TO DATE  451                       457     -6
  SINCE DEC 1   2161                      2311   -150
  SINCE JUL 1   3046                      3363   -317

 COOLING
  YESTERDAY        0                         0      0
  MONTH TO DATE    0                         0      0
  SINCE DEC 1      0                         0      0
  SINCE JAN 1      0                         0      0
...............................................................


WIND (MPH)
  HIGHEST WIND SPEED    28   HIGHEST WIND DIRECTION    SW (210)
  HIGHEST GUST SPEED    34   HIGHEST GUST DIRECTION    SW (210)
  AVERAGE WIND SPEED    14.6


SKY COVER
  AVERAGE SKY COVER 0.3


WEATHER CONDITIONS
 THE FOLLOWING WEATHER WAS RECORDED YESTERDAY.
  NO SIGNIFICANT WEATHER WAS OBSERVED.


RELATIVE HUMIDITY (PERCENT)
 HIGHEST    92           500 AM
 LOWEST     41           300 PM
 AVERAGE    67

..........................................................


THE CLAYTON  NM CLIMATE NORMALS FOR TODAY
                         NORMAL    RECORD    YEAR
 MAXIMUM TEMPERATURE (F)   51        79      1898
 MINIMUM TEMPERATURE (F)   24       -11      1910


SUNRISE AND SUNSET
FEBRUARY 17 2018......SUNRISE   638 AM MST   SUNSET   536 PM MST
FEBRUARY 18 2018......SUNRISE   637 AM MST   SUNSET   537 PM MST


-  INDICATES NEGATIVE NUMBERS.
R  INDICATES RECORD WAS SET OR TIED.
MM INDICATES DATA IS MISSING.
T  INDICATES TRACE AMOUNT.




$$
