000
CDUS45 KABQ 250828
CLICAO


CLIMATE REPORT
NATIONAL WEATHER SERVICE ALBUQUERQUE NM
228 AM MDT SUN JUN 25 2017


...................................

...THE CLAYTON  NM CLIMATE SUMMARY FOR JUNE 24 2017...

CLIMATE NORMAL PERIOD 1981 TO 2010
CLIMATE RECORD PERIOD 1896 TO 2017


WEATHER ITEM   OBSERVED TIME   RECORD YEAR NORMAL DEPARTURE
                VALUE   (LST)  VALUE       VALUE  FROM
                                                  NORMAL
...............................................................
TEMPERATURE (F)
 YESTERDAY
  MAXIMUM         70    407 PM 102    1990  87    -17
  MINIMUM         55    453 AM  49    1940  58     -3
                                      1928
  AVERAGE         63                        73    -10

PRECIPITATION (IN)
  YESTERDAY        0.00          1.55 1897   0.07  -0.07
  MONTH TO DATE    0.24                      1.69  -1.45
  SINCE JUN 1      0.24                      1.69  -1.45
  SINCE JAN 1      7.99                      6.16   1.83

SNOWFALL (IN)
  YESTERDAY        0.0
  MONTH TO DATE    0.0
  SINCE JUN 1      0.0
  SINCE JUL 1     25.3

DEGREE DAYS
 HEATING
  YESTERDAY        2                         0      2
  MONTH TO DATE    2                        21    -19
  SINCE JUN 1      2                        21    -19
  SINCE JUL 1   4014                      4882   -868

 COOLING
  YESTERDAY        0                         8     -8
  MONTH TO DATE  153                       132     21
  SINCE JUN 1    153                       132     21
  SINCE JAN 1    185                       183      2
...............................................................


WIND (MPH)
  HIGHEST WIND SPEED    22   HIGHEST WIND DIRECTION    SE (150)
  HIGHEST GUST SPEED    27   HIGHEST GUST DIRECTION    SE (150)
  AVERAGE WIND SPEED     9.2


SKY COVER
  AVERAGE SKY COVER 0.9


WEATHER CONDITIONS
 THE FOLLOWING WEATHER WAS RECORDED YESTERDAY.
  NO SIGNIFICANT WEATHER WAS OBSERVED.


RELATIVE HUMIDITY (PERCENT)
 HIGHEST    84           900 PM
 LOWEST     48          1000 AM
 AVERAGE    66

..........................................................


THE CLAYTON  NM CLIMATE NORMALS FOR TODAY
                         NORMAL    RECORD    YEAR
 MAXIMUM TEMPERATURE (F)   87       100      1911
 MINIMUM TEMPERATURE (F)   59        46      1958


SUNRISE AND SUNSET
JUNE 25 2017..........SUNRISE   536 AM MDT   SUNSET   815 PM MDT
JUNE 26 2017..........SUNRISE   536 AM MDT   SUNSET   815 PM MDT


-  INDICATES NEGATIVE NUMBERS.
R  INDICATES RECORD WAS SET OR TIED.
MM INDICATES DATA IS MISSING.
T  INDICATES TRACE AMOUNT.




$$
