000
CDUS45 KABQ 090834
CLICAO


CLIMATE REPORT
NATIONAL WEATHER SERVICE ALBUQUERQUE NM
132 AM MST FRI DEC 9 2016


...................................

...THE CLAYTON  NM CLIMATE SUMMARY FOR DECEMBER 8 2016...

CLIMATE NORMAL PERIOD 1981 TO 2010
CLIMATE RECORD PERIOD 1896 TO 2016


WEATHER ITEM   OBSERVED TIME   RECORD YEAR NORMAL DEPARTURE
                VALUE   (LST)  VALUE       VALUE  FROM
                                                  NORMAL
...............................................................
TEMPERATURE (F)
 YESTERDAY
  MAXIMUM         22    317 PM  74    1897  48    -26
  MINIMUM          7    134 AM  -7    1978  22    -15
  AVERAGE         15                        35    -20

PRECIPITATION (IN)
  YESTERDAY        T             0.25 1926   0.01  -0.01
  MONTH TO DATE    0.01                      0.09  -0.08
  SINCE DEC 1      0.01                      0.09  -0.08
  SINCE JAN 1     19.93                     15.52   4.41

SNOWFALL (IN)
  YESTERDAY        T
  MONTH TO DATE    0.1
  SINCE DEC 1      0.1
  SINCE JUL 1      0.1

DEGREE DAYS
 HEATING
  YESTERDAY       50                        30     20
  MONTH TO DATE  275                       232     43
  SINCE DEC 1    275                       232     43
  SINCE JUL 1    943                      1284   -341

 COOLING
  YESTERDAY        0                         0      0
  MONTH TO DATE    0                         0      0
  SINCE DEC 1      0                         0      0
  SINCE JAN 1   1115                       909    206
...............................................................


WIND (MPH)
  HIGHEST WIND SPEED    22   HIGHEST WIND DIRECTION     S (190)
  HIGHEST GUST SPEED    26   HIGHEST GUST DIRECTION     S (200)
  AVERAGE WIND SPEED     9.2


SKY COVER
  AVERAGE SKY COVER 0.9


WEATHER CONDITIONS
 THE FOLLOWING WEATHER WAS RECORDED YESTERDAY.
  LIGHT SNOW
  FOG


RELATIVE HUMIDITY (PERCENT)
 HIGHEST    92           300 AM
 LOWEST     57           200 PM
 AVERAGE    75

..........................................................


THE CLAYTON  NM CLIMATE NORMALS FOR TODAY
                         NORMAL    RECORD    YEAR
 MAXIMUM TEMPERATURE (F)   48        75      1996
                                             1938
 MINIMUM TEMPERATURE (F)   22       -12      1919


SUNRISE AND SUNSET
DECEMBER  9 2016......SUNRISE   653 AM MST   SUNSET   437 PM MST
DECEMBER 10 2016......SUNRISE   654 AM MST   SUNSET   437 PM MST


-  INDICATES NEGATIVE NUMBERS.
R  INDICATES RECORD WAS SET OR TIED.
MM INDICATES DATA IS MISSING.
T  INDICATES TRACE AMOUNT.

$$
