000
CDUS45 KABQ 260829
CLICAO


CLIMATE REPORT
NATIONAL WEATHER SERVICE ALBUQUERQUE NM
227 AM MDT SAT JUL 26 2014


...................................

...THE CLAYTON  NM CLIMATE SUMMARY FOR JULY 25 2014...

CLIMATE NORMAL PERIOD 1981 TO 2010
CLIMATE RECORD PERIOD 1896 TO 2014


WEATHER ITEM   OBSERVED TIME   RECORD YEAR NORMAL DEPARTURE
                VALUE   (LST)  VALUE       VALUE  FROM
                                                  NORMAL
...............................................................
TEMPERATURE (F)
 YESTERDAY
  MAXIMUM        102R   334 PM 100    2003  88     14
  MINIMUM         66    257 AM  48    1928  61      5
  AVERAGE         84                        75      9

PRECIPITATION (IN)
  YESTERDAY        0.00          1.17 1926   0.10  -0.10
  MONTH TO DATE    0.48                      2.08  -1.60
  SINCE JUN 1      2.37                      4.21  -1.84
  SINCE JAN 1      4.14                      8.68  -4.54

SNOWFALL (IN)
  YESTERDAY        0.0
  MONTH TO DATE    0.0
  SINCE JUN 1      0.0
  SINCE JUL 1      0.0

DEGREE DAYS
 HEATING
  YESTERDAY        0                         0      0
  MONTH TO DATE    0                         0      0
  SINCE JUN 1     14                        23     -9
  SINCE JUL 1      0                         0      0

 COOLING
  YESTERDAY       19                        10      9
  MONTH TO DATE  297                       246     51
  SINCE JUN 1    542                       429    113
  SINCE JAN 1    637                       480    157
...............................................................


WIND (MPH)
  HIGHEST WIND SPEED    24   HIGHEST WIND DIRECTION     S (200)
  HIGHEST GUST SPEED    33   HIGHEST GUST DIRECTION     S (190)
  AVERAGE WIND SPEED    11.1


SKY COVER
  AVERAGE SKY COVER 0.0


WEATHER CONDITIONS
 THE FOLLOWING WEATHER WAS RECORDED YESTERDAY.
  NO SIGNIFICANT WEATHER WAS OBSERVED.


RELATIVE HUMIDITY (PERCENT)
 HIGHEST    48           300 AM
 LOWEST     11           400 PM
 AVERAGE    30

..........................................................


THE CLAYTON  NM CLIMATE NORMALS FOR TODAY
                         NORMAL    RECORD    YEAR
 MAXIMUM TEMPERATURE (F)   88        99      1940
 MINIMUM TEMPERATURE (F)   61        51      1938
                                             1926
                                             1913


SUNRISE AND SUNSET
JULY 26 2014..........SUNRISE   554 AM MDT   SUNSET   803 PM MDT
JULY 27 2014..........SUNRISE   555 AM MDT   SUNSET   803 PM MDT


-  INDICATES NEGATIVE NUMBERS.
R  INDICATES RECORD WAS SET OR TIED.
MM INDICATES DATA IS MISSING.
T  INDICATES TRACE AMOUNT.

$$
