000
CDUS45 KABQ 220838
CLICAO


CLIMATE REPORT
NATIONAL WEATHER SERVICE ALBUQUERQUE NM
237 AM MDT MON SEP 22 2014


...................................

...THE CLAYTON  NM CLIMATE SUMMARY FOR SEPTEMBER 21 2014...

CLIMATE NORMAL PERIOD 1981 TO 2010
CLIMATE RECORD PERIOD 1896 TO 2014


WEATHER ITEM   OBSERVED TIME   RECORD YEAR NORMAL DEPARTURE
                VALUE   (LST)  VALUE       VALUE  FROM
                                                  NORMAL
...............................................................
TEMPERATURE (F)
 YESTERDAY
  MAXIMUM         76    342 PM  92    2010  77     -1
                                      1926
  MINIMUM         60   1157 PM  29    1983  50     10
  AVERAGE         68                        64      4

PRECIPITATION (IN)
  YESTERDAY        0.00          1.71 1941   0.05  -0.05
  MONTH TO DATE    2.68                      1.24   1.44
  SINCE SEP 1      2.68                      1.24   1.44
  SINCE JAN 1     11.21                     13.44  -2.23

SNOWFALL (IN)
  YESTERDAY        0.0
  MONTH TO DATE    0.0
  SINCE SEP 1      0.0
  SINCE JUL 1      0.0

DEGREE DAYS
 HEATING
  YESTERDAY        0                         4     -4
  MONTH TO DATE   43                        35      8
  SINCE SEP 1     43                        35      8
  SINCE JUL 1     43                        41      2

 COOLING
  YESTERDAY        3                         2      1
  MONTH TO DATE   88                        89     -1
  SINCE SEP 1     88                        89     -1
  SINCE JAN 1   1092                       886    206
...............................................................


WIND (MPH)
  HIGHEST WIND SPEED    21   HIGHEST WIND DIRECTION     E (70)
  HIGHEST GUST SPEED    26   HIGHEST GUST DIRECTION     E (70)
  AVERAGE WIND SPEED    11.8


SKY COVER
  AVERAGE SKY COVER 0.6


WEATHER CONDITIONS
 THE FOLLOWING WEATHER WAS RECORDED YESTERDAY.
  NO SIGNIFICANT WEATHER WAS OBSERVED.


RELATIVE HUMIDITY (PERCENT)
 HIGHEST    93           400 AM
 LOWEST     43           300 PM
 AVERAGE    68

..........................................................


THE CLAYTON  NM CLIMATE NORMALS FOR TODAY
                         NORMAL    RECORD    YEAR
 MAXIMUM TEMPERATURE (F)   77        94      1898
 MINIMUM TEMPERATURE (F)   50        34      1970


SUNRISE AND SUNSET
SEPTEMBER 22 2014.....SUNRISE   640 AM MDT   SUNSET   649 PM MDT
SEPTEMBER 23 2014.....SUNRISE   641 AM MDT   SUNSET   648 PM MDT


-  INDICATES NEGATIVE NUMBERS.
R  INDICATES RECORD WAS SET OR TIED.
MM INDICATES DATA IS MISSING.
T  INDICATES TRACE AMOUNT.




$$
