000
CDUS41 KCAR 230530
CLICAR

CLIMATE REPORT
NATIONAL WEATHER SERVICE CARIBOU, ME
127 AM EDT WED JUL 23 2014


...................................

...THE CARIBOU ME CLIMATE SUMMARY FOR JULY 22 2014...

CLIMATE NORMAL PERIOD 1981 TO 2010
CLIMATE RECORD PERIOD 1939 TO 2014


WEATHER ITEM   OBSERVED TIME   RECORD YEAR NORMAL DEPARTURE LAST
                VALUE   (LST)  VALUE       VALUE  FROM      YEAR
                                                  NORMAL
..................................................................
TEMPERATURE (F)
 YESTERDAY
  MAXIMUM         86    307 PM  89    1979  76     10       76
  MINIMUM         59    357 AM  41    1992  56      3       45
  AVERAGE         73                        66      7       61

PRECIPITATION (IN)
  YESTERDAY        0.00          2.42 1982   0.13  -0.13     0.00
  MONTH TO DATE    4.70                      2.95   1.75     5.07
  SINCE JUN 1      7.31                      6.43   0.88    11.13
  SINCE JAN 1     24.51                     19.85   4.66    25.15

SNOWFALL (IN)
  YESTERDAY        0.0           0.0  2002   0.0    0.0      0.0
                                      2001
  MONTH TO DATE    0.0                       0.0    0.0      0.0
  SINCE JUN 1      0.0                       0.0    0.0      0.0
  SINCE JUL 1      0.0                       0.0    0.0      0.0
  SNOW DEPTH       0

DEGREE DAYS
 HEATING
  YESTERDAY        0                         2     -2        4
  MONTH TO DATE   17                        46    -29       12
  SINCE JUN 1    106                       211   -105      190
  SINCE JUL 1     17                        46    -29       12

 COOLING
  YESTERDAY        8                         3      5        0
  MONTH TO DATE  109                        52     57      118
  SINCE JUN 1    145                        86     59      141
  SINCE JAN 1    148                        91     57      149
..................................................................


WIND (MPH)
  HIGHEST WIND SPEED    16   HIGHEST WIND DIRECTION    SW (230)
  HIGHEST GUST SPEED    21   HIGHEST GUST DIRECTION    SW (220)
  AVERAGE WIND SPEED     6.8


SKY COVER
  POSSIBLE SUNSHINE  MM
  AVERAGE SKY COVER 0.1


WEATHER CONDITIONS
 THE FOLLOWING WEATHER WAS RECORDED YESTERDAY.
  HAZE


RELATIVE HUMIDITY (PERCENT)
 HIGHEST    90           300 AM
 LOWEST     47          1100 AM
 AVERAGE    69

..........................................................


THE CARIBOU ME CLIMATE NORMALS FOR TODAY
                         NORMAL    RECORD    YEAR
 MAXIMUM TEMPERATURE (F)   76        95      1952
 MINIMUM TEMPERATURE (F)   56        42      1997


SUNRISE AND SUNSET
JULY 23 2014..........SUNRISE   501 AM EDT   SUNSET   815 PM EDT
JULY 24 2014..........SUNRISE   502 AM EDT   SUNSET   814 PM EDT


-  INDICATES NEGATIVE NUMBERS.
R  INDICATES RECORD WAS SET OR TIED.
MM INDICATES DATA IS MISSING.
T  INDICATES TRACE AMOUNT.

THE CARIBOU ME 4 INCH SOIL TEMPERATURE FOR JULY 22 2014

MAXIMUM SOIL TEMPERATURE (F)...79
MINIMUM SOIL TEMPERATURE (F)...71


$$
