000
CDUS41 KCAR 170530
CLICAR


CLIMATE REPORT
NATIONAL WEATHER SERVICE CARIBOU, ME
1230 AM EST SUN DEC 17 2017


...................................

...THE CARIBOU ME CLIMATE SUMMARY FOR DECEMBER 16 2017...

CLIMATE NORMAL PERIOD 1981 TO 2010
CLIMATE RECORD PERIOD 1939 TO 2017


WEATHER ITEM   OBSERVED TIME   RECORD YEAR NORMAL DEPARTURE LAST
                VALUE   (LST)  VALUE       VALUE  FROM      YEAR
                                                  NORMAL
..................................................................
TEMPERATURE (F)
 YESTERDAY
  MAXIMUM         14    303 PM  49    1982  26    -12        1
  MINIMUM          3   1159 PM -21    1943  10     -7      -13
  AVERAGE          9                        18     -9       -6

PRECIPITATION (IN)
  YESTERDAY        0.01          1.03 1982   0.10  -0.09     0.00
                                      1960
  MONTH TO DATE    2.60                      1.82   0.78     1.69
  SINCE DEC 1      2.60                      1.82   0.78     1.69
  SINCE JAN 1     41.49                     37.04   4.45    41.45

SNOWFALL (IN)
  YESTERDAY        0.2          14.7  1972   0.8   -0.6      0.0
  MONTH TO DATE   17.4                      11.1    6.3     19.0
  SINCE DEC 1     17.4                      11.1    6.3     19.0
  SINCE JUL 1     21.3                      23.3   -2.0     39.2
  SNOW DEPTH       9

DEGREE DAYS
 HEATING
  YESTERDAY       56                        47      9       71
  MONTH TO DATE  683                       699    -16      792
  SINCE DEC 1    683                       699    -16      792
  SINCE JUL 1   2387                      2844   -457     2479

 COOLING
  YESTERDAY        0                         0      0        0
  MONTH TO DATE    0                         0      0        0
  SINCE DEC 1      0                         0      0        0
  SINCE JAN 1    222                       180     42      275
..................................................................


WIND (MPH)
  HIGHEST WIND SPEED    17   HIGHEST WIND DIRECTION    NW (320)
  HIGHEST GUST SPEED    24   HIGHEST GUST DIRECTION    NW (310)
  AVERAGE WIND SPEED     7.8


SKY COVER
  POSSIBLE SUNSHINE  MM
  AVERAGE SKY COVER 0.4


WEATHER CONDITIONS
 THE FOLLOWING WEATHER WAS RECORDED YESTERDAY.
  LIGHT SNOW
  FOG
  HAZE


RELATIVE HUMIDITY (PERCENT)
 HIGHEST    83           700 AM
 LOWEST     55           300 PM
 AVERAGE    69

..........................................................


THE CARIBOU ME CLIMATE NORMALS FOR TODAY
                         NORMAL    RECORD    YEAR
 MAXIMUM TEMPERATURE (F)   26        53      2000
 MINIMUM TEMPERATURE (F)   10       -21      1951
                                             1942


SUNRISE AND SUNSET
DECEMBER 17 2017......SUNRISE   712 AM EST   SUNSET   344 PM EST
DECEMBER 18 2017......SUNRISE   713 AM EST   SUNSET   345 PM EST


-  INDICATES NEGATIVE NUMBERS.
R  INDICATES RECORD WAS SET OR TIED.
MM INDICATES DATA IS MISSING.
T  INDICATES TRACE AMOUNT.




$$
