000
CDUS41 KCAR 260528
CLICAR

CLIMATE REPORT
NATIONAL WEATHER SERVICE CARIBOU, ME
127 AM EDT TUE MAY 26 2015


...................................

...THE CARIBOU ME CLIMATE SUMMARY FOR MAY 25 2015...

CLIMATE NORMAL PERIOD 1981 TO 2010
CLIMATE RECORD PERIOD 1939 TO 2015


WEATHER ITEM   OBSERVED TIME   RECORD YEAR NORMAL DEPARTURE LAST
                VALUE   (LST)  VALUE       VALUE  FROM      YEAR
                                                  NORMAL
..................................................................
TEMPERATURE (F)
 YESTERDAY
  MAXIMUM         80    218 PM  91    2007  66     14       62
  MINIMUM         48    318 AM  27    1956  43      5       45
  AVERAGE         64                        54     10       54

PRECIPITATION (IN)
  YESTERDAY        T             1.27 2013   0.12  -0.12     0.00
  MONTH TO DATE    1.38                      2.65  -1.27     2.57
  SINCE MAR 1      5.38                      7.82  -2.44    10.38
  SINCE JAN 1      9.48                     12.74  -3.26    16.60

SNOWFALL (IN)
  YESTERDAY        0.0           0.2  1974   0.0    0.0      0.0
  MONTH TO DATE    0.3                       0.5   -0.2      0.0
  SINCE MAR 1     33.8                      26.2    7.6     51.3
  SINCE JUL 1    142.1                     108.7   33.4    150.7
  SNOW DEPTH       0

DEGREE DAYS
 HEATING
  YESTERDAY        1                        11    -10       11
  MONTH TO DATE  292                       365    -73      333
  SINCE MAR 1   2539                      2410    129     2701
  SINCE JUL 1   9280                      9131    149     9355

 COOLING
  YESTERDAY        0                         0      0        0
  MONTH TO DATE    0                         0      0        3
  SINCE MAR 1      0                         0      0        3
  SINCE JAN 1      0                         0      0        3
..................................................................


WIND (MPH)
  HIGHEST WIND SPEED    22   HIGHEST WIND DIRECTION     W (250)
  HIGHEST GUST SPEED    31   HIGHEST GUST DIRECTION     W (250)
  AVERAGE WIND SPEED     8.8


SKY COVER
  POSSIBLE SUNSHINE  MM
  AVERAGE SKY COVER 0.3


WEATHER CONDITIONS
 THE FOLLOWING WEATHER WAS RECORDED YESTERDAY.
  LIGHT RAIN


RELATIVE HUMIDITY (PERCENT)
 HIGHEST    80           300 AM
 LOWEST     30           100 PM
 AVERAGE    55

..........................................................


THE CARIBOU ME CLIMATE NORMALS FOR TODAY
                         NORMAL    RECORD    YEAR
 MAXIMUM TEMPERATURE (F)   66        88      1950
 MINIMUM TEMPERATURE (F)   44        32      1972
                                             1969
                                             1956


SUNRISE AND SUNSET
MAY 26 2015...........SUNRISE   446 AM EDT   SUNSET   813 PM EDT
MAY 27 2015...........SUNRISE   445 AM EDT   SUNSET   814 PM EDT


-  INDICATES NEGATIVE NUMBERS.
R  INDICATES RECORD WAS SET OR TIED.
MM INDICATES DATA IS MISSING.
T  INDICATES TRACE AMOUNT.

.......................................................
THE CARIBOU ME 4 INCH SOIL TEMPERATURES FOR MAY 25 2015

MAXIMUM SOIL TEMPERATURE (F): 59
MINIMUM SOIL TEMPERATURE (F): 53

$$
