000
CDUS41 KCAR 260526
CLICAR


CLIMATE REPORT
NATIONAL WEATHER SERVICE CARIBOU, ME
126 AM EDT MON SEP 26 2016


...................................

...THE CARIBOU ME CLIMATE SUMMARY FOR SEPTEMBER 25 2016...

CLIMATE NORMAL PERIOD 1981 TO 2010
CLIMATE RECORD PERIOD 1939 TO 2016


WEATHER ITEM   OBSERVED TIME   RECORD YEAR NORMAL DEPARTURE LAST
                VALUE   (LST)  VALUE       VALUE  FROM      YEAR
                                                  NORMAL
..................................................................
TEMPERATURE (F)
 YESTERDAY
  MAXIMUM         55    154 PM  83    2007  61     -6       60
  MINIMUM         39   1058 PM  24    1939  41     -2       35
  AVERAGE         47                        51     -4       48

PRECIPITATION (IN)
  YESTERDAY        T             1.97 1970   0.11  -0.11     0.00
  MONTH TO DATE    2.47                      2.75  -0.28     2.12
  SINCE SEP 1      2.47                      2.75  -0.28     2.12
  SINCE JAN 1     33.58                     27.49   6.09    24.59

SNOWFALL (IN)
  YESTERDAY        0.0           0.0  2002   0.1   -0.1      0.0
                                      2001
  MONTH TO DATE    0.0                       0.1   -0.1      0.0
  SINCE SEP 1      0.0                       0.1   -0.1      0.0
  SINCE JUL 1      0.0                       0.1   -0.1      0.0
  SNOW DEPTH       0

DEGREE DAYS
 HEATING
  YESTERDAY       18                        14      4       17
  MONTH TO DATE  124                       237   -113       99
  SINCE SEP 1    124                       237   -113       99
  SINCE JUL 1    204                       391   -187      176

 COOLING
  YESTERDAY        0                         0      0        0
  MONTH TO DATE   22                        10     12       50
  SINCE SEP 1     22                        10     12       50
  SINCE JAN 1    275                       179     96      253
..................................................................


WIND (MPH)
  HIGHEST WIND SPEED    21   HIGHEST WIND DIRECTION    NW (330)
  HIGHEST GUST SPEED    30   HIGHEST GUST DIRECTION    NW (330)
  AVERAGE WIND SPEED     8.8


SKY COVER
  POSSIBLE SUNSHINE  MM
  AVERAGE SKY COVER 0.3


WEATHER CONDITIONS
 THE FOLLOWING WEATHER WAS RECORDED YESTERDAY.
  LIGHT RAIN


RELATIVE HUMIDITY (PERCENT)
 HIGHEST    86           900 PM
 LOWEST     50           400 PM
 AVERAGE    68

..........................................................


THE CARIBOU ME CLIMATE NORMALS FOR TODAY
                         NORMAL    RECORD    YEAR
 MAXIMUM TEMPERATURE (F)   61        81      2007
 MINIMUM TEMPERATURE (F)   41        26      2009


SUNRISE AND SUNSET
SEPTEMBER 26 2016.....SUNRISE   625 AM EDT   SUNSET   621 PM EDT
SEPTEMBER 27 2016.....SUNRISE   626 AM EDT   SUNSET   619 PM EDT


-  INDICATES NEGATIVE NUMBERS.
R  INDICATES RECORD WAS SET OR TIED.
MM INDICATES DATA IS MISSING.
T  INDICATES TRACE AMOUNT.




$$
