000
CDUS41 KCAR 290540
CLICAR


CLIMATE REPORT
NATIONAL WEATHER SERVICE CARIBOU, ME
134 AM EDT MON AUG 29 2016


...................................

...THE CARIBOU ME CLIMATE SUMMARY FOR AUGUST 28 2016...

CLIMATE NORMAL PERIOD 1981 TO 2010
CLIMATE RECORD PERIOD 1939 TO 2016


WEATHER ITEM   OBSERVED TIME   RECORD YEAR NORMAL DEPARTURE LAST
                VALUE   (LST)  VALUE       VALUE  FROM      YEAR
                                                  NORMAL
..................................................................
TEMPERATURE (F)
 YESTERDAY
  MAXIMUM         71   1241 PM  92    1952  72     -1       75
  MINIMUM         53    233 AM  35    1987  50      3       52
                                      1940
  AVERAGE         62                        61      1       64

PRECIPITATION (IN)
  YESTERDAY        0.40          1.52 2011   0.12   0.28     0.00
  MONTH TO DATE    5.81                      3.42   2.39     4.14
  SINCE JUN 1     15.10                     10.98   4.12    11.58
  SINCE JAN 1     31.03                     24.40   6.63    22.43

SNOWFALL (IN)
  YESTERDAY        0.0           0.0  2002   0.0    0.0      0.0
                                      2001
  MONTH TO DATE    0.0                       0.0    0.0      0.0
  SINCE JUN 1      0.0                       0.0    0.0      0.0
  SINCE JUL 1      0.0                       0.0    0.0      0.0
  SNOW DEPTH       0

DEGREE DAYS
 HEATING
  YESTERDAY        3                         5     -2        1
  MONTH TO DATE   30                        80    -50       11
  SINCE JUN 1    222                       303    -81      288
  SINCE JUL 1     78                       138    -60       76

 COOLING
  YESTERDAY        0                         1     -1        0
  MONTH TO DATE   87                        48     39      112
  SINCE JUN 1    241                       159     82      174
  SINCE JAN 1    249                       164     85      195
..................................................................


WIND (MPH)
  HIGHEST WIND SPEED    14   HIGHEST WIND DIRECTION     S (200)
  HIGHEST GUST SPEED    22   HIGHEST GUST DIRECTION     S (200)
  AVERAGE WIND SPEED     5.0


SKY COVER
  POSSIBLE SUNSHINE  MM
  AVERAGE SKY COVER 0.7


WEATHER CONDITIONS
 THE FOLLOWING WEATHER WAS RECORDED YESTERDAY.
  HEAVY RAIN
  LIGHT RAIN
  FOG


RELATIVE HUMIDITY (PERCENT)
 HIGHEST    89           200 AM
 LOWEST     66          1100 AM
 AVERAGE    78

..........................................................


THE CARIBOU ME CLIMATE NORMALS FOR TODAY
                         NORMAL    RECORD    YEAR
 MAXIMUM TEMPERATURE (F)   72        92      2010
                                             1977
 MINIMUM TEMPERATURE (F)   50        35      1986


SUNRISE AND SUNSET
AUGUST 29 2016........SUNRISE   548 AM EDT   SUNSET   716 PM EDT
AUGUST 30 2016........SUNRISE   550 AM EDT   SUNSET   714 PM EDT


-  INDICATES NEGATIVE NUMBERS.
R  INDICATES RECORD WAS SET OR TIED.
MM INDICATES DATA IS MISSING.
T  INDICATES TRACE AMOUNT.


...................................................................................

THE CARIBOU ME 4-INCH UNDER SOD SOIL TEMPERATURE AUG 28 2016:

MAXIMUM TEMPERATURE: 75 F
MINIMUM TEMPERATURE: 67 F

$$

HEWITT
