000
CDAK48 PAFC 232235
CLICDB


CLIMATE REPORT
NATIONAL WEATHER SERVICE ANCHORAGE, AK
135 PM AKST MON JAN 23 2017


...................................

...THE COLD BAY CLIMATE SUMMARY FOR JANUARY 23 2017...
VALID TODAY AS OF 0100 PM LOCAL TIME.

CLIMATE NORMAL PERIOD 1981 TO 2010
CLIMATE RECORD PERIOD 1942 TO 2017


WEATHER ITEM   OBSERVED TIME   RECORD YEAR NORMAL DEPARTURE LAST
                VALUE   (LST)  VALUE       VALUE  FROM      YEAR
                                                  NORMAL
..................................................................
TEMPERATURE (F)
 TODAY
  MAXIMUM         38        MM  45    1963  33      5       36
  MINIMUM         33    100 AM  -1    1956  23     10       25
  AVERAGE         36                        28      8       31

PRECIPITATION (IN)
  TODAY            0.50          1.85 1963   0.10   0.40      T
  MONTH TO DATE    3.09                      2.36   0.73     3.29
  SINCE DEC 1      8.76                      6.82   1.94    10.55
  SINCE JAN 1      3.09                      2.36   0.73     3.29

SNOWFALL (IN)
  TODAY           MM             2.2  1965   0.5   MM        0.0
  MONTH TO DATE    6.5                      10.6   -4.1      7.2
  SINCE DEC 1     21.5                      23.2   -1.7     31.2
  SINCE JUL 1     23.3                      35.8  -12.5     36.5
  SNOW DEPTH       0

DEGREE DAYS
 HEATING
  TODAY           29                        37     -8       34
  MONTH TO DATE  906                       843     63      747
  SINCE DEC 1   1886                      1894     -8     1653
  SINCE JUL 1   4236                      4914   -678     4146

 COOLING
  TODAY            0                         0      0        0
  MONTH TO DATE    0                         0      0        0
  SINCE DEC 1      0                         0      0        0
  SINCE JAN 1      0                         0      0        0
..................................................................


WIND (MPH)
  RESULTANT WIND SPEED  19   RESULTANT WIND DIRECTION  SE (130)
  HIGHEST WIND SPEED    27   HIGHEST WIND DIRECTION     E (100)
  HIGHEST GUST SPEED    43   HIGHEST GUST DIRECTION     E (90)
  AVERAGE WIND SPEED    19.6



WEATHER CONDITIONS
 THE FOLLOWING WEATHER WAS RECORDED TODAY.
  HEAVY RAIN
  RAIN
  LIGHT RAIN
  SNOW
  LIGHT SNOW
  FOG
  BLOWING SNOW


RELATIVE HUMIDITY (PERCENT)
 HIGHEST   100
 LOWEST     92
 AVERAGE    96

..........................................................


THE COLD BAY CLIMATE NORMALS FOR TOMORROW
                         NORMAL    RECORD    YEAR
 MAXIMUM TEMPERATURE (F)   33        46      2008
 MINIMUM TEMPERATURE (F)   23        -5      1956


SUNRISE AND SUNSET
JANUARY 23 2017.......SUNRISE   957 AM AKST  SUNSET   610 PM AKST
JANUARY 24 2017.......SUNRISE   955 AM AKST  SUNSET   612 PM AKST


-  INDICATES NEGATIVE NUMBERS.
R  INDICATES RECORD WAS SET OR TIED.
MM INDICATES DATA IS MISSING.
T  INDICATES TRACE AMOUNT.




$$
