000
CDAK48 PACD 201203
CLICDB

CLIMATE REPORT
NATIONAL WEATHER SERVICE COLD BAY, AK
403 AM AKDT SAT SEP 20 2014

...................................
...THE COLD BAY AP CLIMATE SUMMARY FOR SEPTEMBER 19 2014...

CLIMATE NORMAL PERIOD  1981 TO  2010
CLIMATE RECORD PERIOD  1942 TO  2014

WEATHER ITEM   OBSERVED TIME    RECORD YEAR NORMAL DEPARTURE LAST
               VALUE    (LST)   VALUE       VALUE  FROM      YEAR
                                                   NORMAL
...................................................................
TEMPERATURE
YESTERDAY
 MAXIMUM            53  0354 PM    58  2007     52       1     54
 MINIMUM            46  1159 PM    35  2000     43       3     48
 AVERAGE            50                          47       3     51

PRECIPITATION
(INCHES)
 YESTERDAY        0.13           0.85  1951   0.16   -0.03   0.08
 MONTH TO DATE    4.89                        2.93    1.96   2.72
 SINCE SEP 1      4.89                        2.93    1.96   2.72
 SINCE JAN 1     23.30                       25.67   -2.37  29.64

SNOWFALL
(INCHES)
 YESTERDAY         0.0              T  2003    0.0     0.0    0.0
 MONTH TO DATE     0.0                         0.0     0.0    0.0
 SINCE SEP 1       0.0                         0.0     0.0    0.0
 SINCE JUL 1       0.0                         0.0     0.0    0.0
 SNOW DEPTH (IN)     0                                          0

DEGREE DAYS
 HEATING
  YESTERDAY         15                          18      -3     14
  MONTH TO DATE    226                         297     -71    271
  SINCE SEP 1      226                         297     -71    271
  SINCE JUL 1      768                        1141    -373    942

 COOLING
  YESTERDAY          0                           0       0      0
  MONTH TO DATE      0                           0       0      0
  SINCE SEP 1        0                           0       0      0
  SINCE JAN 1        0                           0       0      0
...................................................................

WIND (MPH)
 HIGHEST WIND SPEED    30     HIGHEST WIND DIRECTION    330
 HIGHEST GUST SPEED    37     HIGHEST GUST DIRECTION    330
 AVERAGE WIND SPEED  18.4


WEATHER CONDITIONS
 THE FOLLOWING WEATHER WAS RECORDED YESTERDAY.
  FOG
  RAIN

...................................................................

THE COLD BAY CLIMATE NORMALS FOR TODAY
                           NORMAL    RECORD   YEAR
 MAXIMUM TEMPERATURE (F)     52        60     2013
 MINIMUM TEMPERATURE (F)     42        30     1992

SUNRISE AND SUNSET
 SEP 20 2014..........SUNRISE  8:34 AM      SUNSET  8:55 PM
 SEP 21 2014..........SUNRISE  8:35 AM      SUNSET  8:52 PM

-  INDICATES NEGATIVE NUMBERS.
R  INDICATES RECORD HAS BEEN SET OR TIED.
MM INDICATES DATA IS MISSING.
T  INDICATES TRACE OF PRECIPITATION.

&&
-------------------------------------------------------------------

AMOUNT OF DAYLIGHT TODAY  (HOUR:MIN)........12 HOURS 21 MINUTES
LOSS SINCE YESTERDAY (HOUR:MIN:SEC).........-0:04:28

$$

RCS SEP 14
