000
CDAK48 PACD 252311
CLICDB

CLIMATE REPORT
NATIONAL WEATHER SERVICE COLD BAY, AK
211 PM AKST SUN JAN 25 2015

...................................
...THE COLD BAY AP CLIMATE SUMMARY FOR JANUARY 25 2015...
VALID TODAY AS OF 2:00 PM LOCAL TIME

CLIMATE NORMAL PERIOD  1981 TO  2010
CLIMATE RECORD PERIOD  1942 TO  2015

WEATHER ITEM   OBSERVED TIME    RECORD YEAR NORMAL DEPARTURE LAST
               VALUE    (LST)   VALUE       VALUE  FROM      YEAR
                                                   NORMAL
...................................................................
TEMPERATURE
TODAY
 MAXIMUM            29  0159 PM    48  1963     33      -4     45
 MINIMUM            23  0645 AM    -5  1956     23       0     34
 AVERAGE            26                          28      -2     40

PRECIPITATION
(INCHES)
 TODAY               T           1.17  1975   0.10   -0.10   0.52
 MONTH TO DATE    1.24                        2.56   -1.32   3.24
 SINCE DEC 1      4.16                        7.02   -2.86   7.55
 SINCE JAN 1      1.24                        2.56   -1.32   3.24

SNOWFALL
(INCHES)
 TODAY               T            2.8  1966    0.5    -0.5    1.1
 MONTH TO DATE     1.2                        11.5   -10.3    3.6
 SINCE DEC 1       3.5                        24.1   -20.6   10.9
 SINCE JUL 1       7.4                        36.7   -29.3   14.5
 SNOW DEPTH (IN)     T                                          T

DEGREE DAYS
 HEATING
  TODAY             39                          37       2     25
  MONTH TO DATE    853                         917     -64    696
  SINCE DEC 1     1819                        1968    -149   1526
  SINCE JUL 1     4331                        4994    -663   4042

 COOLING
  TODAY              0                           0       0      0
  MONTH TO DATE      0                           0       0      0
  SINCE DEC 1        0                           0       0      0
  SINCE JAN 1        0                           0       0      0
...................................................................

WIND (MPH)
 HIGHEST WIND SPEED    16     HIGHEST WIND DIRECTION    130
 HIGHEST GUST SPEED    20     HIGHEST GUST DIRECTION    130
 AVERAGE WIND SPEED    MM


WEATHER CONDITIONS
 THE FOLLOWING WEATHER WAS RECORDED TODAY.
  FOG
  SNOW

...................................................................

THE COLD BAY CLIMATE NORMALS FOR TOMORROW
                        NORMAL    RECORD   YEAR
 MAXIMUM TEMPERATURE      33        46     1963
 MINIMUM TEMPERATURE      23         0     2006

SUNRISE AND SUNSET
 JAN 25 2015..........SUNRISE  9:55 AM      SUNSET  6:13 PM
 JAN 26 2015..........SUNRISE  9:53 AM      SUNSET  6:15 PM

-  INDICATES NEGATIVE NUMBERS.
R  INDICATES RECORD HAS BEEN SET OR TIED.
MM INDICATES DATA IS MISSING.
T  INDICATES TRACE OF PRECIPITATION.

&&
-------------------------------------------------------------------

AMOUNT OF DAYLIGHT TODAY  (HOUR:MIN)........8 HOURS 18 MINUTES
GAIN SINCE YESTERDAY (HOUR:MIN:SEC).........+0:03:33

$$

RCS JAN 15
