000
CDAK48 PACD 010015
CLICDB

CLIMATE REPORT
NATIONAL WEATHER SERVICE COLD BAY, AK
415 PM AKDT FRI JUL 31 2015

...................................
...THE COLD BAY AP CLIMATE SUMMARY FOR JULY 31 2015...
VALID TODAY AS OF 2:00 PM LOCAL TIME

CLIMATE NORMAL PERIOD  1981 TO  2010
CLIMATE RECORD PERIOD  1942 TO  2015

WEATHER ITEM   OBSERVED TIME    RECORD YEAR NORMAL DEPARTURE LAST
               VALUE    (LST)   VALUE       VALUE  FROM      YEAR
                                                   NORMAL
...................................................................
TEMPERATURE
TODAY
 MAXIMUM            65  0134 PM    76  1961     57       8     73
 MINIMUM            43  0705 AM    36  1982     48      -5     48
 AVERAGE            54                          52       2     61

PRECIPITATION
(INCHES)
 TODAY               T           0.65  1960   0.09   -0.09   0.00
 MONTH TO DATE    2.47                        2.48   -0.01   2.13
 SINCE JUN 1      3.58                        5.20   -1.62   3.18
 SINCE JAN 1     16.43                       19.06   -2.63  15.16

SNOWFALL
(INCHES)
 TODAY             0.0            0.0  2015    0.0     0.0    0.0
 MONTH TO DATE     0.0                         0.0     0.0    0.0
 SINCE JUN 1       0.0                         0.0     0.0    0.0
 SINCE JUL 1       0.0                         0.0     0.0    0.0
 SNOW DEPTH (IN)     0                                          0

DEGREE DAYS
 HEATING
  TODAY             11                          13      -2      4
  MONTH TO DATE    400                         438     -38    279
  SINCE JUN 1      860                        1000    -140    724
  SINCE JUL 1      400                         438     -38    279

 COOLING
  TODAY              0                           0       0      0
  MONTH TO DATE      0                           0       0      0
  SINCE JUN 1        0                           0       0      0
  SINCE JAN 1        0                           0       0      0
...................................................................

WIND (MPH)
 HIGHEST WIND SPEED    18     HIGHEST WIND DIRECTION     10
 HIGHEST GUST SPEED    22     HIGHEST GUST DIRECTION     20
 AVERAGE WIND SPEED    MM

WEATHER CONDITIONS
 THE FOLLOWING WEATHER WAS RECORDED TODAY.
  FOG
  RAIN

...................................................................

THE COLD BAY CLIMATE NORMALS FOR TOMORROW
                        NORMAL    RECORD   YEAR
 MAXIMUM TEMPERATURE      57        75     1961
 MINIMUM TEMPERATURE      48        35     1999

SUNRISE AND SUNSET
 JUL 31 2015..........SUNRISE  6:57 AM      SUNSET 10:57 PM
 AUG 1 2015..........SUNRISE  6:59 AM      SUNSET 10:55 PM

-  INDICATES NEGATIVE NUMBERS.
R  INDICATES RECORD HAS BEEN SET OR TIED.
MM INDICATES DATA IS MISSING.
T  INDICATES TRACE OF PRECIPITATION.

&&
-------------------------------------------------------------------

AMOUNT OF DAYLIGHT TODAY  (HOUR:MIN)........16 HOURS 0 MINUTES
LOSS SINCE YESTERDAY (HOUR:MIN:SEC).........-0:03:40

$$
DK JUL 15
