000
CDAK48 PACD 222343
CLICDB

CLIMATE REPORT
NATIONAL WEATHER SERVICE COLD BAY, AK
343 PM AKDT FRI MAY 22 2015

...................................
...THE COLD BAY AP CLIMATE SUMMARY FOR MAY 22 2015...
VALID TODAY AS OF 2:00 PM LOCAL TIME

CLIMATE NORMAL PERIOD  1981 TO  2010
CLIMATE RECORD PERIOD  1942 TO  2015

WEATHER ITEM   OBSERVED TIME    RECORD YEAR NORMAL DEPARTURE LAST
               VALUE    (LST)   VALUE       VALUE  FROM      YEAR
                                                   NORMAL
...................................................................
TEMPERATURE
TODAY
 MAXIMUM            50  0239 PM    58  2003     47       3     51
 MINIMUM            42  0655 AM    18  1973     36       6     43
 AVERAGE            46                          42       4     47

PRECIPITATION
(INCHES)
 TODAY               T           0.61  2004   0.09   -0.09      T
 MONTH TO DATE    2.85                        1.76    1.09   0.13
 SINCE MAR 1      7.96                        6.88    1.08   3.39
 SINCE JAN 1     10.47                       13.02   -2.55  11.84

SNOWFALL
(INCHES)
 TODAY             0.0            1.4  1970    0.0     0.0    0.0
 MONTH TO DATE       T                         1.2    -1.2      T
 SINCE MAR 1      13.6                        20.8    -7.2    8.2
 SINCE JUL 1      22.3                        73.0   -50.7   37.3
 SNOW DEPTH (IN)     0                                          0

DEGREE DAYS
 HEATING
  TODAY             19                          24      -5     18
  MONTH TO DATE    495                         562     -67    455
  SINCE MAR 1     2343                        2571    -228   2192
  SINCE JUL 1     7716                        8795   -1079   7336

 COOLING
  TODAY              0                           0       0      0
  MONTH TO DATE      0                           0       0      0
  SINCE MAR 1        0                           0       0      0
  SINCE JAN 1        0                           0       0      0
...................................................................

WIND (MPH)
 HIGHEST WIND SPEED    25     HIGHEST WIND DIRECTION    170
 HIGHEST GUST SPEED    31     HIGHEST GUST DIRECTION    150
 AVERAGE WIND SPEED    MM

WEATHER CONDITIONS
 THE FOLLOWING WEATHER WAS RECORDED TODAY.
  FOG
  RAIN
...................................................................

THE COLD BAY CLIMATE NORMALS FOR TOMORROW
                        NORMAL    RECORD   YEAR
 MAXIMUM TEMPERATURE      47        59     1992
 MINIMUM TEMPERATURE      36        27     1966

SUNRISE AND SUNSET
 MAY 22 2015..........SUNRISE  6:31 AM      SUNSET 11:06 PM
 MAY 23 2015..........SUNRISE  6:30 AM      SUNSET 11:08 PM

-  INDICATES NEGATIVE NUMBERS.
R  INDICATES RECORD HAS BEEN SET OR TIED.
MM INDICATES DATA IS MISSING.
T  INDICATES TRACE OF PRECIPITATION.

&&
-------------------------------------------------------------------

AMOUNT OF DAYLIGHT TODAY  (HOUR:MIN)........16 HOURS 35 MINUTES
GAIN SINCE YESTERDAY  (HOUR:MIN:SEC)........+0:03:09

$$
DAB MAY 15
