000
CDAK48 PACD 260005
CLICDB

CLIMATE REPORT
NATIONAL WEATHER SERVICE COLD BAY, AK
405 PM AKDT SAT OCT 25 2014

...................................
...THE COLD BAY AP CLIMATE SUMMARY FOR OCTOBER 25 2014...
VALID TODAY AS OF 2:00 PM LOCAL TIME

CLIMATE NORMAL PERIOD  1981 TO  2010
CLIMATE RECORD PERIOD  1942 TO  2014

WEATHER ITEM   OBSERVED TIME    RECORD YEAR NORMAL DEPARTURE LAST
               VALUE    (LST)   VALUE       VALUE  FROM      YEAR
                                                   NORMAL
...................................................................
TEMPERATURE
TODAY
 MAXIMUM            47  0214 PM    59  2004     43       4     49
 MINIMUM            39  0609 AM    14  1966     33       6     42
 AVERAGE            43                          38       5     46

PRECIPITATION
(INCHES)
 TODAY               T           1.42  2004   0.14   -0.14   0.04
 MONTH TO DATE    1.24                        3.86   -2.62   4.52
 SINCE SEP 1      6.71                        8.59   -1.88   9.43
 SINCE JAN 1     25.12                       31.33   -6.21  36.35

SNOWFALL
(INCHES)
 TODAY             0.0            8.2  1998    0.1    -0.1    0.0
 MONTH TO DATE     2.4                         1.5     0.9    0.0
 SINCE SEP 1       2.4                         1.5     0.9    0.0
 SINCE JUL 1       2.4                         1.5     0.9    0.0
 SNOW DEPTH (IN)     0                                          0

DEGREE DAYS
 HEATING
  TODAY             22                          27      -5     19
  MONTH TO DATE    610                         597      13    456
  SINCE SEP 1     1030                        1104     -74    914
  SINCE JUL 1     1572                        1948    -376   1585

 COOLING
  TODAY              0                           0       0      0
  MONTH TO DATE      0                           0       0      0
  SINCE SEP 1        0                           0       0      0
  SINCE JAN 1        0                           0       0      0
...................................................................

WIND (MPH)
 HIGHEST WIND SPEED    17     HIGHEST WIND DIRECTION    280
 HIGHEST GUST SPEED    20     HIGHEST GUST DIRECTION    290
 AVERAGE WIND SPEED    MM


WEATHER CONDITIONS
 THE FOLLOWING WEATHER WAS RECORDED TODAY.
  RAIN

...................................................................

THE COLD BAY CLIMATE NORMALS FOR TOMORROW
                        NORMAL    RECORD   YEAR
 MAXIMUM TEMPERATURE      43        69     1964
 MINIMUM TEMPERATURE      33        14     1966

SUNRISE AND SUNSET
 OCT 25 2014..........SUNRISE  9:42 AM      SUNSET  7:28 PM
 OCT 26 2014..........SUNRISE  9:44 AM      SUNSET  7:26 PM

-  INDICATES NEGATIVE NUMBERS.
R  INDICATES RECORD HAS BEEN SET OR TIED.
MM INDICATES DATA IS MISSING.
T  INDICATES TRACE OF PRECIPITATION.

&&
-------------------------------------------------------------------

AMOUNT OF DAYLIGHT TODAY  (HOUR:MIN)........9 HOURS 46 MINUTES
LOSS SINCE YESTERDAY (HOUR:MIN:SEC).........-0:04:18

$$

RCS OCT 14
