000
CDAK48 PAFC 110051 RRA
CLICDB

CLIMATE REPORT
NATIONAL WEATHER SERVICE ANCHORAGE, AK
351 PM AKST SAT DEC 10 2016


...................................

...THE COLD BAY CLIMATE SUMMARY FOR DECEMBER 10 2016...
VALID TODAY AS OF 0300 PM LOCAL TIME.

CLIMATE NORMAL PERIOD 1981 TO 2010
CLIMATE RECORD PERIOD 1942 TO 2016


WEATHER ITEM   OBSERVED TIME   RECORD YEAR NORMAL DEPARTURE LAST
                VALUE   (LST)  VALUE       VALUE  FROM      YEAR
                                                  NORMAL
..................................................................
TEMPERATURE (F)
 TODAY
  MAXIMUM         32        MM  47    1994  36     -4       38
  MINIMUM         28        MM   6    1998  27      1       27
  AVERAGE         30                        32     -2       33

PRECIPITATION (IN)
  TODAY            T             1.34 2011   0.16  -0.16     0.14
  MONTH TO DATE    1.34                      1.62  -0.28     2.11
  SINCE DEC 1      1.34                      1.62  -0.28     2.11
  SINCE JAN 1     37.34                     38.83  -1.49    33.52

SNOWFALL (IN)
  TODAY            T             6.3  1988   0.4   -0.4      0.8
  MONTH TO DATE    9.6                       4.1    5.5      5.0
  SINCE DEC 1      9.6                       4.1    5.5      5.0
  SINCE JUL 1     11.4                      16.7   -5.3     10.3
  SNOW DEPTH       6

DEGREE DAYS
 HEATING
  TODAY           35                        33      2       32
  MONTH TO DATE  361                       327     34      297
  SINCE DEC 1    361                       327     34      297
  SINCE JUL 1   2711                      3347   -636     2790

 COOLING
  TODAY            0                         0      0        0
  MONTH TO DATE    0                         0      0        0
  SINCE DEC 1      0                         0      0        0
  SINCE JAN 1      0                         0      0        0
..................................................................


WIND (MPH)
  RESULTANT WIND SPEED  10   RESULTANT WIND DIRECTION   N (350)
  HIGHEST WIND SPEED    18   HIGHEST WIND DIRECTION     N (350)
  HIGHEST GUST SPEED    MM   HIGHEST GUST DIRECTION    MM
  AVERAGE WIND SPEED    12.5



WEATHER CONDITIONS
 THE FOLLOWING WEATHER WAS RECORDED TODAY.
  LIGHT SNOW
  FOG


RELATIVE HUMIDITY (PERCENT)
 HIGHEST   100
 LOWEST     85
 AVERAGE    93

..........................................................


THE COLD BAY CLIMATE NORMALS FOR TOMORROW
                         NORMAL    RECORD    YEAR
 MAXIMUM TEMPERATURE (F)   36        54      1990
 MINIMUM TEMPERATURE (F)   27         8      1976


SUNRISE AND SUNSET
DECEMBER 10 2016......SUNRISE  1007 AM AKST  SUNSET   521 PM AKST
DECEMBER 11 2016......SUNRISE  1008 AM AKST  SUNSET   521 PM AKST

CIVIL TWILIGHT
DECEMBER 10 2016        START    922 AM GMT     END    607 PM GMT
DECEMBER 11 2016        START    923 AM GMT     END    607 PM GMT



-  INDICATES NEGATIVE NUMBERS.
R  INDICATES RECORD WAS SET OR TIED.
MM INDICATES DATA IS MISSING.
T  INDICATES TRACE AMOUNT.




$$
&&
------------------------------------------------------
AMOUNT OF DAYLIGHT TODAY  (HOUR:MIN)........ 7:15
GAIN/LOSS SINCE YESTERDAY (HOUR:MIN:SEC)....-0:01:24
