000
CDAK48 PACD 231258
CLICDB

CLIMATE REPORT
NATIONAL WEATHER SERVICE COLD BAY, AK
459 AM AKDT WED APR 23 2014

...................................
...THE COLD BAY AP CLIMATE SUMMARY FOR APRIL 22 2014...

CLIMATE NORMAL PERIOD  1981 TO  2010
CLIMATE RECORD PERIOD  1955 TO  2014

WEATHER ITEM   OBSERVED TIME    RECORD YEAR NORMAL DEPARTURE LAST
               VALUE    (LST)   VALUE       VALUE  FROM      YEAR
                                                   NORMAL
...................................................................
TEMPERATURE
YESTERDAY
 MAXIMUM            49  0158 PM    49  2014     40       9     44
 MINIMUM            38  1151 PM    20  1971     30       8     32
 AVERAGE            44                          35       9     38

PRECIPITATION
(INCHES)
 YESTERDAY        0.06           1.53  2009   0.08   -0.02   0.00
 MONTH TO DATE    1.61                        1.79   -0.18   1.92
 SINCE MAR 1      3.00                        4.49   -1.49   4.60
 SINCE JAN 1     11.45                       10.63    0.82  10.51

SNOWFALL
(INCHES)
 YESTERDAY         0.0            4.4  1976    0.1    -0.1    0.0
 MONTH TO DATE     1.4                         5.5    -4.1    2.1
 SINCE MAR 1       8.2                        18.5   -10.3   12.4
 SINCE JUL 1      37.3                        70.7   -33.4   64.2
 SNOW DEPTH (IN)     0                                          0

DEGREE DAYS
 HEATING
  YESTERDAY         21                          30      -9     27
  MONTH TO DATE    585                         701    -116    714
  SINCE MAR 1     1549                        1780    -231   1768
  SINCE JUL 1     6693                        8004   -1311     MM

 COOLING
  YESTERDAY          0                           0       0      0
  MONTH TO DATE      0                           0       0      0
  SINCE MAR 1        0                           0       0      0
  SINCE JAN 1        0                           0       0      0
...................................................................

WIND (MPH)
 HIGHEST WIND SPEED    28     HIGHEST WIND DIRECTION    150
 HIGHEST GUST SPEED    32     HIGHEST GUST DIRECTION    140
 AVERAGE WIND SPEED  18.5

WEATHER CONDITIONS
 THE FOLLOWING WEATHER WAS RECORDED YESTERDAY.
 FOG
 RAIN
...................................................................

THE COLD BAY CLIMATE NORMALS FOR TODAY
                           NORMAL    RECORD   YEAR
 MAXIMUM TEMPERATURE (F)     41        54     2013
 MINIMUM TEMPERATURE (F)     31        15     1976

SUNRISE AND SUNSET
 APR 23 2014..........SUNRISE  7:28 AM      SUNSET 10:13 PM
 APR 24 2014..........SUNRISE  7:26 AM      SUNSET 10:15 PM

-  INDICATES NEGATIVE NUMBERS.
R  INDICATES RECORD HAS BEEN SET OR TIED.
MM INDICATES DATA IS MISSING.
T  INDICATES TRACE OF PRECIPITATION.

&&
-------------------------------------------------------------------

AMOUNT OF DAYLIGHT TODAY  (HOUR:MIN)........14 HOURS 45 MINUTES
GAIN SINCE YESTERDAY (HOUR:MIN:SEC)....+0:04:18

$$
STACY
