000
CDAK48 PACD 261205
CLICDB

CLIMATE REPORT
NATIONAL WEATHER SERVICE COLD BAY, AK
405 AM AKDT FRI AUG 26 2016

...................................
...THE COLD BAY AP CLIMATE SUMMARY FOR AUGUST 25 2016...

CLIMATE NORMAL PERIOD  1981 TO  2010
CLIMATE RECORD PERIOD  1942 TO  2016

WEATHER ITEM   OBSERVED TIME    RECORD YEAR NORMAL DEPARTURE LAST
               VALUE    (LST)   VALUE       VALUE  FROM      YEAR
                                                   NORMAL
...................................................................
TEMPERATURE
YESTERDAY
 MAXIMUM            65  0440 PM    68  1990     56       9     58
 MINIMUM            49  0520 AM    36  2002     47       2     47
 AVERAGE            57                          52       5     53

PRECIPITATION
(INCHES)
 YESTERDAY           T           0.57  1981   0.13   -0.13   0.00
 MONTH TO DATE    3.11                        2.87    0.24   1.16
 SINCE JUN 1      6.86                        8.07   -1.21   4.74
 SINCE JAN 1     19.28                       21.93   -2.65  17.59

SNOWFALL
(INCHES)
 YESTERDAY         0.0              T  1998    0.0     0.0    0.0
 MONTH TO DATE     0.0                         0.0     0.0    0.0
 SINCE JUN 1       0.0                         0.0     0.0    0.0
 SINCE JUL 1       0.0                         0.0     0.0    0.0
 SNOW DEPTH (IN)     0                                          0

DEGREE DAYS
 HEATING
  YESTERDAY          8                          13      -5     12
  MONTH TO DATE    218                         325    -107    305
  SINCE JUN 1      996                        1325    -329   1165
  SINCE JUL 1      529                         763    -234    705

 COOLING
  YESTERDAY          0                           0       0      0
  MONTH TO DATE      0                           0       0      0
  SINCE JUN 1        0                           0       0      0
  SINCE JAN 1        0                           0       0      0
...................................................................

WIND (MPH)
 HIGHEST WIND SPEED    15     HIGHEST WIND DIRECTION    150
 HIGHEST GUST SPEED    18     HIGHEST GUST DIRECTION    140
 AVERAGE WIND SPEED   4.6

WEATHER CONDITIONS
 THE FOLLOWING WEATHER WAS RECORDED YESTERDAY.
  FOG
  RAIN
...................................................................

THE COLD BAY CLIMATE NORMALS FOR TODAY
                           NORMAL    RECORD   YEAR
 MAXIMUM TEMPERATURE (F)     56        70     2015
 MINIMUM TEMPERATURE (F)     47        39     2002

SUNRISE AND SUNSET
 AUG 26 2016..........SUNRISE  7:47 AM      SUNSET  9:57 PM
 AUG 27 2016..........SUNRISE  7:49 AM      SUNSET  9:55 PM

-  INDICATES NEGATIVE NUMBERS.
R  INDICATES RECORD HAS BEEN SET OR TIED.
MM INDICATES DATA IS MISSING.
T  INDICATES TRACE OF PRECIPITATION.

&&
-------------------------------------------------------------------

AMOUNT OF DAYLIGHT TODAY  (HOUR:MIN)........14 HOURS 10 MINUTES
LOSS SINCE YESTERDAY  (HOUR:MIN:SEC)........-0:04:20

$$
DAB AUG 16
