000
CDAK48 PACD 281110
CLICDB

CLIMATE REPORT
NATIONAL WEATHER SERVICE COLD BAY, AK
211 AM AKST SUN DEC 28 2014

...................................
...THE COLD BAY AP CLIMATE SUMMARY FOR DECEMBER 27 2014...

CLIMATE NORMAL PERIOD  1981 TO  2010
CLIMATE RECORD PERIOD  1942 TO  2014

WEATHER ITEM   OBSERVED TIME    RECORD YEAR NORMAL DEPARTURE LAST
               VALUE    (LST)   VALUE       VALUE  FROM      YEAR
                                                   NORMAL
...................................................................
TEMPERATURE
YESTERDAY
 MAXIMUM            41  0920 AM    45  2013     34       7     45
 MINIMUM            34  1123 PM     2  1986     25       9     40
 AVERAGE            38                          30       8     43

PRECIPITATION
(INCHES)
 YESTERDAY        0.36           1.28  1990   0.13    0.23   0.03
 MONTH TO DATE    2.34                        3.97   -1.63   3.57
 SINCE DEC 1      2.34                        3.97   -1.63   3.57
 SINCE JAN 1     33.23                       41.18   -7.95  45.69

SNOWFALL
(INCHES)
 YESTERDAY         0.0            4.8  1948    0.5    -0.5    0.0
 MONTH TO DATE     2.3                        10.8    -8.5    7.0
 SINCE DEC 1       2.3                        10.8    -8.5    7.0
 SINCE JUL 1       6.2                        23.4   -17.2   10.6
 SNOW DEPTH (IN)     0                                          0

DEGREE DAYS
 HEATING
  YESTERDAY         27                          35      -8     22
  MONTH TO DATE    844                         909     -65    724
  SINCE DEC 1      844                         909     -65    724
  SINCE JUL 1     3356                        3935    -579   3240

 COOLING
  YESTERDAY          0                           0       0      0
  MONTH TO DATE      0                           0       0      0
  SINCE DEC 1        0                           0       0      0
  SINCE JAN 1        0                           0       0      0
...................................................................

WIND (MPH)
 HIGHEST WIND SPEED    44     HIGHEST WIND DIRECTION    140
 HIGHEST GUST SPEED    57     HIGHEST GUST DIRECTION    140
 AVERAGE WIND SPEED  23.2


WEATHER CONDITIONS
 THE FOLLOWING WEATHER WAS RECORDED YESTERDAY.
  FOG
  RAIN


...................................................................

THE COLD BAY CLIMATE NORMALS FOR TODAY
                           NORMAL    RECORD   YEAR
 MAXIMUM TEMPERATURE (F)     34        47     1990
 MINIMUM TEMPERATURE (F)     25        -3     1950

SUNRISE AND SUNSET
 DEC 28 2014..........SUNRISE 10:18 AM      SUNSET  5:28 PM
 DEC 29 2014..........SUNRISE 10:18 AM      SUNSET  5:29 PM

-  INDICATES NEGATIVE NUMBERS.
R  INDICATES RECORD HAS BEEN SET OR TIED.
MM INDICATES DATA IS MISSING.
T  INDICATES TRACE OF PRECIPITATION.

&&
-------------------------------------------------------------------

AMOUNT OF DAYLIGHT TODAY  (HOUR:MIN)........7 HOURS 10 MINUTES
GAIN SINCE YESTERDAY (HOUR:MIN:SEC).........+0:00:51

$$
JEG DEC 14
