659
CDAK48 PACD 260940
CLICDB


CLIMATE REPORT
NATIONAL WEATHER SERVICE ANCHORAGE, AK
140 AM AKDT WED JUL 26 2017


...................................

...THE COLD BAY CLIMATE SUMMARY FOR JULY 25 2017...

CLIMATE NORMAL PERIOD 1981 TO 2010
CLIMATE RECORD PERIOD 1942 TO 2017


WEATHER ITEM   OBSERVED TIME   RECORD YEAR NORMAL DEPARTURE LAST
                VALUE   (LST)  VALUE       VALUE  FROM      YEAR
                                                  NORMAL
..................................................................
TEMPERATURE (F)
 YESTERDAY
  MAXIMUM         52    125 AM  72    1968  56     -4       58
  MINIMUM         49   1159 PM  40    1954  47      2       50
  AVERAGE         51                        52     -1       54

PRECIPITATION (IN)
  YESTERDAY        0.07          0.59 1977   0.09  -0.02     0.20
  MONTH TO DATE    1.29                      1.94  -0.65     1.56
  SINCE JUN 1      3.23                      4.66  -1.43     3.29
  SINCE JAN 1     13.20                     18.52  -5.32    15.70

SNOWFALL (IN)
  YESTERDAY        0.0          MM      MM   0.0    0.0      0.0
  MONTH TO DATE    0.0                       0.0    0.0      0.0
  SINCE JUN 1      0.0                       T      0.0      0.0
  SINCE JUL 1      0.0                       0.0    0.0      0.0
  SNOW DEPTH       0

DEGREE DAYS
 HEATING
  YESTERDAY       14                        13      1       11
  MONTH TO DATE  309                       360    -51      181
  SINCE JUN 1    810                       921   -111      615
  SINCE JUL 1    309                       360    -51      181

 COOLING
  YESTERDAY        0                         0      0        0
  MONTH TO DATE    0                         0      0        0
  SINCE JUN 1      0                         0      0        0
  SINCE JAN 1      0                         0      0        0
..................................................................


WIND (MPH)
  RESULTANT WIND SPEED  15   RESULTANT WIND DIRECTION   W (270)
  HIGHEST WIND SPEED    24   HIGHEST WIND DIRECTION     W (280)
  HIGHEST GUST SPEED    29   HIGHEST GUST DIRECTION     W (280)
  AVERAGE WIND SPEED    15.9



WEATHER CONDITIONS
 THE FOLLOWING WEATHER WAS RECORDED YESTERDAY.
  LIGHT RAIN
  FOG


RELATIVE HUMIDITY (PERCENT)
 HIGHEST   100
 LOWEST     93
 AVERAGE    97

..........................................................


THE COLD BAY CLIMATE NORMALS FOR TODAY
                         NORMAL    RECORD    YEAR
 MAXIMUM TEMPERATURE (F)   56        69      1987
 MINIMUM TEMPERATURE (F)   47        39      1974
                                             1964


SUNRISE AND SUNSET
JULY 26 2017..........SUNRISE   649 AM AKDT  SUNSET  1105 PM AKDT
JULY 27 2017..........SUNRISE   651 AM AKDT  SUNSET  1103 PM AKDT


-  INDICATES NEGATIVE NUMBERS.
R  INDICATES RECORD WAS SET OR TIED.
MM INDICATES DATA IS MISSING.
T  INDICATES TRACE AMOUNT.




$$
