000
CDAK48 PACD 172314
CLICDB

CLIMATE REPORT
NATIONAL WEATHER SERVICE COLD BAY, AK
314 PM AKDT THU APR 17 2014

...................................
...THE COLD BAY AP CLIMATE SUMMARY FOR APRIL 17 2014...
VALID TODAY AS OF 2:00 PM LOCAL TIME

CLIMATE NORMAL PERIOD  1981 TO  2010
CLIMATE RECORD PERIOD  1955 TO  2014

WEATHER ITEM   OBSERVED TIME    RECORD YEAR NORMAL DEPARTURE LAST
               VALUE    (LST)   VALUE       VALUE  FROM      YEAR
                                                   NORMAL
...................................................................
TEMPERATURE
TODAY
 MAXIMUM            47  0150 PM    53  1979     39       8     41
 MINIMUM            31  0608 AM    20  1997     29       2     36
 AVERAGE            39                          34       5     39

PRECIPITATION
(INCHES)
 TODAY            0.01           0.82  1994   0.08   -0.07   0.66
 MONTH TO DATE    1.45                        1.39    0.06   1.88
 SINCE MAR 1      2.84                        4.09   -1.25   4.56
 SINCE JAN 1     11.29                       10.23    1.06  10.47

SNOWFALL
(INCHES)
 TODAY             0.0            1.3  2006    0.2    -0.2    0.0
 MONTH TO DATE     1.0                         4.6    -3.6    2.1
 SINCE MAR 1       7.8                        17.6    -9.8   12.4
 SINCE JUL 1      36.9                        69.8   -32.9   64.2
 SNOW DEPTH (IN)     0                                          0

DEGREE DAYS
 HEATING
  TODAY             26                          31      -5     26
  MONTH TO DATE    447                         550    -103    576
  SINCE MAR 1     1411                        1629    -218   1630
  SINCE JUL 1     6555                        7853   -1298     MM

 COOLING
  TODAY              0                           0       0      0
  MONTH TO DATE      0                           0       0      0
  SINCE MAR 1        0                           0       0      0
  SINCE JAN 1        0                           0       0      0
...................................................................

WIND (MPH)
 HIGHEST WIND SPEED    15     HIGHEST WIND DIRECTION    140
 HIGHEST GUST SPEED    18     HIGHEST GUST DIRECTION    120
 AVERAGE WIND SPEED    MM


WEATHER CONDITIONS
 THE FOLLOWING WEATHER WAS RECORDED TODAY.
  RAIN


...................................................................

THE COLD BAY CLIMATE NORMALS FOR TOMORROW
                        NORMAL    RECORD   YEAR
 MAXIMUM TEMPERATURE      39        55     1965
 MINIMUM TEMPERATURE      30        15     1972

SUNRISE AND SUNSET
 APR 17 2014..........SUNRISE  7:42 AM      SUNSET 10:01 PM
 APR 18 2014..........SUNRISE  7:40 AM      SUNSET 10:03 PM

-  INDICATES NEGATIVE NUMBERS.
R  INDICATES RECORD HAS BEEN SET OR TIED.
MM INDICATES DATA IS MISSING.
T  INDICATES TRACE OF PRECIPITATION.

&&
-------------------------------------------------------------------

AMOUNT OF DAYLIGHT TODAY  (HOUR:MIN)........14 HOURS 19 MINUTES
GAIN SINCE YESTERDAY (HOUR:MIN:SEC).........+0:04:23

$$

JEG APR 14
