000
CDAK48 PACD 201203
CLICDB

CLIMATE REPORT
NATIONAL WEATHER SERVICE COLD BAY, AK
403 AM AKDT MON OCT 20 2014

...................................
...THE COLD BAY AP CLIMATE SUMMARY FOR OCTOBER 19 2014...

CLIMATE NORMAL PERIOD  1981 TO  2010
CLIMATE RECORD PERIOD  1942 TO  2014

WEATHER ITEM   OBSERVED TIME    RECORD YEAR NORMAL DEPARTURE LAST
               VALUE    (LST)   VALUE       VALUE  FROM      YEAR
                                                   NORMAL
...................................................................
TEMPERATURE
YESTERDAY
 MAXIMUM            41  0153 PM    55  1957     45      -4     50
 MINIMUM            28  1059 PM    25  2007     35      -7     42
 AVERAGE            35                          40      -5     46

PRECIPITATION
(INCHES)
 YESTERDAY        0.03           1.40  1961   0.16   -0.13   0.32
 MONTH TO DATE    0.70                        2.97   -2.27   3.32
 SINCE SEP 1      6.17                        7.70   -1.53   8.23
 SINCE JAN 1     24.58                       30.44   -5.86  35.15

SNOWFALL
(INCHES)
 YESTERDAY           T            0.8  1966    0.1    -0.1    0.0
 MONTH TO DATE       T                         0.8    -0.8    0.0
 SINCE SEP 1       0.0                         0.8    -0.8    0.0
 SINCE JUL 1         T                         0.8    -0.8    0.0
 SNOW DEPTH (IN)     T                                          0

DEGREE DAYS
 HEATING
  YESTERDAY         30                          25       5     19
  MONTH TO DATE    456                         439      17    331
  SINCE SEP 1      876                         946     -70    789
  SINCE JUL 1     1418                        1790    -372   1460

 COOLING
  YESTERDAY          0                           0       0      0
  MONTH TO DATE      0                           0       0      0
  SINCE SEP 1        0                           0       0      0
  SINCE JAN 1        0                           0       0      0
...................................................................

WIND (MPH)
 HIGHEST WIND SPEED    31     HIGHEST WIND DIRECTION    330
 HIGHEST GUST SPEED    38     HIGHEST GUST DIRECTION    330
 AVERAGE WIND SPEED   8.4


WEATHER CONDITIONS
 THE FOLLOWING WEATHER WAS RECORDED YESTERDAY.
  FOG
  RAIN
  SNOW

...................................................................

THE COLD BAY CLIMATE NORMALS FOR TODAY
                           NORMAL    RECORD   YEAR
 MAXIMUM TEMPERATURE (F)     44        54     1961
 MINIMUM TEMPERATURE (F)     34        24     1977

SUNRISE AND SUNSET
 OCT 20 2014..........SUNRISE  9:32 AM      SUNSET  7:39 PM
 OCT 21 2014..........SUNRISE  9:34 AM      SUNSET  7:37 PM

-  INDICATES NEGATIVE NUMBERS.
R  INDICATES RECORD HAS BEEN SET OR TIED.
MM INDICATES DATA IS MISSING.
T  INDICATES TRACE OF PRECIPITATION.

&&
-------------------------------------------------------------------

AMOUNT OF DAYLIGHT TODAY  (HOUR:MIN)........10 HOURS 7 MINUTES
LOSS SINCE YESTERDAY (HOUR:MIN:SEC).........-0:04:22

$$

RCS OCT 14
