000
CDUS45 KSLC 171301
CLICDC


CLIMATE REPORT
NATIONAL WEATHER SERVICE SALT LAKE CITY UT
601 AM MST WED JAN 17 2018


...................................

...THE CEDAR CITY UT CLIMATE SUMMARY FOR JANUARY 16 2018...

CLIMATE NORMAL PERIOD 1981 TO 2010
CLIMATE RECORD PERIOD 1928 TO 2018


WEATHER ITEM   OBSERVED TIME   RECORD YEAR NORMAL DEPARTURE LAST
                VALUE   (LST)  VALUE       VALUE  FROM      YEAR
                                                  NORMAL
..................................................................
TEMPERATURE (F)
 YESTERDAY
  MAXIMUM         50    345 PM  58    1971  42      8       33
  MINIMUM         23    820 AM -12    2007  17      6       18
                                      1949
  AVERAGE         37                        29      8       26

PRECIPITATION (IN)
  YESTERDAY        0.00          0.56 1955   0.02  -0.02     0.00
  MONTH TO DATE    0.37                      0.45  -0.08     0.42
  SINCE OCT 1      0.92                      3.56  -2.64     3.25
  SINCE JAN 1      0.37                      0.45  -0.08     0.42

DEGREE DAYS
 HEATING
  YESTERDAY       28                        36     -8       39
  MONTH TO DATE  437                       583   -146      528
  SINCE DEC 1   1433                      1703   -270     1641
  SINCE JUL 1   2632                      3145   -513     2738

 COOLING
  YESTERDAY        0                         0      0        0
  MONTH TO DATE    0                         0      0        0
  SINCE DEC 1      0                         0      0        0
  SINCE JAN 1      0                         0      0        0
..................................................................


WIND (MPH)
  RESULTANT WIND SPEED   1   RESULTANT WIND DIRECTION   E (90)
  HIGHEST WIND SPEED    12   HIGHEST WIND DIRECTION     N (340)
  HIGHEST GUST SPEED    15   HIGHEST GUST DIRECTION     N (340)
  AVERAGE WIND SPEED     2.7



WEATHER CONDITIONS
 THE FOLLOWING WEATHER WAS RECORDED YESTERDAY.
  NO SIGNIFICANT WEATHER WAS OBSERVED.


RELATIVE HUMIDITY (PERCENT)
 HIGHEST   100           200 AM
 LOWEST     50           300 PM
 AVERAGE    75

..........................................................


THE CEDAR CITY UT CLIMATE NORMALS FOR TODAY
                         NORMAL    RECORD    YEAR
 MAXIMUM TEMPERATURE (F)   42        65      1971
 MINIMUM TEMPERATURE (F)   17       -18      1949


SUNRISE AND SUNSET
JANUARY 17 2018.......SUNRISE   746 AM MST   SUNSET   540 PM MST
JANUARY 18 2018.......SUNRISE   745 AM MST   SUNSET   541 PM MST


-  INDICATES NEGATIVE NUMBERS.
R  INDICATES RECORD WAS SET OR TIED.
MM INDICATES DATA IS MISSING.
T  INDICATES TRACE AMOUNT.




$$
