000
CDUS45 KSLC 071221
CLICDC


CLIMATE REPORT
NATIONAL WEATHER SERVICE SALT LAKE CITY UT
620 AM MDT TUE JUL 7 2015


...................................

...THE CEDAR CITY UT CLIMATE SUMMARY FOR JULY 6 2015...

CLIMATE NORMAL PERIOD 1981 TO 2010
CLIMATE RECORD PERIOD 1928 TO 2015


WEATHER ITEM   OBSERVED TIME   RECORD YEAR NORMAL DEPARTURE LAST
                VALUE   (LST)  VALUE       VALUE  FROM      YEAR
                                                  NORMAL
..................................................................
TEMPERATURE (F)
 YESTERDAY
  MAXIMUM         79   1239 PM 102    1989  89    -10       87
  MINIMUM         58   1116 PM  40    1982  55      3       56
  AVERAGE         69                        72     -3       72

PRECIPITATION (IN)
  YESTERDAY        0.03          0.23 2006   0.02   0.01     0.04
  MONTH TO DATE    0.06                      0.09  -0.03     0.19
  SINCE OCT 1      9.72                      8.77   0.95     5.56
  SINCE JAN 1      7.59                      5.66   1.93     3.62

DEGREE DAYS
 HEATING
  YESTERDAY        0                         0      0        0
  MONTH TO DATE    0                         0      0        0
  SINCE JUN 1     25                        76    -51       27
  SINCE JUL 1      0                         0      0        0

 COOLING
  YESTERDAY        4                         7     -3        7
  MONTH TO DATE   65                        40     25       59
  SINCE JUN 1    252                       133    119      159
  SINCE JAN 1    254                       141    113      184
..................................................................


WIND (MPH)
  RESULTANT WIND SPEED   3   RESULTANT WIND DIRECTION  SE (120)
  HIGHEST WIND SPEED    23   HIGHEST WIND DIRECTION    SE (130)
  HIGHEST GUST SPEED    33   HIGHEST GUST DIRECTION    SE (150)
  AVERAGE WIND SPEED     6.9



WEATHER CONDITIONS
 THE FOLLOWING WEATHER WAS RECORDED YESTERDAY.
  THUNDERSTORM
  LIGHT RAIN


RELATIVE HUMIDITY (PERCENT)
 HIGHEST    73           700 PM
 LOWEST     30           100 PM
 AVERAGE    52

..........................................................


THE CEDAR CITY UT CLIMATE NORMALS FOR TODAY
                         NORMAL    RECORD    YEAR
 MAXIMUM TEMPERATURE (F)   89       105      1989
 MINIMUM TEMPERATURE (F)   55        43      1955


SUNRISE AND SUNSET
JULY  7 2015..........SUNRISE   617 AM MDT   SUNSET   857 PM MDT
JULY  8 2015..........SUNRISE   618 AM MDT   SUNSET   857 PM MDT


-  INDICATES NEGATIVE NUMBERS.
R  INDICATES RECORD WAS SET OR TIED.
MM INDICATES DATA IS MISSING.
T  INDICATES TRACE AMOUNT.




$$
