000
CDUS45 KSLC 251228
CLICDC


CLIMATE REPORT
NATIONAL WEATHER SERVICE SALT LAKE CITY UT
627 AM MDT THU MAY 25 2017


...................................

...THE CEDAR CITY UT CLIMATE SUMMARY FOR MAY 24 2017...

CLIMATE NORMAL PERIOD 1981 TO 2010
CLIMATE RECORD PERIOD 1928 TO 2017


WEATHER ITEM   OBSERVED TIME   RECORD YEAR NORMAL DEPARTURE LAST
                VALUE   (LST)  VALUE       VALUE  FROM      YEAR
                                                  NORMAL
..................................................................
TEMPERATURE (F)
 YESTERDAY
  MAXIMUM         86    347 PM  90    2001  75     11       69
  MINIMUM         45    545 AM  32    2010  41      4       44
                                      1980
  AVERAGE         66                        58      8       57

PRECIPITATION (IN)
  YESTERDAY        0.00          0.50 1997   0.03  -0.03     0.00
  MONTH TO DATE    0.82                      0.59   0.23     0.32
  SINCE OCT 1      8.25                      7.97   0.28     7.93
  SINCE JAN 1      5.42                      4.86   0.56     4.37

DEGREE DAYS
 HEATING
  YESTERDAY        0                         7     -7        8
  MONTH TO DATE  248                       248      0      247
  SINCE MAR 1   1382                      1572   -190     1412
  SINCE JUL 1   5403                      6134   -731     5826

 COOLING
  YESTERDAY        1                         0      1        0
  MONTH TO DATE    1                         0      1        3
  SINCE MAR 1      1                         0      1        3
  SINCE JAN 1      1                         0      1        3
..................................................................


WIND (MPH)
  RESULTANT WIND SPEED  10   RESULTANT WIND DIRECTION   S (200)
  HIGHEST WIND SPEED    28   HIGHEST WIND DIRECTION     S (200)
  HIGHEST GUST SPEED    36   HIGHEST GUST DIRECTION     S (190)
  AVERAGE WIND SPEED    12.2



WEATHER CONDITIONS
 THE FOLLOWING WEATHER WAS RECORDED YESTERDAY.
  NO SIGNIFICANT WEATHER WAS OBSERVED.


RELATIVE HUMIDITY (PERCENT)
 HIGHEST    65           600 AM
 LOWEST     10           500 PM
 AVERAGE    38

..........................................................


THE CEDAR CITY UT CLIMATE NORMALS FOR TODAY
                         NORMAL    RECORD    YEAR
 MAXIMUM TEMPERATURE (F)   76        90      2001
 MINIMUM TEMPERATURE (F)   41        27      2010


SUNRISE AND SUNSET
MAY 25 2017...........SUNRISE   615 AM MDT   SUNSET   844 PM MDT
MAY 26 2017...........SUNRISE   615 AM MDT   SUNSET   844 PM MDT


-  INDICATES NEGATIVE NUMBERS.
R  INDICATES RECORD WAS SET OR TIED.
MM INDICATES DATA IS MISSING.
T  INDICATES TRACE AMOUNT.




$$
