000
CDUS45 KSLC 281236
CLICDC


CLIMATE REPORT
NATIONAL WEATHER SERVICE SALT LAKE CITY UT
536 AM MST SAT FEB 28 2015


...................................

...THE CEDAR CITY UT CLIMATE SUMMARY FOR FEBRUARY 27 2015...

CLIMATE NORMAL PERIOD 1981 TO 2010
CLIMATE RECORD PERIOD 1928 TO 2015


WEATHER ITEM   OBSERVED TIME   RECORD YEAR NORMAL DEPARTURE LAST
                VALUE   (LST)  VALUE       VALUE  FROM      YEAR
                                                  NORMAL
..................................................................
TEMPERATURE (F)
 YESTERDAY
  MAXIMUM         44    239 PM  67    1972  50     -6       49
  MINIMUM         21    344 AM -22    1962  23     -2       34
  AVERAGE         33                        36     -3       42

PRECIPITATION (IN)
  YESTERDAY        0.00          0.28 2007   0.04  -0.04     0.26
  MONTH TO DATE    0.92                      0.96  -0.04     0.32
  SINCE OCT 1      3.58                      4.93  -1.35     2.70
  SINCE JAN 1      1.45                      1.82  -0.37     0.76

DEGREE DAYS
 HEATING
  YESTERDAY       32                        29      3       23
  MONTH TO DATE  665                       857   -192      731
  SINCE DEC 1   2613                      3090   -477     3034
  SINCE JUL 1   3804                      4532   -728     4562

 COOLING
  YESTERDAY        0                         0      0        0
  MONTH TO DATE    0                         0      0        0
  SINCE DEC 1      0                         0      0        0
  SINCE JAN 1      0                         0      0        0
..................................................................


WIND (MPH)
  RESULTANT WIND SPEED   1   RESULTANT WIND DIRECTION  SW (210)
  HIGHEST WIND SPEED    10   HIGHEST WIND DIRECTION    SW (230)
  HIGHEST GUST SPEED    13   HIGHEST GUST DIRECTION     E (90)
  AVERAGE WIND SPEED     3.2



WEATHER CONDITIONS
 THE FOLLOWING WEATHER WAS RECORDED YESTERDAY.
  NO SIGNIFICANT WEATHER WAS OBSERVED.


RELATIVE HUMIDITY (PERCENT)
 HIGHEST    92           400 AM
 LOWEST     43           200 PM
 AVERAGE    68

..........................................................


THE CEDAR CITY UT CLIMATE NORMALS FOR TODAY
                         NORMAL    RECORD    YEAR
 MAXIMUM TEMPERATURE (F)   50        70      1972
 MINIMUM TEMPERATURE (F)   23       -16      1962


SUNRISE AND SUNSET
FEBRUARY 28 2015......SUNRISE   705 AM MST   SUNSET   625 PM MST
MARCH  1 2015.........SUNRISE   704 AM MST   SUNSET   626 PM MST


-  INDICATES NEGATIVE NUMBERS.
R  INDICATES RECORD WAS SET OR TIED.
MM INDICATES DATA IS MISSING.
T  INDICATES TRACE AMOUNT.




$$
