000
CDUS45 KSLC 181233
CLICDC


CLIMATE REPORT
NATIONAL WEATHER SERVICE SALT LAKE CITY UT
633 AM MDT THU SEP 18 2014


...................................

...THE CEDAR CITY UT CLIMATE SUMMARY FOR SEPTEMBER 17 2014...

CLIMATE NORMAL PERIOD 1981 TO 2010
CLIMATE RECORD PERIOD 1928 TO 2014


WEATHER ITEM   OBSERVED TIME   RECORD YEAR NORMAL DEPARTURE LAST
                VALUE   (LST)  VALUE       VALUE  FROM      YEAR
                                                  NORMAL
..................................................................
TEMPERATURE (F)
 YESTERDAY
  MAXIMUM         84   1256 PM  92    1956  78      6       80
  MINIMUM         55    605 AM  27    2006  44     11       55
                                      1965
  AVERAGE         70                        61      9       68

PRECIPITATION (IN)
  YESTERDAY        0.05          0.48 1961   0.02   0.03     0.00
  MONTH TO DATE    1.18                      0.35   0.83     1.75
  SINCE OCT 1      8.23                     11.00  -2.77    15.71
  SINCE JAN 1      6.29                      7.89  -1.60    13.00

DEGREE DAYS
 HEATING
  YESTERDAY        0                         5     -5        0
  MONTH TO DATE   10                        43    -33       27
  SINCE SEP 1     10                        43    -33       27
  SINCE JUL 1     16                        52    -36       30

 COOLING
  YESTERDAY        5                         1      4        3
  MONTH TO DATE   46                        33     13       35
  SINCE SEP 1     46                        33     13       35
  SINCE JAN 1    592                       582     10      667
..................................................................


WIND (MPH)
  RESULTANT WIND SPEED   4   RESULTANT WIND DIRECTION  SE (150)
  HIGHEST WIND SPEED    28   HIGHEST WIND DIRECTION     E (80)
  HIGHEST GUST SPEED    35   HIGHEST GUST DIRECTION     E (110)
  AVERAGE WIND SPEED     7.1



WEATHER CONDITIONS
 THE FOLLOWING WEATHER WAS RECORDED YESTERDAY.
  THUNDERSTORM
  LIGHT RAIN


RELATIVE HUMIDITY (PERCENT)
 HIGHEST    77           700 AM
 LOWEST     28           100 PM
 AVERAGE    53

..........................................................


THE CEDAR CITY UT CLIMATE NORMALS FOR TODAY
                         NORMAL    RECORD    YEAR
 MAXIMUM TEMPERATURE (F)   78        92      1956
 MINIMUM TEMPERATURE (F)   44        23      1965


SUNRISE AND SUNSET
SEPTEMBER 18 2014.....SUNRISE   717 AM MDT   SUNSET   735 PM MDT
SEPTEMBER 19 2014.....SUNRISE   718 AM MDT   SUNSET   734 PM MDT


-  INDICATES NEGATIVE NUMBERS.
R  INDICATES RECORD WAS SET OR TIED.
MM INDICATES DATA IS MISSING.
T  INDICATES TRACE AMOUNT.




$$
