100
CDUS45 KSLC 191249
CLICDC


CLIMATE REPORT
NATIONAL WEATHER SERVICE SALT LAKE CITY UT
549 AM MST SUN NOV 19 2017


...................................

...THE CEDAR CITY UT CLIMATE SUMMARY FOR NOVEMBER 18 2017...

CLIMATE NORMAL PERIOD 1981 TO 2010
CLIMATE RECORD PERIOD 1928 TO 2017


WEATHER ITEM   OBSERVED TIME   RECORD YEAR NORMAL DEPARTURE LAST
                VALUE   (LST)  VALUE       VALUE  FROM      YEAR
                                                  NORMAL
..................................................................
TEMPERATURE (F)
 YESTERDAY
  MAXIMUM         43    417 PM  71    2007  51     -8       44
                                      1949
  MINIMUM         12    623 AM  -1    1958  22    -10       13
  AVERAGE         28                        36     -8       29

PRECIPITATION (IN)
  YESTERDAY        0.00          0.88 1994   0.03  -0.03     0.00
  MONTH TO DATE    0.07                      0.59  -0.52     0.03
  SINCE OCT 1      0.10                      1.93  -1.83     0.67
  SINCE JAN 1      9.10                     10.13  -1.03     8.59

DEGREE DAYS
 HEATING
  YESTERDAY       37                        29      8       36
  MONTH TO DATE  337                       449   -112      333
  SINCE SEP 1    968                      1059    -91      753
  SINCE JUL 1    968                      1068   -100      757

 COOLING
  YESTERDAY        0                         0      0        0
  MONTH TO DATE    0                         0      0        0
  SINCE SEP 1     73                        39     34       33
  SINCE JAN 1    865                       588    277      826
..................................................................


WIND (MPH)
  RESULTANT WIND SPEED   1   RESULTANT WIND DIRECTION   N (10)
  HIGHEST WIND SPEED    12   HIGHEST WIND DIRECTION     N (350)
  HIGHEST GUST SPEED    15   HIGHEST GUST DIRECTION     N (340)
  AVERAGE WIND SPEED     2.9



WEATHER CONDITIONS
 THE FOLLOWING WEATHER WAS RECORDED YESTERDAY.
  NO SIGNIFICANT WEATHER WAS OBSERVED.


RELATIVE HUMIDITY (PERCENT)
 HIGHEST    92           500 AM
 LOWEST     29           300 PM
 AVERAGE    61

..........................................................


THE CEDAR CITY UT CLIMATE NORMALS FOR TODAY
                         NORMAL    RECORD    YEAR
 MAXIMUM TEMPERATURE (F)   50        70      2007
                                             1949
 MINIMUM TEMPERATURE (F)   22         0      1956


SUNRISE AND SUNSET
NOVEMBER 19 2017......SUNRISE   717 AM MST   SUNSET   518 PM MST
NOVEMBER 20 2017......SUNRISE   718 AM MST   SUNSET   518 PM MST


-  INDICATES NEGATIVE NUMBERS.
R  INDICATES RECORD WAS SET OR TIED.
MM INDICATES DATA IS MISSING.
T  INDICATES TRACE AMOUNT.




$$
