000
CDUS45 KSLC 290034
CLICDC


CLIMATE REPORT
NATIONAL WEATHER SERVICE SALT LAKE CITY UT
634 PM MDT THU JUL 28 2016


...................................

...THE CEDAR CITY UT CLIMATE SUMMARY FOR JULY 28 2016...
VALID TODAY AS OF 0500 PM LOCAL TIME.

CLIMATE NORMAL PERIOD 1981 TO 2010
CLIMATE RECORD PERIOD 1928 TO 2016


WEATHER ITEM   OBSERVED TIME   RECORD YEAR NORMAL DEPARTURE LAST
                VALUE   (LST)  VALUE       VALUE  FROM      YEAR
                                                  NORMAL
..................................................................
TEMPERATURE (F)
 TODAY
  MAXIMUM        101R   130 PM  99    1994  90     11       87
  MINIMUM         64    601 AM  47    2015  57      7       47
  AVERAGE         83                        74      9       67

PRECIPITATION (IN)
  TODAY            0.00          1.62 1975   0.04  -0.04     0.00
  MONTH TO DATE    0.69                      0.72  -0.03     0.40
  SINCE OCT 1      8.92                      9.40  -0.48    10.06
  SINCE JAN 1      5.36                      6.29  -0.93     7.93

DEGREE DAYS
 HEATING
  TODAY            0                         0      0        0
  MONTH TO DATE    0                         0      0        1
  SINCE JUN 1      4                        76    -72       26
  SINCE JUL 1      0                         0      0        1

 COOLING
  TODAY           18                         9      9        2
  MONTH TO DATE  294                       228     66      177
  SINCE JUN 1    530                       321    209      364
  SINCE JAN 1    533                       329    204      366
..................................................................


WIND (MPH)
  RESULTANT WIND SPEED   4   RESULTANT WIND DIRECTION   S (180)
  HIGHEST WIND SPEED    26   HIGHEST WIND DIRECTION     S (200)
  HIGHEST GUST SPEED    32   HIGHEST GUST DIRECTION     S (200)
  AVERAGE WIND SPEED     7.9



WEATHER CONDITIONS
 THE FOLLOWING WEATHER WAS RECORDED TODAY.
  NO SIGNIFICANT WEATHER WAS OBSERVED.


RELATIVE HUMIDITY (PERCENT)
 HIGHEST    32           600 AM
 LOWEST      8           100 PM
 AVERAGE    20

..........................................................


THE CEDAR CITY UT CLIMATE NORMALS FOR TOMORROW
                         NORMAL    RECORD    YEAR
 MAXIMUM TEMPERATURE (F)   90        99      2000
 MINIMUM TEMPERATURE (F)   57        46      1948


SUNRISE AND SUNSET
JULY 28 2016..........SUNRISE   633 AM MDT   SUNSET   844 PM MDT
JULY 29 2016..........SUNRISE   634 AM MDT   SUNSET   843 PM MDT


-  INDICATES NEGATIVE NUMBERS.
R  INDICATES RECORD WAS SET OR TIED.
MM INDICATES DATA IS MISSING.
T  INDICATES TRACE AMOUNT.




$$
