000
CDUS45 KSLC 270016
CLICDC


CLIMATE REPORT
NATIONAL WEATHER SERVICE SALT LAKE CITY UT
516 PM MST MON JAN 26 2015


...................................

...THE CEDAR CITY UT CLIMATE SUMMARY FOR JANUARY 26 2015...
VALID TODAY AS OF 0500 PM LOCAL TIME.

CLIMATE NORMAL PERIOD 1981 TO 2010
CLIMATE RECORD PERIOD 1928 TO 2015


WEATHER ITEM   OBSERVED TIME   RECORD YEAR NORMAL DEPARTURE LAST
                VALUE   (LST)  VALUE       VALUE  FROM      YEAR
                                                  NORMAL
..................................................................
TEMPERATURE (F)
 TODAY
  MAXIMUM         55    302 PM  63    1951  42     13       54
  MINIMUM         23    641 AM  -9    1949  17      6       10
  AVERAGE         39                        30      9       32

PRECIPITATION (IN)
  TODAY            0.00          1.05 2000   0.03  -0.03     0.00
  MONTH TO DATE    0.29                      0.72  -0.43     0.00
  SINCE OCT 1      2.42                      3.83  -1.41     1.94
  SINCE JAN 1      0.29                      0.72  -0.43     0.00

DEGREE DAYS
 HEATING
  TODAY           26                        35     -9       33
  MONTH TO DATE  841                       939    -98      830
  SINCE DEC 1   1819                      2059   -240     2157
  SINCE JUL 1   3010                      3501   -491     3685

 COOLING
  TODAY            0                         0      0        0
  MONTH TO DATE    0                         0      0        0
  SINCE DEC 1      0                         0      0        0
  SINCE JAN 1      0                         0      0        0
..................................................................


WIND (MPH)
  RESULTANT WIND SPEED   1   RESULTANT WIND DIRECTION  SE (120)
  HIGHEST WIND SPEED     9   HIGHEST WIND DIRECTION     W (250)
  HIGHEST GUST SPEED    26   HIGHEST GUST DIRECTION    SW (220)
  AVERAGE WIND SPEED     2.5



WEATHER CONDITIONS
 THE FOLLOWING WEATHER WAS RECORDED TODAY.
  NO SIGNIFICANT WEATHER WAS OBSERVED.


RELATIVE HUMIDITY (PERCENT)
 HIGHEST    92           800 AM
 LOWEST     41           300 PM
 AVERAGE    67

..........................................................


THE CEDAR CITY UT CLIMATE NORMALS FOR TOMORROW
                         NORMAL    RECORD    YEAR
 MAXIMUM TEMPERATURE (F)   43        60      1986
 MINIMUM TEMPERATURE (F)   17       -10      1979


SUNRISE AND SUNSET
JANUARY 26 2015.......SUNRISE   741 AM MST   SUNSET   549 PM MST
JANUARY 27 2015.......SUNRISE   740 AM MST   SUNSET   550 PM MST


-  INDICATES NEGATIVE NUMBERS.
R  INDICATES RECORD WAS SET OR TIED.
MM INDICATES DATA IS MISSING.
T  INDICATES TRACE AMOUNT.




$$
