000
CDUS45 KSLC 301234
CLICDC


CLIMATE REPORT
NATIONAL WEATHER SERVICE SALT LAKE CITY UT
633 AM MDT TUE AUG 30 2016


...................................

...THE CEDAR CITY UT CLIMATE SUMMARY FOR AUGUST 29 2016...

CLIMATE NORMAL PERIOD 1981 TO 2010
CLIMATE RECORD PERIOD 1928 TO 2016


WEATHER ITEM   OBSERVED TIME   RECORD YEAR NORMAL DEPARTURE LAST
                VALUE   (LST)  VALUE       VALUE  FROM      YEAR
                                                  NORMAL
..................................................................
TEMPERATURE (F)
 YESTERDAY
  MAXIMUM         91    253 PM  96    1948  85      6       91
  MINIMUM         48    549 AM  42    2004  52     -4       61
                                      1973
  AVERAGE         70                        68      2       76

PRECIPITATION (IN)
  YESTERDAY        0.00          0.44 1986   0.03  -0.03     0.00
  MONTH TO DATE    1.47                      1.07   0.40     0.98
  SINCE OCT 1     10.80                     10.59   0.21    11.04
  SINCE JAN 1      7.24                      7.48  -0.24     8.91

DEGREE DAYS
 HEATING
  YESTERDAY        0                         1     -1        0
  MONTH TO DATE    4                         2      2        0
  SINCE JUN 1      8                        81    -73       26
  SINCE JUL 1      4                         5     -1        1

 COOLING
  YESTERDAY        5                         4      1       11
  MONTH TO DATE  208                       187     21      212
  SINCE JUN 1    776                       532    244      604
  SINCE JAN 1    779                       540    239      606
..................................................................


WIND (MPH)
  RESULTANT WIND SPEED   2   RESULTANT WIND DIRECTION  NE (30)
  HIGHEST WIND SPEED    15   HIGHEST WIND DIRECTION     N (350)
  HIGHEST GUST SPEED    21   HIGHEST GUST DIRECTION     N (350)
  AVERAGE WIND SPEED     6.0



WEATHER CONDITIONS
 THE FOLLOWING WEATHER WAS RECORDED YESTERDAY.
  NO SIGNIFICANT WEATHER WAS OBSERVED.


RELATIVE HUMIDITY (PERCENT)
 HIGHEST    71           500 AM
 LOWEST     11           300 PM
 AVERAGE    41

..........................................................


THE CEDAR CITY UT CLIMATE NORMALS FOR TODAY
                         NORMAL    RECORD    YEAR
 MAXIMUM TEMPERATURE (F)   85        96      1976
 MINIMUM TEMPERATURE (F)   52        42      1968


SUNRISE AND SUNSET
AUGUST 30 2016........SUNRISE   701 AM MDT   SUNSET   804 PM MDT
AUGUST 31 2016........SUNRISE   702 AM MDT   SUNSET   802 PM MDT


-  INDICATES NEGATIVE NUMBERS.
R  INDICATES RECORD WAS SET OR TIED.
MM INDICATES DATA IS MISSING.
T  INDICATES TRACE AMOUNT.




$$
