000
CDUS45 KCYS 240735
CLICDR


CLIMATE REPORT
NATIONAL WEATHER SERVICE CHEYENNE WY
133 AM MDT SUN MAY 24 2015


...................................

...THE CHADRON NE AIRPORT CLIMATE SUMMARY FOR MAY 23 2015...

CLIMATE NORMAL PERIOD 1981 TO 2010
CLIMATE RECORD PERIOD 1895 TO 2015


WEATHER ITEM   OBSERVED TIME   RECORD YEAR NORMAL DEPARTURE LAST
                VALUE   (LST)  VALUE       VALUE  FROM      YEAR
                                                  NORMAL
..................................................................
TEMPERATURE (F)
 YESTERDAY
  MAXIMUM         61   1207 PM  94    1926  73    -12       76
  MINIMUM         46    311 AM  26    2002  44      2       54
  AVERAGE         54                        58     -4       65

PRECIPITATION (IN)
  YESTERDAY        0.09          2.40 1997   0.10  -0.01     0.03
  MONTH TO DATE    4.38                      1.97   2.41     3.02
  SINCE JAN 1      7.00                      6.15   0.85     7.32

DEGREE DAYS
 HEATING
  YESTERDAY       11                         7      4        0
  MONTH TO DATE  344                       253     91      290
  SINCE MAR 1   1559                      1764   -205     1734
  SINCE JUL 1   6504                      7016   -512     7208

 COOLING
  YESTERDAY        0                         1     -1        0
  MONTH TO DATE    0                         7     -7        0
  SINCE MAR 1      0                         9     -9        1
  SINCE JAN 1      0                         9     -9        1
..................................................................


WIND (MPH)
  HIGHEST WIND SPEED    16   HIGHEST WIND DIRECTION     E (110)
  HIGHEST GUST SPEED    20   HIGHEST GUST DIRECTION    SE (120)
  AVERAGE WIND SPEED     8.1


SKY COVER
  AVERAGE SKY COVER 1.0


WEATHER CONDITIONS
 THE FOLLOWING WEATHER WAS RECORDED YESTERDAY.
  LIGHT RAIN
  FOG
  HAZE


RELATIVE HUMIDITY (PERCENT)
 HIGHEST    93           300 AM
 LOWEST     77           800 AM
 AVERAGE    85

..........................................................


THE CHADRON NE AIRPORT CLIMATE NORMALS FOR TODAY
                         NORMAL    RECORD    YEAR
 MAXIMUM TEMPERATURE (F)   73        90      1984
 MINIMUM TEMPERATURE (F)   44        25      2002


SUNRISE AND SUNSET
MAY 24 2015...........SUNRISE   522 AM MDT   SUNSET   817 PM MDT
MAY 25 2015...........SUNRISE   521 AM MDT   SUNSET   818 PM MDT


-  INDICATES NEGATIVE NUMBERS.
R  INDICATES RECORD WAS SET OR TIED.
MM INDICATES DATA IS MISSING.
T  INDICATES TRACE AMOUNT.




$$
