000
CDUS45 KCYS 170729
CLICDR


CLIMATE REPORT
NATIONAL WEATHER SERVICE CHEYENNE WY
128 AM MDT WED SEP 17 2014


...................................

...THE CHADRON NE AIRPORT CLIMATE SUMMARY FOR SEPTEMBER 16 2014...

CLIMATE NORMAL PERIOD 1981 TO 2010
CLIMATE RECORD PERIOD 1895 TO 2014


WEATHER ITEM   OBSERVED TIME   RECORD YEAR NORMAL DEPARTURE LAST
                VALUE   (LST)  VALUE       VALUE  FROM      YEAR
                                                  NORMAL
..................................................................
TEMPERATURE (F)
 YESTERDAY
  MAXIMUM         86    244 PM  97    2000  78      8       70
  MINIMUM         45    555 AM  29    1965  44      1       50
                                      1943
  AVERAGE         66                        61      5       60

PRECIPITATION (IN)
  YESTERDAY        0.00          0.78 1965   0.06  -0.06     0.00
  MONTH TO DATE    0.60                      0.95  -0.35     0.67
  SINCE JAN 1     15.12                     14.82   0.30    13.03

DEGREE DAYS
 HEATING
  YESTERDAY        0                         6     -6        5
  MONTH TO DATE  120                        60     60       12
  SINCE SEP 1    120                        60     60       12
  SINCE JUL 1    134                        90     44       12

 COOLING
  YESTERDAY        1                         2     -1        0
  MONTH TO DATE   23                        50    -27      121
  SINCE SEP 1     23                        50    -27      121
  SINCE JAN 1    608                       697    -89      889
..................................................................


WIND (MPH)
  HIGHEST WIND SPEED    10   HIGHEST WIND DIRECTION    SW (240)
  HIGHEST GUST SPEED    13   HIGHEST GUST DIRECTION    SW (240)
  AVERAGE WIND SPEED     4.3


SKY COVER
  AVERAGE SKY COVER 0.0


WEATHER CONDITIONS
 THE FOLLOWING WEATHER WAS RECORDED YESTERDAY.
  FOG


RELATIVE HUMIDITY (PERCENT)
 HIGHEST   100           500 AM
 LOWEST     25           200 PM
 AVERAGE    63

..........................................................


THE CHADRON NE AIRPORT CLIMATE NORMALS FOR TODAY
                         NORMAL    RECORD    YEAR
 MAXIMUM TEMPERATURE (F)   77       100      2000
 MINIMUM TEMPERATURE (F)   43        26      1965


SUNRISE AND SUNSET
SEPTEMBER 17 2014.....SUNRISE   634 AM MDT   SUNSET   659 PM MDT
SEPTEMBER 18 2014.....SUNRISE   635 AM MDT   SUNSET   657 PM MDT


-  INDICATES NEGATIVE NUMBERS.
R  INDICATES RECORD WAS SET OR TIED.
MM INDICATES DATA IS MISSING.
T  INDICATES TRACE AMOUNT.




$$
