000
CDUS45 KCYS 010734
CLICDR


CLIMATE REPORT
NATIONAL WEATHER SERVICE CHEYENNE WY
134 AM MDT WED JUL 1 2015


...................................

...THE CHADRON NE AIRPORT CLIMATE SUMMARY FOR JUNE 30 2015...

CLIMATE NORMAL PERIOD 1981 TO 2010
CLIMATE RECORD PERIOD 1895 TO 2015


WEATHER ITEM   OBSERVED TIME   RECORD YEAR NORMAL DEPARTURE LAST
                VALUE   (LST)  VALUE       VALUE  FROM      YEAR
                                                  NORMAL
..................................................................
TEMPERATURE (F)
 YESTERDAY
  MAXIMUM         96    152 PM 103    1980  87      9       79
                                      1953
  MINIMUM         57    448 AM  43    1995  55      2       50
                                      1959
  AVERAGE         77                        70      7       65

PRECIPITATION (IN)
  YESTERDAY        0.00          0.87 2004   0.08  -0.08     0.00
  MONTH TO DATE    4.64                      3.24   1.40     2.75
  SINCE JAN 1     13.91                     10.18   3.73    11.13

DEGREE DAYS
 HEATING
  YESTERDAY        0                         1     -1        0
  MONTH TO DATE    9                        81    -72       83
  SINCE JUN 1      9                        81    -72       83
  SINCE JUL 1   6560                      7146   -586     7293

 COOLING
  YESTERDAY       12                         7      5        0
  MONTH TO DATE  133                       108     25       54
  SINCE JUN 1    133                       108     25       54
  SINCE JAN 1    133                       128      5       85
..................................................................


WIND (MPH)
  HIGHEST WIND SPEED    13   HIGHEST WIND DIRECTION    NE (30)
  HIGHEST GUST SPEED    16   HIGHEST GUST DIRECTION     N (20)
  AVERAGE WIND SPEED     3.0


SKY COVER
  AVERAGE SKY COVER 0.0


WEATHER CONDITIONS
 THE FOLLOWING WEATHER WAS RECORDED YESTERDAY.
  NO SIGNIFICANT WEATHER WAS OBSERVED.


RELATIVE HUMIDITY (PERCENT)
 HIGHEST    97           100 AM
 LOWEST     28           200 PM
 AVERAGE    63

..........................................................


THE CHADRON NE AIRPORT CLIMATE NORMALS FOR TODAY
                         NORMAL    RECORD    YEAR
 MAXIMUM TEMPERATURE (F)   87       107      1990
 MINIMUM TEMPERATURE (F)   55        38      1945


SUNRISE AND SUNSET
JULY  1 2015..........SUNRISE   518 AM MDT   SUNSET   835 PM MDT
JULY  2 2015..........SUNRISE   518 AM MDT   SUNSET   835 PM MDT


-  INDICATES NEGATIVE NUMBERS.
R  INDICATES RECORD WAS SET OR TIED.
MM INDICATES DATA IS MISSING.
T  INDICATES TRACE AMOUNT.




$$
