000
CDUS45 KCYS 020741
CLICDR


CLIMATE REPORT
NATIONAL WEATHER SERVICE CHEYENNE WY
1240 AM MST MON MAR 2 2015


...................................

...THE CHADRON NE AIRPORT CLIMATE SUMMARY FOR MARCH 1 2015...

CLIMATE NORMAL PERIOD 1981 TO 2010
CLIMATE RECORD PERIOD 1895 TO 2015


WEATHER ITEM   OBSERVED TIME   RECORD YEAR NORMAL DEPARTURE LAST
                VALUE   (LST)  VALUE       VALUE  FROM      YEAR
                                                  NORMAL
..................................................................
TEMPERATURE (F)
 YESTERDAY
  MAXIMUM         35    341 PM  69    1974  46    -11        7
  MINIMUM         18    615 AM -17    1962  16      2       -6
  AVERAGE         27                        31     -4        1

PRECIPITATION (IN)
  YESTERDAY        0.00          0.54 1953   0.03  -0.03     0.11
  MONTH TO DATE    0.00                      0.03  -0.03     0.11
  SINCE JAN 1      0.68                      1.00  -0.32     1.13

DEGREE DAYS
 HEATING
  YESTERDAY       38                        34      4       64
  MONTH TO DATE   38                        34      4       64
  SINCE MAR 1     38                        34      4       64
  SINCE JUL 1   4983                      5286   -303     5538

 COOLING
  YESTERDAY        0                         0      0        0
  MONTH TO DATE    0                         0      0        0
  SINCE MAR 1      0                         0      0        0
  SINCE JAN 1      0                         0      0        0
..................................................................


WIND (MPH)
  HIGHEST WIND SPEED    22   HIGHEST WIND DIRECTION    NW (310)
  HIGHEST GUST SPEED    30   HIGHEST GUST DIRECTION    NW (320)
  AVERAGE WIND SPEED     8.5


SKY COVER
  AVERAGE SKY COVER 0.4


WEATHER CONDITIONS
 THE FOLLOWING WEATHER WAS RECORDED YESTERDAY.
  HAZE


RELATIVE HUMIDITY (PERCENT)
 HIGHEST    80           500 AM
 LOWEST     32           400 PM
 AVERAGE    56

..........................................................


THE CHADRON NE AIRPORT CLIMATE NORMALS FOR TODAY
                         NORMAL    RECORD    YEAR
 MAXIMUM TEMPERATURE (F)   47        74      1974
 MINIMUM TEMPERATURE (F)   17       -15      2002
                                             1960


SUNRISE AND SUNSET
MARCH  2 2015.........SUNRISE   627 AM MST   SUNSET   543 PM MST
MARCH  3 2015.........SUNRISE   625 AM MST   SUNSET   544 PM MST


-  INDICATES NEGATIVE NUMBERS.
R  INDICATES RECORD WAS SET OR TIED.
MM INDICATES DATA IS MISSING.
T  INDICATES TRACE AMOUNT.




$$
