000
CDUS45 KCYS 310730
CLICDR


CLIMATE REPORT
NATIONAL WEATHER SERVICE CHEYENNE WY
129 AM MDT MON AUG 31 2015


...................................

...THE CHADRON NE AIRPORT CLIMATE SUMMARY FOR AUGUST 30 2015...

CLIMATE NORMAL PERIOD 1981 TO 2010
CLIMATE RECORD PERIOD 1895 TO 2015


WEATHER ITEM   OBSERVED TIME   RECORD YEAR NORMAL DEPARTURE LAST
                VALUE   (LST)  VALUE       VALUE  FROM      YEAR
                                                  NORMAL
..................................................................
TEMPERATURE (F)
 YESTERDAY
  MAXIMUM        103    309 PM 106    1990  86     17       94
  MINIMUM         62    519 AM  37    1935  51     11       50
  AVERAGE         83                        68     15       72

PRECIPITATION (IN)
  YESTERDAY        0.00          1.16 1996   0.06  -0.06     0.21
  MONTH TO DATE    0.81                      1.53  -0.72     2.32
  SINCE JAN 1     16.10                     13.82   2.28    14.11

DEGREE DAYS
 HEATING
  YESTERDAY        0                         2     -2        0
  MONTH TO DATE   33                        16     17        2
  SINCE JUN 1     45                       107    -62       96
  SINCE JUL 1     36                        26     10       13

 COOLING
  YESTERDAY       18                         5     13        7
  MONTH TO DATE  235                       238     -3      241
  SINCE JUN 1    592                       622    -30      554
  SINCE JAN 1    592                       642    -50      585
..................................................................


WIND (MPH)
  HIGHEST WIND SPEED    18   HIGHEST WIND DIRECTION     S (200)
  HIGHEST GUST SPEED    23   HIGHEST GUST DIRECTION     S (200)
  AVERAGE WIND SPEED     7.8


SKY COVER
  AVERAGE SKY COVER 0.0


WEATHER CONDITIONS
 THE FOLLOWING WEATHER WAS RECORDED YESTERDAY.
  HAZE


RELATIVE HUMIDITY (PERCENT)
 HIGHEST    51          1100 PM
 LOWEST     11           300 PM
 AVERAGE    31

..........................................................


THE CHADRON NE AIRPORT CLIMATE NORMALS FOR TODAY
                         NORMAL    RECORD    YEAR
 MAXIMUM TEMPERATURE (F)   85       103      1960
 MINIMUM TEMPERATURE (F)   51        36      1965


SUNRISE AND SUNSET
AUGUST 31 2015........SUNRISE   616 AM MDT   SUNSET   729 PM MDT
SEPTEMBER  1 2015.....SUNRISE   617 AM MDT   SUNSET   727 PM MDT


-  INDICATES NEGATIVE NUMBERS.
R  INDICATES RECORD WAS SET OR TIED.
MM INDICATES DATA IS MISSING.
T  INDICATES TRACE AMOUNT.




$$
