000
CDUS45 KCYS 030324
CLICDR


CLIMATE REPORT
NATIONAL WEATHER SERVICE CHEYENNE WY
924 PM MDT TUE SEP 2 2014


...................................

...THE CHADRON NE AIRPORT CLIMATE SUMMARY FOR SEPTEMBER 2 2014...
VALID TODAY AS OF 0900 PM LOCAL TIME.

CLIMATE NORMAL PERIOD 1981 TO 2010
CLIMATE RECORD PERIOD 1895 TO 2014


WEATHER ITEM   OBSERVED TIME   RECORD YEAR NORMAL DEPARTURE LAST
                VALUE   (LST)  VALUE       VALUE  FROM      YEAR
                                                  NORMAL
..................................................................
TEMPERATURE (F)
 TODAY
  MAXIMUM         86    424 PM 101    1960  85      1       96
  MINIMUM         43    542 AM  34    1952  50     -7       56
  AVERAGE         65                        67     -2       76

PRECIPITATION (IN)
  TODAY            0.00          1.25 1999   0.05  -0.05     0.00
  MONTH TO DATE    0.02                      0.10  -0.08     0.00
  SINCE JAN 1     14.54                     13.97   0.57    12.36

DEGREE DAYS
 HEATING
  TODAY            0                         2     -2        0
  MONTH TO DATE    4                         4      0        0
  SINCE SEP 1      4                         4      0        0
  SINCE JUL 1     18                        34    -16        0

 COOLING
  TODAY            0                         4     -4       11
  MONTH TO DATE    0                         9     -9       13
  SINCE SEP 1      0                         9     -9       13
  SINCE JAN 1    585                       656    -71      781
..................................................................


WIND (MPH)
  HIGHEST WIND SPEED    20   HIGHEST WIND DIRECTION    SW (230)
  HIGHEST GUST SPEED    23   HIGHEST GUST DIRECTION    SW (220)
  AVERAGE WIND SPEED     6.9


SKY COVER
  AVERAGE SKY COVER 0.0


WEATHER CONDITIONS
 THE FOLLOWING WEATHER WAS RECORDED TODAY.
  NO SIGNIFICANT WEATHER WAS OBSERVED.


RELATIVE HUMIDITY (PERCENT)
 HIGHEST   100           100 AM
 LOWEST     20           200 PM
 AVERAGE    60

..........................................................


THE CHADRON NE AIRPORT CLIMATE NORMALS FOR TOMORROW
                         NORMAL    RECORD    YEAR
 MAXIMUM TEMPERATURE (F)   84       100      2013
                                             2007
 MINIMUM TEMPERATURE (F)   50        35      2010


SUNRISE AND SUNSET
SEPTEMBER  2 2014.....SUNRISE   618 AM MDT   SUNSET   725 PM MDT
SEPTEMBER  3 2014.....SUNRISE   619 AM MDT   SUNSET   723 PM MDT


-  INDICATES NEGATIVE NUMBERS.
R  INDICATES RECORD WAS SET OR TIED.
MM INDICATES DATA IS MISSING.
T  INDICATES TRACE AMOUNT.




$$
